95.108.213.184 - - [21/Feb/2025:16:00:18 +0530] "GET /courses/angular-4-beginner-to-pro/lesson/04-ngswitchcase/ HTTP/1.1" 301 795 "-" "Mozilla/5.0 (compatible; YandexBot/3.0; +http://yandex.com/bots)"
20.171.207.77 - - [21/Feb/2025:15:59:31 +0530] "GET /147244444.htm?id=cmd&path=%2F%2Fproc%2F2668076 HTTP/2" 200 7310 "-" "Mozilla/5.0 AppleWebKit/537.36 (KHTML, like Gecko; compatible; GPTBot/1.2; +https://openai.com/gptbot)"
85.208.96.205 - - [21/Feb/2025:15:59:31 +0530] "GET /71222363.html HTTP/1.1" 200 9648 "-" "Mozilla/5.0 (compatible; SemrushBot/7~bl; +http://www.semrush.com/bot.html)"
20.171.207.77 - - [21/Feb/2025:15:59:34 +0530] "GET /147244444.htm?id=cmd&path=%2F%2Fproc%2F2338798 HTTP/2" 200 8952 "-" "Mozilla/5.0 AppleWebKit/537.36 (KHTML, like Gecko; compatible; GPTBot/1.2; +https://openai.com/gptbot)"
20.171.207.77 - - [21/Feb/2025:15:59:37 +0530] "GET /188588858.htm?id=cmd&path=%2F%2Fproc%2F2670268 HTTP/2" 200 7313 "-" "Mozilla/5.0 AppleWebKit/537.36 (KHTML, like Gecko; compatible; GPTBot/1.2; +https://openai.com/gptbot)"
20.171.207.77 - - [21/Feb/2025:15:59:39 +0530] "GET /188588858.htm?id=cmd&path=%2F%2Fproc%2F2666796 HTTP/2" 200 7309 "-" "Mozilla/5.0 AppleWebKit/537.36 (KHTML, like Gecko; compatible; GPTBot/1.2; +https://openai.com/gptbot)"
85.208.96.208 - - [21/Feb/2025:15:59:40 +0530] "GET /192934070.html HTTP/1.1" 200 9647 "-" "Mozilla/5.0 (compatible; SemrushBot/7~bl; +http://www.semrush.com/bot.html)"
20.171.207.77 - - [21/Feb/2025:15:59:42 +0530] "GET /147244444.htm?id=cmd&path=%2F%2Fproc%2F2663673 HTTP/2" 200 7313 "-" "Mozilla/5.0 AppleWebKit/537.36 (KHTML, like Gecko; compatible; GPTBot/1.2; +https://openai.com/gptbot)"
20.171.207.77 - - [21/Feb/2025:15:59:46 +0530] "GET /188588858.htm?id=cmd&path=%2F%2Fproc%2F2663627 HTTP/2" 200 7313 "-" "Mozilla/5.0 AppleWebKit/537.36 (KHTML, like Gecko; compatible; GPTBot/1.2; +https://openai.com/gptbot)"
20.171.207.77 - - [21/Feb/2025:15:59:49 +0530] "GET /147244444.htm?id=cmd&path=%2F%2Fproc%2F2663697 HTTP/2" 200 7311 "-" "Mozilla/5.0 AppleWebKit/537.36 (KHTML, like Gecko; compatible; GPTBot/1.2; +https://openai.com/gptbot)"
20.171.207.77 - - [21/Feb/2025:15:59:53 +0530] "GET /188588858.htm?id=cmd&path=%2F%2Fproc%2F2669942 HTTP/2" 200 7315 "-" "Mozilla/5.0 AppleWebKit/537.36 (KHTML, like Gecko; compatible; GPTBot/1.2; +https://openai.com/gptbot)"
20.171.207.77 - - [21/Feb/2025:15:59:56 +0530] "GET /147244444.htm?id=cmd&path=%2F%2Fproc%2F2657757 HTTP/2" 200 8909 "-" "Mozilla/5.0 AppleWebKit/537.36 (KHTML, like Gecko; compatible; GPTBot/1.2; +https://openai.com/gptbot)"
20.171.207.77 - - [21/Feb/2025:15:59:59 +0530] "GET /147244444.htm?path=%2F%2Fproc%2F2664101 HTTP/2" 200 7091 "-" "Mozilla/5.0 AppleWebKit/537.36 (KHTML, like Gecko; compatible; GPTBot/1.2; +https://openai.com/gptbot)"
185.191.171.14 - - [21/Feb/2025:16:00:02 +0530] "GET /181190313.html HTTP/1.1" 200 9645 "-" "Mozilla/5.0 (compatible; SemrushBot/7~bl; +http://www.semrush.com/bot.html)"
20.171.207.77 - - [21/Feb/2025:16:00:04 +0530] "GET /188588858.htm?path=%2F%2Fproc%2F2338856 HTTP/2" 200 8692 "-" "Mozilla/5.0 AppleWebKit/537.36 (KHTML, like Gecko; compatible; GPTBot/1.2; +https://openai.com/gptbot)"
20.171.207.77 - - [21/Feb/2025:16:00:07 +0530] "GET /188588858.htm?path=%2F%2Fproc%2F1826575 HTTP/2" 200 8700 "-" "Mozilla/5.0 AppleWebKit/537.36 (KHTML, like Gecko; compatible; GPTBot/1.2; +https://openai.com/gptbot)"
20.171.207.77 - - [21/Feb/2025:16:00:11 +0530] "GET /147244444.htm?path=%2F%2Fproc%2F2657756 HTTP/2" 200 8620 "-" "Mozilla/5.0 AppleWebKit/537.36 (KHTML, like Gecko; compatible; GPTBot/1.2; +https://openai.com/gptbot)"
20.171.207.77 - - [21/Feb/2025:16:00:14 +0530] "GET /147244444.htm?path=%2F%2Fproc%2F2669940 HTTP/2" 200 7090 "-" "Mozilla/5.0 AppleWebKit/537.36 (KHTML, like Gecko; compatible; GPTBot/1.2; +https://openai.com/gptbot)"
185.191.171.5 - - [21/Feb/2025:16:00:17 +0530] "GET /170461282.html HTTP/1.1" 200 9644 "-" "Mozilla/5.0 (compatible; SemrushBot/7~bl; +http://www.semrush.com/bot.html)"
20.171.207.77 - - [21/Feb/2025:16:00:18 +0530] "GET /188588858.htm?path=%2F%2Fproc%2F2670281 HTTP/2" 200 7090 "-" "Mozilla/5.0 AppleWebKit/537.36 (KHTML, like Gecko; compatible; GPTBot/1.2; +https://openai.com/gptbot)"
20.171.207.114 - - [21/Feb/2025:16:00:17 +0530] "GET /192023489.html?path=%2F%2Flib64%2Fcmake HTTP/2" 200 7230 "-" "Mozilla/5.0 AppleWebKit/537.36 (KHTML, like Gecko; compatible; GPTBot/1.2; +https://openai.com/gptbot)"
20.171.207.177 - - [21/Feb/2025:16:00:19 +0530] "GET /wordpress/wp-admin/setup-config.php?path=%2F%2Flib64%2Fpm-utils%2Fmodule.d HTTP/2" 200 7040 "-" "Mozilla/5.0 AppleWebKit/537.36 (KHTML, like Gecko; compatible; GPTBot/1.2; +https://openai.com/gptbot)"
20.171.207.114 - - [21/Feb/2025:16:00:21 +0530] "GET /127986235.html?filesrc=%2F%2Flib64%2Fgconv%2FIBM858.so&path=%2F%2Flib64%2Fgconv HTTP/2" 200 12362 "-" "Mozilla/5.0 AppleWebKit/537.36 (KHTML, like Gecko; compatible; GPTBot/1.2; +https://openai.com/gptbot)"
20.171.207.177 - - [21/Feb/2025:16:00:24 +0530] "GET /wordpress/wp-admin/setup-config.php?path=%2F%2Flib%2Flocale%2Fen_US%40ampm HTTP/2" 200 7819 "-" "Mozilla/5.0 AppleWebKit/537.36 (KHTML, like Gecko; compatible; GPTBot/1.2; +https://openai.com/gptbot)"
20.171.207.114 - - [21/Feb/2025:16:00:25 +0530] "GET /127986235.html?filesrc=%2F%2Flib64%2Fgconv%2FTSCII.so&path=%2F%2Flib64%2Fgconv HTTP/2" 200 15583 "-" "Mozilla/5.0 AppleWebKit/537.36 (KHTML, like Gecko; compatible; GPTBot/1.2; +https://openai.com/gptbot)"
20.171.207.177 - - [21/Feb/2025:16:00:28 +0530] "GET /wordpress/wp-admin/setup-config.php?path=%2F%2Flib%2Flocale%2Fen_AU.utf8 HTTP/2" 200 7811 "-" "Mozilla/5.0 AppleWebKit/537.36 (KHTML, like Gecko; compatible; GPTBot/1.2; +https://openai.com/gptbot)"
20.171.207.114 - - [21/Feb/2025:16:00:28 +0530] "GET /127986235.html?filesrc=%2F%2Flib64%2Fgconv%2FTIS-620.so&path=%2F%2Flib64%2Fgconv HTTP/2" 200 12294 "-" "Mozilla/5.0 AppleWebKit/537.36 (KHTML, like Gecko; compatible; GPTBot/1.2; +https://openai.com/gptbot)"
20.171.207.177 - - [21/Feb/2025:16:00:31 +0530] "GET /wordpress/wp-admin/setup-config.php?path=%2F%2Flib%2Ffirmware%2Fqcom%2Fvpu-2.0 HTTP/2" 200 7355 "-" "Mozilla/5.0 AppleWebKit/537.36 (KHTML, like Gecko; compatible; GPTBot/1.2; +https://openai.com/gptbot)"
20.171.207.114 - - [21/Feb/2025:16:00:31 +0530] "GET /327541286.html?path=%2F%2Flib64%2Fgconv HTTP/2" 200 11918 "-" "Mozilla/5.0 AppleWebKit/537.36 (KHTML, like Gecko; compatible; GPTBot/1.2; +https://openai.com/gptbot)"
20.171.207.114 - - [21/Feb/2025:16:00:34 +0530] "GET /127986235.html?filesrc=%2F%2Flib64%2Fsamba%2Flibmsrpc3-samba4.so&path=%2F%2Flib64%2Fsamba HTTP/2" 200 62603 "-" "Mozilla/5.0 AppleWebKit/537.36 (KHTML, like Gecko; compatible; GPTBot/1.2; +https://openai.com/gptbot)"
20.171.207.177 - - [21/Feb/2025:16:00:34 +0530] "GET /wp-admin/setup-config.php?id=filebaru&path=%2Fhome%2Fanyleson%2Fpublic_html%2Fconfig HTTP/2" 200 9285 "-" "Mozilla/5.0 AppleWebKit/537.36 (KHTML, like Gecko; compatible; GPTBot/1.2; +https://openai.com/gptbot)"
185.191.171.2 - - [21/Feb/2025:16:00:37 +0530] "GET /99970182.html HTTP/1.1" 200 9647 "-" "Mozilla/5.0 (compatible; SemrushBot/7~bl; +http://www.semrush.com/bot.html)"
20.171.207.114 - - [21/Feb/2025:16:00:37 +0530] "GET /127986235.html?filesrc=%2F%2Flib64%2Fsamba%2Flibtalloc-report-printf-samba4.so&path=%2F%2Flib64%2Fsamba HTTP/2" 200 10650 "-" "Mozilla/5.0 AppleWebKit/537.36 (KHTML, like Gecko; compatible; GPTBot/1.2; +https://openai.com/gptbot)"
20.171.207.177 - - [21/Feb/2025:16:00:38 +0530] "GET /wordpress/wp-admin/setup-config.php?path=%2F%2Flib%2Flocale%2Fen_HK.utf8 HTTP/2" 200 7815 "-" "Mozilla/5.0 AppleWebKit/537.36 (KHTML, like Gecko; compatible; GPTBot/1.2; +https://openai.com/gptbot)"
20.171.207.114 - - [21/Feb/2025:16:00:40 +0530] "GET /127986235.html?filesrc=%2F%2Flib64%2Fsamba%2Fliblibcli-lsa3-samba4.so&path=%2F%2Flib64%2Fsamba HTTP/2" 200 13569 "-" "Mozilla/5.0 AppleWebKit/537.36 (KHTML, like Gecko; compatible; GPTBot/1.2; +https://openai.com/gptbot)"
20.171.207.177 - - [21/Feb/2025:16:00:42 +0530] "GET /wordpress/wp-admin/setup-config.php?path=%2F%2Flib64%2Fpm-utils%2Fsleep.d HTTP/2" 200 7317 "-" "Mozilla/5.0 AppleWebKit/537.36 (KHTML, like Gecko; compatible; GPTBot/1.2; +https://openai.com/gptbot)"
20.171.207.77 - - [21/Feb/2025:16:00:22 +0530] "GET /147244444.htm?path=%2F%2Fproc%2F2670024 HTTP/2" 200 7089 "-" "Mozilla/5.0 AppleWebKit/537.36 (KHTML, like Gecko; compatible; GPTBot/1.2; +https://openai.com/gptbot)"
20.171.207.77 - - [21/Feb/2025:16:00:26 +0530] "GET /188588858.htm?path=%2F%2Fproc%2F2664712 HTTP/2" 200 7091 "-" "Mozilla/5.0 AppleWebKit/537.36 (KHTML, like Gecko; compatible; GPTBot/1.2; +https://openai.com/gptbot)"
85.208.96.198 - - [21/Feb/2025:16:00:29 +0530] "GET /218533828.html HTTP/1.1" 200 9643 "-" "Mozilla/5.0 (compatible; SemrushBot/7~bl; +http://www.semrush.com/bot.html)"
20.171.207.77 - - [21/Feb/2025:16:00:30 +0530] "GET /147244444.htm?path=%2F%2Fproc%2F2670009 HTTP/2" 200 7089 "-" "Mozilla/5.0 AppleWebKit/537.36 (KHTML, like Gecko; compatible; GPTBot/1.2; +https://openai.com/gptbot)"
185.191.171.8 - - [21/Feb/2025:16:00:33 +0530] "GET /42880644.html HTTP/1.1" 200 9645 "-" "Mozilla/5.0 (compatible; SemrushBot/7~bl; +http://www.semrush.com/bot.html)"
20.171.207.77 - - [21/Feb/2025:16:00:33 +0530] "GET /147244444.htm?path=%2F%2Fproc%2F2658704 HTTP/2" 200 7092 "-" "Mozilla/5.0 AppleWebKit/537.36 (KHTML, like Gecko; compatible; GPTBot/1.2; +https://openai.com/gptbot)"
20.171.207.77 - - [21/Feb/2025:16:00:37 +0530] "GET /188588858.htm?path=%2F%2Fproc%2F2668369 HTTP/2" 200 7090 "-" "Mozilla/5.0 AppleWebKit/537.36 (KHTML, like Gecko; compatible; GPTBot/1.2; +https://openai.com/gptbot)"
20.171.207.77 - - [21/Feb/2025:16:00:40 +0530] "GET /147244444.htm?path=%2F%2Fproc%2F2648489 HTTP/2" 200 7091 "-" "Mozilla/5.0 AppleWebKit/537.36 (KHTML, like Gecko; compatible; GPTBot/1.2; +https://openai.com/gptbot)"
20.171.207.77 - - [21/Feb/2025:16:00:43 +0530] "GET /147244444.htm?path=%2F%2Fproc%2F2542544 HTTP/2" 200 8667 "-" "Mozilla/5.0 AppleWebKit/537.36 (KHTML, like Gecko; compatible; GPTBot/1.2; +https://openai.com/gptbot)"
20.171.207.77 - - [21/Feb/2025:16:00:48 +0530] "GET /147244444.htm?id=cmd&path=%2F%2Fproc%2F2664101 HTTP/2" 200 7309 "-" "Mozilla/5.0 AppleWebKit/537.36 (KHTML, like Gecko; compatible; GPTBot/1.2; +https://openai.com/gptbot)"
85.208.96.197 - - [21/Feb/2025:16:00:49 +0530] "GET /275629654.html HTTP/1.1" 200 9646 "-" "Mozilla/5.0 (compatible; SemrushBot/7~bl; +http://www.semrush.com/bot.html)"
20.171.207.77 - - [21/Feb/2025:16:00:52 +0530] "GET /188588858.htm?filesrc=%2F%2Fproc%2F2338856%2Fsyscall&path=%2F%2Fproc%2F2338856 HTTP/2" 200 6871 "-" "Mozilla/5.0 AppleWebKit/537.36 (KHTML, like Gecko; compatible; GPTBot/1.2; +https://openai.com/gptbot)"
20.171.207.77 - - [21/Feb/2025:16:00:55 +0530] "GET /188588858.htm?filesrc=%2F%2Fproc%2F1826575%2Fpersonality&path=%2F%2Fproc%2F1826575 HTTP/2" 200 6907 "-" "Mozilla/5.0 AppleWebKit/537.36 (KHTML, like Gecko; compatible; GPTBot/1.2; +https://openai.com/gptbot)"
20.171.207.77 - - [21/Feb/2025:16:00:59 +0530] "GET /188588858.htm?filesrc=%2F%2Fproc%2F1826575%2Floginuid&path=%2F%2Fproc%2F1826575 HTTP/2" 200 6901 "-" "Mozilla/5.0 AppleWebKit/537.36 (KHTML, like Gecko; compatible; GPTBot/1.2; +https://openai.com/gptbot)"
20.171.207.77 - - [21/Feb/2025:16:01:02 +0530] "GET /147244444.htm?filesrc=%2F%2Fproc%2F2657756%2Floginuid&path=%2F%2Fproc%2F2657756 HTTP/2" 200 6910 "-" "Mozilla/5.0 AppleWebKit/537.36 (KHTML, like Gecko; compatible; GPTBot/1.2; +https://openai.com/gptbot)"
20.171.207.77 - - [21/Feb/2025:16:01:05 +0530] "GET /147244444.htm?filesrc=%2F%2Fproc%2F2657756%2Fpersonality&path=%2F%2Fproc%2F2657756 HTTP/2" 200 6906 "-" "Mozilla/5.0 AppleWebKit/537.36 (KHTML, like Gecko; compatible; GPTBot/1.2; +https://openai.com/gptbot)"
20.171.207.77 - - [21/Feb/2025:16:01:09 +0530] "GET /188588858.htm?filesrc=%2F%2Fproc%2F2338856%2Fenviron&path=%2F%2Fproc%2F2338856 HTTP/2" 200 6866 "-" "Mozilla/5.0 AppleWebKit/537.36 (KHTML, like Gecko; compatible; GPTBot/1.2; +https://openai.com/gptbot)"
185.191.171.10 - - [21/Feb/2025:16:01:12 +0530] "GET /104675964.html HTTP/1.1" 200 9645 "-" "Mozilla/5.0 (compatible; SemrushBot/7~bl; +http://www.semrush.com/bot.html)"
20.171.207.114 - - [21/Feb/2025:16:00:44 +0530] "GET /313768994.html?path=%2F%2Flib64%2Fcmake HTTP/2" 200 7228 "-" "Mozilla/5.0 AppleWebKit/537.36 (KHTML, like Gecko; compatible; GPTBot/1.2; +https://openai.com/gptbot)"
20.171.207.177 - - [21/Feb/2025:16:00:46 +0530] "GET /wordpress/wp-admin/setup-config.php?path=%2F%2Flib%2Flocale%2Fen_SG.utf8 HTTP/2" 200 7817 "-" "Mozilla/5.0 AppleWebKit/537.36 (KHTML, like Gecko; compatible; GPTBot/1.2; +https://openai.com/gptbot)"
20.171.207.114 - - [21/Feb/2025:16:00:47 +0530] "GET /127986235.html?path=%2F%2Flib64%2Fgroff HTTP/2" 200 7073 "-" "Mozilla/5.0 AppleWebKit/537.36 (KHTML, like Gecko; compatible; GPTBot/1.2; +https://openai.com/gptbot)"
20.171.207.177 - - [21/Feb/2025:16:00:50 +0530] "GET /wordpress/wp-admin/setup-config.php?path=%2F%2Flib%2Flocale%2Fen_ZW.utf8%2FLC_MESSAGES HTTP/2" 200 7335 "-" "Mozilla/5.0 AppleWebKit/537.36 (KHTML, like Gecko; compatible; GPTBot/1.2; +https://openai.com/gptbot)"
20.171.207.114 - - [21/Feb/2025:16:00:51 +0530] "GET /313768994.html?path=%2F%2Flib64%2Fgroff HTTP/2" 200 7070 "-" "Mozilla/5.0 AppleWebKit/537.36 (KHTML, like Gecko; compatible; GPTBot/1.2; +https://openai.com/gptbot)"
20.171.207.177 - - [21/Feb/2025:16:00:53 +0530] "GET /wordpress/wp-admin/setup-config.php?path=%2F%2Flib%2Flocale%2Fen_NZ.utf8%2FLC_MESSAGES HTTP/2" 200 7334 "-" "Mozilla/5.0 AppleWebKit/537.36 (KHTML, like Gecko; compatible; GPTBot/1.2; +https://openai.com/gptbot)"
20.171.207.114 - - [21/Feb/2025:16:00:54 +0530] "GET /327541286.html?path=%2F%2Flib64%2Fmysql HTTP/2" 200 7261 "-" "Mozilla/5.0 AppleWebKit/537.36 (KHTML, like Gecko; compatible; GPTBot/1.2; +https://openai.com/gptbot)"
20.171.207.177 - - [21/Feb/2025:16:00:56 +0530] "GET /wordpress/wp-admin/setup-config.php?path=%2F%2Flib%2Flocale%2Fen_DK.utf8%2FLC_MESSAGES HTTP/2" 200 7332 "-" "Mozilla/5.0 AppleWebKit/537.36 (KHTML, like Gecko; compatible; GPTBot/1.2; +https://openai.com/gptbot)"
20.171.207.114 - - [21/Feb/2025:16:00:57 +0530] "GET /327541286.html?path=%2F%2Flib64%2Fgroff HTTP/2" 200 7073 "-" "Mozilla/5.0 AppleWebKit/537.36 (KHTML, like Gecko; compatible; GPTBot/1.2; +https://openai.com/gptbot)"
20.171.207.114 - - [21/Feb/2025:16:01:00 +0530] "GET /313768994.html?path=%2F%2Flib64%2Fsamba HTTP/2" 200 9960 "-" "Mozilla/5.0 AppleWebKit/537.36 (KHTML, like Gecko; compatible; GPTBot/1.2; +https://openai.com/gptbot)"
20.171.207.177 - - [21/Feb/2025:16:01:00 +0530] "GET /wordpress/wp-admin/setup-config.php?path=%2F%2Flib%2Flocale%2Fen_SC.utf8%2FLC_MESSAGES HTTP/2" 200 7337 "-" "Mozilla/5.0 AppleWebKit/537.36 (KHTML, like Gecko; compatible; GPTBot/1.2; +https://openai.com/gptbot)"
20.171.207.114 - - [21/Feb/2025:16:01:03 +0530] "GET /327541286.html?path=%2F%2Flib64%2Fhttpd HTTP/2" 200 7232 "-" "Mozilla/5.0 AppleWebKit/537.36 (KHTML, like Gecko; compatible; GPTBot/1.2; +https://openai.com/gptbot)"
20.171.207.177 - - [21/Feb/2025:16:01:03 +0530] "GET /wordpress/wp-admin/setup-config.php?path=%2F%2Flib%2Flocale%2Fen_GB.utf8%2FLC_MESSAGES HTTP/2" 200 7329 "-" "Mozilla/5.0 AppleWebKit/537.36 (KHTML, like Gecko; compatible; GPTBot/1.2; +https://openai.com/gptbot)"
20.171.207.114 - - [21/Feb/2025:16:01:06 +0530] "GET /251485699.html?path=%2F%2Flib64%2Fhttpd HTTP/2" 200 7231 "-" "Mozilla/5.0 AppleWebKit/537.36 (KHTML, like Gecko; compatible; GPTBot/1.2; +https://openai.com/gptbot)"
20.171.207.177 - - [21/Feb/2025:16:01:07 +0530] "GET /wordpress/wp-admin/setup-config.php?path=%2F%2Flib%2Ffirmware%2Fqcom%2Fvpu-1.0 HTTP/2" 200 7326 "-" "Mozilla/5.0 AppleWebKit/537.36 (KHTML, like Gecko; compatible; GPTBot/1.2; +https://openai.com/gptbot)"
20.171.207.114 - - [21/Feb/2025:16:01:10 +0530] "GET /192023489.html?path=%2F%2Flib64%2Fhttpd HTTP/2" 200 7234 "-" "Mozilla/5.0 AppleWebKit/537.36 (KHTML, like Gecko; compatible; GPTBot/1.2; +https://openai.com/gptbot)"
20.171.207.177 - - [21/Feb/2025:16:01:10 +0530] "GET /wp-admin/setup-config.php?id=filebaru&path=%2Fhome%2Fanyleson%2Fpublic_html%2Fconfig HTTP/2" 200 9292 "-" "Mozilla/5.0 AppleWebKit/537.36 (KHTML, like Gecko; compatible; GPTBot/1.2; +https://openai.com/gptbot)"
20.171.207.177 - - [21/Feb/2025:16:01:13 +0530] "GET /wordpress/wp-admin/setup-config.php?path=%2F%2Flib%2Flocale%2Fen_US.utf8 HTTP/2" 200 7816 "-" "Mozilla/5.0 AppleWebKit/537.36 (KHTML, like Gecko; compatible; GPTBot/1.2; +https://openai.com/gptbot)"
20.171.207.114 - - [21/Feb/2025:16:01:13 +0530] "GET /192023489.html?path=%2F%2Flib64%2Fpython2.7%2Flib-tk HTTP/2" 200 8648 "-" "Mozilla/5.0 AppleWebKit/537.36 (KHTML, like Gecko; compatible; GPTBot/1.2; +https://openai.com/gptbot)"
20.171.207.114 - - [21/Feb/2025:16:01:17 +0530] "GET /327541286.html?filesrc=%2F%2Flib64%2Fgconv%2FIBM1143.so&path=%2F%2Flib64%2Fgconv HTTP/2" 200 12247 "-" "Mozilla/5.0 AppleWebKit/537.36 (KHTML, like Gecko; compatible; GPTBot/1.2; +https://openai.com/gptbot)"
20.171.207.177 - - [21/Feb/2025:16:01:17 +0530] "GET /wordpress/wp-admin/setup-config.php?path=%2F%2Flib%2Flocale%2Fen_AU.utf8%2FLC_MESSAGES HTTP/2" 200 7333 "-" "Mozilla/5.0 AppleWebKit/537.36 (KHTML, like Gecko; compatible; GPTBot/1.2; +https://openai.com/gptbot)"
20.171.207.114 - - [21/Feb/2025:16:01:20 +0530] "GET /327541286.html?path=%2F%2Flib64%2Fpython2.7%2Flib-tk HTTP/2" 200 8638 "-" "Mozilla/5.0 AppleWebKit/537.36 (KHTML, like Gecko; compatible; GPTBot/1.2; +https://openai.com/gptbot)"
20.171.207.177 - - [21/Feb/2025:16:01:21 +0530] "GET /wordpress/wp-admin/setup-config.php?path=%2F%2Flib%2Flocale%2Fen_US%40ampm%2FLC_MESSAGES HTTP/2" 200 7325 "-" "Mozilla/5.0 AppleWebKit/537.36 (KHTML, like Gecko; compatible; GPTBot/1.2; +https://openai.com/gptbot)"
20.171.207.114 - - [21/Feb/2025:16:01:23 +0530] "GET /127986235.html?path=%2F%2Flib64%2Fpython2.7%2Flib-tk HTTP/2" 200 8653 "-" "Mozilla/5.0 AppleWebKit/537.36 (KHTML, like Gecko; compatible; GPTBot/1.2; +https://openai.com/gptbot)"
20.171.207.177 - - [21/Feb/2025:16:01:24 +0530] "GET /wordpress/wp-admin/setup-config.php?path=%2F%2Flib%2Flocale%2Fen_CA.utf8 HTTP/2" 200 7808 "-" "Mozilla/5.0 AppleWebKit/537.36 (KHTML, like Gecko; compatible; GPTBot/1.2; +https://openai.com/gptbot)"
20.171.207.114 - - [21/Feb/2025:16:01:26 +0530] "GET /313768994.html?id=cmd&path=%2F%2Flib64%2Fcmake HTTP/2" 200 7471 "-" "Mozilla/5.0 AppleWebKit/537.36 (KHTML, like Gecko; compatible; GPTBot/1.2; +https://openai.com/gptbot)"
20.171.207.177 - - [21/Feb/2025:16:01:27 +0530] "GET /wordpress/wp-admin/setup-config.php?path=%2F%2Flib%2Flocale%2Fen_HK.utf8%2FLC_MESSAGES HTTP/2" 200 7333 "-" "Mozilla/5.0 AppleWebKit/537.36 (KHTML, like Gecko; compatible; GPTBot/1.2; +https://openai.com/gptbot)"
20.171.207.114 - - [21/Feb/2025:16:01:29 +0530] "GET /251485699.html?path=%2F%2Flib64%2Fpython2.7%2Flib-tk HTTP/2" 200 8650 "-" "Mozilla/5.0 AppleWebKit/537.36 (KHTML, like Gecko; compatible; GPTBot/1.2; +https://openai.com/gptbot)"
20.171.207.177 - - [21/Feb/2025:16:01:31 +0530] "GET /wordpress/wp-admin/setup-config.php?path=%2F%2Flib%2Flocale%2Fen_IE.utf8 HTTP/2" 200 7811 "-" "Mozilla/5.0 AppleWebKit/537.36 (KHTML, like Gecko; compatible; GPTBot/1.2; +https://openai.com/gptbot)"
20.171.207.114 - - [21/Feb/2025:16:01:32 +0530] "GET /313768994.html?path=%2F%2Flib64%2Fpython2.7%2Flib-tk HTTP/2" 200 8640 "-" "Mozilla/5.0 AppleWebKit/537.36 (KHTML, like Gecko; compatible; GPTBot/1.2; +https://openai.com/gptbot)"
20.171.207.114 - - [21/Feb/2025:16:01:35 +0530] "GET /127986235.html?path=%2F%2Flib64%2Flibproxy HTTP/2" 200 7225 "-" "Mozilla/5.0 AppleWebKit/537.36 (KHTML, like Gecko; compatible; GPTBot/1.2; +https://openai.com/gptbot)"
20.171.207.177 - - [21/Feb/2025:16:01:36 +0530] "GET /wordpress/wp-admin/setup-config.php?path=%2F%2Flib%2Flocale%2Fen_SG.utf8%2FLC_MESSAGES HTTP/2" 200 7330 "-" "Mozilla/5.0 AppleWebKit/537.36 (KHTML, like Gecko; compatible; GPTBot/1.2; +https://openai.com/gptbot)"
20.171.207.177 - - [21/Feb/2025:16:01:39 +0530] "GET /wordpress/wp-admin/setup-config.php?path=%2F%2Flib%2Flocale%2Fen_BW.utf8 HTTP/2" 200 7817 "-" "Mozilla/5.0 AppleWebKit/537.36 (KHTML, like Gecko; compatible; GPTBot/1.2; +https://openai.com/gptbot)"
20.171.207.77 - - [21/Feb/2025:16:01:12 +0530] "GET /188588858.htm?filesrc=%2F%2Fproc%2F2338856%2Fautogroup&path=%2F%2Fproc%2F2338856 HTTP/2" 200 6927 "-" "Mozilla/5.0 AppleWebKit/537.36 (KHTML, like Gecko; compatible; GPTBot/1.2; +https://openai.com/gptbot)"
20.171.207.77 - - [21/Feb/2025:16:01:15 +0530] "GET /188588858.htm?filesrc=%2F%2Fproc%2F2338856%2Fstatm&path=%2F%2Fproc%2F2338856 HTTP/2" 200 6940 "-" "Mozilla/5.0 AppleWebKit/537.36 (KHTML, like Gecko; compatible; GPTBot/1.2; +https://openai.com/gptbot)"
20.171.207.77 - - [21/Feb/2025:16:01:20 +0530] "GET /188588858.htm?filesrc=%2F%2Fproc%2F1826575%2Fcomm&path=%2F%2Fproc%2F1826575 HTTP/2" 200 6907 "-" "Mozilla/5.0 AppleWebKit/537.36 (KHTML, like Gecko; compatible; GPTBot/1.2; +https://openai.com/gptbot)"
20.171.207.77 - - [21/Feb/2025:16:01:23 +0530] "GET /188588858.htm?filesrc=%2F%2Fproc%2F2338856%2Fmounts&path=%2F%2Fproc%2F2338856 HTTP/2" 200 7620 "-" "Mozilla/5.0 AppleWebKit/537.36 (KHTML, like Gecko; compatible; GPTBot/1.2; +https://openai.com/gptbot)"
20.171.207.77 - - [21/Feb/2025:16:01:26 +0530] "GET /188588858.htm?filesrc=%2F%2Fproc%2F1826575%2Fwchan&path=%2F%2Fproc%2F1826575 HTTP/2" 200 6876 "-" "Mozilla/5.0 AppleWebKit/537.36 (KHTML, like Gecko; compatible; GPTBot/1.2; +https://openai.com/gptbot)"
20.171.207.77 - - [21/Feb/2025:16:01:29 +0530] "GET /147244444.htm?id=cmd&path=%2F%2Fproc%2F2542544 HTTP/2" 200 8898 "-" "Mozilla/5.0 AppleWebKit/537.36 (KHTML, like Gecko; compatible; GPTBot/1.2; +https://openai.com/gptbot)"
185.191.171.8 - - [21/Feb/2025:16:01:30 +0530] "GET /148099713.html HTTP/1.1" 200 9646 "-" "Mozilla/5.0 (compatible; SemrushBot/7~bl; +http://www.semrush.com/bot.html)"
20.171.207.77 - - [21/Feb/2025:16:01:33 +0530] "GET /188588858.htm?filesrc=%2F%2Fproc%2F1826575%2Fsetgroups&path=%2F%2Fproc%2F1826575 HTTP/2" 200 6859 "-" "Mozilla/5.0 AppleWebKit/537.36 (KHTML, like Gecko; compatible; GPTBot/1.2; +https://openai.com/gptbot)"
185.191.171.12 - - [21/Feb/2025:16:01:35 +0530] "GET /387964250.html HTTP/1.1" 200 9644 "-" "Mozilla/5.0 (compatible; SemrushBot/7~bl; +http://www.semrush.com/bot.html)"
20.171.207.77 - - [21/Feb/2025:16:01:37 +0530] "GET /147244444.htm?filesrc=%2F%2Fproc%2F2542544%2Fautogroup&path=%2F%2Fproc%2F2542544 HTTP/2" 200 6905 "-" "Mozilla/5.0 AppleWebKit/537.36 (KHTML, like Gecko; compatible; GPTBot/1.2; +https://openai.com/gptbot)"
20.171.207.77 - - [21/Feb/2025:16:01:40 +0530] "GET /147244444.htm?filesrc=%2F%2Fproc%2F2657756%2Fcomm&path=%2F%2Fproc%2F2657756 HTTP/2" 200 6875 "-" "Mozilla/5.0 AppleWebKit/537.36 (KHTML, like Gecko; compatible; GPTBot/1.2; +https://openai.com/gptbot)"
95.108.213.245 - - [21/Feb/2025:16:01:41 +0530] "GET /public/courses/angular-4-beginner-to-pro/lesson/04-ngswitchcase HTTP/1.1" 200 9649 "-" "Mozilla/5.0 (compatible; YandexBot/3.0; +http://yandex.com/bots)"
20.171.207.77 - - [21/Feb/2025:16:01:43 +0530] "GET /147244444.htm?filesrc=%2F%2Fproc%2F2657756%2Fsyscall&path=%2F%2Fproc%2F2657756 HTTP/2" 200 6868 "-" "Mozilla/5.0 AppleWebKit/537.36 (KHTML, like Gecko; compatible; GPTBot/1.2; +https://openai.com/gptbot)"
85.208.96.205 - - [21/Feb/2025:16:01:43 +0530] "GET /249718902.html HTTP/1.1" 200 9646 "-" "Mozilla/5.0 (compatible; SemrushBot/7~bl; +http://www.semrush.com/bot.html)"
20.171.207.77 - - [21/Feb/2025:16:01:47 +0530] "GET /188588858.htm?filesrc=%2F%2Fproc%2F2338856%2Fcomm&path=%2F%2Fproc%2F2338856 HTTP/2" 200 6858 "-" "Mozilla/5.0 AppleWebKit/537.36 (KHTML, like Gecko; compatible; GPTBot/1.2; +https://openai.com/gptbot)"
20.171.207.77 - - [21/Feb/2025:16:01:50 +0530] "GET /188588858.htm?filesrc=%2F%2Fproc%2F1826575%2Fstatus&path=%2F%2Fproc%2F1826575 HTTP/2" 200 7410 "-" "Mozilla/5.0 AppleWebKit/537.36 (KHTML, like Gecko; compatible; GPTBot/1.2; +https://openai.com/gptbot)"
20.171.207.77 - - [21/Feb/2025:16:01:53 +0530] "GET /188588858.htm?filesrc=%2F%2Fproc%2F2338856%2Fmountinfo&path=%2F%2Fproc%2F2338856 HTTP/2" 200 8011 "-" "Mozilla/5.0 AppleWebKit/537.36 (KHTML, like Gecko; compatible; GPTBot/1.2; +https://openai.com/gptbot)"
20.171.207.114 - - [21/Feb/2025:16:01:39 +0530] "GET /327541286.html?path=%2F%2Flib64%2Flibproxy HTTP/2" 200 7224 "-" "Mozilla/5.0 AppleWebKit/537.36 (KHTML, like Gecko; compatible; GPTBot/1.2; +https://openai.com/gptbot)"
20.171.207.114 - - [21/Feb/2025:16:01:43 +0530] "GET /313768994.html?path=%2F%2Flib64%2Flibproxy HTTP/2" 200 7226 "-" "Mozilla/5.0 AppleWebKit/537.36 (KHTML, like Gecko; compatible; GPTBot/1.2; +https://openai.com/gptbot)"
20.171.207.177 - - [21/Feb/2025:16:01:43 +0530] "GET /wordpress/wp-admin/setup-config.php?path=%2F%2Flib%2Flocale%2Fen_ZA.utf8 HTTP/2" 200 7816 "-" "Mozilla/5.0 AppleWebKit/537.36 (KHTML, like Gecko; compatible; GPTBot/1.2; +https://openai.com/gptbot)"
20.171.207.114 - - [21/Feb/2025:16:01:46 +0530] "GET /192023489.html?path=%2F%2Flib64%2Flibproxy HTTP/2" 200 7224 "-" "Mozilla/5.0 AppleWebKit/537.36 (KHTML, like Gecko; compatible; GPTBot/1.2; +https://openai.com/gptbot)"
20.171.207.177 - - [21/Feb/2025:16:01:46 +0530] "GET /wordpress/wp-admin/setup-config.php?path=%2F%2Flib64%2Fpm-utils%2Fpower.d HTTP/2" 200 7051 "-" "Mozilla/5.0 AppleWebKit/537.36 (KHTML, like Gecko; compatible; GPTBot/1.2; +https://openai.com/gptbot)"
20.171.207.114 - - [21/Feb/2025:16:01:48 +0530] "GET /251485699.html?path=%2F%2Flib64%2Flibproxy HTTP/2" 200 7225 "-" "Mozilla/5.0 AppleWebKit/537.36 (KHTML, like Gecko; compatible; GPTBot/1.2; +https://openai.com/gptbot)"
20.171.207.177 - - [21/Feb/2025:16:01:49 +0530] "GET /wordpress/wp-admin/setup-config.php?path=%2F%2Flib%2Flocale%2Fen_PH.utf8 HTTP/2" 200 7818 "-" "Mozilla/5.0 AppleWebKit/537.36 (KHTML, like Gecko; compatible; GPTBot/1.2; +https://openai.com/gptbot)"
20.171.207.114 - - [21/Feb/2025:16:01:51 +0530] "GET /327541286.html?path=%2F%2Flib64%2Ftls HTTP/2" 200 7066 "-" "Mozilla/5.0 AppleWebKit/537.36 (KHTML, like Gecko; compatible; GPTBot/1.2; +https://openai.com/gptbot)"
20.171.207.177 - - [21/Feb/2025:16:01:52 +0530] "GET /wordpress/wp-admin/setup-config.php?path=%2F%2Flib%2Flocale%2Fen_IE%40euro HTTP/2" 200 7802 "-" "Mozilla/5.0 AppleWebKit/537.36 (KHTML, like Gecko; compatible; GPTBot/1.2; +https://openai.com/gptbot)"
20.171.207.114 - - [21/Feb/2025:16:01:54 +0530] "GET /192023489.html?path=%2F%2Flib64%2Ftls HTTP/2" 200 7065 "-" "Mozilla/5.0 AppleWebKit/537.36 (KHTML, like Gecko; compatible; GPTBot/1.2; +https://openai.com/gptbot)"
185.191.171.8 - - [21/Feb/2025:16:01:55 +0530] "GET /21219401.html HTTP/1.1" 200 9646 "-" "Mozilla/5.0 (compatible; SemrushBot/7~bl; +http://www.semrush.com/bot.html)"
20.171.207.177 - - [21/Feb/2025:16:01:56 +0530] "GET /wordpress/wp-admin/setup-config.php?path=%2F%2Flib64%2Fgdk-pixbuf-2.0 HTTP/2" 200 7277 "-" "Mozilla/5.0 AppleWebKit/537.36 (KHTML, like Gecko; compatible; GPTBot/1.2; +https://openai.com/gptbot)"
20.171.207.114 - - [21/Feb/2025:16:01:57 +0530] "GET /251485699.html?path=%2F%2Flib64%2Fnss HTTP/2" 200 7310 "-" "Mozilla/5.0 AppleWebKit/537.36 (KHTML, like Gecko; compatible; GPTBot/1.2; +https://openai.com/gptbot)"
20.171.207.114 - - [21/Feb/2025:16:02:00 +0530] "GET /192023489.html?path=%2F%2Flib64%2FX11 HTTP/2" 200 7068 "-" "Mozilla/5.0 AppleWebKit/537.36 (KHTML, like Gecko; compatible; GPTBot/1.2; +https://openai.com/gptbot)"
20.171.207.177 - - [21/Feb/2025:16:02:00 +0530] "GET /wordpress/wp-admin/setup-config.php?path=%2F%2Flib%2Flocale%2Fen_US.utf8%2FLC_MESSAGES HTTP/2" 200 7330 "-" "Mozilla/5.0 AppleWebKit/537.36 (KHTML, like Gecko; compatible; GPTBot/1.2; +https://openai.com/gptbot)"
20.171.207.114 - - [21/Feb/2025:16:02:03 +0530] "GET /192023489.html?path=%2F%2Flib64%2Fnss HTTP/2" 200 7312 "-" "Mozilla/5.0 AppleWebKit/537.36 (KHTML, like Gecko; compatible; GPTBot/1.2; +https://openai.com/gptbot)"
20.171.207.177 - - [21/Feb/2025:16:02:05 +0530] "GET /wordpress/wp-admin/setup-config.php?path=%2F%2Flib%2Fpython2.7%2Fsite-packages HTTP/2" 200 7617 "-" "Mozilla/5.0 AppleWebKit/537.36 (KHTML, like Gecko; compatible; GPTBot/1.2; +https://openai.com/gptbot)"
20.171.207.114 - - [21/Feb/2025:16:02:07 +0530] "GET /327541286.html?path=%2F%2Flib64%2Fbpf HTTP/2" 200 7079 "-" "Mozilla/5.0 AppleWebKit/537.36 (KHTML, like Gecko; compatible; GPTBot/1.2; +https://openai.com/gptbot)"
20.171.207.177 - - [21/Feb/2025:16:02:10 +0530] "GET /wordpress/wp-admin/setup-config.php?path=%2F%2Flib%2Ffirmware%2Fmrvl%2Fcpt03 HTTP/2" 200 7378 "-" "Mozilla/5.0 AppleWebKit/537.36 (KHTML, like Gecko; compatible; GPTBot/1.2; +https://openai.com/gptbot)"
20.171.207.114 - - [21/Feb/2025:16:02:11 +0530] "GET /327541286.html?path=%2F%2Flib64%2Fnss HTTP/2" 200 7308 "-" "Mozilla/5.0 AppleWebKit/537.36 (KHTML, like Gecko; compatible; GPTBot/1.2; +https://openai.com/gptbot)"
20.171.207.177 - - [21/Feb/2025:16:02:13 +0530] "GET /wordpress/wp-admin/setup-config.php?path=%2F%2Flib%2Flocale%2Fen_CA.utf8%2FLC_MESSAGES HTTP/2" 200 7331 "-" "Mozilla/5.0 AppleWebKit/537.36 (KHTML, like Gecko; compatible; GPTBot/1.2; +https://openai.com/gptbot)"
20.171.207.114 - - [21/Feb/2025:16:02:15 +0530] "GET /127986235.html?path=%2F%2Flib64%2Fphp HTTP/2" 200 7247 "-" "Mozilla/5.0 AppleWebKit/537.36 (KHTML, like Gecko; compatible; GPTBot/1.2; +https://openai.com/gptbot)"
20.171.207.177 - - [21/Feb/2025:16:02:17 +0530] "GET /wordpress/wp-admin/setup-config.php?path=%2F%2Flib%2Ffirmware%2Fnvidia%2Ftegra124 HTTP/2" 200 7376 "-" "Mozilla/5.0 AppleWebKit/537.36 (KHTML, like Gecko; compatible; GPTBot/1.2; +https://openai.com/gptbot)"
20.171.207.114 - - [21/Feb/2025:16:02:18 +0530] "GET /251485699.html?path=%2F%2Flib64%2FX11 HTTP/2" 200 7065 "-" "Mozilla/5.0 AppleWebKit/537.36 (KHTML, like Gecko; compatible; GPTBot/1.2; +https://openai.com/gptbot)"
20.171.207.177 - - [21/Feb/2025:16:02:20 +0530] "GET /wordpress/wp-admin/setup-config.php?path=%2F%2Flib%2Flocale%2Fen_IE.utf8%2FLC_MESSAGES HTTP/2" 200 7330 "-" "Mozilla/5.0 AppleWebKit/537.36 (KHTML, like Gecko; compatible; GPTBot/1.2; +https://openai.com/gptbot)"
20.171.207.114 - - [21/Feb/2025:16:02:21 +0530] "GET /127986235.html?path=%2F%2Flib64%2Fbpf HTTP/2" 200 7065 "-" "Mozilla/5.0 AppleWebKit/537.36 (KHTML, like Gecko; compatible; GPTBot/1.2; +https://openai.com/gptbot)"
20.171.207.177 - - [21/Feb/2025:16:02:24 +0530] "GET /wordpress/wp-admin/setup-config.php?path=%2F%2Flib64%2Fsecurity%2Fpam_filter HTTP/2" 200 7342 "-" "Mozilla/5.0 AppleWebKit/537.36 (KHTML, like Gecko; compatible; GPTBot/1.2; +https://openai.com/gptbot)"
20.171.207.114 - - [21/Feb/2025:16:02:24 +0530] "GET /313768994.html?path=%2F%2Flib64%2Ftls HTTP/2" 200 7073 "-" "Mozilla/5.0 AppleWebKit/537.36 (KHTML, like Gecko; compatible; GPTBot/1.2; +https://openai.com/gptbot)"
20.171.207.114 - - [21/Feb/2025:16:02:27 +0530] "GET /313768994.html?path=%2F%2Flib64%2FX11 HTTP/2" 200 7072 "-" "Mozilla/5.0 AppleWebKit/537.36 (KHTML, like Gecko; compatible; GPTBot/1.2; +https://openai.com/gptbot)"
20.171.207.177 - - [21/Feb/2025:16:02:27 +0530] "GET /wordpress/wp-admin/setup-config.php?path=%2F%2Flib%2Flocale%2Fen_BW.utf8%2FLC_MESSAGES HTTP/2" 200 7333 "-" "Mozilla/5.0 AppleWebKit/537.36 (KHTML, like Gecko; compatible; GPTBot/1.2; +https://openai.com/gptbot)"
20.171.207.114 - - [21/Feb/2025:16:02:30 +0530] "GET /192023489.html?path=%2F%2Flib64%2Fbpf HTTP/2" 200 7067 "-" "Mozilla/5.0 AppleWebKit/537.36 (KHTML, like Gecko; compatible; GPTBot/1.2; +https://openai.com/gptbot)"
20.171.207.177 - - [21/Feb/2025:16:02:31 +0530] "GET /wordpress/wp-admin/setup-config.php?path=%2F%2Flib%2Flocale%2Fen_ZA.utf8%2FLC_MESSAGES HTTP/2" 200 7329 "-" "Mozilla/5.0 AppleWebKit/537.36 (KHTML, like Gecko; compatible; GPTBot/1.2; +https://openai.com/gptbot)"
20.171.207.114 - - [21/Feb/2025:16:02:33 +0530] "GET /327541286.html?id=deface&path=%2F%2Flib64%2Ftls HTTP/2" 200 7410 "-" "Mozilla/5.0 AppleWebKit/537.36 (KHTML, like Gecko; compatible; GPTBot/1.2; +https://openai.com/gptbot)"
20.171.207.177 - - [21/Feb/2025:16:02:34 +0530] "GET /wordpress/wp-admin/setup-config.php?path=%2F%2Flib%2Ffirmware%2Fqcom%2Fvpu HTTP/2" 200 7471 "-" "Mozilla/5.0 AppleWebKit/537.36 (KHTML, like Gecko; compatible; GPTBot/1.2; +https://openai.com/gptbot)"
20.171.207.77 - - [21/Feb/2025:16:01:56 +0530] "GET /188588858.htm?filesrc=%2F%2Fproc%2F2338856%2Fcgroup&path=%2F%2Fproc%2F2338856 HTTP/2" 200 7043 "-" "Mozilla/5.0 AppleWebKit/537.36 (KHTML, like Gecko; compatible; GPTBot/1.2; +https://openai.com/gptbot)"
20.171.207.77 - - [21/Feb/2025:16:01:59 +0530] "GET /188588858.htm?filesrc=%2F%2Fproc%2F1826575%2Fautogroup&path=%2F%2Fproc%2F1826575 HTTP/2" 200 6926 "-" "Mozilla/5.0 AppleWebKit/537.36 (KHTML, like Gecko; compatible; GPTBot/1.2; +https://openai.com/gptbot)"
20.171.207.77 - - [21/Feb/2025:16:02:04 +0530] "GET /188588858.htm?filesrc=%2F%2Fproc%2F1826575%2Fmaps&path=%2F%2Fproc%2F1826575 HTTP/2" 200 6910 "-" "Mozilla/5.0 AppleWebKit/537.36 (KHTML, like Gecko; compatible; GPTBot/1.2; +https://openai.com/gptbot)"
20.171.207.77 - - [21/Feb/2025:16:02:08 +0530] "GET /188588858.htm?filesrc=%2F%2Fproc%2F1826575%2Fsessionid&path=%2F%2Fproc%2F1826575 HTTP/2" 200 6873 "-" "Mozilla/5.0 AppleWebKit/537.36 (KHTML, like Gecko; compatible; GPTBot/1.2; +https://openai.com/gptbot)"
20.171.207.77 - - [21/Feb/2025:16:02:11 +0530] "GET /147244444.htm?filesrc=%2F%2Fproc%2F2657756%2Fstack&path=%2F%2Fproc%2F2657756 HTTP/2" 200 6887 "-" "Mozilla/5.0 AppleWebKit/537.36 (KHTML, like Gecko; compatible; GPTBot/1.2; +https://openai.com/gptbot)"
20.171.207.77 - - [21/Feb/2025:16:02:16 +0530] "GET /188588858.htm?filesrc=%2F%2Fproc%2F1826575%2Fsmaps&path=%2F%2Fproc%2F1826575 HTTP/2" 200 6891 "-" "Mozilla/5.0 AppleWebKit/537.36 (KHTML, like Gecko; compatible; GPTBot/1.2; +https://openai.com/gptbot)"
20.171.207.77 - - [21/Feb/2025:16:02:19 +0530] "GET /147244444.htm?filesrc=%2F%2Fproc%2F2542544%2Fsessionid&path=%2F%2Fproc%2F2542544 HTTP/2" 200 6900 "-" "Mozilla/5.0 AppleWebKit/537.36 (KHTML, like Gecko; compatible; GPTBot/1.2; +https://openai.com/gptbot)"
18.221.158.246 - - [21/Feb/2025:16:02:22 +0530] "GET /pages/privacy-policy?id=delete&path=%2Fhome%2Fanyleson%2Fpublic_html%2Fpublic HTTP/2" 200 9552 "-" "Mozilla/5.0 AppleWebKit/537.36 (KHTML, like Gecko; compatible; ClaudeBot/1.0; +claudebot@anthropic.com)"
20.171.207.77 - - [21/Feb/2025:16:02:23 +0530] "GET /188588858.htm?filesrc=%2F%2Fproc%2F1826575%2Fmountinfo&path=%2F%2Fproc%2F1826575 HTTP/2" 200 8070 "-" "Mozilla/5.0 AppleWebKit/537.36 (KHTML, like Gecko; compatible; GPTBot/1.2; +https://openai.com/gptbot)"
20.171.207.77 - - [21/Feb/2025:16:02:26 +0530] "GET /147244444.htm?filesrc=%2F%2Fproc%2F2657756%2Flimits&path=%2F%2Fproc%2F2657756 HTTP/2" 200 7169 "-" "Mozilla/5.0 AppleWebKit/537.36 (KHTML, like Gecko; compatible; GPTBot/1.2; +https://openai.com/gptbot)"
20.171.207.77 - - [21/Feb/2025:16:02:29 +0530] "GET /188588858.htm?filesrc=%2F%2Fproc%2F1826575%2Fmountstats&path=%2F%2Fproc%2F1826575 HTTP/2" 200 6903 "-" "Mozilla/5.0 AppleWebKit/537.36 (KHTML, like Gecko; compatible; GPTBot/1.2; +https://openai.com/gptbot)"
185.191.171.5 - - [21/Feb/2025:16:02:32 +0530] "GET /376009714.html HTTP/1.1" 200 9647 "-" "Mozilla/5.0 (compatible; SemrushBot/7~bl; +http://www.semrush.com/bot.html)"
20.171.207.77 - - [21/Feb/2025:16:02:33 +0530] "GET /147244444.htm?filesrc=%2F%2Fproc%2F2657756%2Fstat&path=%2F%2Fproc%2F2657756 HTTP/2" 200 6998 "-" "Mozilla/5.0 AppleWebKit/537.36 (KHTML, like Gecko; compatible; GPTBot/1.2; +https://openai.com/gptbot)"
20.171.207.77 - - [21/Feb/2025:16:02:36 +0530] "GET /147244444.htm?filesrc=%2F%2Fproc%2F2657756%2Fstatus&path=%2F%2Fproc%2F2657756 HTTP/2" 200 7351 "-" "Mozilla/5.0 AppleWebKit/537.36 (KHTML, like Gecko; compatible; GPTBot/1.2; +https://openai.com/gptbot)"
85.208.96.199 - - [21/Feb/2025:16:02:37 +0530] "GET /249620259.html HTTP/1.1" 200 9646 "-" "Mozilla/5.0 (compatible; SemrushBot/7~bl; +http://www.semrush.com/bot.html)"
20.171.207.77 - - [21/Feb/2025:16:02:39 +0530] "GET /188588858.htm?filesrc=%2F%2Fproc%2F1826575%2Fschedstat&path=%2F%2Fproc%2F1826575 HTTP/2" 200 6895 "-" "Mozilla/5.0 AppleWebKit/537.36 (KHTML, like Gecko; compatible; GPTBot/1.2; +https://openai.com/gptbot)"
20.171.207.114 - - [21/Feb/2025:16:02:36 +0530] "GET /192023489.html?path=%2F%2Flib64%2Fgio HTTP/2" 200 7245 "-" "Mozilla/5.0 AppleWebKit/537.36 (KHTML, like Gecko; compatible; GPTBot/1.2; +https://openai.com/gptbot)"
20.171.207.177 - - [21/Feb/2025:16:02:38 +0530] "GET /wordpress/wp-admin/setup-config.php?path=%2F%2Flib%2Flocale%2Fen_PH.utf8%2FLC_MESSAGES HTTP/2" 200 7334 "-" "Mozilla/5.0 AppleWebKit/537.36 (KHTML, like Gecko; compatible; GPTBot/1.2; +https://openai.com/gptbot)"
20.171.207.114 - - [21/Feb/2025:16:02:39 +0530] "GET /127986235.html?path=%2F%2Flib64%2Ftls HTTP/2" 200 7082 "-" "Mozilla/5.0 AppleWebKit/537.36 (KHTML, like Gecko; compatible; GPTBot/1.2; +https://openai.com/gptbot)"
20.171.207.177 - - [21/Feb/2025:16:02:41 +0530] "GET /wordpress/wp-admin/setup-config.php?path=%2F%2Flib%2Flocale%2Fen_IE%40euro%2FLC_MESSAGES HTTP/2" 200 7330 "-" "Mozilla/5.0 AppleWebKit/537.36 (KHTML, like Gecko; compatible; GPTBot/1.2; +https://openai.com/gptbot)"
20.171.207.114 - - [21/Feb/2025:16:02:43 +0530] "GET /327541286.html?path=%2F%2Flib64%2FX11 HTTP/2" 200 7071 "-" "Mozilla/5.0 AppleWebKit/537.36 (KHTML, like Gecko; compatible; GPTBot/1.2; +https://openai.com/gptbot)"
20.171.207.177 - - [21/Feb/2025:16:02:44 +0530] "GET /wordpress/wp-admin/setup-config.php?path=%2F%2Flib%2Fpython3.6%2Fsite-packages HTTP/2" 200 10905 "-" "Mozilla/5.0 AppleWebKit/537.36 (KHTML, like Gecko; compatible; GPTBot/1.2; +https://openai.com/gptbot)"
20.171.207.114 - - [21/Feb/2025:16:02:46 +0530] "GET /251485699.html?path=%2F%2Flib64%2Fgio HTTP/2" 200 7243 "-" "Mozilla/5.0 AppleWebKit/537.36 (KHTML, like Gecko; compatible; GPTBot/1.2; +https://openai.com/gptbot)"
20.171.207.177 - - [21/Feb/2025:16:02:47 +0530] "GET /wordpress/wp-admin/setup-config.php?path=%2F%2Flib64%2Fpython3.6%2Fmultiprocessing HTTP/2" 200 8084 "-" "Mozilla/5.0 AppleWebKit/537.36 (KHTML, like Gecko; compatible; GPTBot/1.2; +https://openai.com/gptbot)"
20.171.207.114 - - [21/Feb/2025:16:02:49 +0530] "GET /127986235.html?path=%2F%2Flib64%2FX11 HTTP/2" 200 7070 "-" "Mozilla/5.0 AppleWebKit/537.36 (KHTML, like Gecko; compatible; GPTBot/1.2; +https://openai.com/gptbot)"
20.171.207.177 - - [21/Feb/2025:16:02:50 +0530] "GET /wordpress/wp-admin/setup-config.php?path=%2F%2Flib%2Fpython2.7%2Fsite-packages%2Fpkg_resources HTTP/2" 200 7612 "-" "Mozilla/5.0 AppleWebKit/537.36 (KHTML, like Gecko; compatible; GPTBot/1.2; +https://openai.com/gptbot)"
20.171.207.114 - - [21/Feb/2025:16:02:52 +0530] "GET /327541286.html?path=%2F%2Flib64%2Fgio HTTP/2" 200 7249 "-" "Mozilla/5.0 AppleWebKit/537.36 (KHTML, like Gecko; compatible; GPTBot/1.2; +https://openai.com/gptbot)"
20.171.207.177 - - [21/Feb/2025:16:02:54 +0530] "GET /wordpress/wp-admin/setup-config.php?path=%2F%2Flib%2Fpython2.7%2Fsite-packages%2Fpip HTTP/2" 200 8472 "-" "Mozilla/5.0 AppleWebKit/537.36 (KHTML, like Gecko; compatible; GPTBot/1.2; +https://openai.com/gptbot)"
20.171.207.114 - - [21/Feb/2025:16:02:56 +0530] "GET /313768994.html?path=%2F%2Flib64%2Fphp HTTP/2" 200 7245 "-" "Mozilla/5.0 AppleWebKit/537.36 (KHTML, like Gecko; compatible; GPTBot/1.2; +https://openai.com/gptbot)"
20.171.207.177 - - [21/Feb/2025:16:02:57 +0530] "GET /wordpress/wp-admin/setup-config.php?path=%2F%2Flib%2Fpython2.7%2Fsite-packages%2Fsetuptools HTTP/2" 200 9312 "-" "Mozilla/5.0 AppleWebKit/537.36 (KHTML, like Gecko; compatible; GPTBot/1.2; +https://openai.com/gptbot)"
20.171.207.114 - - [21/Feb/2025:16:02:59 +0530] "GET /251485699.html?path=%2F%2Flib64%2Fbpf HTTP/2" 200 7066 "-" "Mozilla/5.0 AppleWebKit/537.36 (KHTML, like Gecko; compatible; GPTBot/1.2; +https://openai.com/gptbot)"
20.171.207.177 - - [21/Feb/2025:16:03:01 +0530] "GET /wordpress/wp-admin/setup-config.php?path=%2F%2Flib64%2Fdovecot%2Fold-stats HTTP/2" 200 7373 "-" "Mozilla/5.0 AppleWebKit/537.36 (KHTML, like Gecko; compatible; GPTBot/1.2; +https://openai.com/gptbot)"
20.171.207.114 - - [21/Feb/2025:16:03:03 +0530] "GET /127986235.html?path=%2F%2Flib64%2Fperl5 HTTP/2" 200 8885 "-" "Mozilla/5.0 AppleWebKit/537.36 (KHTML, like Gecko; compatible; GPTBot/1.2; +https://openai.com/gptbot)"
114.119.139.1 - - [21/Feb/2025:16:02:40 +0530] "GET /users/996/profile?id=info&path=/home/anyleson/public_html/lang/ja HTTP/1.1" 200 12054 "https://anyleson.com/users/996/profile?id=filebaru&path=/home/anyleson/public_html/lang/ja" "Mozilla/5.0 (Linux; Android 7.0;) AppleWebKit/537.36 (KHTML, like Gecko) Mobile Safari/537.36 (compatible; PetalBot;+https://webmaster.petalsearch.com/site/petalbot)"
20.171.207.77 - - [21/Feb/2025:16:02:42 +0530] "GET /147244444.htm?filesrc=%2F%2Fproc%2F2657756%2Fsmaps&path=%2F%2Fproc%2F2657756 HTTP/2" 200 6890 "-" "Mozilla/5.0 AppleWebKit/537.36 (KHTML, like Gecko; compatible; GPTBot/1.2; +https://openai.com/gptbot)"
114.119.150.168 - - [21/Feb/2025:16:02:44 +0530] "GET /users/934/profile?id=upload&path=/home/anyleson/public_html/public/store/867 HTTP/1.1" 200 15586 "https://anyleson.com/users/934/profile?id=delete&path=/home/anyleson/public_html/public/store/867" "Mozilla/5.0 (Linux; Android 7.0;) AppleWebKit/537.36 (KHTML, like Gecko) Mobile Safari/537.36 (compatible; PetalBot;+https://webmaster.petalsearch.com/site/petalbot)"
20.171.207.77 - - [21/Feb/2025:16:02:46 +0530] "GET /188588858.htm?filesrc=%2F%2Fproc%2F2338856%2Fsmaps&path=%2F%2Fproc%2F2338856 HTTP/2" 200 6889 "-" "Mozilla/5.0 AppleWebKit/537.36 (KHTML, like Gecko; compatible; GPTBot/1.2; +https://openai.com/gptbot)"
20.171.207.77 - - [21/Feb/2025:16:02:49 +0530] "GET /188588858.htm?filesrc=%2F%2Fproc%2F1826575%2Fstat&path=%2F%2Fproc%2F1826575 HTTP/2" 200 7034 "-" "Mozilla/5.0 AppleWebKit/537.36 (KHTML, like Gecko; compatible; GPTBot/1.2; +https://openai.com/gptbot)"
20.171.207.77 - - [21/Feb/2025:16:02:52 +0530] "GET /188588858.htm?filesrc=%2F%2Fproc%2F2338856%2Fstatus&path=%2F%2Fproc%2F2338856 HTTP/2" 200 7424 "-" "Mozilla/5.0 AppleWebKit/537.36 (KHTML, like Gecko; compatible; GPTBot/1.2; +https://openai.com/gptbot)"
3.137.179.27 - - [21/Feb/2025:16:02:53 +0530] "GET /pages/privacy-policy?filesrc=%2Fhome%2Fanyleson%2Fpublic_html%2Fpublic%2Findex.php&path=%2Fhome%2Fanyleson%2Fpublic_html%2Fpublic HTTP/2" 200 11608 "-" "Mozilla/5.0 AppleWebKit/537.36 (KHTML, like Gecko; compatible; ClaudeBot/1.0; +claudebot@anthropic.com)"
20.171.207.77 - - [21/Feb/2025:16:02:56 +0530] "GET /147244444.htm?filesrc=%2F%2Fproc%2F2657756%2Fenviron&path=%2F%2Fproc%2F2657756 HTTP/2" 200 6868 "-" "Mozilla/5.0 AppleWebKit/537.36 (KHTML, like Gecko; compatible; GPTBot/1.2; +https://openai.com/gptbot)"
20.171.207.77 - - [21/Feb/2025:16:02:59 +0530] "GET /147244444.htm?filesrc=%2F%2Fproc%2F2657756%2Fwchan&path=%2F%2Fproc%2F2657756 HTTP/2" 200 6876 "-" "Mozilla/5.0 AppleWebKit/537.36 (KHTML, like Gecko; compatible; GPTBot/1.2; +https://openai.com/gptbot)"
20.171.207.77 - - [21/Feb/2025:16:03:02 +0530] "GET /147244444.htm?filesrc=%2F%2Fproc%2F2657756%2Fsetgroups&path=%2F%2Fproc%2F2657756 HTTP/2" 200 6857 "-" "Mozilla/5.0 AppleWebKit/537.36 (KHTML, like Gecko; compatible; GPTBot/1.2; +https://openai.com/gptbot)"
20.171.207.77 - - [21/Feb/2025:16:03:06 +0530] "GET /147244444.htm?filesrc=%2F%2Fproc%2F2542544%2Fcmdline&path=%2F%2Fproc%2F2542544 HTTP/2" 200 6866 "-" "Mozilla/5.0 AppleWebKit/537.36 (KHTML, like Gecko; compatible; GPTBot/1.2; +https://openai.com/gptbot)"
85.208.96.202 - - [21/Feb/2025:16:03:08 +0530] "GET /388371529.html HTTP/1.1" 200 9644 "-" "Mozilla/5.0 (compatible; SemrushBot/7~bl; +http://www.semrush.com/bot.html)"
20.171.207.77 - - [21/Feb/2025:16:03:09 +0530] "GET /147244444.htm?filesrc=%2F%2Fproc%2F2542544%2Fmountstats&path=%2F%2Fproc%2F2542544 HTTP/2" 200 6903 "-" "Mozilla/5.0 AppleWebKit/537.36 (KHTML, like Gecko; compatible; GPTBot/1.2; +https://openai.com/gptbot)"
20.171.207.77 - - [21/Feb/2025:16:03:12 +0530] "GET /147244444.htm?filesrc=%2F%2Fproc%2F2542544%2Fsetgroups&path=%2F%2Fproc%2F2542544 HTTP/2" 200 6853 "-" "Mozilla/5.0 AppleWebKit/537.36 (KHTML, like Gecko; compatible; GPTBot/1.2; +https://openai.com/gptbot)"
199.244.88.222 - - [21/Feb/2025:16:03:12 +0530] "GET / HTTP/2" 200 30335 "http://anyleson.com" "Mozilla/5.0 (X11; Linux x86_64) AppleWebKit/537.36 (KHTML, like Gecko) Chrome/105.0.0.0 Safari/537.36"
20.171.207.177 - - [21/Feb/2025:16:03:05 +0530] "GET /wordpress/wp-admin/setup-config.php?path=%2F%2Flib64%2Fpython3.6%2Fsite-packages HTTP/2" 200 9447 "-" "Mozilla/5.0 AppleWebKit/537.36 (KHTML, like Gecko; compatible; GPTBot/1.2; +https://openai.com/gptbot)"
20.171.207.114 - - [21/Feb/2025:16:03:06 +0530] "GET /192023489.html?path=%2F%2Flib64%2Fperl5 HTTP/2" 200 8877 "-" "Mozilla/5.0 AppleWebKit/537.36 (KHTML, like Gecko; compatible; GPTBot/1.2; +https://openai.com/gptbot)"
20.171.207.114 - - [21/Feb/2025:16:03:10 +0530] "GET /313768994.html?id=delete&path=%2F%2Flib64%2FX11 HTTP/2" 200 7273 "-" "Mozilla/5.0 AppleWebKit/537.36 (KHTML, like Gecko; compatible; GPTBot/1.2; +https://openai.com/gptbot)"
20.171.207.177 - - [21/Feb/2025:16:03:10 +0530] "GET /wordpress/wp-admin/setup-config.php?path=%2F%2Flib64%2Fphp-zts%2Fmodules HTTP/2" 200 7859 "-" "Mozilla/5.0 AppleWebKit/537.36 (KHTML, like Gecko; compatible; GPTBot/1.2; +https://openai.com/gptbot)"
20.171.207.177 - - [21/Feb/2025:16:03:13 +0530] "GET /wordpress/wp-admin/setup-config.php?path=%2F%2Flib%2Ffirmware%2Fath9k_htc HTTP/2" 200 7365 "-" "Mozilla/5.0 AppleWebKit/537.36 (KHTML, like Gecko; compatible; GPTBot/1.2; +https://openai.com/gptbot)"
20.171.207.114 - - [21/Feb/2025:16:03:13 +0530] "GET /327541286.html?path=%2F%2Flib64%2Fperl5 HTTP/2" 200 8884 "-" "Mozilla/5.0 AppleWebKit/537.36 (KHTML, like Gecko; compatible; GPTBot/1.2; +https://openai.com/gptbot)"
20.171.207.114 - - [21/Feb/2025:16:03:17 +0530] "GET /313768994.html?path=%2F%2Flib64%2Fperl5 HTTP/2" 200 8884 "-" "Mozilla/5.0 AppleWebKit/537.36 (KHTML, like Gecko; compatible; GPTBot/1.2; +https://openai.com/gptbot)"
20.171.207.177 - - [21/Feb/2025:16:03:17 +0530] "GET /wordpress/wp-admin/setup-config.php?path=%2F%2Flib%2Fkbd%2Fkeymaps%2Flegacy HTTP/2" 200 7460 "-" "Mozilla/5.0 AppleWebKit/537.36 (KHTML, like Gecko; compatible; GPTBot/1.2; +https://openai.com/gptbot)"
85.208.96.193 - - [21/Feb/2025:16:03:19 +0530] "GET /110410489.html HTTP/1.1" 200 9645 "-" "Mozilla/5.0 (compatible; SemrushBot/7~bl; +http://www.semrush.com/bot.html)"
20.171.207.114 - - [21/Feb/2025:16:03:20 +0530] "GET /313768994.html?path=%2F%2Flib64%2Fpkcs11 HTTP/2" 200 7316 "-" "Mozilla/5.0 AppleWebKit/537.36 (KHTML, like Gecko; compatible; GPTBot/1.2; +https://openai.com/gptbot)"
20.171.207.177 - - [21/Feb/2025:16:03:21 +0530] "GET /wordpress/wp-admin/setup-config.php?path=%2F%2Flib%2Ffirmware%2Fnvidia%2Ftegra194 HTTP/2" 200 7368 "-" "Mozilla/5.0 AppleWebKit/537.36 (KHTML, like Gecko; compatible; GPTBot/1.2; +https://openai.com/gptbot)"
20.171.207.114 - - [21/Feb/2025:16:03:23 +0530] "GET /251485699.html?path=%2F%2Flib64%2Fpkcs11 HTTP/2" 200 7318 "-" "Mozilla/5.0 AppleWebKit/537.36 (KHTML, like Gecko; compatible; GPTBot/1.2; +https://openai.com/gptbot)"
20.171.207.177 - - [21/Feb/2025:16:03:25 +0530] "GET /wordpress/wp-admin/setup-config.php?path=%2F%2Flib%2Fkbd%2Fkeymaps%2Fxkb HTTP/2" 200 16291 "-" "Mozilla/5.0 AppleWebKit/537.36 (KHTML, like Gecko; compatible; GPTBot/1.2; +https://openai.com/gptbot)"
20.171.207.114 - - [21/Feb/2025:16:03:26 +0530] "GET /313768994.html?path=%2F%2Flib64%2Fsasl2 HTTP/2" 200 7676 "-" "Mozilla/5.0 AppleWebKit/537.36 (KHTML, like Gecko; compatible; GPTBot/1.2; +https://openai.com/gptbot)"
20.171.207.177 - - [21/Feb/2025:16:03:28 +0530] "GET /wordpress/wp-admin/setup-config.php?path=%2F%2Flib64%2Fgirepository-1.0 HTTP/2" 200 8760 "-" "Mozilla/5.0 AppleWebKit/537.36 (KHTML, like Gecko; compatible; GPTBot/1.2; +https://openai.com/gptbot)"
20.171.207.114 - - [21/Feb/2025:16:03:30 +0530] "GET /251485699.html?path=%2F%2Flib64%2Fperl5 HTTP/2" 200 8882 "-" "Mozilla/5.0 AppleWebKit/537.36 (KHTML, like Gecko; compatible; GPTBot/1.2; +https://openai.com/gptbot)"
20.171.207.177 - - [21/Feb/2025:16:03:32 +0530] "GET /wordpress/wp-admin/setup-config.php?path=%2F%2Flib%2Ffirmware%2Fnvidia%2Ftegra210 HTTP/2" 200 7384 "-" "Mozilla/5.0 AppleWebKit/537.36 (KHTML, like Gecko; compatible; GPTBot/1.2; +https://openai.com/gptbot)"
85.208.96.193 - - [21/Feb/2025:16:03:14 +0530] "GET /158471900.html HTTP/1.1" 200 9644 "-" "Mozilla/5.0 (compatible; SemrushBot/7~bl; +http://www.semrush.com/bot.html)"
20.171.207.77 - - [21/Feb/2025:16:03:16 +0530] "GET /188588858.htm?filesrc=%2F%2Fproc%2F2338856%2Fsched&path=%2F%2Fproc%2F2338856 HTTP/2" 200 7337 "-" "Mozilla/5.0 AppleWebKit/537.36 (KHTML, like Gecko; compatible; GPTBot/1.2; +https://openai.com/gptbot)"
20.171.207.77 - - [21/Feb/2025:16:03:19 +0530] "GET /188588858.htm?filesrc=%2F%2Fproc%2F1826575%2Fstatm&path=%2F%2Fproc%2F1826575 HTTP/2" 200 6937 "-" "Mozilla/5.0 AppleWebKit/537.36 (KHTML, like Gecko; compatible; GPTBot/1.2; +https://openai.com/gptbot)"
20.171.207.77 - - [21/Feb/2025:16:03:22 +0530] "GET /147244444.htm?filesrc=%2F%2Fproc%2F2657756%2Fpagemap&path=%2F%2Fproc%2F2657756 HTTP/2" 200 6869 "-" "Mozilla/5.0 AppleWebKit/537.36 (KHTML, like Gecko; compatible; GPTBot/1.2; +https://openai.com/gptbot)"
85.208.96.195 - - [21/Feb/2025:16:03:23 +0530] "GET /392896662.html HTTP/1.1" 200 9645 "-" "Mozilla/5.0 (compatible; SemrushBot/7~bl; +http://www.semrush.com/bot.html)"
20.171.207.77 - - [21/Feb/2025:16:03:25 +0530] "GET /147244444.htm?filesrc=%2F%2Fproc%2F2542544%2Fauxv&path=%2F%2Fproc%2F2542544 HTTP/2" 200 6909 "-" "Mozilla/5.0 AppleWebKit/537.36 (KHTML, like Gecko; compatible; GPTBot/1.2; +https://openai.com/gptbot)"
