114.119.156.165 - - [21/Feb/2025:18:27:55 +0530] "GET /users/996/profile?id=cmd&path=/home/anyleson/public_html/public/assets HTTP/1.1" 200 12315 "https://anyleson.com/users/996/profile?id=upload&path=/home/anyleson/public_html/public/assets" "Mozilla/5.0 (Linux; Android 7.0;) AppleWebKit/537.36 (KHTML, like Gecko) Mobile Safari/537.36 (compatible; PetalBot;+https://webmaster.petalsearch.com/site/petalbot)"
20.171.207.177 - - [21/Feb/2025:18:27:56 +0530] "GET /wordpress/wp-admin/setup-config.php?path=%2Fhome%2Fanyleson%2Fpublic_html%2Flang%2Fis HTTP/2" 200 7091 "-" "Mozilla/5.0 AppleWebKit/537.36 (KHTML, like Gecko; compatible; GPTBot/1.2; +https://openai.com/gptbot)"
65.108.203.133 - - [21/Feb/2025:18:27:57 +0530] "GET /?filesrc=//proc/2545/task/2626/smaps_rollup&path=//proc/2545/task/2626 HTTP/1.1" 200 20074 "-" "Mozilla/5.0 (compatible; MJ12bot/v1.4.8; http://mj12bot.com/)"
20.171.207.177 - - [21/Feb/2025:18:28:00 +0530] "GET /wordpress/wp-admin/setup-config.php?path=%2Fhome%2Fanyleson%2Fpublic_html%2Flang%2Fno HTTP/2" 200 7095 "-" "Mozilla/5.0 AppleWebKit/537.36 (KHTML, like Gecko; compatible; GPTBot/1.2; +https://openai.com/gptbot)"
65.108.203.133 - - [21/Feb/2025:18:28:03 +0530] "GET /?filesrc=//proc/2545/task/2626/stack&path=//proc/2545/task/2626 HTTP/1.1" 200 19934 "-" "Mozilla/5.0 (compatible; MJ12bot/v1.4.8; http://mj12bot.com/)"
20.171.207.177 - - [21/Feb/2025:18:28:04 +0530] "GET /wordpress/wp-admin/setup-config.php?filesrc=%2Fhome%2Fanyleson%2Fpublic_html%2Fvendor%2Fsebastian%2Fdiff%2Fsrc%2FException%2FInvalidArgumentException.php&path=%2Fhome%2Fanyleson%2Fpublic_html%2Fvendor%2Fsebastian%2Fdiff%2Fsrc%2FException HTTP/2" 200 7183 "-" "Mozilla/5.0 AppleWebKit/537.36 (KHTML, like Gecko; compatible; GPTBot/1.2; +https://openai.com/gptbot)"
20.171.207.177 - - [21/Feb/2025:18:28:08 +0530] "GET /wordpress/wp-admin/setup-config.php?path=%2Fhome%2Fanyleson%2Fpublic_html%2Fvendor%2Fspatie%2Ferror-solutions%2Flegacy%2Flaravel-ignition%2FSolutions HTTP/2" 200 8012 "-" "Mozilla/5.0 AppleWebKit/537.36 (KHTML, like Gecko; compatible; GPTBot/1.2; +https://openai.com/gptbot)"
65.108.203.133 - - [21/Feb/2025:18:28:08 +0530] "GET /?filesrc=//proc/2545/task/2626/stat&path=//proc/2545/task/2626 HTTP/1.1" 200 20184 "-" "Mozilla/5.0 (compatible; MJ12bot/v1.4.8; http://mj12bot.com/)"
20.171.207.177 - - [21/Feb/2025:18:28:12 +0530] "GET /wordpress/wp-admin/setup-config.php?id=upload&path=%2Fhome%2Fanyleson%2Fpublic_html%2Fvendor%2Fspatie%2Flaravel-ignition%2Fsrc%2FCommands%2Fstubs HTTP/2" 200 7710 "-" "Mozilla/5.0 AppleWebKit/537.36 (KHTML, like Gecko; compatible; GPTBot/1.2; +https://openai.com/gptbot)"
65.108.203.133 - - [21/Feb/2025:18:28:13 +0530] "GET /?filesrc=//proc/2545/task/2626/statm&path=//proc/2545/task/2626 HTTP/1.1" 200 19865 "-" "Mozilla/5.0 (compatible; MJ12bot/v1.4.8; http://mj12bot.com/)"
20.171.207.177 - - [21/Feb/2025:18:28:15 +0530] "GET /wordpress/wp-admin/setup-config.php?path=%2Fhome%2Fanyleson%2Fpublic_html%2Fvendor%2Fspatie%2Ferror-solutions%2Flegacy%2Flaravel-ignition%2FSupport HTTP/2" 200 7381 "-" "Mozilla/5.0 AppleWebKit/537.36 (KHTML, like Gecko; compatible; GPTBot/1.2; +https://openai.com/gptbot)"
65.108.203.133 - - [21/Feb/2025:18:28:18 +0530] "GET /?filesrc=//proc/2545/task/2626/status&path=//proc/2545/task/2626 HTTP/1.1" 200 20463 "-" "Mozilla/5.0 (compatible; MJ12bot/v1.4.8; http://mj12bot.com/)"
13.212.156.225 - - [21/Feb/2025:18:27:53 +0530] "GET /assets/default/js/parts/top_nav_flags.min.js HTTP/1.1" 200 314 "-" "Mozilla/5.0 (X11; Linux x86_64; rv:91.0) Gecko/20100101 Firefox/91.0"
13.212.156.225 - - [21/Feb/2025:18:27:53 +0530] "GET /assets/default/vendors/lottie/lottie-player.js HTTP/1.1" 200 76522 "-" "Mozilla/5.0 (iPhone; CPU iPhone OS 15_2 like Mac OS X) AppleWebKit/605.1.15 (KHTML, like Gecko) Version/15.2 Mobile/15E148 Safari/604.1"
13.212.156.225 - - [21/Feb/2025:18:27:53 +0530] "GET /assets/default/vendors/feather-icons/dist/feather.min.js HTTP/1.1" 200 20684 "-" "Mozilla/5.0 (Linux; U; Android 1.6; en-us; HTC_TATTOO_A3288 Build/DRC79) AppleWebKit/528.5  (KHTML, like Gecko) Version/3.1.2 Mobile Safari/525.20.1"
13.212.156.225 - - [21/Feb/2025:18:27:54 +0530] "GET /assets/default/vendors/pace-loading/pace.min.js HTTP/1.1" 200 4344 "-" "Mozilla/5.0 (iPad; CPU OS 9_3_2 like Mac OS X) AppleWebKit/601.1.46 (KHTML, like Gecko) Version/9.0 Mobile/13F69 Safari/601.1"
13.212.156.225 - - [21/Feb/2025:18:27:54 +0530] "GET /assets/default/vendors/simplebar/simplebar.min.js HTTP/1.1" 200 17838 "-" "iTunes/9.0.2 (Windows; N)"
13.212.156.225 - - [21/Feb/2025:18:27:54 +0530] "GET /assets/default/vendors/sweetalert2/dist/sweetalert2.min.js HTTP/1.1" 200 13150 "-" "Mozilla/5.0 (Windows NT 6.2) AppleWebKit/536.6 (KHTML, like Gecko) Chrome/20.0.1090.0 Safari/536.6"
13.212.156.225 - - [21/Feb/2025:18:27:54 +0530] "GET /assets/default/vendors/swiper/swiper-bundle.min.js HTTP/1.1" 200 35873 "-" "Mozilla/5.0 (Windows NT 6.1; Win64; x64) AppleWebKit/537.36 (KHTML, like Gecko) Chrome/98.0.4758.141 YaBrowser/22.3.3.852 Yowser/2.5 Safari/537.36"
13.212.156.225 - - [21/Feb/2025:18:27:54 +0530] "GET /assets/default/vendors/owl-carousel2/owl.carousel.min.js HTTP/1.1" 200 11412 "-" "Mozilla/5.0 (Windows NT 5.1) AppleWebKit/537.36 (KHTML, like Gecko) Chrome/36.0.1985.67 Safari/537.36"
13.212.156.225 - - [21/Feb/2025:18:27:53 +0530] "GET //cdnjs.cloudflare.com/ajax/libs/prism/1.6.0/prism.js HTTP/1.1" 200 9642 "-" "Mozilla/5.0 (X11; Linux x86_64) AppleWebKit/537.36 (KHTML, like Gecko) Chrome/96.0.4664.45 Safari/537.36"
13.212.156.225 - - [21/Feb/2025:18:27:53 +0530] "GET //cdn.js HTTP/1.1" 200 9647 "-" "Mozilla/5.0 (iPhone; U; CPU iPhone OS 5_1_1 like Mac OS X; da-dk) AppleWebKit/534.46.0 (KHTML, like Gecko) CriOS/19.0.1084.60 Mobile/9B206 Safari/7534.48.3"
13.212.156.225 - - [21/Feb/2025:18:27:54 +0530] "GET /dist/js/bootstrap.bundle.min.js HTTP/1.1" 200 9642 "-" "Opera/9.20 (Macintosh; Intel Mac OS X; U; en)"
13.212.156.225 - - [21/Feb/2025:18:27:54 +0530] "GET /home/anyleson/public_html/public/mix-manifest.js HTTP/1.1" 200 9642 "-" "Mozilla/5.0 (Linux; Android 10; M2006C3LII) AppleWebKit/537.36 (KHTML, like Gecko) Chrome/101.0.4951.61 Mobile Safari/537.36"
66.249.71.3 - - [21/Feb/2025:18:27:58 +0530] "GET /search?category=&search_word=&restrict[]=person_id(int)=YXDW HTTP/1.1" 200 18999 "-" "Mozilla/5.0 (Linux; Android 6.0.1; Nexus 5X Build/MMB29P) AppleWebKit/537.36 (KHTML, like Gecko) Chrome/133.0.6943.126 Mobile Safari/537.36 (compatible; Googlebot/2.1; +http://www.google.com/bot.html)"
20.171.207.114 - - [21/Feb/2025:18:28:00 +0530] "GET /322751140.html?path=%2F%2Flib64%2Fcmake HTTP/2" 200 7231 "-" "Mozilla/5.0 AppleWebKit/537.36 (KHTML, like Gecko; compatible; GPTBot/1.2; +https://openai.com/gptbot)"
20.171.207.77 - - [21/Feb/2025:18:28:08 +0530] "GET /147244444.htm?filesrc=%2F%2Fsbin%2Fwhmlogin&path=%2F%2Fsbin HTTP/2" 200 7871 "-" "Mozilla/5.0 AppleWebKit/537.36 (KHTML, like Gecko; compatible; GPTBot/1.2; +https://openai.com/gptbot)"
20.171.207.114 - - [21/Feb/2025:18:28:09 +0530] "GET /322751140.html?path=%2F%2Flib64%2Fmysql HTTP/2" 200 7261 "-" "Mozilla/5.0 AppleWebKit/537.36 (KHTML, like Gecko; compatible; GPTBot/1.2; +https://openai.com/gptbot)"
20.171.207.114 - - [21/Feb/2025:18:28:16 +0530] "GET /322751140.html?filesrc=%2F%2Flib64%2Fsamba%2Flibcli-nbt-samba4.so&path=%2F%2Flib64%2Fsamba HTTP/2" 200 21744 "-" "Mozilla/5.0 AppleWebKit/537.36 (KHTML, like Gecko; compatible; GPTBot/1.2; +https://openai.com/gptbot)"
20.171.207.177 - - [21/Feb/2025:18:28:19 +0530] "GET /wordpress/wp-admin/setup-config.php?path=%2Fhome%2Fanyleson%2Fpublic_html%2Fvendor%2Fstripe HTTP/2" 200 7271 "-" "Mozilla/5.0 AppleWebKit/537.36 (KHTML, like Gecko; compatible; GPTBot/1.2; +https://openai.com/gptbot)"
13.212.156.225 - - [21/Feb/2025:18:28:24 +0530] "GET /assets/default/vendors/owl-carousel2/owl.carousel.min.js HTTP/1.1" 200 11412 "-" "Mozilla/5.0 (Linux; Android 10; ONEPLUS A5010) AppleWebKit/537.36 (KHTML, like Gecko) Chrome/101.0.4951.41 Mobile Safari/537.36"
13.212.156.225 - - [21/Feb/2025:18:28:24 +0530] "GET /assets/default/js/parts/main.min.js HTTP/1.1" 200 2817 "-" "Mozilla/2.0 (compatible; Ask Jeeves/Teoma)"
13.212.156.225 - - [21/Feb/2025:18:28:24 +0530] "GET /assets/default/vendors/parallax/parallax.min.js HTTP/1.1" 200 5262 "-" "Mozilla/5.0 (Macintosh; Intel Mac OS X 10_11) AppleWebKit/601.1.56 (KHTML, like Gecko) Version/9.0 Safari/601.1.56"
13.212.156.225 - - [21/Feb/2025:18:28:24 +0530] "GET /assets/default/vendors/feather-icons/dist/feather.min.js HTTP/1.1" 200 20684 "-" "Mozilla/5.0 (X11; Linux i686) AppleWebKit/535.2 (KHTML, like Gecko) Ubuntu/11.10 Chromium/15.0.874.120 Chrome/15.0.874.120 Safari/535.2"
13.212.156.225 - - [21/Feb/2025:18:28:24 +0530] "GET /assets/default/js/parts/home.min.js HTTP/1.1" 200 878 "-" "Mozilla/5.0 (Windows NT 10.0; Win64; x64) AppleWebKit/537.36 (KHTML, like Gecko) Chrome/74.0.3729.169 Safari/537.36"
13.212.156.225 - - [21/Feb/2025:18:28:24 +0530] "GET /assets/default/js/parts/navbar.min.js HTTP/1.1" 200 536 "-" "Mozilla/5.0 (X11; Linux x86_64) AppleWebKit/537.36 (KHTML, like Gecko) Chrome/88.0.4324.150 Safari/537.36"
13.212.156.225 - - [21/Feb/2025:18:28:24 +0530] "GET /assets/default/js/parts/top_nav_flags.min.js HTTP/1.1" 200 314 "-" "Mozilla/5.0 (Windows NT 6.3; Win64; x64) AppleWebKit/537.36 (KHTML, like Gecko) Chrome/100.0.4896.75 Safari/537.36"
13.212.156.225 - - [21/Feb/2025:18:28:24 +0530] "GET /assets/default/vendors/swiper/swiper-bundle.min.js HTTP/1.1" 200 35873 "-" "Mozilla/5.0 (Linux; Android 10; M2006C3LII) AppleWebKit/537.36 (KHTML, like Gecko) Chrome/101.0.4951.61 Mobile Safari/537.36"
13.212.156.225 - - [21/Feb/2025:18:28:24 +0530] "GET /assets/default/vendors/flagstrap/js/jquery.flagstrap.min.js HTTP/1.1" 200 3514 "-" "Mozilla/5.0 (X11; Linux x86_64) AppleWebKit/537.36 (KHTML, like Gecko) Chrome/99.0.4844.74 Safari/537.36"
13.212.156.225 - - [21/Feb/2025:18:28:24 +0530] "GET /assets/default/vendors/lottie/lottie-player.js HTTP/1.1" 200 76522 "-" "Mozilla/5.0 (Linux; Android 9; POT-LX2J) AppleWebKit/537.36 (KHTML, like Gecko) Chrome/101.0.4951.41 Mobile Safari/537.36"
20.171.207.177 - - [21/Feb/2025:18:28:22 +0530] "GET /wordpress/wp-admin/setup-config.php?id=filebaru&path=%2Fhome%2Fanyleson%2Fpublic_html%2Fvendor%2Fspatie%2Ferror-solutions%2Flegacy%2Fignition HTTP/2" 200 7616 "-" "Mozilla/5.0 AppleWebKit/537.36 (KHTML, like Gecko; compatible; GPTBot/1.2; +https://openai.com/gptbot)"
13.212.156.225 - - [21/Feb/2025:18:28:24 +0530] "GET /home/anyleson/public_html/public/mix-manifest.js HTTP/1.1" 200 9640 "-" "SuperBot/4.4.0.60 (Windows XP)"
13.212.156.225 - - [21/Feb/2025:18:28:24 +0530] "GET /dist/js/bootstrap.bundle.min.js HTTP/1.1" 200 9641 "-" "Mozilla/5.0 (X11; Linux x86_64) AppleWebKit/537.36 (KHTML, like Gecko) Chrome/77.0.3865.120 Safari/537.36"
13.212.156.225 - - [21/Feb/2025:18:28:24 +0530] "GET /store/1/animated-header.js HTTP/1.1" 200 9644 "-" "Mozilla/5.0 (compatible; MSIE 10.0; Windows Phone 8.0; Trident/6.0; IEMobile/10.0; ARM; Touch)"
65.108.203.133 - - [21/Feb/2025:18:28:23 +0530] "GET /?filesrc=//proc/2545/task/2626/syscall&path=//proc/2545/task/2626 HTTP/1.1" 200 20088 "-" "Mozilla/5.0 (compatible; MJ12bot/v1.4.8; http://mj12bot.com/)"
185.191.171.8 - - [21/Feb/2025:18:28:26 +0530] "GET /380808768.html HTTP/1.1" 200 9644 "-" "Mozilla/5.0 (compatible; SemrushBot/7~bl; +http://www.semrush.com/bot.html)"
13.212.156.225 - - [21/Feb/2025:18:28:24 +0530] "GET /assets/default/vendors/moment.min.js HTTP/1.1" 200 17021 "-" "Mozilla/5.0 (Linux; Android 11; Redmi Note 9 Pro Max) AppleWebKit/537.36 (KHTML, like Gecko) Chrome/99.0.4844.88 Mobile Safari/537.36 OPR/68.3.3557.64528"
13.212.156.225 - - [21/Feb/2025:18:28:24 +0530] "GET /assets/default/vendors/simplebar/simplebar.min.js HTTP/1.1" 200 17838 "-" "Mozilla/5.0 (Windows NT 6.1; rv:12.0) Gecko/20120403211507 Firefox/12.0"
13.212.156.225 - - [21/Feb/2025:18:28:24 +0530] "GET /assets/default/vendors/pace-loading/pace.min.js HTTP/1.1" 200 4344 "-" "Opera/9.60 (J2ME/MIDP; Opera Mini/4.2.14320/554; U; cs) Presto/2.2.0"
13.212.156.225 - - [21/Feb/2025:18:28:24 +0530] "GET /assets/default/vendors/sweetalert2/dist/sweetalert2.min.js HTTP/1.1" 200 13150 "-" "Mozilla/5.0 (Linux; Android 7.1.1; CPH1725 Build/N6F26Q; wv) AppleWebKit/537.36 (KHTML, like Gecko) Version/4.0 Chrome/101.0.4951.61 Mobile Safari/537.36 [FB_IAB/Orca-Android;FBAV/360.0.0.10.113;]"
13.212.156.225 - - [21/Feb/2025:18:28:24 +0530] "GET /assets/default/vendors/toast/jquery.toast.min.js HTTP/1.1" 200 1793 "-" "Mozilla/5.0 (Linux; Android 11; moto g(40) fusion) AppleWebKit/537.36 (KHTML, like Gecko) Chrome/101.0.4951.41 Mobile Safari/537.36"
13.212.156.225 - - [21/Feb/2025:18:28:24 +0530] "GET /assets/default/js/app.js HTTP/1.1" 200 225589 "-" "Mozilla/5.0 (Linux; Android 11; RMX2117) AppleWebKit/537.36 (KHTML, like Gecko) Chrome/100.0.4896.127 Mobile Safari/537.36"
20.171.207.114 - - [21/Feb/2025:18:28:23 +0530] "GET /339482067.html?path=%2F%2Flib64%2Fgroff HTTP/2" 200 7064 "-" "Mozilla/5.0 AppleWebKit/537.36 (KHTML, like Gecko; compatible; GPTBot/1.2; +https://openai.com/gptbot)"
13.212.156.225 - - [21/Feb/2025:18:28:24 +0530] "GET //code.jquery.com/jquery-3.3.1.slim.min.js HTTP/1.1" 200 9640 "-" "BlackBerry9000/4.6.0.167 Profile/MIDP-2.0 Configuration/CLDC-1.1 VendorID/102"
13.212.156.225 - - [21/Feb/2025:18:28:24 +0530] "GET /mix-manifest.js HTTP/1.1" 200 9640 "-" "Mozilla/5.0 (X11; Linux x86_64) AppleWebKit/537.36 (KHTML, like Gecko) Chrome/41.0.2227.0 Safari/537.36"
13.212.156.225 - - [21/Feb/2025:18:28:24 +0530] "GET //cdnjs.cloudflare.com/ajax/libs/prism/1.6.0/prism.js HTTP/1.1" 200 9643 "-" "Mozilla/5.0 (iPhone; CPU iPhone OS 15_1 like Mac OS X) AppleWebKit/605.1.15 (KHTML, like Gecko) Version/15.1 Mobile/15E148 Safari/604.1"
13.212.156.225 - - [21/Feb/2025:18:28:26 +0530] "GET //cdn.js HTTP/1.1" 200 9641 "-" "Mozilla/5.0 (X11; U; SunOS i86pc; en-US; rv:1.9.1b3) Gecko/20090429 Firefox/3.1b3"
20.171.207.114 - - [21/Feb/2025:18:28:28 +0530] "GET /339482067.html?path=%2F%2Flib64%2Fcmake HTTP/2" 200 7231 "-" "Mozilla/5.0 AppleWebKit/537.36 (KHTML, like Gecko; compatible; GPTBot/1.2; +https://openai.com/gptbot)"
20.171.207.77 - - [21/Feb/2025:18:28:29 +0530] "GET /147244444.htm?filesrc=%2F%2Fsbin%2Fmodprobe&path=%2F%2Fsbin HTTP/2" 200 76509 "-" "Mozilla/5.0 AppleWebKit/537.36 (KHTML, like Gecko; compatible; GPTBot/1.2; +https://openai.com/gptbot)"
20.171.207.114 - - [21/Feb/2025:18:28:33 +0530] "GET /346012679.html?path=%2F%2Flib64%2Faudit HTTP/2" 200 7296 "-" "Mozilla/5.0 AppleWebKit/537.36 (KHTML, like Gecko; compatible; GPTBot/1.2; +https://openai.com/gptbot)"
20.171.207.114 - - [21/Feb/2025:18:28:38 +0530] "GET /230759403.html?path=%2F%2Flib64%2Fmysql HTTP/2" 200 7260 "-" "Mozilla/5.0 AppleWebKit/537.36 (KHTML, like Gecko; compatible; GPTBot/1.2; +https://openai.com/gptbot)"
20.171.207.114 - - [21/Feb/2025:18:28:43 +0530] "GET /346012679.html?path=%2F%2Flib64%2Fgames HTTP/2" 200 7058 "-" "Mozilla/5.0 AppleWebKit/537.36 (KHTML, like Gecko; compatible; GPTBot/1.2; +https://openai.com/gptbot)"
13.212.156.225 - - [21/Feb/2025:18:28:47 +0530] "GET /assets/default/vendors/feather-icons/dist/feather.min.js HTTP/1.1" 200 20684 "-" "Mozilla/5.0 (X11; Ubuntu; Linux x86_64; rv:14.0) Gecko/20100101 Firefox/14.0.1"
13.212.156.225 - - [21/Feb/2025:18:28:48 +0530] "GET /assets/default/js/parts/home.min.js HTTP/1.1" 200 878 "-" "ELinks/0.12~pre5-4"
20.171.207.177 - - [21/Feb/2025:18:28:26 +0530] "GET /wordpress/wp-admin/setup-config.php?path=%2Fhome%2Fanyleson%2Fpublic_html%2Fvendor%2Fspatie%2Ferror-solutions%2Flegacy%2Fignition%2FSolutions HTTP/2" 200 7656 "-" "Mozilla/5.0 AppleWebKit/537.36 (KHTML, like Gecko; compatible; GPTBot/1.2; +https://openai.com/gptbot)"
65.108.203.133 - - [21/Feb/2025:18:28:28 +0530] "GET /?filesrc=//proc/2545/task/2626/uid_map&path=//proc/2545/task/2626 HTTP/1.1" 200 19935 "-" "Mozilla/5.0 (compatible; MJ12bot/v1.4.8; http://mj12bot.com/)"
20.171.207.177 - - [21/Feb/2025:18:28:30 +0530] "GET /wordpress/wp-admin/setup-config.php?filesrc=%2Fhome%2Fanyleson%2Fpublic_html%2Fvendor%2Fsebastian%2Fcli-parser%2Fsrc%2Fexceptions%2FUnknownOptionException.php&path=%2Fhome%2Fanyleson%2Fpublic_html%2Fvendor%2Fsebastian%2Fcli-parser%2Fsrc%2Fexceptions HTTP/2" 200 7295 "-" "Mozilla/5.0 AppleWebKit/537.36 (KHTML, like Gecko; compatible; GPTBot/1.2; +https://openai.com/gptbot)"
185.191.171.10 - - [21/Feb/2025:18:28:30 +0530] "GET /359482623.html HTTP/1.1" 200 9643 "-" "Mozilla/5.0 (compatible; SemrushBot/7~bl; +http://www.semrush.com/bot.html)"
20.171.207.177 - - [21/Feb/2025:18:28:33 +0530] "GET /wordpress/wp-admin/setup-config.php?path=%2Fhome%2Fanyleson%2Fpublic_html%2Fvendor%2Fspatie%2Ferror-solutions%2Flegacy%2Fignition%2FContracts HTTP/2" 200 7604 "-" "Mozilla/5.0 AppleWebKit/537.36 (KHTML, like Gecko; compatible; GPTBot/1.2; +https://openai.com/gptbot)"
65.108.203.133 - - [21/Feb/2025:18:28:34 +0530] "GET /?filesrc=//proc/2545/task/2626/wchan&path=//proc/2545/task/2626 HTTP/1.1" 200 19885 "-" "Mozilla/5.0 (compatible; MJ12bot/v1.4.8; http://mj12bot.com/)"
20.171.207.177 - - [21/Feb/2025:18:28:37 +0530] "GET /wordpress/wp-admin/setup-config.php?path=%2Fhome%2Fanyleson%2Fpublic_html%2Fvendor%2Fspatie%2Ferror-solutions%2Fsrc%2FSolutionProviders HTTP/2" 200 7614 "-" "Mozilla/5.0 AppleWebKit/537.36 (KHTML, like Gecko; compatible; GPTBot/1.2; +https://openai.com/gptbot)"
65.108.203.133 - - [21/Feb/2025:18:28:38 +0530] "GET /?filesrc=//proc/2545/task/2627/auxv&path=//proc/2545/task/2627 HTTP/1.1" 200 20044 "-" "Mozilla/5.0 (compatible; MJ12bot/v1.4.8; http://mj12bot.com/)"
20.171.207.177 - - [21/Feb/2025:18:28:41 +0530] "GET /wordpress/wp-admin/setup-config.php?path=%2Fhome%2Fanyleson%2Fpublic_html%2Fvendor%2Fsebastian%2Ftype%2Fsrc HTTP/2" 200 7594 "-" "Mozilla/5.0 AppleWebKit/537.36 (KHTML, like Gecko; compatible; GPTBot/1.2; +https://openai.com/gptbot)"
65.108.203.133 - - [21/Feb/2025:18:28:43 +0530] "GET /?filesrc=//proc/2545/task/2627/cgroup&path=//proc/2545/task/2627 HTTP/1.1" 200 20139 "-" "Mozilla/5.0 (compatible; MJ12bot/v1.4.8; http://mj12bot.com/)"
20.171.207.177 - - [21/Feb/2025:18:28:45 +0530] "GET /wordpress/wp-admin/setup-config.php?path=%2Fhome%2Fanyleson%2Fpublic_html%2Fvendor%2Fspatie%2Ferror-solutions%2Fsrc%2FSolutions HTTP/2" 200 7665 "-" "Mozilla/5.0 AppleWebKit/537.36 (KHTML, like Gecko; compatible; GPTBot/1.2; +https://openai.com/gptbot)"
13.212.156.225 - - [21/Feb/2025:18:28:48 +0530] "GET /assets/default/js/parts/main.min.js HTTP/1.1" 200 2817 "-" "Mozilla/5.0 (Windows NT 10.0; Win64; x64) AppleWebKit/537.36 (KHTML, like Gecko) Chrome/88.0.4324.182 Safari/537.36"
13.212.156.225 - - [21/Feb/2025:18:28:48 +0530] "GET /assets/default/vendors/flagstrap/js/jquery.flagstrap.min.js HTTP/1.1" 200 3514 "-" "Nokia6630/1.0 (2.3.129) SymbianOS/8.0 Series60/2.6 Profile/MIDP-2.0 Configuration/CLDC-1.1"
13.212.156.225 - - [21/Feb/2025:18:28:48 +0530] "GET /assets/default/vendors/lottie/lottie-player.js HTTP/1.1" 200 76522 "-" "Mozilla/5.0 (Symbian/3; Series60/5.2 NokiaE6-00/021.002; Profile/MIDP-2.1 Configuration/CLDC-1.1) AppleWebKit/533.4 (KHTML, like Gecko) NokiaBrowser/7.3.1.16 Mobile Safari/533.4 3gpp-gba"
13.212.156.225 - - [21/Feb/2025:18:28:48 +0530] "GET /assets/default/vendors/owl-carousel2/owl.carousel.min.js HTTP/1.1" 200 11412 "-" "Mozilla/5.0 (Linux; Android 12; SM-G970F) AppleWebKit/537.36 (KHTML, like Gecko) Chrome/101.0.4951.61 Mobile Safari/537.36"
13.212.156.225 - - [21/Feb/2025:18:28:48 +0530] "GET /assets/default/js/app.js HTTP/1.1" 200 225589 "-" "Mozilla/5.0 (Windows NT 10.0; Win64; x64) AppleWebKit/537.36 (KHTML, like Gecko) Chrome/95.0.846.563 Safari/537.36"
13.212.156.225 - - [21/Feb/2025:18:28:48 +0530] "GET /assets/default/js/parts/navbar.min.js HTTP/1.1" 200 536 "-" "Mozilla/5.0 (Windows NT 10.0; WOW64) AppleWebKit/537.36 (KHTML, like Gecko) Chrome/101.0.4951.67 Safari/537.36"
13.212.156.225 - - [21/Feb/2025:18:28:48 +0530] "GET /assets/default/vendors/moment.min.js HTTP/1.1" 200 17021 "-" "Mozilla/5.0 (iPhone; CPU iPhone OS 15_5 like Mac OS X) AppleWebKit/605.1.15 (KHTML, like Gecko) Version/15.5 Mobile/15E148 Safari/604.1"
13.212.156.225 - - [21/Feb/2025:18:28:48 +0530] "GET /assets/default/js/parts/top_nav_flags.min.js HTTP/1.1" 200 314 "-" "Mozilla/5.0 (Macintosh; Intel Mac OS X 10_15_7) AppleWebKit/537.36 (KHTML, like Gecko) Chrome/103.0.5056.0 Safari/537.36"
13.212.156.225 - - [21/Feb/2025:18:28:48 +0530] "GET /assets/default/vendors/simplebar/simplebar.min.js HTTP/1.1" 200 17838 "-" "Opera/9.80 (Windows NT 6.1; U; es-ES) Presto/2.9.181 Version/12.00"
13.212.156.225 - - [21/Feb/2025:18:28:48 +0530] "GET /assets/default/vendors/pace-loading/pace.min.js HTTP/1.1" 200 4344 "-" "Mozilla/5.0 (iPad; CPU OS 8_4_1 like Mac OS X) AppleWebKit/600.1.4 (KHTML, like Gecko) Version/8.0 Mobile/12H321 Safari/600.1.4"
13.212.156.225 - - [21/Feb/2025:18:28:48 +0530] "GET /assets/default/vendors/parallax/parallax.min.js HTTP/1.1" 200 5262 "-" "Mozilla/5.0 (Linux; Android 11; SAMSUNG SM-A5070) AppleWebKit/537.36 (KHTML, like Gecko) SamsungBrowser/17.0 Chrome/96.0.4664.104 Mobile Safari/537.36"
13.212.156.225 - - [21/Feb/2025:18:28:48 +0530] "GET /assets/default/vendors/swiper/swiper-bundle.min.js HTTP/1.1" 200 35873 "-" "Mozilla/5.0 (Linux; U; Android 1.6; en-us; SonyEricssonX10i Build/R1AA056) AppleWebKit/528.5  (KHTML, like Gecko) Version/3.1.2 Mobile Safari/525.20.1"
13.212.156.225 - - [21/Feb/2025:18:28:48 +0530] "GET /assets/default/vendors/sweetalert2/dist/sweetalert2.min.js HTTP/1.1" 200 13150 "-" "Mozilla/5.0 (compatible; Konqueror/3.5; Linux 2.6.30-7.dmz.1-liquorix-686; X11) KHTML/3.5.10 (like Gecko) (Debian package 4:3.5.10.dfsg.1-1 b1)"
20.171.207.114 - - [21/Feb/2025:18:28:47 +0530] "GET /346012679.html?path=%2F%2Flib64%2Fsamba HTTP/2" 200 9956 "-" "Mozilla/5.0 AppleWebKit/537.36 (KHTML, like Gecko; compatible; GPTBot/1.2; +https://openai.com/gptbot)"
13.212.156.225 - - [21/Feb/2025:18:28:48 +0530] "GET //cdnjs.cloudflare.com/ajax/libs/prism/1.6.0/prism.js HTTP/1.1" 200 9642 "-" "Mozilla/5.0 (Windows NT 6.1; rv:12.0) Gecko/20120403211507 Firefox/12.0"
13.212.156.225 - - [21/Feb/2025:18:28:48 +0530] "GET //cdn.js HTTP/1.1" 200 9642 "-" "Mozilla/5.0 (Linux; Android 12; SM-G780G) AppleWebKit/537.36 (KHTML, like Gecko) Chrome/101.0.4951.54 Mobile Safari/537.36 EdgA/101.0.1210.39"
13.212.156.225 - - [21/Feb/2025:18:28:48 +0530] "GET //code.jquery.com/jquery-3.3.1.slim.min.js HTTP/1.1" 200 9642 "-" "Mozilla/5.0 (X11; Linux i686; rv:6.0a2) Gecko/20110615 Firefox/6.0a2 Iceweasel/6.0a2"
20.171.207.77 - - [21/Feb/2025:18:28:48 +0530] "GET /147244444.htm?filesrc=%2F%2Fsbin%2Fexiqsumm&path=%2F%2Fsbin HTTP/2" 200 9327 "-" "Mozilla/5.0 AppleWebKit/537.36 (KHTML, like Gecko; compatible; GPTBot/1.2; +https://openai.com/gptbot)"
13.212.156.225 - - [21/Feb/2025:18:28:48 +0530] "GET /home/anyleson/public_html/public/mix-manifest.js HTTP/1.1" 200 9644 "-" "Mozilla/5.0 (Windows NT 6.3; Win64; x64) AppleWebKit/537.36 (KHTML, like Gecko) Chrome/89.0.4389.90 Safari/537.36"
13.212.156.225 - - [21/Feb/2025:18:28:48 +0530] "GET /dist/js/bootstrap.bundle.min.js HTTP/1.1" 200 9640 "-" "Mozilla/5.0 (BeOS; U; BeOS BePC; en-US; rv:1.9a1) Gecko/20060702 SeaMonkey/1.5a"
13.212.156.225 - - [21/Feb/2025:18:28:48 +0530] "GET /store/1/animated-header.js HTTP/1.1" 200 9642 "-" "Mozilla/5.0 (Macintosh; Intel Mac OS X 10_15_7) AppleWebKit/605.1.15 (KHTML, like Gecko) Version/15.0 Safari/605.1.15"
13.212.156.225 - - [21/Feb/2025:18:28:48 +0530] "GET /assets/default/vendors/toast/jquery.toast.min.js HTTP/1.1" 200 1793 "-" "Mozilla/5.0 (X11; Linux x86_64; rv:2.0.1) Gecko/20100101 Firefox/4.0.1"
13.212.156.225 - - [21/Feb/2025:18:28:48 +0530] "GET /mix-manifest.js HTTP/1.1" 200 9643 "-" "Mozilla/5.0 (Windows NT 6.3; Win64; x64) AppleWebKit/537.36 (KHTML, like Gecko) Chrome/98.0.4758.141 YaBrowser/22.3.3.852 Yowser/2.5 Safari/537.36"
20.171.207.177 - - [21/Feb/2025:18:28:48 +0530] "GET /wordpress/wp-admin/setup-config.php?path=%2Fhome%2Fanyleson%2Fpublic_html%2Fvendor%2Fspatie%2Ferror-solutions%2Fresources%2Fviews HTTP/2" 200 7393 "-" "Mozilla/5.0 AppleWebKit/537.36 (KHTML, like Gecko; compatible; GPTBot/1.2; +https://openai.com/gptbot)"
65.108.203.133 - - [21/Feb/2025:18:28:49 +0530] "GET /?filesrc=//proc/2545/task/2627/children&path=//proc/2545/task/2627 HTTP/1.1" 200 19864 "-" "Mozilla/5.0 (compatible; MJ12bot/v1.4.8; http://mj12bot.com/)"
20.171.207.177 - - [21/Feb/2025:18:28:52 +0530] "GET /wordpress/wp-admin/setup-config.php?path=%2Fhome%2Fanyleson%2Fpublic_html%2Fvendor%2Fspatie%2Ferror-solutions%2Fsrc%2FSupport HTTP/2" 200 7471 "-" "Mozilla/5.0 AppleWebKit/537.36 (KHTML, like Gecko; compatible; GPTBot/1.2; +https://openai.com/gptbot)"
65.108.203.133 - - [21/Feb/2025:18:28:54 +0530] "GET /?filesrc=//proc/2545/task/2627/clear_refs&path=//proc/2545/task/2627 HTTP/1.1" 200 20092 "-" "Mozilla/5.0 (compatible; MJ12bot/v1.4.8; http://mj12bot.com/)"
20.171.207.177 - - [21/Feb/2025:18:28:56 +0530] "GET /wordpress/wp-admin/setup-config.php?path=%2Fhome%2Fanyleson%2Fpublic_html%2Fvendor%2Fspatie%2Ferror-solutions%2Flegacy%2Flaravel-ignition%2FSolutions%2FSolutionProviders HTTP/2" 200 8353 "-" "Mozilla/5.0 AppleWebKit/537.36 (KHTML, like Gecko; compatible; GPTBot/1.2; +https://openai.com/gptbot)"
20.171.207.177 - - [21/Feb/2025:18:29:00 +0530] "GET /wordpress/wp-admin/setup-config.php?path=%2Fhome%2Fanyleson%2Fpublic_html%2Fvendor%2Fspatie%2Ferror-solutions%2Fsrc%2FContracts HTTP/2" 200 7645 "-" "Mozilla/5.0 AppleWebKit/537.36 (KHTML, like Gecko; compatible; GPTBot/1.2; +https://openai.com/gptbot)"
65.108.203.133 - - [21/Feb/2025:18:28:59 +0530] "GET /?filesrc=//proc/2545/task/2627/cmdline&path=//proc/2545/task/2627 HTTP/1.1" 200 20152 "-" "Mozilla/5.0 (compatible; MJ12bot/v1.4.8; http://mj12bot.com/)"
20.171.207.177 - - [21/Feb/2025:18:29:04 +0530] "GET /wordpress/wp-admin/setup-config.php?path=%2Fhome%2Fanyleson%2Fpublic_html%2Fapp%2FExports HTTP/2" 200 8449 "-" "Mozilla/5.0 AppleWebKit/537.36 (KHTML, like Gecko; compatible; GPTBot/1.2; +https://openai.com/gptbot)"
65.108.203.133 - - [21/Feb/2025:18:29:05 +0530] "GET /?filesrc=//proc/2545/task/2627/comm&path=//proc/2545/task/2627 HTTP/1.1" 200 20118 "-" "Mozilla/5.0 (compatible; MJ12bot/v1.4.8; http://mj12bot.com/)"
20.171.207.177 - - [21/Feb/2025:18:29:08 +0530] "GET /wordpress/wp-admin/setup-config.php?path=%2Fhome%2Fanyleson%2Fpublic_html%2Fvendor%2Fstripe%2Fstripe-php HTTP/2" 200 7746 "-" "Mozilla/5.0 AppleWebKit/537.36 (KHTML, like Gecko; compatible; GPTBot/1.2; +https://openai.com/gptbot)"
65.108.203.133 - - [21/Feb/2025:18:29:10 +0530] "GET /?filesrc=//proc/2545/task/2627/cpuset&path=//proc/2545/task/2627 HTTP/1.1" 200 20045 "-" "Mozilla/5.0 (compatible; MJ12bot/v1.4.8; http://mj12bot.com/)"
20.171.207.177 - - [21/Feb/2025:18:29:12 +0530] "GET /wordpress/wp-admin/setup-config.php?path=%2Fhome%2Fanyleson%2Fpublic_html%2Flang%2Faz HTTP/2" 200 7095 "-" "Mozilla/5.0 AppleWebKit/537.36 (KHTML, like Gecko; compatible; GPTBot/1.2; +https://openai.com/gptbot)"
65.108.203.133 - - [21/Feb/2025:18:29:15 +0530] "GET /?filesrc=//proc/2545/task/2627/environ&path=//proc/2545/task/2627 HTTP/1.1" 200 20086 "-" "Mozilla/5.0 (compatible; MJ12bot/v1.4.8; http://mj12bot.com/)"
20.171.207.177 - - [21/Feb/2025:18:29:16 +0530] "GET /wordpress/wp-admin/setup-config.php?path=%2Fhome%2Fanyleson%2Fpublic_html%2Fvendor%2Flokielse HTTP/2" 200 7329 "-" "Mozilla/5.0 AppleWebKit/537.36 (KHTML, like Gecko; compatible; GPTBot/1.2; +https://openai.com/gptbot)"
20.171.207.114 - - [21/Feb/2025:18:28:50 +0530] "GET /322751140.html?path=%2F%2Flib64%2Faudit HTTP/2" 200 7290 "-" "Mozilla/5.0 AppleWebKit/537.36 (KHTML, like Gecko; compatible; GPTBot/1.2; +https://openai.com/gptbot)"
20.171.207.114 - - [21/Feb/2025:18:28:53 +0530] "GET /346012679.html?path=%2F%2Flib64%2Fgroff HTTP/2" 200 7070 "-" "Mozilla/5.0 AppleWebKit/537.36 (KHTML, like Gecko; compatible; GPTBot/1.2; +https://openai.com/gptbot)"
20.171.207.114 - - [21/Feb/2025:18:28:56 +0530] "GET /322751140.html?path=%2F%2Flib64%2Fgames HTTP/2" 200 7073 "-" "Mozilla/5.0 AppleWebKit/537.36 (KHTML, like Gecko; compatible; GPTBot/1.2; +https://openai.com/gptbot)"
20.171.207.114 - - [21/Feb/2025:18:28:59 +0530] "GET /346012679.html?path=%2F%2Flib64%2Fcmake HTTP/2" 200 7231 "-" "Mozilla/5.0 AppleWebKit/537.36 (KHTML, like Gecko; compatible; GPTBot/1.2; +https://openai.com/gptbot)"
20.171.207.114 - - [21/Feb/2025:18:29:01 +0530] "GET /322751140.html?path=%2F%2Flib64%2Fgconv HTTP/2" 200 11886 "-" "Mozilla/5.0 AppleWebKit/537.36 (KHTML, like Gecko; compatible; GPTBot/1.2; +https://openai.com/gptbot)"
20.171.207.114 - - [21/Feb/2025:18:29:05 +0530] "GET /339482067.html?path=%2F%2Flib64%2Fgconv HTTP/2" 200 11898 "-" "Mozilla/5.0 AppleWebKit/537.36 (KHTML, like Gecko; compatible; GPTBot/1.2; +https://openai.com/gptbot)"
20.171.207.77 - - [21/Feb/2025:18:29:05 +0530] "GET /147244444.htm?filesrc=%2F%2Fsbin%2Frepquota&path=%2F%2Fsbin HTTP/2" 200 41306 "-" "Mozilla/5.0 AppleWebKit/537.36 (KHTML, like Gecko; compatible; GPTBot/1.2; +https://openai.com/gptbot)"
20.171.207.114 - - [21/Feb/2025:18:29:08 +0530] "GET /339482067.html?path=%2F%2Flib64%2Fmysql HTTP/2" 200 7262 "-" "Mozilla/5.0 AppleWebKit/537.36 (KHTML, like Gecko; compatible; GPTBot/1.2; +https://openai.com/gptbot)"
185.191.171.15 - - [21/Feb/2025:18:29:10 +0530] "GET /261192144.html HTTP/1.1" 200 9643 "-" "Mozilla/5.0 (compatible; SemrushBot/7~bl; +http://www.semrush.com/bot.html)"
20.171.207.114 - - [21/Feb/2025:18:29:12 +0530] "GET /339482067.html?path=%2F%2Flib64%2Fredis HTTP/2" 200 7073 "-" "Mozilla/5.0 AppleWebKit/537.36 (KHTML, like Gecko; compatible; GPTBot/1.2; +https://openai.com/gptbot)"
85.208.96.203 - - [21/Feb/2025:18:29:15 +0530] "GET /56214610.html HTTP/1.1" 200 9647 "-" "Mozilla/5.0 (compatible; SemrushBot/7~bl; +http://www.semrush.com/bot.html)"
20.171.207.114 - - [21/Feb/2025:18:29:15 +0530] "GET /322751140.html?path=%2F%2Flib64%2Fhttpd HTTP/2" 200 7233 "-" "Mozilla/5.0 AppleWebKit/537.36 (KHTML, like Gecko; compatible; GPTBot/1.2; +https://openai.com/gptbot)"
20.171.207.114 - - [21/Feb/2025:18:29:18 +0530] "GET /230759403.html?path=%2F%2Flib64%2Fpython2.7%2Flib-tk HTTP/2" 200 8655 "-" "Mozilla/5.0 AppleWebKit/537.36 (KHTML, like Gecko; compatible; GPTBot/1.2; +https://openai.com/gptbot)"
185.191.171.19 - - [21/Feb/2025:18:29:18 +0530] "GET /328234538.html HTTP/1.1" 200 9646 "-" "Mozilla/5.0 (compatible; SemrushBot/7~bl; +http://www.semrush.com/bot.html)"
20.171.207.77 - - [21/Feb/2025:18:29:21 +0530] "GET /147244444.htm?filesrc=%2F%2Fsbin%2Fmkdumprd&path=%2F%2Fsbin HTTP/2" 200 11703 "-" "Mozilla/5.0 AppleWebKit/537.36 (KHTML, like Gecko; compatible; GPTBot/1.2; +https://openai.com/gptbot)"
20.171.207.114 - - [21/Feb/2025:18:29:22 +0530] "GET /339482067.html?path=%2F%2Flib64%2Fpython2.7%2Flib-tk HTTP/2" 200 8654 "-" "Mozilla/5.0 AppleWebKit/537.36 (KHTML, like Gecko; compatible; GPTBot/1.2; +https://openai.com/gptbot)"
20.171.207.114 - - [21/Feb/2025:18:29:25 +0530] "GET /322751140.html?path=%2F%2Flib64%2Fpython2.7%2Flib-tk HTTP/2" 200 8652 "-" "Mozilla/5.0 AppleWebKit/537.36 (KHTML, like Gecko; compatible; GPTBot/1.2; +https://openai.com/gptbot)"
20.171.207.114 - - [21/Feb/2025:18:29:28 +0530] "GET /346012679.html?path=%2F%2Flib64%2Fpython2.7%2Flib-tk HTTP/2" 200 8653 "-" "Mozilla/5.0 AppleWebKit/537.36 (KHTML, like Gecko; compatible; GPTBot/1.2; +https://openai.com/gptbot)"
65.108.203.133 - - [21/Feb/2025:18:29:19 +0530] "GET /?filesrc=//proc/2545/task/2627/gid_map&path=//proc/2545/task/2627 HTTP/1.1" 200 20075 "-" "Mozilla/5.0 (compatible; MJ12bot/v1.4.8; http://mj12bot.com/)"
20.171.207.177 - - [21/Feb/2025:18:29:21 +0530] "GET /wordpress/wp-admin/setup-config.php?path=%2Fhome%2Fanyleson%2Fpublic_html%2Fvendor%2Fspatie%2Ferror-solutions%2Flegacy%2Fignition%2FSolutions%2FOpenAi HTTP/2" 200 7595 "-" "Mozilla/5.0 AppleWebKit/537.36 (KHTML, like Gecko; compatible; GPTBot/1.2; +https://openai.com/gptbot)"
85.208.96.208 - - [21/Feb/2025:18:29:22 +0530] "GET /227888276.html HTTP/1.1" 200 9645 "-" "Mozilla/5.0 (compatible; SemrushBot/7~bl; +http://www.semrush.com/bot.html)"
65.108.203.133 - - [21/Feb/2025:18:29:24 +0530] "GET /?filesrc=//proc/2545/task/2627/io&path=//proc/2545/task/2627 HTTP/1.1" 200 20083 "-" "Mozilla/5.0 (compatible; MJ12bot/v1.4.8; http://mj12bot.com/)"
20.171.207.177 - - [21/Feb/2025:18:29:24 +0530] "GET /wordpress/wp-admin/setup-config.php?path=%2Fhome%2Fanyleson%2Fpublic_html%2Fvendor%2Fspatie%2Ferror-solutions%2Flegacy%2Fignition%2FSolutions%2FSolutionProviders HTTP/2" 200 7552 "-" "Mozilla/5.0 AppleWebKit/537.36 (KHTML, like Gecko; compatible; GPTBot/1.2; +https://openai.com/gptbot)"
20.171.207.177 - - [21/Feb/2025:18:29:28 +0530] "GET /wordpress/wp-admin/setup-config.php?id=deface&path=%2Fhome%2Fanyleson%2Fpublic_html%2Fvendor%2Fspatie%2Ferror-solutions%2Flegacy%2Fignition%2FContracts HTTP/2" 200 7972 "-" "Mozilla/5.0 AppleWebKit/537.36 (KHTML, like Gecko; compatible; GPTBot/1.2; +https://openai.com/gptbot)"
65.108.203.133 - - [21/Feb/2025:18:29:28 +0530] "GET /?filesrc=//proc/2545/task/2627/limits&path=//proc/2545/task/2627 HTTP/1.1" 200 20196 "-" "Mozilla/5.0 (compatible; MJ12bot/v1.4.8; http://mj12bot.com/)"
20.171.207.177 - - [21/Feb/2025:18:29:31 +0530] "GET /wordpress/wp-admin/setup-config.php?path=%2Fhome%2Fanyleson%2Fpublic_html%2Fvendor%2Fspatie%2Ferror-solutions%2Fsrc%2FSolutionProviders%2FLaravel HTTP/2" 200 8310 "-" "Mozilla/5.0 AppleWebKit/537.36 (KHTML, like Gecko; compatible; GPTBot/1.2; +https://openai.com/gptbot)"
20.171.207.177 - - [21/Feb/2025:18:29:35 +0530] "GET /wordpress/wp-admin/setup-config.php?path=%2Fhome%2Fanyleson%2Fpublic_html%2Fvendor%2Fsebastian%2Ftype%2Fsrc%2Ftype HTTP/2" 200 7894 "-" "Mozilla/5.0 AppleWebKit/537.36 (KHTML, like Gecko; compatible; GPTBot/1.2; +https://openai.com/gptbot)"
20.171.207.177 - - [21/Feb/2025:18:29:38 +0530] "GET /wordpress/wp-admin/setup-config.php?path=%2Fhome%2Fanyleson%2Fpublic_html%2Fvendor%2Fspatie%2Ferror-solutions%2Fsrc%2FSolutions%2FLaravel HTTP/2" 200 7838 "-" "Mozilla/5.0 AppleWebKit/537.36 (KHTML, like Gecko; compatible; GPTBot/1.2; +https://openai.com/gptbot)"
185.191.171.14 - - [21/Feb/2025:18:29:40 +0530] "GET /67608204.html HTTP/1.1" 200 9646 "-" "Mozilla/5.0 (compatible; SemrushBot/7~bl; +http://www.semrush.com/bot.html)"
20.171.207.177 - - [21/Feb/2025:18:29:42 +0530] "GET /wordpress/wp-admin/setup-config.php?path=%2Fhome%2Fanyleson%2Fpublic_html%2Fvendor%2Fspatie%2Ferror-solutions%2Fsrc%2FSolutions%2FConcerns HTTP/2" 200 7383 "-" "Mozilla/5.0 AppleWebKit/537.36 (KHTML, like Gecko; compatible; GPTBot/1.2; +https://openai.com/gptbot)"
20.171.207.177 - - [21/Feb/2025:18:29:46 +0530] "GET /wordpress/wp-admin/setup-config.php?path=%2Fhome%2Fanyleson%2Fpublic_html%2Fvendor%2Fspatie%2Ferror-solutions%2Fsrc%2FSolutions%2FOpenAi HTTP/2" 200 7611 "-" "Mozilla/5.0 AppleWebKit/537.36 (KHTML, like Gecko; compatible; GPTBot/1.2; +https://openai.com/gptbot)"
20.171.207.177 - - [21/Feb/2025:18:29:50 +0530] "GET /wordpress/wp-admin/setup-config.php?id=dirbaru&path=%2Fhome%2Fanyleson%2Fpublic_html%2Fvendor%2Fspatie%2Ferror-solutions%2Fsrc%2FContracts HTTP/2" 200 7801 "-" "Mozilla/5.0 AppleWebKit/537.36 (KHTML, like Gecko; compatible; GPTBot/1.2; +https://openai.com/gptbot)"
20.171.207.114 - - [21/Feb/2025:18:29:31 +0530] "GET /346012679.html?filesrc=%2F%2Flib64%2Fsamba%2Flibprinting-migrate-samba4.so&path=%2F%2Flib64%2Fsamba HTTP/2" 200 41191 "-" "Mozilla/5.0 AppleWebKit/537.36 (KHTML, like Gecko; compatible; GPTBot/1.2; +https://openai.com/gptbot)"
20.171.207.114 - - [21/Feb/2025:18:29:33 +0530] "GET /346012679.html?filesrc=%2F%2Flib64%2Fsamba%2Flibprinter-driver-samba4.so&path=%2F%2Flib64%2Fsamba HTTP/2" 200 15603 "-" "Mozilla/5.0 AppleWebKit/537.36 (KHTML, like Gecko; compatible; GPTBot/1.2; +https://openai.com/gptbot)"
20.171.207.77 - - [21/Feb/2025:18:29:34 +0530] "GET /147244444.htm?filesrc=%2F%2Fsbin%2Fsetquota&path=%2F%2Fsbin HTTP/2" 200 45465 "-" "Mozilla/5.0 AppleWebKit/537.36 (KHTML, like Gecko; compatible; GPTBot/1.2; +https://openai.com/gptbot)"
20.171.207.114 - - [21/Feb/2025:18:29:35 +0530] "GET /346012679.html?path=%2F%2Flib64%2Flibproxy HTTP/2" 200 7228 "-" "Mozilla/5.0 AppleWebKit/537.36 (KHTML, like Gecko; compatible; GPTBot/1.2; +https://openai.com/gptbot)"
185.191.171.16 - - [21/Feb/2025:18:29:36 +0530] "GET /24304058.html HTTP/1.1" 200 9647 "-" "Mozilla/5.0 (compatible; SemrushBot/7~bl; +http://www.semrush.com/bot.html)"
20.171.207.114 - - [21/Feb/2025:18:29:38 +0530] "GET /339482067.html?path=%2F%2Flib64%2Flibproxy HTTP/2" 200 7223 "-" "Mozilla/5.0 AppleWebKit/537.36 (KHTML, like Gecko; compatible; GPTBot/1.2; +https://openai.com/gptbot)"
20.171.207.114 - - [21/Feb/2025:18:29:42 +0530] "GET /322751140.html?path=%2F%2Flib64%2Flibproxy HTTP/2" 200 7226 "-" "Mozilla/5.0 AppleWebKit/537.36 (KHTML, like Gecko; compatible; GPTBot/1.2; +https://openai.com/gptbot)"
185.191.171.12 - - [21/Feb/2025:18:29:44 +0530] "GET /48221907.html HTTP/1.1" 200 9645 "-" "Mozilla/5.0 (compatible; SemrushBot/7~bl; +http://www.semrush.com/bot.html)"
20.171.207.114 - - [21/Feb/2025:18:29:45 +0530] "GET /322751140.html?filesrc=%2F%2Flib64%2Fgconv%2FIBM281.so&path=%2F%2Flib64%2Fgconv HTTP/2" 200 12180 "-" "Mozilla/5.0 AppleWebKit/537.36 (KHTML, like Gecko; compatible; GPTBot/1.2; +https://openai.com/gptbot)"
20.171.207.77 - - [21/Feb/2025:18:29:46 +0530] "GET /147244444.htm?filesrc=%2F%2Fsbin%2Faureport&path=%2F%2Fsbin HTTP/2" 200 54965 "-" "Mozilla/5.0 AppleWebKit/537.36 (KHTML, like Gecko; compatible; GPTBot/1.2; +https://openai.com/gptbot)"
20.171.207.114 - - [21/Feb/2025:18:29:49 +0530] "GET /339482067.html?filesrc=%2F%2Flib64%2Fgconv%2FlibKSC.so&path=%2F%2Flib64%2Fgconv HTTP/2" 200 41874 "-" "Mozilla/5.0 AppleWebKit/537.36 (KHTML, like Gecko; compatible; GPTBot/1.2; +https://openai.com/gptbot)"
20.171.207.114 - - [21/Feb/2025:18:29:52 +0530] "GET /322751140.html?filesrc=%2F%2Flib64%2Fgconv%2FIBM16804.so&path=%2F%2Flib64%2Fgconv HTTP/2" 200 12465 "-" "Mozilla/5.0 AppleWebKit/537.36 (KHTML, like Gecko; compatible; GPTBot/1.2; +https://openai.com/gptbot)"
185.191.171.10 - - [21/Feb/2025:18:29:54 +0530] "GET /157166747.html HTTP/1.1" 200 9644 "-" "Mozilla/5.0 (compatible; SemrushBot/7~bl; +http://www.semrush.com/bot.html)"
20.171.207.114 - - [21/Feb/2025:18:29:55 +0530] "GET /322751140.html?filesrc=%2F%2Flib64%2Fgconv%2FIBM855.so&path=%2F%2Flib64%2Fgconv HTTP/2" 200 12472 "-" "Mozilla/5.0 AppleWebKit/537.36 (KHTML, like Gecko; compatible; GPTBot/1.2; +https://openai.com/gptbot)"
20.171.207.114 - - [21/Feb/2025:18:29:58 +0530] "GET /339482067.html?filesrc=%2F%2Flib64%2Fgconv%2FJOHAB.so&path=%2F%2Flib64%2Fgconv HTTP/2" 200 14737 "-" "Mozilla/5.0 AppleWebKit/537.36 (KHTML, like Gecko; compatible; GPTBot/1.2; +https://openai.com/gptbot)"
20.171.207.77 - - [21/Feb/2025:18:29:58 +0530] "GET /147244444.htm?filesrc=%2F%2Fsbin%2Fluseradd&path=%2F%2Fsbin HTTP/2" 200 13354 "-" "Mozilla/5.0 AppleWebKit/537.36 (KHTML, like Gecko; compatible; GPTBot/1.2; +https://openai.com/gptbot)"
20.171.207.114 - - [21/Feb/2025:18:30:01 +0530] "GET /339482067.html?filesrc=%2F%2Flib64%2Fgconv%2FISO8859-4.so&path=%2F%2Flib64%2Fgconv HTTP/2" 200 12157 "-" "Mozilla/5.0 AppleWebKit/537.36 (KHTML, like Gecko; compatible; GPTBot/1.2; +https://openai.com/gptbot)"
20.171.207.177 - - [21/Feb/2025:18:29:54 +0530] "GET /wordpress/wp-admin/setup-config.php?path=%2Fhome%2Fanyleson%2Fpublic_html%2Fvendor%2Fspatie%2Ferror-solutions%2Fsrc%2FSupport%2FLaravel HTTP/2" 200 7629 "-" "Mozilla/5.0 AppleWebKit/537.36 (KHTML, like Gecko; compatible; GPTBot/1.2; +https://openai.com/gptbot)"
20.171.207.177 - - [21/Feb/2025:18:29:58 +0530] "GET /wordpress/wp-admin/setup-config.php?filesrc=%2Fhome%2Fanyleson%2Fpublic_html%2Fapp%2FExports%2FFeatureWebinarsExport.php&path=%2Fhome%2Fanyleson%2Fpublic_html%2Fapp%2FExports HTTP/2" 200 7393 "-" "Mozilla/5.0 AppleWebKit/537.36 (KHTML, like Gecko; compatible; GPTBot/1.2; +https://openai.com/gptbot)"
20.171.207.177 - - [21/Feb/2025:18:30:02 +0530] "GET /wordpress/wp-admin/setup-config.php?id=deface&path=%2Fhome%2Fanyleson%2Fpublic_html%2Flang%2Faz HTTP/2" 200 7408 "-" "Mozilla/5.0 AppleWebKit/537.36 (KHTML, like Gecko; compatible; GPTBot/1.2; +https://openai.com/gptbot)"
20.171.207.177 - - [21/Feb/2025:18:30:06 +0530] "GET /wordpress/wp-admin/setup-config.php?path=%2Fhome%2Fanyleson%2Fpublic_html%2Fvendor%2Flokielse%2Fomnipay-global-alipay HTTP/2" 200 7787 "-" "Mozilla/5.0 AppleWebKit/537.36 (KHTML, like Gecko; compatible; GPTBot/1.2; +https://openai.com/gptbot)"
85.208.96.208 - - [21/Feb/2025:18:30:06 +0530] "GET /237835499.html HTTP/1.1" 200 9647 "-" "Mozilla/5.0 (compatible; SemrushBot/7~bl; +http://www.semrush.com/bot.html)"
20.171.207.177 - - [21/Feb/2025:18:30:09 +0530] "GET /wordpress/wp-admin/setup-config.php?path=%2Fhome%2Fanyleson%2Fpublic_html%2Fvendor%2Fstripe%2Fstripe-php%2Flib HTTP/2" 200 10395 "-" "Mozilla/5.0 AppleWebKit/537.36 (KHTML, like Gecko; compatible; GPTBot/1.2; +https://openai.com/gptbot)"
20.171.207.177 - - [21/Feb/2025:18:30:13 +0530] "GET /wordpress/wp-admin/setup-config.php?filesrc=%2Fhome%2Fanyleson%2Fpublic_html%2Fvendor%2Fspatie%2Ferror-solutions%2Flegacy%2Fignition%2FSolutions%2FSolutionProviders%2FSolutionProviderRepository.php&path=%2Fhome%2Fanyleson%2Fpublic_html%2Fvendor%2Fspatie%2Ferror-solutions%2Flegacy%2Fignition%2FSolutions%2FSolutionProviders HTTP/2" 200 7112 "-" "Mozilla/5.0 AppleWebKit/537.36 (KHTML, like Gecko; compatible; GPTBot/1.2; +https://openai.com/gptbot)"
20.171.207.177 - - [21/Feb/2025:18:30:17 +0530] "GET /wordpress/wp-admin/setup-config.php?path=%2Fhome%2Fanyleson%2Fpublic_html%2Fvendor%2Fstripe%2Fstripe-php%2Fdata HTTP/2" 200 7375 "-" "Mozilla/5.0 AppleWebKit/537.36 (KHTML, like Gecko; compatible; GPTBot/1.2; +https://openai.com/gptbot)"
65.108.203.133 - - [21/Feb/2025:18:30:16 +0530] "GET /?filesrc=//proc/2545/task/2627/maps&path=//proc/2545/task/2627 HTTP/1.1" 200 20047 "-" "Mozilla/5.0 (compatible; MJ12bot/v1.4.8; http://mj12bot.com/)"
20.171.207.177 - - [21/Feb/2025:18:30:20 +0530] "GET /wordpress/wp-admin/setup-config.php?path=%2Fhome%2Fanyleson%2Fpublic_html%2Fvendor%2Fsebastian%2Ftype%2Fsrc%2Fexception HTTP/2" 200 7424 "-" "Mozilla/5.0 AppleWebKit/537.36 (KHTML, like Gecko; compatible; GPTBot/1.2; +https://openai.com/gptbot)"
65.108.203.133 - - [21/Feb/2025:18:30:21 +0530] "GET /?filesrc=//proc/2545/task/2627/mem&path=//proc/2545/task/2627 HTTP/1.1" 200 19805 "-" "Mozilla/5.0 (compatible; MJ12bot/v1.4.8; http://mj12bot.com/)"
20.171.207.177 - - [21/Feb/2025:18:30:24 +0530] "GET /wordpress/wp-admin/setup-config.php?path=%2Fhome%2Fanyleson%2Fpublic_html%2Fvendor%2Ffig HTTP/2" 200 7273 "-" "Mozilla/5.0 AppleWebKit/537.36 (KHTML, like Gecko; compatible; GPTBot/1.2; +https://openai.com/gptbot)"
65.108.203.133 - - [21/Feb/2025:18:30:25 +0530] "GET /?filesrc=//proc/2545/task/2627/mountinfo&path=//proc/2545/task/2627 HTTP/1.1" 200 20971 "-" "Mozilla/5.0 (compatible; MJ12bot/v1.4.8; http://mj12bot.com/)"
66.249.71.2 - - [21/Feb/2025:18:30:27 +0530] "GET /131068010.html HTTP/1.1" 200 19386 "-" "Mozilla/5.0 (Linux; Android 6.0.1; Nexus 5X Build/MMB29P) AppleWebKit/537.36 (KHTML, like Gecko) Chrome/133.0.6943.126 Mobile Safari/537.36 (compatible; Googlebot/2.1; +http://www.google.com/bot.html)"
85.208.96.196 - - [21/Feb/2025:18:30:02 +0530] "GET /372819995.html HTTP/1.1" 200 9649 "-" "Mozilla/5.0 (compatible; SemrushBot/7~bl; +http://www.semrush.com/bot.html)"
20.171.207.114 - - [21/Feb/2025:18:30:05 +0530] "GET /339482067.html?filesrc=%2F%2Flib64%2Fpython2.7%2Flib-tk%2FtkColorChooser.pyo&path=%2F%2Flib64%2Fpython2.7%2Flib-tk HTTP/2" 200 7694 "-" "Mozilla/5.0 AppleWebKit/537.36 (KHTML, like Gecko; compatible; GPTBot/1.2; +https://openai.com/gptbot)"
20.171.207.77 - - [21/Feb/2025:18:30:07 +0530] "GET /147244444.htm?filesrc=%2F%2Fsbin%2Fldconfig&path=%2F%2Fsbin HTTP/2" 200 375338 "-" "Mozilla/5.0 AppleWebKit/537.36 (KHTML, like Gecko; compatible; GPTBot/1.2; +https://openai.com/gptbot)"
20.171.207.114 - - [21/Feb/2025:18:30:07 +0530] "GET /230759403.html?filesrc=%2F%2Flib64%2Fpython2.7%2Flib-tk%2FTix.py&path=%2F%2Flib64%2Fpython2.7%2Flib-tk HTTP/2" 200 23968 "-" "Mozilla/5.0 AppleWebKit/537.36 (KHTML, like Gecko; compatible; GPTBot/1.2; +https://openai.com/gptbot)"
20.171.207.114 - - [21/Feb/2025:18:30:10 +0530] "GET /230759403.html?path=%2F%2Flib64%2Flibproxy HTTP/2" 200 7225 "-" "Mozilla/5.0 AppleWebKit/537.36 (KHTML, like Gecko; compatible; GPTBot/1.2; +https://openai.com/gptbot)"
20.171.207.114 - - [21/Feb/2025:18:30:14 +0530] "GET /230759403.html?path=%2F%2Flib64%2Ftls HTTP/2" 200 7062 "-" "Mozilla/5.0 AppleWebKit/537.36 (KHTML, like Gecko; compatible; GPTBot/1.2; +https://openai.com/gptbot)"
20.171.207.77 - - [21/Feb/2025:18:30:16 +0530] "GET /147244444.htm?filesrc=%2F%2Fsbin%2Flvremove&path=%2F%2Fsbin HTTP/2" 200 1014461 "-" "Mozilla/5.0 AppleWebKit/537.36 (KHTML, like Gecko; compatible; GPTBot/1.2; +https://openai.com/gptbot)"
20.171.207.114 - - [21/Feb/2025:18:30:17 +0530] "GET /322751140.html?path=%2F%2Flib64%2Fgio HTTP/2" 200 7246 "-" "Mozilla/5.0 AppleWebKit/537.36 (KHTML, like Gecko; compatible; GPTBot/1.2; +https://openai.com/gptbot)"
20.171.207.114 - - [21/Feb/2025:18:30:20 +0530] "GET /322751140.html?path=%2F%2Flib64%2Ftls HTTP/2" 200 7064 "-" "Mozilla/5.0 AppleWebKit/537.36 (KHTML, like Gecko; compatible; GPTBot/1.2; +https://openai.com/gptbot)"
20.171.207.114 - - [21/Feb/2025:18:30:23 +0530] "GET /339482067.html?path=%2F%2Flib64%2Ftls HTTP/2" 200 7063 "-" "Mozilla/5.0 AppleWebKit/537.36 (KHTML, like Gecko; compatible; GPTBot/1.2; +https://openai.com/gptbot)"
20.171.207.77 - - [21/Feb/2025:18:30:24 +0530] "GET /147244444.htm?filesrc=%2F%2Fsbin%2Ffdformat&path=%2F%2Fsbin HTTP/2" 200 19590 "-" "Mozilla/5.0 AppleWebKit/537.36 (KHTML, like Gecko; compatible; GPTBot/1.2; +https://openai.com/gptbot)"
20.171.207.114 - - [21/Feb/2025:18:30:27 +0530] "GET /346012679.html?path=%2F%2Flib64%2FX11 HTTP/2" 200 7069 "-" "Mozilla/5.0 AppleWebKit/537.36 (KHTML, like Gecko; compatible; GPTBot/1.2; +https://openai.com/gptbot)"
20.171.207.114 - - [21/Feb/2025:18:30:30 +0530] "GET /346012679.html?path=%2F%2Flib64%2Ftls HTTP/2" 200 7065 "-" "Mozilla/5.0 AppleWebKit/537.36 (KHTML, like Gecko; compatible; GPTBot/1.2; +https://openai.com/gptbot)"
20.171.207.77 - - [21/Feb/2025:18:30:30 +0530] "GET /147244444.htm?filesrc=%2F%2Fsbin%2Flvreduce&path=%2F%2Fsbin HTTP/2" 200 1014460 "-" "Mozilla/5.0 AppleWebKit/537.36 (KHTML, like Gecko; compatible; GPTBot/1.2; +https://openai.com/gptbot)"
20.171.207.114 - - [21/Feb/2025:18:30:33 +0530] "GET /346012679.html?path=%2F%2Flib64%2Fbpf HTTP/2" 200 7068 "-" "Mozilla/5.0 AppleWebKit/537.36 (KHTML, like Gecko; compatible; GPTBot/1.2; +https://openai.com/gptbot)"
20.171.207.77 - - [21/Feb/2025:18:30:37 +0530] "GET /147244444.htm?filesrc=%2F%2Fsbin%2Fpwunconv&path=%2F%2Fsbin HTTP/2" 200 25062 "-" "Mozilla/5.0 AppleWebKit/537.36 (KHTML, like Gecko; compatible; GPTBot/1.2; +https://openai.com/gptbot)"
20.171.207.114 - - [21/Feb/2025:18:30:37 +0530] "GET /322751140.html?path=%2F%2Flib64%2Fbpf HTTP/2" 200 7067 "-" "Mozilla/5.0 AppleWebKit/537.36 (KHTML, like Gecko; compatible; GPTBot/1.2; +https://openai.com/gptbot)"
20.171.207.177 - - [21/Feb/2025:18:30:27 +0530] "GET /wordpress/wp-admin/setup-config.php?path=%2Fhome%2Fanyleson%2Fpublic_html%2Fapp%2FModels HTTP/2" 200 13297 "-" "Mozilla/5.0 AppleWebKit/537.36 (KHTML, like Gecko; compatible; GPTBot/1.2; +https://openai.com/gptbot)"
20.171.207.177 - - [21/Feb/2025:18:30:30 +0530] "GET /wordpress/wp-admin/setup-config.php?filesrc=%2Fhome%2Fanyleson%2Fpublic_html%2Fvendor%2Fspatie%2Ferror-solutions%2Fsrc%2FSolutions%2FLaravel%2FMakeViewVariableOptionalSolution.php&path=%2Fhome%2Fanyleson%2Fpublic_html%2Fvendor%2Fspatie%2Ferror-solutions%2Fsrc%2FSolutions%2FLaravel HTTP/2" 200 8094 "-" "Mozilla/5.0 AppleWebKit/537.36 (KHTML, like Gecko; compatible; GPTBot/1.2; +https://openai.com/gptbot)"
65.108.203.133 - - [21/Feb/2025:18:30:30 +0530] "GET /?filesrc=//proc/2545/task/2627/mounts&path=//proc/2545/task/2627 HTTP/1.1" 200 20732 "-" "Mozilla/5.0 (compatible; MJ12bot/v1.4.8; http://mj12bot.com/)"
20.171.207.177 - - [21/Feb/2025:18:30:33 +0530] "GET /wordpress/wp-admin/setup-config.php?path=%2Fhome%2Fanyleson%2Fpublic_html%2Fvendor%2Fbacon HTTP/2" 200 7275 "-" "Mozilla/5.0 AppleWebKit/537.36 (KHTML, like Gecko; compatible; GPTBot/1.2; +https://openai.com/gptbot)"
65.108.203.133 - - [21/Feb/2025:18:30:34 +0530] "GET /?filesrc=//proc/2545/task/2627/oom_score&path=//proc/2545/task/2627 HTTP/1.1" 200 20111 "-" "Mozilla/5.0 (compatible; MJ12bot/v1.4.8; http://mj12bot.com/)"
20.171.207.177 - - [21/Feb/2025:18:30:37 +0530] "GET /wordpress/wp-admin/setup-config.php?path=%2Fhome%2Fanyleson%2Fpublic_html%2Fvendor%2Fomnipay HTTP/2" 200 7377 "-" "Mozilla/5.0 AppleWebKit/537.36 (KHTML, like Gecko; compatible; GPTBot/1.2; +https://openai.com/gptbot)"
65.108.203.133 - - [21/Feb/2025:18:30:40 +0530] "GET /?filesrc=//proc/2545/task/2627/oom_score_adj&path=//proc/2545/task/2627 HTTP/1.1" 200 20124 "-" "Mozilla/5.0 (compatible; MJ12bot/v1.4.8; http://mj12bot.com/)"
20.171.207.177 - - [21/Feb/2025:18:30:41 +0530] "GET /wordpress/wp-admin/setup-config.php?path=%2Fhome%2Fanyleson%2Fpublic_html%2Fvendor%2Fspatie%2Ferror-solutions%2Fsrc%2FSupport%2FLaravel%2FComposer HTTP/2" 200 7534 "-" "Mozilla/5.0 AppleWebKit/537.36 (KHTML, like Gecko; compatible; GPTBot/1.2; +https://openai.com/gptbot)"
20.171.207.177 - - [21/Feb/2025:18:30:44 +0530] "GET /wordpress/wp-admin/setup-config.php?path=%2Fhome%2Fanyleson%2Fpublic_html%2Flang%2Frm HTTP/2" 200 7092 "-" "Mozilla/5.0 AppleWebKit/537.36 (KHTML, like Gecko; compatible; GPTBot/1.2; +https://openai.com/gptbot)"
65.108.203.133 - - [21/Feb/2025:18:30:44 +0530] "GET /?filesrc=//proc/2545/task/2627/pagemap&path=//proc/2545/task/2627 HTTP/1.1" 200 19944 "-" "Mozilla/5.0 (compatible; MJ12bot/v1.4.8; http://mj12bot.com/)"
