20.171.207.77 - - [21/Feb/2025:17:21:31 +0530] "GET /147244444.htm?id=filebaru&path=%2F%2Fproc%2F2551964%2Fnet%2Fdev_snmp6 HTTP/2" 200 7565 "-" "Mozilla/5.0 AppleWebKit/537.36 (KHTML, like Gecko; compatible; GPTBot/1.2; +https://openai.com/gptbot)"
20.171.207.114 - - [21/Feb/2025:17:21:32 +0530] "GET /315732684.html?id=deface&path=%2F%2Flib64 HTTP/2" 200 47209 "-" "Mozilla/5.0 AppleWebKit/537.36 (KHTML, like Gecko; compatible; GPTBot/1.2; +https://openai.com/gptbot)"
85.208.96.206 - - [21/Feb/2025:17:21:33 +0530] "GET /337752212.html HTTP/1.1" 200 9645 "-" "Mozilla/5.0 (compatible; SemrushBot/7~bl; +http://www.semrush.com/bot.html)"
20.171.207.114 - - [21/Feb/2025:17:21:35 +0530] "GET /212358095.html?id=upload&path=%2F%2Flib64 HTTP/2" 200 47034 "-" "Mozilla/5.0 AppleWebKit/537.36 (KHTML, like Gecko; compatible; GPTBot/1.2; +https://openai.com/gptbot)"
85.208.96.204 - - [21/Feb/2025:17:21:37 +0530] "GET /331458317.html HTTP/1.1" 200 9645 "-" "Mozilla/5.0 (compatible; SemrushBot/7~bl; +http://www.semrush.com/bot.html)"
20.171.207.114 - - [21/Feb/2025:17:21:39 +0530] "GET /212358095.html?id=deface&path=%2F%2Flib64 HTTP/2" 200 45355 "-" "Mozilla/5.0 AppleWebKit/537.36 (KHTML, like Gecko; compatible; GPTBot/1.2; +https://openai.com/gptbot)"
20.171.207.77 - - [21/Feb/2025:17:21:40 +0530] "GET /147244444.htm?filesrc=%2F%2Fproc%2F2551964%2Fstack&path=%2F%2Fproc%2F2551964 HTTP/2" 200 6889 "-" "Mozilla/5.0 AppleWebKit/537.36 (KHTML, like Gecko; compatible; GPTBot/1.2; +https://openai.com/gptbot)"
20.171.207.114 - - [21/Feb/2025:17:21:42 +0530] "GET /210792383.html?id=deface&path=%2F%2Flib64 HTTP/2" 200 46999 "-" "Mozilla/5.0 AppleWebKit/537.36 (KHTML, like Gecko; compatible; GPTBot/1.2; +https://openai.com/gptbot)"
20.171.207.114 - - [21/Feb/2025:17:21:46 +0530] "GET /128932710.html?id=upload&path=%2F%2Flib64 HTTP/2" 200 47213 "-" "Mozilla/5.0 AppleWebKit/537.36 (KHTML, like Gecko; compatible; GPTBot/1.2; +https://openai.com/gptbot)"
66.249.68.7 - - [21/Feb/2025:17:21:48 +0530] "GET /369050077.html HTTP/1.1" 200 19304 "-" "Mozilla/5.0 (Linux; Android 6.0.1; Nexus 5X Build/MMB29P) AppleWebKit/537.36 (KHTML, like Gecko) Chrome/133.0.6943.126 Mobile Safari/537.36 (compatible; Googlebot/2.1; +http://www.google.com/bot.html)"
20.171.207.77 - - [21/Feb/2025:17:21:48 +0530] "GET /188588858.htm?filesrc=%2F%2Fproc%2F2157229%2Fstatus&path=%2F%2Fproc%2F2157229 HTTP/2" 200 7216 "-" "Mozilla/5.0 AppleWebKit/537.36 (KHTML, like Gecko; compatible; GPTBot/1.2; +https://openai.com/gptbot)"
20.171.207.177 - - [21/Feb/2025:17:21:14 +0530] "GET /wordpress/wp-admin/setup-config.php?path=%2Fhome%2Fanyleson%2Fpublic_html%2Fapp%2FPaymentChannels%2FDrivers%2FPayu HTTP/2" 200 7408 "-" "Mozilla/5.0 AppleWebKit/537.36 (KHTML, like Gecko; compatible; GPTBot/1.2; +https://openai.com/gptbot)"
20.171.207.177 - - [21/Feb/2025:17:21:18 +0530] "GET /wordpress/wp-admin/setup-config.php?path=%2Fhome%2Fanyleson%2Fpublic_html%2Fapp%2FPaymentChannels%2FDrivers%2FPaytr HTTP/2" 200 7385 "-" "Mozilla/5.0 AppleWebKit/537.36 (KHTML, like Gecko; compatible; GPTBot/1.2; +https://openai.com/gptbot)"
85.208.96.193 - - [21/Feb/2025:17:21:20 +0530] "GET /190102636.html HTTP/1.1" 200 9651 "-" "Mozilla/5.0 (compatible; SemrushBot/7~bl; +http://www.semrush.com/bot.html)"
20.171.207.177 - - [21/Feb/2025:17:21:21 +0530] "GET /wordpress/wp-admin/setup-config.php?path=%2Fhome%2Fanyleson%2Fpublic_html%2Fapp%2FPaymentChannels%2FDrivers%2FPayku HTTP/2" 200 7388 "-" "Mozilla/5.0 AppleWebKit/537.36 (KHTML, like Gecko; compatible; GPTBot/1.2; +https://openai.com/gptbot)"
20.171.207.177 - - [21/Feb/2025:17:21:24 +0530] "GET /wordpress/wp-admin/setup-config.php?path=%2Fhome%2Fanyleson%2Fpublic_html%2Fapp%2FPaymentChannels%2FDrivers%2FPaytm HTTP/2" 200 7385 "-" "Mozilla/5.0 AppleWebKit/537.36 (KHTML, like Gecko; compatible; GPTBot/1.2; +https://openai.com/gptbot)"
20.171.207.177 - - [21/Feb/2025:17:21:28 +0530] "GET /wordpress/wp-admin/setup-config.php?path=%2Fhome%2Fanyleson%2Fpublic_html%2Fvendor%2Fsimplesoftwareio%2Fsimple-qrcode%2Fdocs%2Fhi HTTP/2" 200 7420 "-" "Mozilla/5.0 AppleWebKit/537.36 (KHTML, like Gecko; compatible; GPTBot/1.2; +https://openai.com/gptbot)"
20.171.207.177 - - [21/Feb/2025:17:21:31 +0530] "GET /wordpress/wp-admin/setup-config.php?path=%2Fhome%2Fanyleson%2Fpublic_html%2Fvendor%2Fsimplesoftwareio%2Fsimple-qrcode%2Fdocs%2Fkr HTTP/2" 200 7418 "-" "Mozilla/5.0 AppleWebKit/537.36 (KHTML, like Gecko; compatible; GPTBot/1.2; +https://openai.com/gptbot)"
20.171.207.177 - - [21/Feb/2025:17:21:35 +0530] "GET /wordpress/wp-admin/setup-config.php?path=%2Fhome%2Fanyleson%2Fpublic_html%2Fvendor%2Fsimplesoftwareio%2Fsimple-qrcode%2Fdocs%2Fit HTTP/2" 200 7421 "-" "Mozilla/5.0 AppleWebKit/537.36 (KHTML, like Gecko; compatible; GPTBot/1.2; +https://openai.com/gptbot)"
20.171.207.177 - - [21/Feb/2025:17:21:38 +0530] "GET /wordpress/wp-admin/setup-config.php?id=info&path=%2Fhome%2Fanyleson%2Fpublic_html%2Fvendor%2Fsemyonchetvertnyh%2Fomnipay-paysera%2Fsrc%2FMessage HTTP/2" 200 7939 "-" "Mozilla/5.0 AppleWebKit/537.36 (KHTML, like Gecko; compatible; GPTBot/1.2; +https://openai.com/gptbot)"
20.171.207.177 - - [21/Feb/2025:17:21:41 +0530] "GET /wordpress/wp-admin/setup-config.php?path=%2Fhome%2Fanyleson%2Fpublic_html%2Fvendor%2Fsimplesoftwareio%2Fsimple-qrcode%2Fdocs%2Fja HTTP/2" 200 7417 "-" "Mozilla/5.0 AppleWebKit/537.36 (KHTML, like Gecko; compatible; GPTBot/1.2; +https://openai.com/gptbot)"
20.171.207.177 - - [21/Feb/2025:17:21:44 +0530] "GET /wordpress/wp-admin/setup-config.php?path=%2Fhome%2Fanyleson%2Fpublic_html%2Fvendor%2Fsimplesoftwareio%2Fsimple-qrcode%2Fdocs%2Ffr HTTP/2" 200 7421 "-" "Mozilla/5.0 AppleWebKit/537.36 (KHTML, like Gecko; compatible; GPTBot/1.2; +https://openai.com/gptbot)"
20.171.207.177 - - [21/Feb/2025:17:21:48 +0530] "GET /wordpress/wp-admin/setup-config.php?path=%2Fhome%2Fanyleson%2Fpublic_html%2Fvendor%2Fsimplesoftwareio%2Fsimple-qrcode%2Fdocs%2Fru HTTP/2" 200 7420 "-" "Mozilla/5.0 AppleWebKit/537.36 (KHTML, like Gecko; compatible; GPTBot/1.2; +https://openai.com/gptbot)"
20.171.207.177 - - [21/Feb/2025:17:21:51 +0530] "GET /wordpress/wp-admin/setup-config.php?path=%2Fhome%2Fanyleson%2Fpublic_html%2Fvendor%2Fsebacarrasco93%2Flaravel-payku%2Fsrc HTTP/2" 200 7744 "-" "Mozilla/5.0 AppleWebKit/537.36 (KHTML, like Gecko; compatible; GPTBot/1.2; +https://openai.com/gptbot)"
20.171.207.177 - - [21/Feb/2025:17:21:55 +0530] "GET /wordpress/wp-admin/setup-config.php?path=%2Fhome%2Fanyleson%2Fpublic_html%2Fvendor%2Fbeste%2Fin-memory-cache%2Fsrc HTTP/2" 200 7507 "-" "Mozilla/5.0 AppleWebKit/537.36 (KHTML, like Gecko; compatible; GPTBot/1.2; +https://openai.com/gptbot)"
20.171.207.177 - - [21/Feb/2025:17:21:58 +0530] "GET /wordpress/wp-admin/setup-config.php?path=%2Fhome%2Fanyleson%2Fpublic_html%2Fvendor%2Fjames-heinrich%2Fgetid3%2Fhelperapps HTTP/2" 200 7601 "-" "Mozilla/5.0 AppleWebKit/537.36 (KHTML, like Gecko; compatible; GPTBot/1.2; +https://openai.com/gptbot)"
20.171.207.177 - - [21/Feb/2025:17:22:01 +0530] "GET /wordpress/wp-admin/setup-config.php?path=%2Fhome%2Fanyleson%2Fpublic_html%2Fvendor%2Fsebacarrasco93%2Flaravel-payku%2Fdocs HTTP/2" 200 7443 "-" "Mozilla/5.0 AppleWebKit/537.36 (KHTML, like Gecko; compatible; GPTBot/1.2; +https://openai.com/gptbot)"
20.171.207.177 - - [21/Feb/2025:17:22:06 +0530] "GET /wordpress/wp-admin/setup-config.php?id=info&path=%2Fhome%2Fanyleson%2Fpublic_html%2Fapp%2FPaymentChannels%2FDrivers%2FPayku HTTP/2" 200 7778 "-" "Mozilla/5.0 AppleWebKit/537.36 (KHTML, like Gecko; compatible; GPTBot/1.2; +https://openai.com/gptbot)"
95.108.213.103 - - [21/Feb/2025:17:22:07 +0530] "GET /public/courses/online-retail-mastery HTTP/1.1" 200 9652 "-" "Mozilla/5.0 (compatible; YandexBot/3.0; +http://yandex.com/bots)"
20.171.207.177 - - [21/Feb/2025:17:22:10 +0530] "GET /wordpress/wp-admin/setup-config.php?path=%2Fhome%2Fanyleson%2Fpublic_html%2Fvendor%2Fjames-heinrich%2Fgetid3%2Flicenses HTTP/2" 200 7592 "-" "Mozilla/5.0 AppleWebKit/537.36 (KHTML, like Gecko; compatible; GPTBot/1.2; +https://openai.com/gptbot)"
20.171.207.177 - - [21/Feb/2025:17:22:14 +0530] "GET /wordpress/wp-admin/setup-config.php?id=filebaru&path=%2Fhome%2Fanyleson%2Fpublic_html%2Fvendor%2Fsimplesoftwareio%2Fsimple-qrcode%2Fdocs%2Fhi HTTP/2" 200 7618 "-" "Mozilla/5.0 AppleWebKit/537.36 (KHTML, like Gecko; compatible; GPTBot/1.2; +https://openai.com/gptbot)"
66.249.68.6 - - [21/Feb/2025:17:22:16 +0530] "GET /201742510.html HTTP/1.1" 200 20215 "-" "Mozilla/5.0 (Linux; Android 6.0.1; Nexus 5X Build/MMB29P) AppleWebKit/537.36 (KHTML, like Gecko) Chrome/133.0.6943.53 Mobile Safari/537.36 (compatible; Googlebot/2.1; +http://www.google.com/bot.html)"
185.191.171.16 - - [21/Feb/2025:17:22:15 +0530] "GET /171489108.html HTTP/1.1" 200 9644 "-" "Mozilla/5.0 (compatible; SemrushBot/7~bl; +http://www.semrush.com/bot.html)"
51.222.253.7 - - [21/Feb/2025:17:22:15 +0530] "GET /classes?sort=bestsellers&page=3 HTTP/2" 200 10712 "-" "Mozilla/5.0 (compatible; AhrefsBot/7.0; +http://ahrefs.com/robot/)"
20.171.207.177 - - [21/Feb/2025:17:22:16 +0530] "GET /wordpress/wp-admin/setup-config.php?path=%2Fhome%2Fanyleson%2Fpublic_html%2Fvendor%2Fjames-heinrich%2Fgetid3%2Fdemos HTTP/2" 200 7917 "-" "Mozilla/5.0 AppleWebKit/537.36 (KHTML, like Gecko; compatible; GPTBot/1.2; +https://openai.com/gptbot)"
20.171.207.177 - - [21/Feb/2025:17:22:20 +0530] "GET /wordpress/wp-admin/setup-config.php?path=%2Fhome%2Fanyleson%2Fpublic_html%2Fvendor%2Fsimplesoftwareio%2Fsimple-qrcode%2Fdocs%2Fpt-br HTTP/2" 200 7432 "-" "Mozilla/5.0 AppleWebKit/537.36 (KHTML, like Gecko; compatible; GPTBot/1.2; +https://openai.com/gptbot)"
20.171.207.177 - - [21/Feb/2025:17:22:24 +0530] "GET /wordpress/wp-admin/setup-config.php?path=%2Fhome%2Fanyleson%2Fpublic_html%2Fvendor%2Fsimplesoftwareio%2Fsimple-qrcode%2F.github HTTP/2" 200 7473 "-" "Mozilla/5.0 AppleWebKit/537.36 (KHTML, like Gecko; compatible; GPTBot/1.2; +https://openai.com/gptbot)"
20.171.207.177 - - [21/Feb/2025:17:22:28 +0530] "GET /wordpress/wp-admin/setup-config.php?path=%2Fhome%2Fanyleson%2Fpublic_html%2Fvendor%2Fsimplesoftwareio%2Fsimple-qrcode%2Fdocs%2Fzh-cn HTTP/2" 200 7435 "-" "Mozilla/5.0 AppleWebKit/537.36 (KHTML, like Gecko; compatible; GPTBot/1.2; +https://openai.com/gptbot)"
185.191.171.19 - - [21/Feb/2025:17:22:30 +0530] "GET /318718960.html HTTP/1.1" 200 9645 "-" "Mozilla/5.0 (compatible; SemrushBot/7~bl; +http://www.semrush.com/bot.html)"
20.171.207.114 - - [21/Feb/2025:17:21:49 +0530] "GET /128932710.html?id=deface&path=%2F%2Flib64 HTTP/2" 200 46920 "-" "Mozilla/5.0 AppleWebKit/537.36 (KHTML, like Gecko; compatible; GPTBot/1.2; +https://openai.com/gptbot)"
20.171.207.114 - - [21/Feb/2025:17:21:52 +0530] "GET /330849560.html?id=upload&path=%2F%2Flib64 HTTP/2" 200 45291 "-" "Mozilla/5.0 AppleWebKit/537.36 (KHTML, like Gecko; compatible; GPTBot/1.2; +https://openai.com/gptbot)"
20.171.207.114 - - [21/Feb/2025:17:21:56 +0530] "GET /148430619.html?filesrc=%2F%2Flib64%2Flibmysqld.a&path=%2F%2Flib64 HTTP/2" 200 924 "-" "Mozilla/5.0 AppleWebKit/537.36 (KHTML, like Gecko; compatible; GPTBot/1.2; +https://openai.com/gptbot)"
20.171.207.77 - - [21/Feb/2025:17:21:56 +0530] "GET /188588858.htm?filesrc=%2F%2Fproc%2F2157229%2Fstatm&path=%2F%2Fproc%2F2157229 HTTP/2" 200 6895 "-" "Mozilla/5.0 AppleWebKit/537.36 (KHTML, like Gecko; compatible; GPTBot/1.2; +https://openai.com/gptbot)"
20.171.207.114 - - [21/Feb/2025:17:21:58 +0530] "GET /324054721.html?path=%2F%2Flib64%2Fphp-zts HTTP/2" 200 7229 "-" "Mozilla/5.0 AppleWebKit/537.36 (KHTML, like Gecko; compatible; GPTBot/1.2; +https://openai.com/gptbot)"
66.249.68.6 - - [21/Feb/2025:17:22:01 +0530] "GET /356822537.html HTTP/1.1" 200 19803 "-" "Mozilla/5.0 (Linux; Android 6.0.1; Nexus 5X Build/MMB29P) AppleWebKit/537.36 (KHTML, like Gecko) Chrome/133.0.6943.126 Mobile Safari/537.36 (compatible; Googlebot/2.1; +http://www.google.com/bot.html)"
20.171.207.114 - - [21/Feb/2025:17:22:01 +0530] "GET /148430619.html?path=%2F%2Flib64%2Fpm-utils HTTP/2" 200 7293 "-" "Mozilla/5.0 AppleWebKit/537.36 (KHTML, like Gecko; compatible; GPTBot/1.2; +https://openai.com/gptbot)"
20.171.207.77 - - [21/Feb/2025:17:22:03 +0530] "GET /147244444.htm?filesrc=%2F%2Fproc%2F2551964%2Fmounts&path=%2F%2Fproc%2F2551964 HTTP/2" 200 7615 "-" "Mozilla/5.0 AppleWebKit/537.36 (KHTML, like Gecko; compatible; GPTBot/1.2; +https://openai.com/gptbot)"
95.108.213.128 - - [21/Feb/2025:17:22:05 +0530] "GET /courses/online-retail-mastery/ HTTP/1.1" 301 795 "-" "Mozilla/5.0 (compatible; YandexBot/3.0; +http://yandex.com/bots)"
20.171.207.114 - - [21/Feb/2025:17:22:05 +0530] "GET /212358095.html?path=%2F%2Flib64%2Fpm-utils HTTP/2" 200 7289 "-" "Mozilla/5.0 AppleWebKit/537.36 (KHTML, like Gecko; compatible; GPTBot/1.2; +https://openai.com/gptbot)"
20.171.207.114 - - [21/Feb/2025:17:22:08 +0530] "GET /324054721.html?path=%2F%2Flib64%2Fpm-utils HTTP/2" 200 7299 "-" "Mozilla/5.0 AppleWebKit/537.36 (KHTML, like Gecko; compatible; GPTBot/1.2; +https://openai.com/gptbot)"
20.171.207.114 - - [21/Feb/2025:17:22:11 +0530] "GET /210792383.html?path=%2F%2Flib64%2Fpm-utils HTTP/2" 200 7294 "-" "Mozilla/5.0 AppleWebKit/537.36 (KHTML, like Gecko; compatible; GPTBot/1.2; +https://openai.com/gptbot)"
20.171.207.114 - - [21/Feb/2025:17:22:15 +0530] "GET /128932710.html?path=%2F%2Flib64%2Fpm-utils HTTP/2" 200 7289 "-" "Mozilla/5.0 AppleWebKit/537.36 (KHTML, like Gecko; compatible; GPTBot/1.2; +https://openai.com/gptbot)"
20.171.207.114 - - [21/Feb/2025:17:22:18 +0530] "GET /315732684.html?path=%2F%2Flib64%2Fpm-utils HTTP/2" 200 7291 "-" "Mozilla/5.0 AppleWebKit/537.36 (KHTML, like Gecko; compatible; GPTBot/1.2; +https://openai.com/gptbot)"
20.171.207.114 - - [21/Feb/2025:17:22:21 +0530] "GET /330849560.html?path=%2F%2Flib64%2Fpm-utils HTTP/2" 200 7289 "-" "Mozilla/5.0 AppleWebKit/537.36 (KHTML, like Gecko; compatible; GPTBot/1.2; +https://openai.com/gptbot)"
185.191.171.19 - - [21/Feb/2025:17:22:22 +0530] "GET /376524806.html HTTP/1.1" 200 9645 "-" "Mozilla/5.0 (compatible; SemrushBot/7~bl; +http://www.semrush.com/bot.html)"
20.171.207.114 - - [21/Feb/2025:17:22:25 +0530] "GET /330849560.html?path=%2F%2Flib64%2Fphp-zts HTTP/2" 200 7230 "-" "Mozilla/5.0 AppleWebKit/537.36 (KHTML, like Gecko; compatible; GPTBot/1.2; +https://openai.com/gptbot)"
20.171.207.114 - - [21/Feb/2025:17:22:29 +0530] "GET /210792383.html?path=%2F%2Flib64%2Fphp-zts HTTP/2" 200 7227 "-" "Mozilla/5.0 AppleWebKit/537.36 (KHTML, like Gecko; compatible; GPTBot/1.2; +https://openai.com/gptbot)"
20.171.207.114 - - [21/Feb/2025:17:22:32 +0530] "GET /315732684.html?path=%2F%2Flib64%2Fphp-zts HTTP/2" 200 7231 "-" "Mozilla/5.0 AppleWebKit/537.36 (KHTML, like Gecko; compatible; GPTBot/1.2; +https://openai.com/gptbot)"
20.171.207.114 - - [21/Feb/2025:17:22:35 +0530] "GET /128932710.html?path=%2F%2Flib64%2Fphp-zts HTTP/2" 200 7230 "-" "Mozilla/5.0 AppleWebKit/537.36 (KHTML, like Gecko; compatible; GPTBot/1.2; +https://openai.com/gptbot)"
20.171.207.77 - - [21/Feb/2025:17:22:09 +0530] "GET /188588858.htm?filesrc=%2F%2Fproc%2F2157229%2Fpersonality&path=%2F%2Fproc%2F2157229 HTTP/2" 200 0 "-" "Mozilla/5.0 AppleWebKit/537.36 (KHTML, like Gecko; compatible; GPTBot/1.2; +https://openai.com/gptbot)"
20.171.207.114 - - [21/Feb/2025:17:22:38 +0530] "GET /148430619.html?path=%2F%2Flib64%2Fphp-zts HTTP/2" 200 7229 "-" "Mozilla/5.0 AppleWebKit/537.36 (KHTML, like Gecko; compatible; GPTBot/1.2; +https://openai.com/gptbot)"
20.171.207.77 - - [21/Feb/2025:17:22:40 +0530] "GET /147244444.htm?filesrc=%2F%2Fproc%2F2551964%2Fsyscall&path=%2F%2Fproc%2F2551964 HTTP/2" 200 6867 "-" "Mozilla/5.0 AppleWebKit/537.36 (KHTML, like Gecko; compatible; GPTBot/1.2; +https://openai.com/gptbot)"
20.171.207.114 - - [21/Feb/2025:17:22:41 +0530] "GET /212358095.html?path=%2F%2Flib64%2Fphp-zts HTTP/2" 200 7230 "-" "Mozilla/5.0 AppleWebKit/537.36 (KHTML, like Gecko; compatible; GPTBot/1.2; +https://openai.com/gptbot)"
85.208.96.194 - - [21/Feb/2025:17:22:41 +0530] "GET /128582154.html HTTP/1.1" 200 9644 "-" "Mozilla/5.0 (compatible; SemrushBot/7~bl; +http://www.semrush.com/bot.html)"
20.171.207.114 - - [21/Feb/2025:17:22:45 +0530] "GET /148430619.html?filesrc=%2F%2Flib64%2Flibfreetype.so.6&path=%2F%2Flib64 HTTP/2" 200 356180 "-" "Mozilla/5.0 AppleWebKit/537.36 (KHTML, like Gecko; compatible; GPTBot/1.2; +https://openai.com/gptbot)"
213.180.203.128 - - [21/Feb/2025:17:22:47 +0530] "GET /public/courses/online-retail-mastery HTTP/1.1" 200 9648 "-" "Mozilla/5.0 (compatible; YandexBot/3.0; +http://yandex.com/bots)"
20.171.207.114 - - [21/Feb/2025:17:22:48 +0530] "GET /210792383.html?filesrc=%2F%2Flib64%2Flibulockmgr.so.1&path=%2F%2Flib64 HTTP/2" 200 12094 "-" "Mozilla/5.0 AppleWebKit/537.36 (KHTML, like Gecko; compatible; GPTBot/1.2; +https://openai.com/gptbot)"
114.119.150.166 - - [21/Feb/2025:17:22:49 +0530] "GET /users/929/profile?path=/home/anyleson/www/vendor/fideloper HTTP/1.1" 200 14985 "https://anyleson.com/users/929/profile?path=/home/anyleson/www/vendor/fideloper" "Mozilla/5.0 (Linux; Android 7.0;) AppleWebKit/537.36 (KHTML, like Gecko) Mobile Safari/537.36 (compatible; PetalBot;+https://webmaster.petalsearch.com/site/petalbot)"
20.171.207.114 - - [21/Feb/2025:17:22:51 +0530] "GET /324054721.html?id=cmd&path=%2F%2Flib64%2Fpm-utils HTTP/2" 200 7519 "-" "Mozilla/5.0 AppleWebKit/537.36 (KHTML, like Gecko; compatible; GPTBot/1.2; +https://openai.com/gptbot)"
20.171.207.114 - - [21/Feb/2025:17:22:55 +0530] "GET /330849560.html?filesrc=%2F%2Flib64%2Flibmetalink.so.3&path=%2F%2Flib64 HTTP/2" 200 27171 "-" "Mozilla/5.0 AppleWebKit/537.36 (KHTML, like Gecko; compatible; GPTBot/1.2; +https://openai.com/gptbot)"
20.171.207.114 - - [21/Feb/2025:17:22:59 +0530] "GET /315732684.html?filesrc=%2F%2Flib64%2Flibcupsppdc.so.1&path=%2F%2Flib64 HTTP/2" 200 54985 "-" "Mozilla/5.0 AppleWebKit/537.36 (KHTML, like Gecko; compatible; GPTBot/1.2; +https://openai.com/gptbot)"
20.171.207.114 - - [21/Feb/2025:17:23:02 +0530] "GET /210792383.html?filesrc=%2F%2Flib64%2Flibnfsidmap.so.1&path=%2F%2Flib64 HTTP/2" 200 26420 "-" "Mozilla/5.0 AppleWebKit/537.36 (KHTML, like Gecko; compatible; GPTBot/1.2; +https://openai.com/gptbot)"
20.171.207.114 - - [21/Feb/2025:17:23:06 +0530] "GET /128932710.html?filesrc=%2F%2Flib64%2FliboplodbcS.so.2&path=%2F%2Flib64 HTTP/2" 200 10675 "-" "Mozilla/5.0 AppleWebKit/537.36 (KHTML, like Gecko; compatible; GPTBot/1.2; +https://openai.com/gptbot)"
20.171.207.177 - - [21/Feb/2025:17:22:31 +0530] "GET /wordpress/wp-admin/setup-config.php?path=%2Fhome%2Fanyleson%2Fpublic_html%2Fapp%2FPaymentChannels%2FDrivers%2FCashu HTTP/2" 200 7386 "-" "Mozilla/5.0 AppleWebKit/537.36 (KHTML, like Gecko; compatible; GPTBot/1.2; +https://openai.com/gptbot)"
20.171.207.177 - - [21/Feb/2025:17:22:35 +0530] "GET /wordpress/wp-admin/setup-config.php?path=%2Fhome%2Fanyleson%2Fpublic_html%2Fvendor%2Fparagonie%2Frandom_compat%2Flib HTTP/2" 200 7383 "-" "Mozilla/5.0 AppleWebKit/537.36 (KHTML, like Gecko; compatible; GPTBot/1.2; +https://openai.com/gptbot)"
20.171.207.177 - - [21/Feb/2025:17:22:39 +0530] "GET /wordpress/wp-admin/setup-config.php?path=%2Fhome%2Fanyleson%2Fpublic_html%2Fvendor%2Fsebacarrasco93%2Flaravel-payku%2Fsrc%2FExceptions HTTP/2" 200 7536 "-" "Mozilla/5.0 AppleWebKit/537.36 (KHTML, like Gecko; compatible; GPTBot/1.2; +https://openai.com/gptbot)"
114.119.150.168 - - [21/Feb/2025:17:22:42 +0530] "GET /users/996/profile?id=delete&path=/home/anyleson/public_html/lang/ne HTTP/1.1" 200 11924 "https://anyleson.com/users/996/profile?id=filebaru&path=/home/anyleson/public_html/lang/ne" "Mozilla/5.0 (Linux; Android 7.0;) AppleWebKit/537.36 (KHTML, like Gecko) Mobile Safari/537.36 (compatible; PetalBot;+https://webmaster.petalsearch.com/site/petalbot)"
20.171.207.177 - - [21/Feb/2025:17:22:43 +0530] "GET /wordpress/wp-admin/setup-config.php?path=%2Fhome%2Fanyleson%2Fpublic_html%2Fvendor%2Fsebacarrasco93%2Flaravel-payku%2Fsrc%2FFacades HTTP/2" 200 7416 "-" "Mozilla/5.0 AppleWebKit/537.36 (KHTML, like Gecko; compatible; GPTBot/1.2; +https://openai.com/gptbot)"
20.171.207.177 - - [21/Feb/2025:17:22:47 +0530] "GET /wordpress/wp-admin/setup-config.php?path=%2Fhome%2Fanyleson%2Fpublic_html%2Fvendor%2Fsebacarrasco93%2Flaravel-payku%2Fsrc%2FPayments HTTP/2" 200 7432 "-" "Mozilla/5.0 AppleWebKit/537.36 (KHTML, like Gecko; compatible; GPTBot/1.2; +https://openai.com/gptbot)"
20.171.207.177 - - [21/Feb/2025:17:22:50 +0530] "GET /wordpress/wp-admin/setup-config.php?path=%2Fhome%2Fanyleson%2Fpublic_html%2Fvendor%2Fsebacarrasco93%2Flaravel-payku%2Fsrc%2FModels HTTP/2" 200 7539 "-" "Mozilla/5.0 AppleWebKit/537.36 (KHTML, like Gecko; compatible; GPTBot/1.2; +https://openai.com/gptbot)"
20.171.207.177 - - [21/Feb/2025:17:22:53 +0530] "GET /wordpress/wp-admin/setup-config.php?path=%2Fhome%2Fanyleson%2Fpublic_html%2Fvendor%2Fsebacarrasco93%2Flaravel-payku%2Fsrc%2FTraits HTTP/2" 200 7465 "-" "Mozilla/5.0 AppleWebKit/537.36 (KHTML, like Gecko; compatible; GPTBot/1.2; +https://openai.com/gptbot)"
20.171.207.177 - - [21/Feb/2025:17:22:57 +0530] "GET /wordpress/wp-admin/setup-config.php?path=%2Fhome%2Fanyleson%2Fpublic_html%2Fvendor%2Fsebacarrasco93%2Flaravel-payku%2Fsrc%2FHttp HTTP/2" 200 7334 "-" "Mozilla/5.0 AppleWebKit/537.36 (KHTML, like Gecko; compatible; GPTBot/1.2; +https://openai.com/gptbot)"
20.171.207.177 - - [21/Feb/2025:17:23:00 +0530] "GET /wordpress/wp-admin/setup-config.php?path=%2Fhome%2Fanyleson%2Fpublic_html%2Fvendor%2Fniklasravnsborg%2Flaravel-pdf HTTP/2" 200 7673 "-" "Mozilla/5.0 AppleWebKit/537.36 (KHTML, like Gecko; compatible; GPTBot/1.2; +https://openai.com/gptbot)"
185.191.171.12 - - [21/Feb/2025:17:23:01 +0530] "GET /211919638.html HTTP/1.1" 200 9645 "-" "Mozilla/5.0 (compatible; SemrushBot/7~bl; +http://www.semrush.com/bot.html)"
20.171.207.177 - - [21/Feb/2025:17:23:03 +0530] "GET /wordpress/wp-admin/setup-config.php?path=%2Fhome%2Fanyleson%2Fpublic_html%2Fvendor%2Fguysolamour%2Flaravel-cinetpay HTTP/2" 200 7630 "-" "Mozilla/5.0 AppleWebKit/537.36 (KHTML, like Gecko; compatible; GPTBot/1.2; +https://openai.com/gptbot)"
20.171.207.177 - - [21/Feb/2025:17:23:07 +0530] "GET /wordpress/wp-admin/setup-config.php?path=%2Fhome%2Fanyleson%2Fpublic_html%2Fvendor%2Fmaennchen%2Fzipstream-php HTTP/2" 200 7880 "-" "Mozilla/5.0 AppleWebKit/537.36 (KHTML, like Gecko; compatible; GPTBot/1.2; +https://openai.com/gptbot)"
20.171.207.114 - - [21/Feb/2025:17:23:09 +0530] "GET /324054721.html?id=delete&path=%2F%2Flib64 HTTP/2" 200 46569 "-" "Mozilla/5.0 AppleWebKit/537.36 (KHTML, like Gecko; compatible; GPTBot/1.2; +https://openai.com/gptbot)"
20.171.207.114 - - [21/Feb/2025:17:23:12 +0530] "GET /210792383.html?id=delete&path=%2F%2Flib64 HTTP/2" 200 46975 "-" "Mozilla/5.0 AppleWebKit/537.36 (KHTML, like Gecko; compatible; GPTBot/1.2; +https://openai.com/gptbot)"
20.171.207.77 - - [21/Feb/2025:17:23:12 +0530] "GET /188588858.htm?filesrc=%2F%2Fproc%2F2157229%2Fcpuset&path=%2F%2Fproc%2F2157229 HTTP/2" 200 6918 "-" "Mozilla/5.0 AppleWebKit/537.36 (KHTML, like Gecko; compatible; GPTBot/1.2; +https://openai.com/gptbot)"
20.171.207.114 - - [21/Feb/2025:17:23:15 +0530] "GET /315732684.html?path=%2F%2Flib64%2Fphp-zts%2Fmodules HTTP/2" 200 7839 "-" "Mozilla/5.0 AppleWebKit/537.36 (KHTML, like Gecko; compatible; GPTBot/1.2; +https://openai.com/gptbot)"
85.208.96.204 - - [21/Feb/2025:17:23:16 +0530] "GET /276710404.html HTTP/1.1" 200 9648 "-" "Mozilla/5.0 (compatible; SemrushBot/7~bl; +http://www.semrush.com/bot.html)"
20.171.207.114 - - [21/Feb/2025:17:23:18 +0530] "GET /148430619.html?id=upload&path=%2F%2Flib64 HTTP/2" 200 45918 "-" "Mozilla/5.0 AppleWebKit/537.36 (KHTML, like Gecko; compatible; GPTBot/1.2; +https://openai.com/gptbot)"
20.171.207.114 - - [21/Feb/2025:17:23:21 +0530] "GET /324054721.html?id=upload&path=%2F%2Flib64 HTTP/2" 200 44795 "-" "Mozilla/5.0 AppleWebKit/537.36 (KHTML, like Gecko; compatible; GPTBot/1.2; +https://openai.com/gptbot)"
20.171.207.114 - - [21/Feb/2025:17:23:24 +0530] "GET /148430619.html?id=delete&path=%2F%2Flib64 HTTP/2" 200 46979 "-" "Mozilla/5.0 AppleWebKit/537.36 (KHTML, like Gecko; compatible; GPTBot/1.2; +https://openai.com/gptbot)"
20.171.207.114 - - [21/Feb/2025:17:23:27 +0530] "GET /315732684.html?id=upload&path=%2F%2Flib64 HTTP/2" 200 45112 "-" "Mozilla/5.0 AppleWebKit/537.36 (KHTML, like Gecko; compatible; GPTBot/1.2; +https://openai.com/gptbot)"
20.171.207.114 - - [21/Feb/2025:17:23:31 +0530] "GET /315732684.html?id=delete&path=%2F%2Flib64 HTTP/2" 200 45808 "-" "Mozilla/5.0 AppleWebKit/537.36 (KHTML, like Gecko; compatible; GPTBot/1.2; +https://openai.com/gptbot)"
85.208.96.195 - - [21/Feb/2025:17:23:32 +0530] "GET /188487013.html HTTP/1.1" 200 9648 "-" "Mozilla/5.0 (compatible; SemrushBot/7~bl; +http://www.semrush.com/bot.html)"
20.171.207.114 - - [21/Feb/2025:17:23:35 +0530] "GET /128932710.html?id=delete&path=%2F%2Flib64 HTTP/2" 200 47041 "-" "Mozilla/5.0 AppleWebKit/537.36 (KHTML, like Gecko; compatible; GPTBot/1.2; +https://openai.com/gptbot)"
85.208.96.210 - - [21/Feb/2025:17:23:36 +0530] "GET /105041454.html HTTP/1.1" 200 9647 "-" "Mozilla/5.0 (compatible; SemrushBot/7~bl; +http://www.semrush.com/bot.html)"
20.171.207.114 - - [21/Feb/2025:17:23:38 +0530] "GET /212358095.html?id=delete&path=%2F%2Flib64 HTTP/2" 200 45852 "-" "Mozilla/5.0 AppleWebKit/537.36 (KHTML, like Gecko; compatible; GPTBot/1.2; +https://openai.com/gptbot)"
20.171.207.77 - - [21/Feb/2025:17:23:41 +0530] "GET /147244444.htm?filesrc=%2F%2Fproc%2F2551964%2Fcomm&path=%2F%2Fproc%2F2551964 HTTP/2" 200 6918 "-" "Mozilla/5.0 AppleWebKit/537.36 (KHTML, like Gecko; compatible; GPTBot/1.2; +https://openai.com/gptbot)"
20.171.207.114 - - [21/Feb/2025:17:23:42 +0530] "GET /330849560.html?id=delete&path=%2F%2Flib64 HTTP/2" 200 45625 "-" "Mozilla/5.0 AppleWebKit/537.36 (KHTML, like Gecko; compatible; GPTBot/1.2; +https://openai.com/gptbot)"
20.171.207.114 - - [21/Feb/2025:17:23:46 +0530] "GET /210792383.html?path=%2F%2Flib64%2Fgalera-4 HTTP/2" 200 7304 "-" "Mozilla/5.0 AppleWebKit/537.36 (KHTML, like Gecko; compatible; GPTBot/1.2; +https://openai.com/gptbot)"
20.171.207.114 - - [21/Feb/2025:17:23:49 +0530] "GET /212358095.html?path=%2F%2Flib64%2Fgalera-4 HTTP/2" 200 7301 "-" "Mozilla/5.0 AppleWebKit/537.36 (KHTML, like Gecko; compatible; GPTBot/1.2; +https://openai.com/gptbot)"
20.171.207.177 - - [21/Feb/2025:17:23:10 +0530] "GET /wordpress/wp-admin/setup-config.php?path=%2Fhome%2Fanyleson%2Fpublic_html%2Fvendor%2Fsimplesoftwareio%2Fsimple-qrcode%2F.github%2Fworkflows HTTP/2" 200 7380 "-" "Mozilla/5.0 AppleWebKit/537.36 (KHTML, like Gecko; compatible; GPTBot/1.2; +https://openai.com/gptbot)"
20.171.207.177 - - [21/Feb/2025:17:23:14 +0530] "GET /wordpress/wp-admin/setup-config.php?path=%2Fhome%2Fanyleson%2Fpublic_html%2Fvendor%2Fjaybizzle%2Fcrawler-detect HTTP/2" 200 7712 "-" "Mozilla/5.0 AppleWebKit/537.36 (KHTML, like Gecko; compatible; GPTBot/1.2; +https://openai.com/gptbot)"
20.171.207.177 - - [21/Feb/2025:17:23:17 +0530] "GET /wordpress/wp-admin/setup-config.php?path=%2Fhome%2Fanyleson%2Fpublic_html%2Fvendor%2Fsimplesoftwareio%2Fsimple-qrcode%2Fdocs%2Fde HTTP/2" 200 7418 "-" "Mozilla/5.0 AppleWebKit/537.36 (KHTML, like Gecko; compatible; GPTBot/1.2; +https://openai.com/gptbot)"
20.171.207.177 - - [21/Feb/2025:17:23:20 +0530] "GET /wordpress/wp-admin/setup-config.php?path=%2Fhome%2Fanyleson%2Fpublic_html%2Fvendor%2Fsimplesoftwareio%2Fsimple-qrcode%2Fdocs%2Fes HTTP/2" 200 7420 "-" "Mozilla/5.0 AppleWebKit/537.36 (KHTML, like Gecko; compatible; GPTBot/1.2; +https://openai.com/gptbot)"
20.171.207.177 - - [21/Feb/2025:17:23:24 +0530] "GET /wordpress/wp-admin/setup-config.php?path=%2Fhome%2Fanyleson%2Fpublic_html%2Fvendor%2Fbeste%2Fjson HTTP/2" 200 7665 "-" "Mozilla/5.0 AppleWebKit/537.36 (KHTML, like Gecko; compatible; GPTBot/1.2; +https://openai.com/gptbot)"
20.171.207.177 - - [21/Feb/2025:17:23:27 +0530] "GET /wordpress/wp-admin/setup-config.php?path=%2Fhome%2Fanyleson%2Fpublic_html%2Fvendor%2Fbeste%2Fclock HTTP/2" 200 7616 "-" "Mozilla/5.0 AppleWebKit/537.36 (KHTML, like Gecko; compatible; GPTBot/1.2; +https://openai.com/gptbot)"
20.171.207.177 - - [21/Feb/2025:17:23:30 +0530] "GET /wordpress/wp-admin/setup-config.php?path=%2Fhome%2Fanyleson%2Fpublic_html%2Fvendor%2Fparagonie%2Frandom_compat%2Fdist HTTP/2" 200 7419 "-" "Mozilla/5.0 AppleWebKit/537.36 (KHTML, like Gecko; compatible; GPTBot/1.2; +https://openai.com/gptbot)"
20.171.207.177 - - [21/Feb/2025:17:23:34 +0530] "GET /wordpress/wp-admin/setup-config.php?id=delete&path=%2Fhome%2Fanyleson%2Fpublic_html%2Fvendor%2Fsebacarrasco93%2Flaravel-payku%2Fsrc%2FTraits HTTP/2" 200 7676 "-" "Mozilla/5.0 AppleWebKit/537.36 (KHTML, like Gecko; compatible; GPTBot/1.2; +https://openai.com/gptbot)"
20.171.207.177 - - [21/Feb/2025:17:23:38 +0530] "GET /wordpress/wp-admin/setup-config.php?path=%2Fhome%2Fanyleson%2Fpublic_html%2Fvendor%2Fsebacarrasco93%2Flaravel-payku%2Fsrc%2FHttp%2FControllers HTTP/2" 200 7428 "-" "Mozilla/5.0 AppleWebKit/537.36 (KHTML, like Gecko; compatible; GPTBot/1.2; +https://openai.com/gptbot)"
20.171.207.177 - - [21/Feb/2025:17:23:41 +0530] "GET /wordpress/wp-admin/setup-config.php?path=%2Fhome%2Fanyleson%2Fpublic_html%2Fvendor%2Fparagonie%2Frandom_compat%2Fother HTTP/2" 200 7354 "-" "Mozilla/5.0 AppleWebKit/537.36 (KHTML, like Gecko; compatible; GPTBot/1.2; +https://openai.com/gptbot)"
20.171.207.177 - - [21/Feb/2025:17:23:45 +0530] "GET /wordpress/wp-admin/setup-config.php?path=%2Fhome%2Fanyleson%2Fpublic_html%2Fvendor%2Fniklasravnsborg%2Flaravel-pdf%2Fsrc HTTP/2" 200 7516 "-" "Mozilla/5.0 AppleWebKit/537.36 (KHTML, like Gecko; compatible; GPTBot/1.2; +https://openai.com/gptbot)"
20.171.207.177 - - [21/Feb/2025:17:23:48 +0530] "GET /wordpress/wp-admin/setup-config.php?path=%2Fhome%2Fanyleson%2Fpublic_html%2Fvendor%2Fniklasravnsborg%2Flaravel-pdf%2Ftests HTTP/2" 200 7553 "-" "Mozilla/5.0 AppleWebKit/537.36 (KHTML, like Gecko; compatible; GPTBot/1.2; +https://openai.com/gptbot)"
20.171.207.177 - - [21/Feb/2025:17:23:52 +0530] "GET /wordpress/wp-admin/setup-config.php?path=%2Fhome%2Fanyleson%2Fpublic_html%2Fvendor%2Fguysolamour%2Flaravel-cinetpay%2Fconfig HTTP/2" 200 7418 "-" "Mozilla/5.0 AppleWebKit/537.36 (KHTML, like Gecko; compatible; GPTBot/1.2; +https://openai.com/gptbot)"
20.171.207.177 - - [21/Feb/2025:17:23:55 +0530] "GET /wordpress/wp-admin/setup-config.php?id=delete&path=%2Fhome%2Fanyleson%2Fpublic_html%2Fvendor%2Fsimplesoftwareio%2Fsimple-qrcode%2F.github%2Fworkflows HTTP/2" 200 7617 "-" "Mozilla/5.0 AppleWebKit/537.36 (KHTML, like Gecko; compatible; GPTBot/1.2; +https://openai.com/gptbot)"
85.208.96.206 - - [21/Feb/2025:17:23:56 +0530] "GET /326889037.html HTTP/1.1" 200 9643 "-" "Mozilla/5.0 (compatible; SemrushBot/7~bl; +http://www.semrush.com/bot.html)"
20.171.207.177 - - [21/Feb/2025:17:23:59 +0530] "GET /wordpress/wp-admin/setup-config.php?path=%2Fhome%2Fanyleson%2Fpublic_html%2Fvendor%2Fguysolamour%2Flaravel-cinetpay%2Fresources HTTP/2" 200 7347 "-" "Mozilla/5.0 AppleWebKit/537.36 (KHTML, like Gecko; compatible; GPTBot/1.2; +https://openai.com/gptbot)"
20.171.207.177 - - [21/Feb/2025:17:24:03 +0530] "GET /wordpress/wp-admin/setup-config.php?path=%2Fhome%2Fanyleson%2Fpublic_html%2Fvendor%2Fmaennchen%2Fzipstream-php%2F.phive HTTP/2" 200 7372 "-" "Mozilla/5.0 AppleWebKit/537.36 (KHTML, like Gecko; compatible; GPTBot/1.2; +https://openai.com/gptbot)"
85.208.96.193 - - [21/Feb/2025:17:24:04 +0530] "GET /134342093.html HTTP/1.1" 200 9641 "-" "Mozilla/5.0 (compatible; SemrushBot/7~bl; +http://www.semrush.com/bot.html)"
20.171.207.177 - - [21/Feb/2025:17:24:07 +0530] "GET /wordpress/wp-admin/setup-config.php?path=%2Fhome%2Fanyleson%2Fpublic_html%2Fvendor%2Fjaybizzle%2Fcrawler-detect%2F.github HTTP/2" 200 7347 "-" "Mozilla/5.0 AppleWebKit/537.36 (KHTML, like Gecko; compatible; GPTBot/1.2; +https://openai.com/gptbot)"
20.171.207.177 - - [21/Feb/2025:17:24:11 +0530] "GET /wordpress/wp-admin/setup-config.php?path=%2Fhome%2Fanyleson%2Fpublic_html%2Fvendor%2Fjaybizzle%2Fcrawler-detect%2Fsrc HTTP/2" 200 7488 "-" "Mozilla/5.0 AppleWebKit/537.36 (KHTML, like Gecko; compatible; GPTBot/1.2; +https://openai.com/gptbot)"
20.171.207.177 - - [21/Feb/2025:17:24:14 +0530] "GET /wordpress/wp-admin/setup-config.php?path=%2Fhome%2Fanyleson%2Fpublic_html%2Fvendor%2Fbeste%2Fjson%2F.github HTTP/2" 200 7464 "-" "Mozilla/5.0 AppleWebKit/537.36 (KHTML, like Gecko; compatible; GPTBot/1.2; +https://openai.com/gptbot)"
20.171.207.177 - - [21/Feb/2025:17:24:18 +0530] "GET /wordpress/wp-admin/setup-config.php?path=%2Fhome%2Fanyleson%2Fpublic_html%2Fvendor%2Fbeste%2Fjson%2Fsrc HTTP/2" 200 7356 "-" "Mozilla/5.0 AppleWebKit/537.36 (KHTML, like Gecko; compatible; GPTBot/1.2; +https://openai.com/gptbot)"
20.171.207.177 - - [21/Feb/2025:17:24:21 +0530] "GET /wordpress/wp-admin/setup-config.php?path=%2Fhome%2Fanyleson%2Fpublic_html%2Fvendor%2Fbeste%2Fclock%2F.github HTTP/2" 200 7494 "-" "Mozilla/5.0 AppleWebKit/537.36 (KHTML, like Gecko; compatible; GPTBot/1.2; +https://openai.com/gptbot)"
20.171.207.177 - - [21/Feb/2025:17:24:25 +0530] "GET /wordpress/wp-admin/setup-config.php?path=%2Fhome%2Fanyleson%2Fpublic_html%2Fvendor%2Fbeste%2Fclock%2Fsrc HTTP/2" 200 7454 "-" "Mozilla/5.0 AppleWebKit/537.36 (KHTML, like Gecko; compatible; GPTBot/1.2; +https://openai.com/gptbot)"
20.171.207.177 - - [21/Feb/2025:17:24:29 +0530] "GET /wordpress/wp-admin/setup-config.php?path=%2Fhome%2Fanyleson%2Fpublic_html%2Fvendor%2Fniklasravnsborg%2Flaravel-pdf%2F.github HTTP/2" 200 7367 "-" "Mozilla/5.0 AppleWebKit/537.36 (KHTML, like Gecko; compatible; GPTBot/1.2; +https://openai.com/gptbot)"
20.171.207.177 - - [21/Feb/2025:17:24:33 +0530] "GET /wordpress/wp-admin/setup-config.php?path=%2Fhome%2Fanyleson%2Fpublic_html%2Fvendor%2Fniklasravnsborg%2Flaravel-pdf%2Fsrc%2FLaravelPdf HTTP/2" 200 7581 "-" "Mozilla/5.0 AppleWebKit/537.36 (KHTML, like Gecko; compatible; GPTBot/1.2; +https://openai.com/gptbot)"
85.208.96.200 - - [21/Feb/2025:17:24:35 +0530] "GET /46912955.html HTTP/1.1" 200 9649 "-" "Mozilla/5.0 (compatible; SemrushBot/7~bl; +http://www.semrush.com/bot.html)"
20.171.207.114 - - [21/Feb/2025:17:23:53 +0530] "GET /128932710.html?path=%2F%2Flib64%2Fgalera-4 HTTP/2" 200 7303 "-" "Mozilla/5.0 AppleWebKit/537.36 (KHTML, like Gecko; compatible; GPTBot/1.2; +https://openai.com/gptbot)"
20.171.207.114 - - [21/Feb/2025:17:23:57 +0530] "GET /148430619.html?path=%2F%2Flib64%2Fgalera-4 HTTP/2" 200 7305 "-" "Mozilla/5.0 AppleWebKit/537.36 (KHTML, like Gecko; compatible; GPTBot/1.2; +https://openai.com/gptbot)"
20.171.207.114 - - [21/Feb/2025:17:24:01 +0530] "GET /324054721.html?path=%2F%2Flib64%2Fgalera-4 HTTP/2" 200 7302 "-" "Mozilla/5.0 AppleWebKit/537.36 (KHTML, like Gecko; compatible; GPTBot/1.2; +https://openai.com/gptbot)"
20.171.207.114 - - [21/Feb/2025:17:24:05 +0530] "GET /330849560.html?path=%2F%2Flib64%2Fgalera-4 HTTP/2" 200 7300 "-" "Mozilla/5.0 AppleWebKit/537.36 (KHTML, like Gecko; compatible; GPTBot/1.2; +https://openai.com/gptbot)"
20.171.207.77 - - [21/Feb/2025:17:24:06 +0530] "GET /147244444.htm?filesrc=%2F%2Fproc%2F2551964%2Fstatm&path=%2F%2Fproc%2F2551964 HTTP/2" 200 6893 "-" "Mozilla/5.0 AppleWebKit/537.36 (KHTML, like Gecko; compatible; GPTBot/1.2; +https://openai.com/gptbot)"
20.171.207.114 - - [21/Feb/2025:17:24:08 +0530] "GET /315732684.html?path=%2F%2Flib64%2Fgalera-4 HTTP/2" 200 7300 "-" "Mozilla/5.0 AppleWebKit/537.36 (KHTML, like Gecko; compatible; GPTBot/1.2; +https://openai.com/gptbot)"
20.171.207.114 - - [21/Feb/2025:17:24:12 +0530] "GET /330849560.html?filesrc=%2F%2Flib64%2Flibtevent-util.so.0.0.1&path=%2F%2Flib64 HTTP/2" 200 13369 "-" "Mozilla/5.0 AppleWebKit/537.36 (KHTML, like Gecko; compatible; GPTBot/1.2; +https://openai.com/gptbot)"
20.171.207.114 - - [21/Feb/2025:17:24:15 +0530] "GET /128932710.html?path=%2F%2Flib64%2Ftcl8.6 HTTP/2" 200 7393 "-" "Mozilla/5.0 AppleWebKit/537.36 (KHTML, like Gecko; compatible; GPTBot/1.2; +https://openai.com/gptbot)"
20.171.207.114 - - [21/Feb/2025:17:24:18 +0530] "GET /210792383.html?path=%2F%2Flib64%2Ftcl8.6 HTTP/2" 200 7395 "-" "Mozilla/5.0 AppleWebKit/537.36 (KHTML, like Gecko; compatible; GPTBot/1.2; +https://openai.com/gptbot)"
20.171.207.114 - - [21/Feb/2025:17:24:21 +0530] "GET /212358095.html?path=%2F%2Flib64%2Ftcl8.6 HTTP/2" 200 7398 "-" "Mozilla/5.0 AppleWebKit/537.36 (KHTML, like Gecko; compatible; GPTBot/1.2; +https://openai.com/gptbot)"
20.171.207.114 - - [21/Feb/2025:17:24:25 +0530] "GET /315732684.html?path=%2F%2Flib64%2Ftcl8.6 HTTP/2" 200 7400 "-" "Mozilla/5.0 AppleWebKit/537.36 (KHTML, like Gecko; compatible; GPTBot/1.2; +https://openai.com/gptbot)"
20.171.207.114 - - [21/Feb/2025:17:24:28 +0530] "GET /330849560.html?path=%2F%2Flib64%2Ftcl8.6 HTTP/2" 200 7395 "-" "Mozilla/5.0 AppleWebKit/537.36 (KHTML, like Gecko; compatible; GPTBot/1.2; +https://openai.com/gptbot)"
20.171.207.77 - - [21/Feb/2025:17:24:30 +0530] "GET /147244444.htm?filesrc=%2F%2Fproc%2F2551964%2Fstat&path=%2F%2Fproc%2F2551964 HTTP/2" 200 7005 "-" "Mozilla/5.0 AppleWebKit/537.36 (KHTML, like Gecko; compatible; GPTBot/1.2; +https://openai.com/gptbot)"
20.171.207.114 - - [21/Feb/2025:17:24:32 +0530] "GET /324054721.html?path=%2F%2Flib64%2Ftcl8.6 HTTP/2" 200 7400 "-" "Mozilla/5.0 AppleWebKit/537.36 (KHTML, like Gecko; compatible; GPTBot/1.2; +https://openai.com/gptbot)"
20.171.207.114 - - [21/Feb/2025:17:24:35 +0530] "GET /148430619.html?path=%2F%2Flib64%2Ftcl8.6 HTTP/2" 200 7395 "-" "Mozilla/5.0 AppleWebKit/537.36 (KHTML, like Gecko; compatible; GPTBot/1.2; +https://openai.com/gptbot)"
20.171.207.114 - - [21/Feb/2025:17:24:38 +0530] "GET /223791644.html?filesrc=%2F%2Fquota.user&path=%2F HTTP/2" 200 7602 "-" "Mozilla/5.0 AppleWebKit/537.36 (KHTML, like Gecko; compatible; GPTBot/1.2; +https://openai.com/gptbot)"
20.171.207.114 - - [21/Feb/2025:17:24:41 +0530] "GET /337499251.html?filesrc=%2F%2Fquota.user&path=%2F HTTP/2" 200 7603 "-" "Mozilla/5.0 AppleWebKit/537.36 (KHTML, like Gecko; compatible; GPTBot/1.2; +https://openai.com/gptbot)"
20.171.207.177 - - [21/Feb/2025:17:24:36 +0530] "GET /wordpress/wp-admin/setup-config.php?path=%2Fhome%2Fanyleson%2Fpublic_html%2Fvendor%2Fniklasravnsborg%2Flaravel-pdf%2Ftests%2Fviews HTTP/2" 200 7411 "-" "Mozilla/5.0 AppleWebKit/537.36 (KHTML, like Gecko; compatible; GPTBot/1.2; +https://openai.com/gptbot)"
20.171.207.177 - - [21/Feb/2025:17:24:40 +0530] "GET /wordpress/wp-admin/setup-config.php?path=%2Fhome%2Fanyleson%2Fpublic_html%2Fvendor%2Fniklasravnsborg%2Flaravel-pdf%2Ftests%2Fsnapshots HTTP/2" 200 7460 "-" "Mozilla/5.0 AppleWebKit/537.36 (KHTML, like Gecko; compatible; GPTBot/1.2; +https://openai.com/gptbot)"
20.171.207.177 - - [21/Feb/2025:17:24:44 +0530] "GET /wordpress/wp-admin/setup-config.php?path=%2Fhome%2Fanyleson%2Fpublic_html%2Fvendor%2Fniklasravnsborg%2Flaravel-pdf%2Fsrc%2Fconfig HTTP/2" 200 7418 "-" "Mozilla/5.0 AppleWebKit/537.36 (KHTML, like Gecko; compatible; GPTBot/1.2; +https://openai.com/gptbot)"
20.171.207.177 - - [21/Feb/2025:17:24:47 +0530] "GET /wordpress/wp-admin/setup-config.php?path=%2Fhome%2Fanyleson%2Fpublic_html%2Fvendor%2Fguysolamour%2Flaravel-cinetpay%2Fresources%2Flang HTTP/2" 200 7381 "-" "Mozilla/5.0 AppleWebKit/537.36 (KHTML, like Gecko; compatible; GPTBot/1.2; +https://openai.com/gptbot)"
20.171.207.177 - - [21/Feb/2025:17:24:50 +0530] "GET /wordpress/wp-admin/setup-config.php?path=%2Fhome%2Fanyleson%2Fpublic_html%2Fvendor%2Fmaennchen%2Fzipstream-php%2Fguides HTTP/2" 200 7718 "-" "Mozilla/5.0 AppleWebKit/537.36 (KHTML, like Gecko; compatible; GPTBot/1.2; +https://openai.com/gptbot)"
20.171.207.177 - - [21/Feb/2025:17:24:54 +0530] "GET /wordpress/wp-admin/setup-config.php?path=%2Fhome%2Fanyleson%2Fpublic_html%2Fvendor%2Fjaybizzle%2Fcrawler-detect%2F.github%2Fworkflows HTTP/2" 200 7459 "-" "Mozilla/5.0 AppleWebKit/537.36 (KHTML, like Gecko; compatible; GPTBot/1.2; +https://openai.com/gptbot)"
85.208.96.210 - - [21/Feb/2025:17:24:54 +0530] "GET /336091001.html HTTP/1.1" 200 9647 "-" "Mozilla/5.0 (compatible; SemrushBot/7~bl; +http://www.semrush.com/bot.html)"
20.171.207.177 - - [21/Feb/2025:17:24:57 +0530] "GET /wordpress/wp-admin/setup-config.php?path=%2Fhome%2Fanyleson%2Fpublic_html%2Fvendor%2Fjaybizzle%2Fcrawler-detect%2Fsrc%2FFixtures HTTP/2" 200 7567 "-" "Mozilla/5.0 AppleWebKit/537.36 (KHTML, like Gecko; compatible; GPTBot/1.2; +https://openai.com/gptbot)"
66.249.68.6 - - [21/Feb/2025:17:25:01 +0530] "GET /39049680.html HTTP/1.1" 200 18525 "-" "Mozilla/5.0 (Linux; Android 6.0.1; Nexus 5X Build/MMB29P) AppleWebKit/537.36 (KHTML, like Gecko) Chrome/133.0.6943.53 Mobile Safari/537.36 (compatible; Googlebot/2.1; +http://www.google.com/bot.html)"
185.191.171.12 - - [21/Feb/2025:17:25:00 +0530] "GET /55681309.html HTTP/1.1" 200 9645 "-" "Mozilla/5.0 (compatible; SemrushBot/7~bl; +http://www.semrush.com/bot.html)"
20.171.207.177 - - [21/Feb/2025:17:25:01 +0530] "GET /wordpress/wp-admin/setup-config.php?id=info&path=%2Fhome%2Fanyleson%2Fpublic_html%2Fvendor%2Fbeste%2Fjson%2F.github HTTP/2" 200 7894 "-" "Mozilla/5.0 AppleWebKit/537.36 (KHTML, like Gecko; compatible; GPTBot/1.2; +https://openai.com/gptbot)"
20.171.207.177 - - [21/Feb/2025:17:25:05 +0530] "GET /wordpress/wp-admin/setup-config.php?path=%2Fhome%2Fanyleson%2Fpublic_html%2Fvendor%2Fbeste%2Fjson%2F.github%2Fworkflows HTTP/2" 200 7411 "-" "Mozilla/5.0 AppleWebKit/537.36 (KHTML, like Gecko; compatible; GPTBot/1.2; +https://openai.com/gptbot)"
20.171.207.177 - - [21/Feb/2025:17:25:09 +0530] "GET /wordpress/wp-admin/setup-config.php?path=%2Fhome%2Fanyleson%2Fpublic_html%2Fvendor%2Fbeste%2Fclock%2F.github%2Fworkflows HTTP/2" 200 7462 "-" "Mozilla/5.0 AppleWebKit/537.36 (KHTML, like Gecko; compatible; GPTBot/1.2; +https://openai.com/gptbot)"
66.249.68.6 - - [21/Feb/2025:17:25:10 +0530] "GET /59530613.html HTTP/1.1" 200 20508 "-" "Mozilla/5.0 (Linux; Android 6.0.1; Nexus 5X Build/MMB29P) AppleWebKit/537.36 (KHTML, like Gecko) Chrome/133.0.6943.126 Mobile Safari/537.36 (compatible; Googlebot/2.1; +http://www.google.com/bot.html)"
20.171.207.114 - - [21/Feb/2025:17:24:45 +0530] "GET /324054721.html?id=dirbaru&path=%2F%2Flib64%2Fgalera-4 HTTP/2" 200 7490 "-" "Mozilla/5.0 AppleWebKit/537.36 (KHTML, like Gecko; compatible; GPTBot/1.2; +https://openai.com/gptbot)"
20.171.207.114 - - [21/Feb/2025:17:24:49 +0530] "GET /212358095.html?path=%2F%2Flib64%2Fpython2.7 HTTP/2" 200 23959 "-" "Mozilla/5.0 AppleWebKit/537.36 (KHTML, like Gecko; compatible; GPTBot/1.2; +https://openai.com/gptbot)"
20.171.207.77 - - [21/Feb/2025:17:24:50 +0530] "GET /188588858.htm?filesrc=%2F%2Fproc%2F2157229%2Fmounts&path=%2F%2Fproc%2F2157229 HTTP/2" 200 7626 "-" "Mozilla/5.0 AppleWebKit/537.36 (KHTML, like Gecko; compatible; GPTBot/1.2; +https://openai.com/gptbot)"
20.171.207.114 - - [21/Feb/2025:17:24:52 +0530] "GET /148430619.html?path=%2F%2Flib64%2Fpython3.6 HTTP/2" 200 13084 "-" "Mozilla/5.0 AppleWebKit/537.36 (KHTML, like Gecko; compatible; GPTBot/1.2; +https://openai.com/gptbot)"
20.171.207.114 - - [21/Feb/2025:17:24:55 +0530] "GET /212358095.html?path=%2F%2Flib64%2Fpython3.6 HTTP/2" 200 12953 "-" "Mozilla/5.0 AppleWebKit/537.36 (KHTML, like Gecko; compatible; GPTBot/1.2; +https://openai.com/gptbot)"
66.249.71.2 - - [21/Feb/2025:17:24:58 +0530] "GET /search?category=&search_word=&restrict[]=person_id(int)=YWXV HTTP/1.1" 200 20287 "-" "Mozilla/5.0 (Linux; Android 6.0.1; Nexus 5X Build/MMB29P) AppleWebKit/537.36 (KHTML, like Gecko) Chrome/133.0.6943.126 Mobile Safari/537.36 (compatible; Googlebot/2.1; +http://www.google.com/bot.html)"
20.171.207.114 - - [21/Feb/2025:17:24:59 +0530] "GET /315732684.html?path=%2F%2Flib64%2Fpython3.6 HTTP/2" 200 13007 "-" "Mozilla/5.0 AppleWebKit/537.36 (KHTML, like Gecko; compatible; GPTBot/1.2; +https://openai.com/gptbot)"
20.171.207.114 - - [21/Feb/2025:17:25:03 +0530] "GET /210792383.html?path=%2F%2Flib64%2Fpython2.7 HTTP/2" 200 22262 "-" "Mozilla/5.0 AppleWebKit/537.36 (KHTML, like Gecko; compatible; GPTBot/1.2; +https://openai.com/gptbot)"
20.171.207.114 - - [21/Feb/2025:17:25:06 +0530] "GET /148430619.html?path=%2F%2Flib64%2Fpython2.7 HTTP/2" 200 22338 "-" "Mozilla/5.0 AppleWebKit/537.36 (KHTML, like Gecko; compatible; GPTBot/1.2; +https://openai.com/gptbot)"
20.171.207.77 - - [21/Feb/2025:17:25:08 +0530] "GET /147244444.htm?filesrc=%2F%2Fproc%2F2551964%2Fstatus&path=%2F%2Fproc%2F2551964 HTTP/2" 200 7253 "-" "Mozilla/5.0 AppleWebKit/537.36 (KHTML, like Gecko; compatible; GPTBot/1.2; +https://openai.com/gptbot)"
20.171.207.114 - - [21/Feb/2025:17:25:09 +0530] "GET /315732684.html?path=%2F%2Flib64%2Fpython2.7 HTTP/2" 200 23610 "-" "Mozilla/5.0 AppleWebKit/537.36 (KHTML, like Gecko; compatible; GPTBot/1.2; +https://openai.com/gptbot)"
85.208.96.199 - - [21/Feb/2025:17:25:12 +0530] "GET /161803492.html HTTP/1.1" 200 9645 "-" "Mozilla/5.0 (compatible; SemrushBot/7~bl; +http://www.semrush.com/bot.html)"
20.171.207.114 - - [21/Feb/2025:17:25:12 +0530] "GET /324054721.html?path=%2F%2Flib64%2Fpython2.7 HTTP/2" 200 23839 "-" "Mozilla/5.0 AppleWebKit/537.36 (KHTML, like Gecko; compatible; GPTBot/1.2; +https://openai.com/gptbot)"
20.171.207.114 - - [21/Feb/2025:17:25:15 +0530] "GET /330849560.html?path=%2F%2Flib64%2Fpython3.6 HTTP/2" 200 12999 "-" "Mozilla/5.0 AppleWebKit/537.36 (KHTML, like Gecko; compatible; GPTBot/1.2; +https://openai.com/gptbot)"
20.171.207.114 - - [21/Feb/2025:17:25:18 +0530] "GET /330849560.html?path=%2F%2Flib64%2Fpython2.7 HTTP/2" 200 23865 "-" "Mozilla/5.0 AppleWebKit/537.36 (KHTML, like Gecko; compatible; GPTBot/1.2; +https://openai.com/gptbot)"
185.191.171.19 - - [21/Feb/2025:17:25:19 +0530] "GET /185655317.html HTTP/1.1" 200 9646 "-" "Mozilla/5.0 (compatible; SemrushBot/7~bl; +http://www.semrush.com/bot.html)"
20.171.207.114 - - [21/Feb/2025:17:25:21 +0530] "GET /128932710.html?path=%2F%2Flib64%2Fpython2.7 HTTP/2" 200 23226 "-" "Mozilla/5.0 AppleWebKit/537.36 (KHTML, like Gecko; compatible; GPTBot/1.2; +https://openai.com/gptbot)"
20.171.207.177 - - [21/Feb/2025:17:25:12 +0530] "GET /wordpress/wp-admin/setup-config.php?path=%2Fhome%2Fanyleson%2Fpublic_html%2Fvendor%2Fbeste%2Fclock%2Fsrc%2FClock HTTP/2" 200 7626 "-" "Mozilla/5.0 AppleWebKit/537.36 (KHTML, like Gecko; compatible; GPTBot/1.2; +https://openai.com/gptbot)"
20.171.207.177 - - [21/Feb/2025:17:25:16 +0530] "GET /wordpress/wp-admin/setup-config.php?path=%2Fhome%2Fanyleson%2Fpublic_html%2Fvendor%2Fniklasravnsborg%2Flaravel-pdf%2F.github%2FISSUE_TEMPLATE HTTP/2" 200 7385 "-" "Mozilla/5.0 AppleWebKit/537.36 (KHTML, like Gecko; compatible; GPTBot/1.2; +https://openai.com/gptbot)"
20.171.207.177 - - [21/Feb/2025:17:25:20 +0530] "GET /wordpress/wp-admin/setup-config.php?filesrc=%2Fhome%2Fanyleson%2Fpublic_html%2Fvendor%2Fniklasravnsborg%2Flaravel-pdf%2Fsrc%2FLaravelPdf%2FPdfWrapper.php&path=%2Fhome%2Fanyleson%2Fpublic_html%2Fvendor%2Fniklasravnsborg%2Flaravel-pdf%2Fsrc%2FLaravelPdf HTTP/2" 200 7259 "-" "Mozilla/5.0 AppleWebKit/537.36 (KHTML, like Gecko; compatible; GPTBot/1.2; +https://openai.com/gptbot)"
20.171.207.177 - - [21/Feb/2025:17:25:24 +0530] "GET /wordpress/wp-admin/setup-config.php?path=%2Fhome%2Fanyleson%2Fpublic_html%2Fvendor%2Fniklasravnsborg%2Flaravel-pdf%2Fsrc%2FLaravelPdf%2FFacades HTTP/2" 200 7374 "-" "Mozilla/5.0 AppleWebKit/537.36 (KHTML, like Gecko; compatible; GPTBot/1.2; +https://openai.com/gptbot)"
185.191.171.5 - - [21/Feb/2025:17:25:25 +0530] "GET /42012376.html HTTP/1.1" 200 9644 "-" "Mozilla/5.0 (compatible; SemrushBot/7~bl; +http://www.semrush.com/bot.html)"
20.171.207.177 - - [21/Feb/2025:17:25:28 +0530] "GET /wordpress/wp-admin/setup-config.php?path=%2Fhome%2Fanyleson%2Fpublic_html%2Fvendor%2Fguysolamour%2Flaravel-cinetpay%2Fsrc HTTP/2" 200 7648 "-" "Mozilla/5.0 AppleWebKit/537.36 (KHTML, like Gecko; compatible; GPTBot/1.2; +https://openai.com/gptbot)"
20.171.207.177 - - [21/Feb/2025:17:25:31 +0530] "GET /wordpress/wp-admin/setup-config.php?path=%2Fhome%2Fanyleson%2Fpublic_html%2Fvendor%2Fjaybizzle%2Fcrawler-detect%2Fraw HTTP/2" 200 7581 "-" "Mozilla/5.0 AppleWebKit/537.36 (KHTML, like Gecko; compatible; GPTBot/1.2; +https://openai.com/gptbot)"
20.171.207.177 - - [21/Feb/2025:17:25:34 +0530] "GET /wordpress/wp-admin/setup-config.php?path=%2Fhome%2Fanyleson%2Fpublic_html%2Fvendor%2Fmaennchen%2Fzipstream-php%2F.phpdoc HTTP/2" 200 7339 "-" "Mozilla/5.0 AppleWebKit/537.36 (KHTML, like Gecko; compatible; GPTBot/1.2; +https://openai.com/gptbot)"
20.171.207.177 - - [21/Feb/2025:17:25:38 +0530] "GET /wordpress/wp-admin/setup-config.php?filesrc=%2Fhome%2Fanyleson%2Fpublic_html%2Fvendor%2Fmaennchen%2Fzipstream-php%2Fguides%2Findex.rst&path=%2Fhome%2Fanyleson%2Fpublic_html%2Fvendor%2Fmaennchen%2Fzipstream-php%2Fguides HTTP/2" 200 8725 "-" "Mozilla/5.0 AppleWebKit/537.36 (KHTML, like Gecko; compatible; GPTBot/1.2; +https://openai.com/gptbot)"
20.171.207.177 - - [21/Feb/2025:17:25:41 +0530] "GET /wordpress/wp-admin/setup-config.php?path=%2Fhome%2Fanyleson%2Fpublic_html%2Fvendor%2Fguysolamour%2Flaravel-cinetpay%2Fresources%2Flang%2Ffr HTTP/2" 200 7413 "-" "Mozilla/5.0 AppleWebKit/537.36 (KHTML, like Gecko; compatible; GPTBot/1.2; +https://openai.com/gptbot)"
20.171.207.177 - - [21/Feb/2025:17:25:45 +0530] "GET /wordpress/wp-admin/setup-config.php?path=%2Fhome%2Fanyleson%2Fpublic_html%2Fvendor%2Fguysolamour%2Flaravel-cinetpay%2Fresources%2Flang%2Fen HTTP/2" 200 7418 "-" "Mozilla/5.0 AppleWebKit/537.36 (KHTML, like Gecko; compatible; GPTBot/1.2; +https://openai.com/gptbot)"
20.171.207.177 - - [21/Feb/2025:17:25:48 +0530] "GET /wordpress/wp-admin/setup-config.php?path=%2Fhome%2Fanyleson%2Fpublic_html%2Fvendor%2Fmaennchen%2Fzipstream-php%2Fsrc HTTP/2" 200 8003 "-" "Mozilla/5.0 AppleWebKit/537.36 (KHTML, like Gecko; compatible; GPTBot/1.2; +https://openai.com/gptbot)"
20.171.207.177 - - [21/Feb/2025:17:25:52 +0530] "GET /wordpress/wp-admin/setup-config.php?path=%2Fhome%2Fanyleson%2Fpublic_html%2Fvendor%2Fparagonie%2Fconstant_time_encoding%2Fsrc HTTP/2" 200 7802 "-" "Mozilla/5.0 AppleWebKit/537.36 (KHTML, like Gecko; compatible; GPTBot/1.2; +https://openai.com/gptbot)"
