20.171.207.177 - - [21/Feb/2025:18:19:57 +0530] "GET /wordpress/wp-admin/setup-config.php?path=%2Fhome%2Fanyleson%2Fpublic_html%2Fvendor%2Fspatie%2Flaravel-ignition HTTP/2" 200 7582 "-" "Mozilla/5.0 AppleWebKit/537.36 (KHTML, like Gecko; compatible; GPTBot/1.2; +https://openai.com/gptbot)"
65.108.203.133 - - [21/Feb/2025:18:19:58 +0530] "GET /?filesrc=//proc/2545/task/2545/mountinfo&path=//proc/2545/task/2545 HTTP/1.1" 200 21060 "-" "Mozilla/5.0 (compatible; MJ12bot/v1.4.8; http://mj12bot.com/)"
20.171.207.177 - - [21/Feb/2025:18:20:02 +0530] "GET /wordpress/wp-admin/setup-config.php?path=%2Fhome%2Fanyleson%2Fpublic_html%2Fvendor%2Fsebastian%2Frecursion-context%2Fsrc HTTP/2" 200 7512 "-" "Mozilla/5.0 AppleWebKit/537.36 (KHTML, like Gecko; compatible; GPTBot/1.2; +https://openai.com/gptbot)"
65.108.203.133 - - [21/Feb/2025:18:20:03 +0530] "GET /?filesrc=//proc/2545/task/2545/mounts&path=//proc/2545/task/2545 HTTP/1.1" 200 20569 "-" "Mozilla/5.0 (compatible; MJ12bot/v1.4.8; http://mj12bot.com/)"
66.249.66.8 - - [21/Feb/2025:18:20:07 +0530] "GET /168071187.html HTTP/1.1" 200 18989 "-" "Mozilla/5.0 (Linux; Android 6.0.1; Nexus 5X Build/MMB29P) AppleWebKit/537.36 (KHTML, like Gecko) Chrome/133.0.6943.126 Mobile Safari/537.36 (compatible; Googlebot/2.1; +http://www.google.com/bot.html)"
20.171.207.177 - - [21/Feb/2025:18:20:06 +0530] "GET /wordpress/wp-admin/setup-config.php?path=%2Fhome%2Fanyleson%2Fpublic_html%2Fvendor%2Fsebastian%2Fcomplexity%2F.psalm HTTP/2" 200 7374 "-" "Mozilla/5.0 AppleWebKit/537.36 (KHTML, like Gecko; compatible; GPTBot/1.2; +https://openai.com/gptbot)"
20.171.207.177 - - [21/Feb/2025:18:20:10 +0530] "GET /wordpress/wp-admin/setup-config.php?path=%2Fhome%2Fanyleson%2Fpublic_html%2Fvendor%2Fspatie%2Fcalendar-links%2Fsrc%2FGenerators HTTP/2" 200 7590 "-" "Mozilla/5.0 AppleWebKit/537.36 (KHTML, like Gecko; compatible; GPTBot/1.2; +https://openai.com/gptbot)"
65.108.203.133 - - [21/Feb/2025:18:20:09 +0530] "GET /?filesrc=//proc/2545/task/2545/numa_maps&path=//proc/2545/task/2545 HTTP/1.1" 200 19816 "-" "Mozilla/5.0 (compatible; MJ12bot/v1.4.8; http://mj12bot.com/)"
20.171.207.177 - - [21/Feb/2025:18:20:15 +0530] "GET /wordpress/wp-admin/setup-config.php?path=%2Fhome%2Fanyleson%2Fpublic_html%2Fvendor%2Fsebastian%2Fcomplexity%2Fsrc%2FComplexity HTTP/2" 200 7514 "-" "Mozilla/5.0 AppleWebKit/537.36 (KHTML, like Gecko; compatible; GPTBot/1.2; +https://openai.com/gptbot)"
65.108.203.133 - - [21/Feb/2025:18:20:14 +0530] "GET /?filesrc=//proc/2545/task/2545/oom_adj&path=//proc/2545/task/2545 HTTP/1.1" 200 20054 "-" "Mozilla/5.0 (compatible; MJ12bot/v1.4.8; http://mj12bot.com/)"
20.171.207.177 - - [21/Feb/2025:18:20:19 +0530] "GET /wordpress/wp-admin/setup-config.php?path=%2Fhome%2Fanyleson%2Fpublic_html%2Fvendor%2Fsebastian%2Fcomplexity%2Fsrc%2FVisitor HTTP/2" 200 7420 "-" "Mozilla/5.0 AppleWebKit/537.36 (KHTML, like Gecko; compatible; GPTBot/1.2; +https://openai.com/gptbot)"
65.108.203.133 - - [21/Feb/2025:18:20:19 +0530] "GET /?filesrc=//proc/2545/task/2545/oom_score&path=//proc/2545/task/2545 HTTP/1.1" 200 19972 "-" "Mozilla/5.0 (compatible; MJ12bot/v1.4.8; http://mj12bot.com/)"
20.171.207.177 - - [21/Feb/2025:18:20:22 +0530] "GET /wordpress/wp-admin/setup-config.php?path=%2Fhome%2Fanyleson%2Fpublic_html%2Fvendor%2Fsebastian%2Fcomplexity%2Fsrc%2FException HTTP/2" 200 7435 "-" "Mozilla/5.0 AppleWebKit/537.36 (KHTML, like Gecko; compatible; GPTBot/1.2; +https://openai.com/gptbot)"
20.171.207.77 - - [21/Feb/2025:18:20:06 +0530] "GET /188588858.htm?filesrc=%2F%2Fetc%2Fphp.d%2F20-ctype.ini&path=%2F%2Fetc%2Fphp.d HTTP/2" 200 6890 "-" "Mozilla/5.0 AppleWebKit/537.36 (KHTML, like Gecko; compatible; GPTBot/1.2; +https://openai.com/gptbot)"
20.171.207.114 - - [21/Feb/2025:18:20:09 +0530] "GET /322751140.html?path=%2F%2Flib64%2Fdovecot HTTP/2" 200 9135 "-" "Mozilla/5.0 AppleWebKit/537.36 (KHTML, like Gecko; compatible; GPTBot/1.2; +https://openai.com/gptbot)"
20.171.207.77 - - [21/Feb/2025:18:20:10 +0530] "GET /188588858.htm?filesrc=%2F%2Fetc%2Fphp.d%2F20-exif.ini&path=%2F%2Fetc%2Fphp.d HTTP/2" 200 6938 "-" "Mozilla/5.0 AppleWebKit/537.36 (KHTML, like Gecko; compatible; GPTBot/1.2; +https://openai.com/gptbot)"
20.171.207.114 - - [21/Feb/2025:18:20:13 +0530] "GET /230759403.html?path=%2F%2Flib64%2Fxtables HTTP/2" 200 10465 "-" "Mozilla/5.0 AppleWebKit/537.36 (KHTML, like Gecko; compatible; GPTBot/1.2; +https://openai.com/gptbot)"
20.171.207.77 - - [21/Feb/2025:18:20:14 +0530] "GET /188588858.htm?filesrc=%2F%2Fetc%2Fpam.d%2Fsu&path=%2F%2Fetc%2Fpam.d HTTP/2" 200 7091 "-" "Mozilla/5.0 AppleWebKit/537.36 (KHTML, like Gecko; compatible; GPTBot/1.2; +https://openai.com/gptbot)"
20.171.207.114 - - [21/Feb/2025:18:20:15 +0530] "GET /346012679.html?path=%2F%2Flib64%2Fxtables HTTP/2" 200 10473 "-" "Mozilla/5.0 AppleWebKit/537.36 (KHTML, like Gecko; compatible; GPTBot/1.2; +https://openai.com/gptbot)"
20.171.207.77 - - [21/Feb/2025:18:20:17 +0530] "GET /188588858.htm?filesrc=%2F%2Fetc%2Fphp.d%2F20-curl.ini&path=%2F%2Fetc%2Fphp.d HTTP/2" 200 6938 "-" "Mozilla/5.0 AppleWebKit/537.36 (KHTML, like Gecko; compatible; GPTBot/1.2; +https://openai.com/gptbot)"
20.171.207.114 - - [21/Feb/2025:18:20:18 +0530] "GET /346012679.html?path=%2F%2Flib64%2Fgettext HTTP/2" 200 7482 "-" "Mozilla/5.0 AppleWebKit/537.36 (KHTML, like Gecko; compatible; GPTBot/1.2; +https://openai.com/gptbot)"
20.171.207.77 - - [21/Feb/2025:18:20:20 +0530] "GET /188588858.htm?filesrc=%2F%2Fetc%2Fphp.d%2F50-redis.ini&path=%2F%2Fetc%2Fphp.d HTTP/2" 200 7428 "-" "Mozilla/5.0 AppleWebKit/537.36 (KHTML, like Gecko; compatible; GPTBot/1.2; +https://openai.com/gptbot)"
20.171.207.114 - - [21/Feb/2025:18:20:21 +0530] "GET /339482067.html?path=%2F%2Flib64%2Fgettext HTTP/2" 200 7478 "-" "Mozilla/5.0 AppleWebKit/537.36 (KHTML, like Gecko; compatible; GPTBot/1.2; +https://openai.com/gptbot)"
20.171.207.77 - - [21/Feb/2025:18:20:24 +0530] "GET /188588858.htm?filesrc=%2F%2Fetc%2Fpam.d%2Fatd&path=%2F%2Fetc%2Fpam.d HTTP/2" 200 6978 "-" "Mozilla/5.0 AppleWebKit/537.36 (KHTML, like Gecko; compatible; GPTBot/1.2; +https://openai.com/gptbot)"
20.171.207.114 - - [21/Feb/2025:18:20:24 +0530] "GET /346012679.html?path=%2F%2Flib64%2Fgssproxy HTTP/2" 200 7321 "-" "Mozilla/5.0 AppleWebKit/537.36 (KHTML, like Gecko; compatible; GPTBot/1.2; +https://openai.com/gptbot)"
20.171.207.77 - - [21/Feb/2025:18:20:26 +0530] "GET /147244444.htm?filesrc=%2F%2Fsbin%2Fvgexport&path=%2F%2Fsbin HTTP/2" 200 1014459 "-" "Mozilla/5.0 AppleWebKit/537.36 (KHTML, like Gecko; compatible; GPTBot/1.2; +https://openai.com/gptbot)"
20.171.207.114 - - [21/Feb/2025:18:20:27 +0530] "GET /230759403.html?path=%2F%2Flib64%2Fsecurity HTTP/2" 200 9217 "-" "Mozilla/5.0 AppleWebKit/537.36 (KHTML, like Gecko; compatible; GPTBot/1.2; +https://openai.com/gptbot)"
185.191.171.16 - - [21/Feb/2025:18:20:26 +0530] "GET /50618159.html HTTP/1.1" 200 9647 "-" "Mozilla/5.0 (compatible; SemrushBot/7~bl; +http://www.semrush.com/bot.html)"
20.171.207.77 - - [21/Feb/2025:18:20:29 +0530] "GET /147244444.htm?filesrc=%2F%2Fsbin%2Fgroupadd&path=%2F%2Fsbin HTTP/2" 200 41760 "-" "Mozilla/5.0 AppleWebKit/537.36 (KHTML, like Gecko; compatible; GPTBot/1.2; +https://openai.com/gptbot)"
20.171.207.114 - - [21/Feb/2025:18:20:29 +0530] "GET /230759403.html?filesrc=%2F%2Flib64%2Fpython2.7%2Fmultiprocessing%2Fsynchronize.pyc&path=%2F%2Flib64%2Fpython2.7%2Fmultiprocessing HTTP/2" 200 10383 "-" "Mozilla/5.0 AppleWebKit/537.36 (KHTML, like Gecko; compatible; GPTBot/1.2; +https://openai.com/gptbot)"
65.108.203.133 - - [21/Feb/2025:18:20:24 +0530] "GET /?filesrc=//proc/2545/task/2545/oom_score_adj&path=//proc/2545/task/2545 HTTP/1.1" 200 19961 "-" "Mozilla/5.0 (compatible; MJ12bot/v1.4.8; http://mj12bot.com/)"
20.171.207.177 - - [21/Feb/2025:18:20:25 +0530] "GET /wordpress/wp-admin/setup-config.php?path=%2Fhome%2Fanyleson%2Fpublic_html%2Fvendor%2Fspatie%2Fcalendar-links%2Fsrc%2FExceptions HTTP/2" 200 7364 "-" "Mozilla/5.0 AppleWebKit/537.36 (KHTML, like Gecko; compatible; GPTBot/1.2; +https://openai.com/gptbot)"
20.171.207.177 - - [21/Feb/2025:18:20:29 +0530] "GET /wordpress/wp-admin/setup-config.php?path=%2Fhome%2Fanyleson%2Fpublic_html%2Fvendor%2Fsebastian%2Flines-of-code%2Fsrc HTTP/2" 200 7566 "-" "Mozilla/5.0 AppleWebKit/537.36 (KHTML, like Gecko; compatible; GPTBot/1.2; +https://openai.com/gptbot)"
65.108.203.133 - - [21/Feb/2025:18:20:29 +0530] "GET /?filesrc=//proc/2545/task/2545/pagemap&path=//proc/2545/task/2545 HTTP/1.1" 200 19966 "-" "Mozilla/5.0 (compatible; MJ12bot/v1.4.8; http://mj12bot.com/)"
20.171.207.177 - - [21/Feb/2025:18:20:32 +0530] "GET /wordpress/wp-admin/setup-config.php?filesrc=%2Fhome%2Fanyleson%2Fpublic_html%2Fvendor%2Fsebastian%2Fobject-reflector%2F.psalm%2Fbaseline.xml&path=%2Fhome%2Fanyleson%2Fpublic_html%2Fvendor%2Fsebastian%2Fobject-reflector%2F.psalm HTTP/2" 200 7145 "-" "Mozilla/5.0 AppleWebKit/537.36 (KHTML, like Gecko; compatible; GPTBot/1.2; +https://openai.com/gptbot)"
20.171.207.177 - - [21/Feb/2025:18:20:35 +0530] "GET /wordpress/wp-admin/setup-config.php?path=%2Fhome%2Fanyleson%2Fpublic_html%2Fvendor%2Fspatie%2Flaravel-google-calendar%2F.github%2Fworkflows HTTP/2" 200 7537 "-" "Mozilla/5.0 AppleWebKit/537.36 (KHTML, like Gecko; compatible; GPTBot/1.2; +https://openai.com/gptbot)"
85.208.96.209 - - [21/Feb/2025:18:20:35 +0530] "GET /337214850.html HTTP/1.1" 200 9648 "-" "Mozilla/5.0 (compatible; SemrushBot/7~bl; +http://www.semrush.com/bot.html)"
65.108.203.133 - - [21/Feb/2025:18:20:35 +0530] "GET /?filesrc=//proc/2545/task/2546/cmdline&path=//proc/2545/task/2546 HTTP/1.1" 200 20032 "-" "Mozilla/5.0 (compatible; MJ12bot/v1.4.8; http://mj12bot.com/)"
20.171.207.177 - - [21/Feb/2025:18:20:38 +0530] "GET /wordpress/wp-admin/setup-config.php?path=%2Fhome%2Fanyleson%2Fpublic_html%2Fvendor%2Fsebastian%2Flines-of-code%2F.psalm HTTP/2" 200 7376 "-" "Mozilla/5.0 AppleWebKit/537.36 (KHTML, like Gecko; compatible; GPTBot/1.2; +https://openai.com/gptbot)"
65.108.203.133 - - [21/Feb/2025:18:20:40 +0530] "GET /?filesrc=//proc/2545/task/2546/comm&path=//proc/2545/task/2546 HTTP/1.1" 200 19993 "-" "Mozilla/5.0 (compatible; MJ12bot/v1.4.8; http://mj12bot.com/)"
20.171.207.177 - - [21/Feb/2025:18:20:41 +0530] "GET /wordpress/wp-admin/setup-config.php?path=%2Fhome%2Fanyleson%2Fpublic_html%2Fvendor%2Fspatie%2Fbacktrace%2Fsrc HTTP/2" 200 7646 "-" "Mozilla/5.0 AppleWebKit/537.36 (KHTML, like Gecko; compatible; GPTBot/1.2; +https://openai.com/gptbot)"
20.171.207.177 - - [21/Feb/2025:18:20:45 +0530] "GET /wordpress/wp-admin/setup-config.php?path=%2Fhome%2Fanyleson%2Fpublic_html%2Fvendor%2Fspatie%2Flaravel-ignition%2Fconfig HTTP/2" 200 7411 "-" "Mozilla/5.0 AppleWebKit/537.36 (KHTML, like Gecko; compatible; GPTBot/1.2; +https://openai.com/gptbot)"
65.108.203.133 - - [21/Feb/2025:18:20:45 +0530] "GET /?filesrc=//proc/2545/task/2546/cpuset&path=//proc/2545/task/2546 HTTP/1.1" 200 20049 "-" "Mozilla/5.0 (compatible; MJ12bot/v1.4.8; http://mj12bot.com/)"
20.171.207.177 - - [21/Feb/2025:18:20:49 +0530] "GET /wordpress/wp-admin/setup-config.php?path=%2Fhome%2Fanyleson%2Fpublic_html%2Fvendor%2Fspatie%2Flaravel-ignition%2Fsrc HTTP/2" 200 7868 "-" "Mozilla/5.0 AppleWebKit/537.36 (KHTML, like Gecko; compatible; GPTBot/1.2; +https://openai.com/gptbot)"
65.108.203.133 - - [21/Feb/2025:18:20:50 +0530] "GET /?filesrc=//proc/2545/task/2577/stack&path=//proc/2545/task/2577 HTTP/1.1" 200 19977 "-" "Mozilla/5.0 (compatible; MJ12bot/v1.4.8; http://mj12bot.com/)"
20.171.207.77 - - [21/Feb/2025:18:20:32 +0530] "GET /147244444.htm?filesrc=%2F%2Fsbin%2Fgroupmod&path=%2F%2Fsbin HTTP/2" 200 42925 "-" "Mozilla/5.0 AppleWebKit/537.36 (KHTML, like Gecko; compatible; GPTBot/1.2; +https://openai.com/gptbot)"
20.171.207.114 - - [21/Feb/2025:18:20:32 +0530] "GET /346012679.html?path=%2F%2Flib64%2Fsecurity HTTP/2" 200 9220 "-" "Mozilla/5.0 AppleWebKit/537.36 (KHTML, like Gecko; compatible; GPTBot/1.2; +https://openai.com/gptbot)"
20.171.207.77 - - [21/Feb/2025:18:20:35 +0530] "GET /147244444.htm?filesrc=%2F%2Fsbin%2Fblockdev&path=%2F%2Fsbin HTTP/2" 200 22829 "-" "Mozilla/5.0 AppleWebKit/537.36 (KHTML, like Gecko; compatible; GPTBot/1.2; +https://openai.com/gptbot)"
20.171.207.114 - - [21/Feb/2025:18:20:35 +0530] "GET /339482067.html?path=%2F%2Flib64%2Fsecurity HTTP/2" 200 9227 "-" "Mozilla/5.0 AppleWebKit/537.36 (KHTML, like Gecko; compatible; GPTBot/1.2; +https://openai.com/gptbot)"
20.171.207.114 - - [21/Feb/2025:18:20:38 +0530] "GET /346012679.html?path=%2F%2Flib64%2Ftk8.6 HTTP/2" 200 7316 "-" "Mozilla/5.0 AppleWebKit/537.36 (KHTML, like Gecko; compatible; GPTBot/1.2; +https://openai.com/gptbot)"
20.171.207.77 - - [21/Feb/2025:18:20:38 +0530] "GET /188588858.htm?filesrc=%2F%2Fetc%2Flogrotate.d%2Fsupervisor&path=%2F%2Fetc%2Flogrotate.d HTTP/2" 200 6980 "-" "Mozilla/5.0 AppleWebKit/537.36 (KHTML, like Gecko; compatible; GPTBot/1.2; +https://openai.com/gptbot)"
20.171.207.114 - - [21/Feb/2025:18:20:42 +0530] "GET /339482067.html?path=%2F%2Flib64%2Ftk8.6 HTTP/2" 200 7315 "-" "Mozilla/5.0 AppleWebKit/537.36 (KHTML, like Gecko; compatible; GPTBot/1.2; +https://openai.com/gptbot)"
20.171.207.77 - - [21/Feb/2025:18:20:42 +0530] "GET /188588858.htm?filesrc=%2F%2Fetc%2Flogrotate.d%2Fredis&path=%2F%2Fetc%2Flogrotate.d HTTP/2" 200 6981 "-" "Mozilla/5.0 AppleWebKit/537.36 (KHTML, like Gecko; compatible; GPTBot/1.2; +https://openai.com/gptbot)"
20.171.207.114 - - [21/Feb/2025:18:20:44 +0530] "GET /322751140.html?path=%2F%2Flib64%2Fapr-1 HTTP/2" 200 7228 "-" "Mozilla/5.0 AppleWebKit/537.36 (KHTML, like Gecko; compatible; GPTBot/1.2; +https://openai.com/gptbot)"
20.171.207.77 - - [21/Feb/2025:18:20:45 +0530] "GET /188588858.htm?filesrc=%2F%2Fetc%2Flogrotate.d%2Fchrony&path=%2F%2Fetc%2Flogrotate.d HTTP/2" 200 7011 "-" "Mozilla/5.0 AppleWebKit/537.36 (KHTML, like Gecko; compatible; GPTBot/1.2; +https://openai.com/gptbot)"
20.171.207.114 - - [21/Feb/2025:18:20:47 +0530] "GET /322751140.html?filesrc=%2F%2Flib64%2Fxtables%2Flibebt_pkttype.so&path=%2F%2Flib64%2Fxtables HTTP/2" 200 10676 "-" "Mozilla/5.0 AppleWebKit/537.36 (KHTML, like Gecko; compatible; GPTBot/1.2; +https://openai.com/gptbot)"
20.171.207.77 - - [21/Feb/2025:18:20:48 +0530] "GET /188588858.htm?filesrc=%2F%2Fetc%2Flogrotate.d%2Fnamed&path=%2F%2Fetc%2Flogrotate.d HTTP/2" 200 6897 "-" "Mozilla/5.0 AppleWebKit/537.36 (KHTML, like Gecko; compatible; GPTBot/1.2; +https://openai.com/gptbot)"
20.171.207.114 - - [21/Feb/2025:18:20:50 +0530] "GET /322751140.html?filesrc=%2F%2Flib64%2Fxtables%2Flibxt_MARK.so&path=%2F%2Flib64%2Fxtables HTTP/2" 200 12021 "-" "Mozilla/5.0 AppleWebKit/537.36 (KHTML, like Gecko; compatible; GPTBot/1.2; +https://openai.com/gptbot)"
20.171.207.77 - - [21/Feb/2025:18:20:51 +0530] "GET /188588858.htm?filesrc=%2F%2Fetc%2Flogrotate.d%2Fsamba&path=%2F%2Fetc%2Flogrotate.d HTTP/2" 200 6991 "-" "Mozilla/5.0 AppleWebKit/537.36 (KHTML, like Gecko; compatible; GPTBot/1.2; +https://openai.com/gptbot)"
20.171.207.114 - - [21/Feb/2025:18:20:53 +0530] "GET /230759403.html?filesrc=%2F%2Flib64%2Fxtables%2Flibipt_DNAT.so&path=%2F%2Flib64%2Fxtables HTTP/2" 200 12991 "-" "Mozilla/5.0 AppleWebKit/537.36 (KHTML, like Gecko; compatible; GPTBot/1.2; +https://openai.com/gptbot)"
20.171.207.77 - - [21/Feb/2025:18:20:54 +0530] "GET /188588858.htm?filesrc=%2F%2Fetc%2Flogrotate.d%2Fpsacct&path=%2F%2Fetc%2Flogrotate.d HTTP/2" 200 7059 "-" "Mozilla/5.0 AppleWebKit/537.36 (KHTML, like Gecko; compatible; GPTBot/1.2; +https://openai.com/gptbot)"
20.171.207.177 - - [21/Feb/2025:18:20:53 +0530] "GET /wordpress/wp-admin/setup-config.php?path=%2Fhome%2Fanyleson%2Fpublic_html%2Fvendor%2Fspatie%2Flaravel-google-calendar%2Fsrc HTTP/2" 200 7643 "-" "Mozilla/5.0 AppleWebKit/537.36 (KHTML, like Gecko; compatible; GPTBot/1.2; +https://openai.com/gptbot)"
85.208.96.198 - - [21/Feb/2025:18:20:56 +0530] "GET /335146360.html HTTP/1.1" 200 9644 "-" "Mozilla/5.0 (compatible; SemrushBot/7~bl; +http://www.semrush.com/bot.html)"
65.108.203.133 - - [21/Feb/2025:18:20:55 +0530] "GET /?filesrc=//proc/2545/task/2577/statm&path=//proc/2545/task/2577 HTTP/1.1" 200 20085 "-" "Mozilla/5.0 (compatible; MJ12bot/v1.4.8; http://mj12bot.com/)"
85.208.96.206 - - [21/Feb/2025:18:20:59 +0530] "GET /robots.txt HTTP/1.1" 200 24 "-" "Mozilla/5.0 (compatible; SemrushBot/7~bl; +http://www.semrush.com/bot.html)"
20.171.207.177 - - [21/Feb/2025:18:20:57 +0530] "GET /wordpress/wp-admin/setup-config.php?path=%2Fhome%2Fanyleson%2Fpublic_html%2Fvendor%2Fsebastian%2Fobject-enumerator%2F.psalm HTTP/2" 200 7422 "-" "Mozilla/5.0 AppleWebKit/537.36 (KHTML, like Gecko; compatible; GPTBot/1.2; +https://openai.com/gptbot)"
20.171.207.177 - - [21/Feb/2025:18:21:01 +0530] "GET /wordpress/wp-admin/setup-config.php?path=%2Fhome%2Fanyleson%2Fpublic_html%2Fvendor%2Fsebastian%2Fcode-unit-reverse-lookup%2Fsrc HTTP/2" 200 7408 "-" "Mozilla/5.0 AppleWebKit/537.36 (KHTML, like Gecko; compatible; GPTBot/1.2; +https://openai.com/gptbot)"
65.108.203.133 - - [21/Feb/2025:18:21:01 +0530] "GET /?filesrc=//proc/2545/task/2577/syscall&path=//proc/2545/task/2577 HTTP/1.1" 200 20088 "-" "Mozilla/5.0 (compatible; MJ12bot/v1.4.8; http://mj12bot.com/)"
185.191.171.2 - - [21/Feb/2025:18:21:04 +0530] "GET /98107755.html HTTP/1.1" 200 9647 "-" "Mozilla/5.0 (compatible; SemrushBot/7~bl; +http://www.semrush.com/bot.html)"
20.171.207.177 - - [21/Feb/2025:18:21:05 +0530] "GET /wordpress/wp-admin/setup-config.php?path=%2Fhome%2Fanyleson%2Fpublic_html%2Fvendor%2Fsebastian%2Fcli-parser%2Fsrc HTTP/2" 200 7470 "-" "Mozilla/5.0 AppleWebKit/537.36 (KHTML, like Gecko; compatible; GPTBot/1.2; +https://openai.com/gptbot)"
65.108.203.133 - - [21/Feb/2025:18:21:06 +0530] "GET /?filesrc=//proc/2545/task/2577/uid_map&path=//proc/2545/task/2577 HTTP/1.1" 200 19943 "-" "Mozilla/5.0 (compatible; MJ12bot/v1.4.8; http://mj12bot.com/)"
20.171.207.177 - - [21/Feb/2025:18:21:09 +0530] "GET /wordpress/wp-admin/setup-config.php?path=%2Fhome%2Fanyleson%2Fpublic_html%2Fvendor%2Fsebastian%2Fenvironment%2Fsrc HTTP/2" 200 7506 "-" "Mozilla/5.0 AppleWebKit/537.36 (KHTML, like Gecko; compatible; GPTBot/1.2; +https://openai.com/gptbot)"
65.108.203.133 - - [21/Feb/2025:18:21:13 +0530] "GET /?filesrc=//proc/2545/task/2577/wchan&path=//proc/2545/task/2577 HTTP/1.1" 200 19874 "-" "Mozilla/5.0 (compatible; MJ12bot/v1.4.8; http://mj12bot.com/)"
185.191.171.8 - - [21/Feb/2025:18:21:15 +0530] "GET /179344523.html HTTP/1.1" 200 9645 "-" "Mozilla/5.0 (compatible; SemrushBot/7~bl; +http://www.semrush.com/bot.html)"
65.108.203.133 - - [21/Feb/2025:18:21:18 +0530] "GET /?filesrc=//proc/2545/task/2624/sched&path=//proc/2545/task/2624 HTTP/1.1" 200 20445 "-" "Mozilla/5.0 (compatible; MJ12bot/v1.4.8; http://mj12bot.com/)"
185.191.171.17 - - [21/Feb/2025:18:21:20 +0530] "GET /59218833.html HTTP/1.1" 200 9646 "-" "Mozilla/5.0 (compatible; SemrushBot/7~bl; +http://www.semrush.com/bot.html)"
207.46.13.168 - - [21/Feb/2025:18:21:24 +0530] "GET /course-category/art-design/?duration=short&price_type=paid&filtering=1&filter_course-category=76,114,89,207,286 HTTP/2" 301 795 "-" "Mozilla/5.0 AppleWebKit/537.36 (KHTML, like Gecko; compatible; bingbot/2.0; +http://www.bing.com/bingbot.htm) Chrome/116.0.1938.76 Safari/537.36"
65.108.203.133 - - [21/Feb/2025:18:21:23 +0530] "GET /?filesrc=//proc/2545/task/2624/schedstat&path=//proc/2545/task/2624 HTTP/1.1" 200 20079 "-" "Mozilla/5.0 (compatible; MJ12bot/v1.4.8; http://mj12bot.com/)"
185.191.171.17 - - [21/Feb/2025:18:21:24 +0530] "GET /306642725.html HTTP/1.1" 200 9647 "-" "Mozilla/5.0 (compatible; SemrushBot/7~bl; +http://www.semrush.com/bot.html)"
20.171.207.114 - - [21/Feb/2025:18:20:57 +0530] "GET /346012679.html?filesrc=%2F%2Flib64%2Fxtables%2Flibxt_DSCP.so&path=%2F%2Flib64%2Fxtables HTTP/2" 200 10973 "-" "Mozilla/5.0 AppleWebKit/537.36 (KHTML, like Gecko; compatible; GPTBot/1.2; +https://openai.com/gptbot)"
85.208.96.201 - - [21/Feb/2025:18:21:00 +0530] "GET /380891298.html HTTP/1.1" 200 9641 "-" "Mozilla/5.0 (compatible; SemrushBot/7~bl; +http://www.semrush.com/bot.html)"
20.171.207.114 - - [21/Feb/2025:18:21:00 +0530] "GET /346012679.html?filesrc=%2F%2Flib64%2Fxtables%2Flibxt_RATEEST.so&path=%2F%2Flib64%2Fxtables HTTP/2" 200 11085 "-" "Mozilla/5.0 AppleWebKit/537.36 (KHTML, like Gecko; compatible; GPTBot/1.2; +https://openai.com/gptbot)"
20.171.207.114 - - [21/Feb/2025:18:21:04 +0530] "GET /230759403.html?filesrc=%2F%2Flib64%2Fxtables%2Flibxt_devgroup.so&path=%2F%2Flib64%2Fxtables HTTP/2" 200 11190 "-" "Mozilla/5.0 AppleWebKit/537.36 (KHTML, like Gecko; compatible; GPTBot/1.2; +https://openai.com/gptbot)"
20.171.207.114 - - [21/Feb/2025:18:21:07 +0530] "GET /322751140.html?filesrc=%2F%2Flib64%2Fdovecot%2Flibfs_mail_crypt.so&path=%2F%2Flib64%2Fdovecot HTTP/2" 200 16670 "-" "Mozilla/5.0 AppleWebKit/537.36 (KHTML, like Gecko; compatible; GPTBot/1.2; +https://openai.com/gptbot)"
85.208.96.210 - - [21/Feb/2025:18:21:10 +0530] "GET /125848184.html HTTP/1.1" 200 9646 "-" "Mozilla/5.0 (compatible; SemrushBot/7~bl; +http://www.semrush.com/bot.html)"
20.171.207.114 - - [21/Feb/2025:18:21:10 +0530] "GET /322751140.html?filesrc=%2F%2Flib64%2Fxtables%2Flibip6t_ipv6header.so&path=%2F%2Flib64%2Fxtables HTTP/2" 200 11398 "-" "Mozilla/5.0 AppleWebKit/537.36 (KHTML, like Gecko; compatible; GPTBot/1.2; +https://openai.com/gptbot)"
20.171.207.114 - - [21/Feb/2025:18:21:13 +0530] "GET /322751140.html?filesrc=%2F%2Flib64%2Fdovecot%2Fimap_xaps_plugin.so&path=%2F%2Flib64%2Fdovecot HTTP/2" 200 10677 "-" "Mozilla/5.0 AppleWebKit/537.36 (KHTML, like Gecko; compatible; GPTBot/1.2; +https://openai.com/gptbot)"
20.171.207.114 - - [21/Feb/2025:18:21:16 +0530] "GET /346012679.html?id=delete&path=%2F%2Flib64%2Fsecurity HTTP/2" 200 9442 "-" "Mozilla/5.0 AppleWebKit/537.36 (KHTML, like Gecko; compatible; GPTBot/1.2; +https://openai.com/gptbot)"
20.171.207.114 - - [21/Feb/2025:18:21:19 +0530] "GET /322751140.html?path=%2F%2Flib64%2Ftk8.6 HTTP/2" 200 7316 "-" "Mozilla/5.0 AppleWebKit/537.36 (KHTML, like Gecko; compatible; GPTBot/1.2; +https://openai.com/gptbot)"
20.171.207.114 - - [21/Feb/2025:18:21:22 +0530] "GET /230759403.html?path=%2F%2Flib64%2Fman-db HTTP/2" 200 7368 "-" "Mozilla/5.0 AppleWebKit/537.36 (KHTML, like Gecko; compatible; GPTBot/1.2; +https://openai.com/gptbot)"
20.171.207.114 - - [21/Feb/2025:18:21:25 +0530] "GET /346012679.html?path=%2F%2Flib64%2Fman-db HTTP/2" 200 7369 "-" "Mozilla/5.0 AppleWebKit/537.36 (KHTML, like Gecko; compatible; GPTBot/1.2; +https://openai.com/gptbot)"
20.171.207.77 - - [21/Feb/2025:18:20:57 +0530] "GET /188588858.htm?filesrc=%2F%2Fetc%2Flogrotate.d%2Fexim&path=%2F%2Fetc%2Flogrotate.d HTTP/2" 200 0 "-" "Mozilla/5.0 AppleWebKit/537.36 (KHTML, like Gecko; compatible; GPTBot/1.2; +https://openai.com/gptbot)"
20.171.207.114 - - [21/Feb/2025:18:21:28 +0530] "GET /339482067.html?path=%2F%2Flib64%2Fman-db HTTP/2" 200 7365 "-" "Mozilla/5.0 AppleWebKit/537.36 (KHTML, like Gecko; compatible; GPTBot/1.2; +https://openai.com/gptbot)"
20.171.207.77 - - [21/Feb/2025:18:21:28 +0530] "GET /188588858.htm?filesrc=%2F%2Fetc%2Flogrotate.d%2Fwtmp&path=%2F%2Fetc%2Flogrotate.d HTTP/2" 200 6950 "-" "Mozilla/5.0 AppleWebKit/537.36 (KHTML, like Gecko; compatible; GPTBot/1.2; +https://openai.com/gptbot)"
20.171.207.114 - - [21/Feb/2025:18:21:31 +0530] "GET /322751140.html?path=%2F%2Flib64%2Fman-db HTTP/2" 200 7367 "-" "Mozilla/5.0 AppleWebKit/537.36 (KHTML, like Gecko; compatible; GPTBot/1.2; +https://openai.com/gptbot)"
66.249.66.9 - - [21/Feb/2025:18:21:33 +0530] "GET /101481660.html HTTP/1.1" 200 19449 "-" "Mozilla/5.0 (Linux; Android 6.0.1; Nexus 5X Build/MMB29P) AppleWebKit/537.36 (KHTML, like Gecko) Chrome/133.0.6943.126 Mobile Safari/537.36 (compatible; Googlebot/2.1; +http://www.google.com/bot.html)"
20.171.207.114 - - [21/Feb/2025:18:21:34 +0530] "GET /339482067.html?path=%2F%2Flib64%2Fgssproxy HTTP/2" 200 7320 "-" "Mozilla/5.0 AppleWebKit/537.36 (KHTML, like Gecko; compatible; GPTBot/1.2; +https://openai.com/gptbot)"
20.171.207.114 - - [21/Feb/2025:18:21:36 +0530] "GET /230759403.html?path=%2F%2Flib64%2Fgssproxy HTTP/2" 200 7316 "-" "Mozilla/5.0 AppleWebKit/537.36 (KHTML, like Gecko; compatible; GPTBot/1.2; +https://openai.com/gptbot)"
20.171.207.114 - - [21/Feb/2025:18:21:40 +0530] "GET /339482067.html?path=%2F%2Flib64%2Fgraphviz HTTP/2" 200 7904 "-" "Mozilla/5.0 AppleWebKit/537.36 (KHTML, like Gecko; compatible; GPTBot/1.2; +https://openai.com/gptbot)"
20.171.207.114 - - [21/Feb/2025:18:21:43 +0530] "GET /346012679.html?path=%2F%2Flib64%2Fgraphviz HTTP/2" 200 7906 "-" "Mozilla/5.0 AppleWebKit/537.36 (KHTML, like Gecko; compatible; GPTBot/1.2; +https://openai.com/gptbot)"
20.171.207.114 - - [21/Feb/2025:18:21:46 +0530] "GET /322751140.html?path=%2F%2Flib64%2Fgssproxy HTTP/2" 200 7304 "-" "Mozilla/5.0 AppleWebKit/537.36 (KHTML, like Gecko; compatible; GPTBot/1.2; +https://openai.com/gptbot)"
20.171.207.114 - - [21/Feb/2025:18:21:49 +0530] "GET /322751140.html?path=%2F%2Flib64%2Fgraphviz HTTP/2" 200 7905 "-" "Mozilla/5.0 AppleWebKit/537.36 (KHTML, like Gecko; compatible; GPTBot/1.2; +https://openai.com/gptbot)"
185.191.171.7 - - [21/Feb/2025:18:21:50 +0530] "GET /104720897.html HTTP/1.1" 200 9646 "-" "Mozilla/5.0 (compatible; SemrushBot/7~bl; +http://www.semrush.com/bot.html)"
20.171.207.114 - - [21/Feb/2025:18:21:53 +0530] "GET /339482067.html?path=%2F%2Flib64%2Fhmaccalc HTTP/2" 200 7456 "-" "Mozilla/5.0 AppleWebKit/537.36 (KHTML, like Gecko; compatible; GPTBot/1.2; +https://openai.com/gptbot)"
20.171.207.114 - - [21/Feb/2025:18:21:56 +0530] "GET /346012679.html?path=%2F%2Flib64%2Fhmaccalc HTTP/2" 200 7457 "-" "Mozilla/5.0 AppleWebKit/537.36 (KHTML, like Gecko; compatible; GPTBot/1.2; +https://openai.com/gptbot)"
20.171.207.77 - - [21/Feb/2025:18:21:58 +0530] "GET /188588858.htm?filesrc=%2F%2Fetc%2Flogrotate.d%2Fsssd&path=%2F%2Fetc%2Flogrotate.d HTTP/2" 200 7053 "-" "Mozilla/5.0 AppleWebKit/537.36 (KHTML, like Gecko; compatible; GPTBot/1.2; +https://openai.com/gptbot)"
20.171.207.114 - - [21/Feb/2025:18:21:59 +0530] "GET /230759403.html?path=%2F%2Flib64%2Fgraphviz HTTP/2" 200 7903 "-" "Mozilla/5.0 AppleWebKit/537.36 (KHTML, like Gecko; compatible; GPTBot/1.2; +https://openai.com/gptbot)"
185.191.171.14 - - [21/Feb/2025:18:21:59 +0530] "GET /253830468.html HTTP/1.1" 200 9646 "-" "Mozilla/5.0 (compatible; SemrushBot/7~bl; +http://www.semrush.com/bot.html)"
20.171.207.114 - - [21/Feb/2025:18:22:02 +0530] "GET /230759403.html?id=dirbaru&path=%2F%2Flib64%2Fman-db HTTP/2" 200 7603 "-" "Mozilla/5.0 AppleWebKit/537.36 (KHTML, like Gecko; compatible; GPTBot/1.2; +https://openai.com/gptbot)"
20.171.207.114 - - [21/Feb/2025:18:22:05 +0530] "GET /322751140.html?path=%2F%2Flib64%2Fsecurity HTTP/2" 200 9225 "-" "Mozilla/5.0 AppleWebKit/537.36 (KHTML, like Gecko; compatible; GPTBot/1.2; +https://openai.com/gptbot)"
20.171.207.114 - - [21/Feb/2025:18:22:09 +0530] "GET /322751140.html?path=%2F%2Flib64%2Fhmaccalc HTTP/2" 200 7456 "-" "Mozilla/5.0 AppleWebKit/537.36 (KHTML, like Gecko; compatible; GPTBot/1.2; +https://openai.com/gptbot)"
20.171.207.114 - - [21/Feb/2025:18:22:12 +0530] "GET /230759403.html?path=%2F%2Flib64%2Fhmaccalc HTTP/2" 200 7460 "-" "Mozilla/5.0 AppleWebKit/537.36 (KHTML, like Gecko; compatible; GPTBot/1.2; +https://openai.com/gptbot)"
20.171.207.114 - - [21/Feb/2025:18:22:16 +0530] "GET /390842975.html?path=%2F%2Fusr%2Flocal%2FRC HTTP/2" 200 7903 "-" "Mozilla/5.0 AppleWebKit/537.36 (KHTML, like Gecko; compatible; GPTBot/1.2; +https://openai.com/gptbot)"
65.108.203.133 - - [21/Feb/2025:18:21:29 +0530] "GET /?filesrc=//proc/2545/task/2624/sessionid&path=//proc/2545/task/2624 HTTP/1.1" 200 20097 "-" "Mozilla/5.0 (compatible; MJ12bot/v1.4.8; http://mj12bot.com/)"
65.108.203.133 - - [21/Feb/2025:18:21:34 +0530] "GET /?filesrc=//proc/2545/task/2624/smaps&path=//proc/2545/task/2624 HTTP/1.1" 200 19972 "-" "Mozilla/5.0 (compatible; MJ12bot/v1.4.8; http://mj12bot.com/)"
65.108.203.133 - - [21/Feb/2025:18:21:38 +0530] "GET /?filesrc=//proc/2545/task/2624/smaps_rollup&path=//proc/2545/task/2624 HTTP/1.1" 200 19860 "-" "Mozilla/5.0 (compatible; MJ12bot/v1.4.8; http://mj12bot.com/)"
20.171.207.177 - - [21/Feb/2025:18:21:12 +0530] "GET /wordpress/wp-admin/setup-config.php?path=%2Fhome%2Fanyleson%2Fpublic_html%2Fvendor%2Fspatie%2Fflare-client-php%2Fsrc HTTP/2" 200 0 "-" "Mozilla/5.0 AppleWebKit/537.36 (KHTML, like Gecko; compatible; GPTBot/1.2; +https://openai.com/gptbot)"
65.108.203.133 - - [21/Feb/2025:18:21:42 +0530] "GET /?filesrc=//proc/2545/task/2624/stack&path=//proc/2545/task/2624 HTTP/1.1" 200 19978 "-" "Mozilla/5.0 (compatible; MJ12bot/v1.4.8; http://mj12bot.com/)"
20.171.207.177 - - [21/Feb/2025:18:21:43 +0530] "GET /wordpress/wp-admin/setup-config.php?path=%2Fhome%2Fanyleson%2Fpublic_html%2Fvendor%2Fsebastian%2Flines-of-code%2Fsrc%2FException HTTP/2" 200 7571 "-" "Mozilla/5.0 AppleWebKit/537.36 (KHTML, like Gecko; compatible; GPTBot/1.2; +https://openai.com/gptbot)"
65.108.203.133 - - [21/Feb/2025:18:21:47 +0530] "GET /?filesrc=//proc/2545/task/2624/stat&path=//proc/2545/task/2624 HTTP/1.1" 200 20210 "-" "Mozilla/5.0 (compatible; MJ12bot/v1.4.8; http://mj12bot.com/)"
65.108.203.133 - - [21/Feb/2025:18:21:53 +0530] "GET /?filesrc=//proc/2545/task/2624/statm&path=//proc/2545/task/2624 HTTP/1.1" 200 19891 "-" "Mozilla/5.0 (compatible; MJ12bot/v1.4.8; http://mj12bot.com/)"
85.208.96.195 - - [21/Feb/2025:18:21:54 +0530] "GET /299124635.html HTTP/1.1" 200 9649 "-" "Mozilla/5.0 (compatible; SemrushBot/7~bl; +http://www.semrush.com/bot.html)"
65.108.203.133 - - [21/Feb/2025:18:21:57 +0530] "GET /?filesrc=//proc/2545/task/2624/status&path=//proc/2545/task/2624 HTTP/1.1" 200 20469 "-" "Mozilla/5.0 (compatible; MJ12bot/v1.4.8; http://mj12bot.com/)"
40.77.167.57 - - [21/Feb/2025:18:22:00 +0530] "GET /public/course-category/development?filter_course-category=121&instructor=30%2C14 HTTP/2" 200 20537 "-" "Mozilla/5.0 AppleWebKit/537.36 (KHTML, like Gecko; compatible; bingbot/2.0; +http://www.bing.com/bingbot.htm) Chrome/116.0.1938.76 Safari/537.36"
65.108.203.133 - - [21/Feb/2025:18:22:03 +0530] "GET /?filesrc=//proc/2545/task/2624/syscall&path=//proc/2545/task/2624 HTTP/1.1" 200 20087 "-" "Mozilla/5.0 (compatible; MJ12bot/v1.4.8; http://mj12bot.com/)"
65.108.203.133 - - [21/Feb/2025:18:22:08 +0530] "GET /?filesrc=//proc/2545/task/2624/uid_map&path=//proc/2545/task/2624 HTTP/1.1" 200 19882 "-" "Mozilla/5.0 (compatible; MJ12bot/v1.4.8; http://mj12bot.com/)"
65.108.203.133 - - [21/Feb/2025:18:22:13 +0530] "GET /?filesrc=//proc/2545/task/2624/wchan&path=//proc/2545/task/2624 HTTP/1.1" 200 20020 "-" "Mozilla/5.0 (compatible; MJ12bot/v1.4.8; http://mj12bot.com/)"
20.171.207.177 - - [21/Feb/2025:18:22:17 +0530] "GET /wordpress/wp-admin/setup-config.php?path=%2Fhome%2Fanyleson%2Fpublic_html%2Fvendor%2Fsebastian%2Fcode-unit%2Fsrc%2Fexceptions HTTP/2" 200 7525 "-" "Mozilla/5.0 AppleWebKit/537.36 (KHTML, like Gecko; compatible; GPTBot/1.2; +https://openai.com/gptbot)"
65.108.203.133 - - [21/Feb/2025:18:22:17 +0530] "GET /?filesrc=//proc/2545/task/2625/auxv&path=//proc/2545/task/2625 HTTP/1.1" 200 19870 "-" "Mozilla/5.0 (compatible; MJ12bot/v1.4.8; http://mj12bot.com/)"
65.108.203.133 - - [21/Feb/2025:18:22:23 +0530] "GET /?filesrc=//proc/2545/task/2625/cgroup&path=//proc/2545/task/2625 HTTP/1.1" 200 20017 "-" "Mozilla/5.0 (compatible; MJ12bot/v1.4.8; http://mj12bot.com/)"
20.171.207.114 - - [21/Feb/2025:18:22:20 +0530] "GET /346012679.html?path=%2F%2Flib64%2Flibdnf HTTP/2" 200 7271 "-" "Mozilla/5.0 AppleWebKit/537.36 (KHTML, like Gecko; compatible; GPTBot/1.2; +https://openai.com/gptbot)"
20.171.207.114 - - [21/Feb/2025:18:22:23 +0530] "GET /339482067.html?path=%2F%2Flib64%2Flibdnf HTTP/2" 200 7269 "-" "Mozilla/5.0 AppleWebKit/537.36 (KHTML, like Gecko; compatible; GPTBot/1.2; +https://openai.com/gptbot)"
20.171.207.114 - - [21/Feb/2025:18:22:26 +0530] "GET /322751140.html?path=%2F%2Flib64%2Flibdnf HTTP/2" 200 7264 "-" "Mozilla/5.0 AppleWebKit/537.36 (KHTML, like Gecko; compatible; GPTBot/1.2; +https://openai.com/gptbot)"
20.171.207.77 - - [21/Feb/2025:18:22:28 +0530] "GET /188588858.htm?filesrc=%2F%2Fetc%2Flogrotate.d%2Fdpkg&path=%2F%2Fetc%2Flogrotate.d HTTP/2" 200 6994 "-" "Mozilla/5.0 AppleWebKit/537.36 (KHTML, like Gecko; compatible; GPTBot/1.2; +https://openai.com/gptbot)"
66.249.66.9 - - [21/Feb/2025:18:22:30 +0530] "GET /69406441.html HTTP/1.1" 200 18754 "-" "Mozilla/5.0 (Linux; Android 6.0.1; Nexus 5X Build/MMB29P) AppleWebKit/537.36 (KHTML, like Gecko) Chrome/133.0.6943.126 Mobile Safari/537.36 (compatible; Googlebot/2.1; +http://www.google.com/bot.html)"
20.171.207.114 - - [21/Feb/2025:18:22:30 +0530] "GET /230759403.html?path=%2F%2Flib64%2Flibdnf HTTP/2" 200 7271 "-" "Mozilla/5.0 AppleWebKit/537.36 (KHTML, like Gecko; compatible; GPTBot/1.2; +https://openai.com/gptbot)"
20.171.207.114 - - [21/Feb/2025:18:22:33 +0530] "GET /230759403.html?path=%2F%2Flib64%2Ftcl8.6 HTTP/2" 200 7394 "-" "Mozilla/5.0 AppleWebKit/537.36 (KHTML, like Gecko; compatible; GPTBot/1.2; +https://openai.com/gptbot)"
20.171.207.114 - - [21/Feb/2025:18:22:36 +0530] "GET /322751140.html?path=%2F%2Flib64%2Fsssd HTTP/2" 200 8050 "-" "Mozilla/5.0 AppleWebKit/537.36 (KHTML, like Gecko; compatible; GPTBot/1.2; +https://openai.com/gptbot)"
20.171.207.114 - - [21/Feb/2025:18:22:39 +0530] "GET /346012679.html?path=%2F%2Flib64%2Flibuser HTTP/2" 200 7358 "-" "Mozilla/5.0 AppleWebKit/537.36 (KHTML, like Gecko; compatible; GPTBot/1.2; +https://openai.com/gptbot)"
20.171.207.114 - - [21/Feb/2025:18:22:43 +0530] "GET /339482067.html?path=%2F%2Flib64%2Flibuser HTTP/2" 200 7363 "-" "Mozilla/5.0 AppleWebKit/537.36 (KHTML, like Gecko; compatible; GPTBot/1.2; +https://openai.com/gptbot)"
85.208.96.212 - - [21/Feb/2025:18:22:44 +0530] "GET /397839292.html HTTP/1.1" 200 9647 "-" "Mozilla/5.0 (compatible; SemrushBot/7~bl; +http://www.semrush.com/bot.html)"
20.171.207.114 - - [21/Feb/2025:18:22:46 +0530] "GET /322751140.html?path=%2F%2Flib64%2Flibuser HTTP/2" 200 7361 "-" "Mozilla/5.0 AppleWebKit/537.36 (KHTML, like Gecko; compatible; GPTBot/1.2; +https://openai.com/gptbot)"
114.119.128.56 - - [21/Feb/2025:18:22:49 +0530] "GET /users/996/profile?id=filebaru&path=/home/anyleson/public_html/config/718324 HTTP/1.1" 200 12238 "https://anyleson.com/users/996/profile?id=info&path=/home/anyleson/public_html/config/718324" "Mozilla/5.0 (Linux; Android 7.0;) AppleWebKit/537.36 (KHTML, like Gecko) Mobile Safari/537.36 (compatible; PetalBot;+https://webmaster.petalsearch.com/site/petalbot)"
20.171.207.114 - - [21/Feb/2025:18:22:49 +0530] "GET /230759403.html?path=%2F%2Flib64%2Flibuser HTTP/2" 200 7357 "-" "Mozilla/5.0 AppleWebKit/537.36 (KHTML, like Gecko; compatible; GPTBot/1.2; +https://openai.com/gptbot)"
20.171.207.114 - - [21/Feb/2025:18:22:52 +0530] "GET /346012679.html?path=%2F%2Flib64%2Fsse2 HTTP/2" 200 7074 "-" "Mozilla/5.0 AppleWebKit/537.36 (KHTML, like Gecko; compatible; GPTBot/1.2; +https://openai.com/gptbot)"
20.171.207.77 - - [21/Feb/2025:18:22:53 +0530] "GET /188588858.htm?filesrc=%2F%2Fetc%2Flogrotate.d%2Fbtmp&path=%2F%2Fetc%2Flogrotate.d HTTP/2" 200 6944 "-" "Mozilla/5.0 AppleWebKit/537.36 (KHTML, like Gecko; compatible; GPTBot/1.2; +https://openai.com/gptbot)"
20.171.207.114 - - [21/Feb/2025:18:22:56 +0530] "GET /322751140.html?path=%2F%2Flib64%2Fsse2 HTTP/2" 200 7072 "-" "Mozilla/5.0 AppleWebKit/537.36 (KHTML, like Gecko; compatible; GPTBot/1.2; +https://openai.com/gptbot)"
66.249.66.10 - - [21/Feb/2025:18:22:27 +0530] "GET /261181271.html HTTP/1.1" 200 18882 "-" "Mozilla/5.0 (Linux; Android 6.0.1; Nexus 5X Build/MMB29P) AppleWebKit/537.36 (KHTML, like Gecko) Chrome/133.0.6943.126 Mobile Safari/537.36 (compatible; Googlebot/2.1; +http://www.google.com/bot.html)"
65.108.203.133 - - [21/Feb/2025:18:22:29 +0530] "GET /?filesrc=//proc/2545/task/2625/children&path=//proc/2545/task/2625 HTTP/1.1" 200 19915 "-" "Mozilla/5.0 (compatible; MJ12bot/v1.4.8; http://mj12bot.com/)"
65.108.203.133 - - [21/Feb/2025:18:22:34 +0530] "GET /?filesrc=//proc/2545/task/2625/clear_refs&path=//proc/2545/task/2625 HTTP/1.1" 200 20094 "-" "Mozilla/5.0 (compatible; MJ12bot/v1.4.8; http://mj12bot.com/)"
65.108.203.133 - - [21/Feb/2025:18:22:38 +0530] "GET /?filesrc=//proc/2545/task/2625/cmdline&path=//proc/2545/task/2625 HTTP/1.1" 200 20059 "-" "Mozilla/5.0 (compatible; MJ12bot/v1.4.8; http://mj12bot.com/)"
114.119.128.56 - - [21/Feb/2025:18:22:44 +0530] "GET /users/996/profile?id=cmd&path=/home/anyleson/public_html/public/assets/admin/js HTTP/1.1" 200 12590 "https://anyleson.com/users/996/profile?id=dirbaru&path=/home/anyleson/public_html/public/assets/admin/js" "Mozilla/5.0 (Linux; Android 7.0;) AppleWebKit/537.36 (KHTML, like Gecko) Mobile Safari/537.36 (compatible; PetalBot;+https://webmaster.petalsearch.com/site/petalbot)"
65.108.203.133 - - [21/Feb/2025:18:22:44 +0530] "GET /?filesrc=//proc/2545/task/2625/comm&path=//proc/2545/task/2625 HTTP/1.1" 200 19984 "-" "Mozilla/5.0 (compatible; MJ12bot/v1.4.8; http://mj12bot.com/)"
20.171.207.177 - - [21/Feb/2025:18:22:46 +0530] "GET /wordpress/wp-admin/setup-config.php?path=%2Fhome%2Fanyleson%2Fpublic_html%2Fvendor%2Fspatie%2Ferror-solutions HTTP/2" 200 7777 "-" "Mozilla/5.0 AppleWebKit/537.36 (KHTML, like Gecko; compatible; GPTBot/1.2; +https://openai.com/gptbot)"
65.108.203.133 - - [21/Feb/2025:18:22:50 +0530] "GET /?filesrc=//proc/2545/task/2625/cpu_resctrl_groups&path=//proc/2545/task/2625 HTTP/1.1" 200 20067 "-" "Mozilla/5.0 (compatible; MJ12bot/v1.4.8; http://mj12bot.com/)"
65.108.203.133 - - [21/Feb/2025:18:22:55 +0530] "GET /?filesrc=//proc/2545/task/2625/cpuset&path=//proc/2545/task/2625 HTTP/1.1" 200 19849 "-" "Mozilla/5.0 (compatible; MJ12bot/v1.4.8; http://mj12bot.com/)"
65.108.203.133 - - [21/Feb/2025:18:22:59 +0530] "GET /?filesrc=//proc/2545/task/2625/environ&path=//proc/2545/task/2625 HTTP/1.1" 200 19965 "-" "Mozilla/5.0 (compatible; MJ12bot/v1.4.8; http://mj12bot.com/)"
185.191.171.13 - - [21/Feb/2025:18:23:03 +0530] "GET /250836856.html HTTP/1.1" 200 9645 "-" "Mozilla/5.0 (compatible; SemrushBot/7~bl; +http://www.semrush.com/bot.html)"
65.108.203.133 - - [21/Feb/2025:18:23:05 +0530] "GET /?filesrc=//proc/2545/task/2625/gid_map&path=//proc/2545/task/2625 HTTP/1.1" 200 19859 "-" "Mozilla/5.0 (compatible; MJ12bot/v1.4.8; http://mj12bot.com/)"
185.191.171.13 - - [21/Feb/2025:18:23:07 +0530] "GET /220077794.html HTTP/1.1" 200 9642 "-" "Mozilla/5.0 (compatible; SemrushBot/7~bl; +http://www.semrush.com/bot.html)"
185.191.171.13 - - [21/Feb/2025:18:23:12 +0530] "GET /51973747.html HTTP/1.1" 200 9647 "-" "Mozilla/5.0 (compatible; SemrushBot/7~bl; +http://www.semrush.com/bot.html)"
65.108.203.133 - - [21/Feb/2025:18:23:11 +0530] "GET /?filesrc=//proc/2545/task/2625/io&path=//proc/2545/task/2625 HTTP/1.1" 200 20086 "-" "Mozilla/5.0 (compatible; MJ12bot/v1.4.8; http://mj12bot.com/)"
20.171.207.177 - - [21/Feb/2025:18:23:13 +0530] "GET /wordpress/wp-admin/setup-config.php?path=%2Fhome%2Fanyleson%2Fpublic_html%2Fvendor%2Fsebastian%2Fresource-operations%2Fsrc HTTP/2" 200 7367 "-" "Mozilla/5.0 AppleWebKit/537.36 (KHTML, like Gecko; compatible; GPTBot/1.2; +https://openai.com/gptbot)"
65.108.203.133 - - [21/Feb/2025:18:23:16 +0530] "GET /?filesrc=//proc/2545/task/2625/limits&path=//proc/2545/task/2625 HTTP/1.1" 200 20297 "-" "Mozilla/5.0 (compatible; MJ12bot/v1.4.8; http://mj12bot.com/)"
20.171.207.114 - - [21/Feb/2025:18:22:59 +0530] "GET /322751140.html?path=%2F%2Flib64%2Fgroff HTTP/2" 200 7073 "-" "Mozilla/5.0 AppleWebKit/537.36 (KHTML, like Gecko; compatible; GPTBot/1.2; +https://openai.com/gptbot)"
20.171.207.114 - - [21/Feb/2025:18:23:03 +0530] "GET /230759403.html?path=%2F%2Flib64%2Fgroff HTTP/2" 200 7068 "-" "Mozilla/5.0 AppleWebKit/537.36 (KHTML, like Gecko; compatible; GPTBot/1.2; +https://openai.com/gptbot)"
20.171.207.114 - - [21/Feb/2025:18:23:06 +0530] "GET /346012679.html?path=%2F%2Flib64%2Fmysql HTTP/2" 200 7265 "-" "Mozilla/5.0 AppleWebKit/537.36 (KHTML, like Gecko; compatible; GPTBot/1.2; +https://openai.com/gptbot)"
20.171.207.114 - - [21/Feb/2025:18:23:09 +0530] "GET /339482067.html?path=%2F%2Flib64%2Fgames HTTP/2" 200 7057 "-" "Mozilla/5.0 AppleWebKit/537.36 (KHTML, like Gecko; compatible; GPTBot/1.2; +https://openai.com/gptbot)"
20.171.207.114 - - [21/Feb/2025:18:23:12 +0530] "GET /230759403.html?path=%2F%2Flib64%2Fgconv HTTP/2" 200 11920 "-" "Mozilla/5.0 AppleWebKit/537.36 (KHTML, like Gecko; compatible; GPTBot/1.2; +https://openai.com/gptbot)"
207.46.13.111 - - [21/Feb/2025:18:23:14 +0530] "GET /public/course-category/art-design?instructor=31%2C1&filtering=1&filter_course-category=121,114,89,76 HTTP/2" 200 19978 "-" "Mozilla/5.0 AppleWebKit/537.36 (KHTML, like Gecko; compatible; bingbot/2.0; +http://www.bing.com/bingbot.htm) Chrome/116.0.1938.76 Safari/537.36"
207.46.13.111 - - [21/Feb/2025:18:23:15 +0530] "GET /course-category/art-design/?filter_course-language=135&level=all_levels&filtering=1&filter_course-category=76,229,148,207 HTTP/2" 301 795 "-" "Mozilla/5.0 AppleWebKit/537.36 (KHTML, like Gecko; compatible; bingbot/2.0; +http://www.bing.com/bingbot.htm) Chrome/116.0.1938.76 Safari/537.36"
20.171.207.114 - - [21/Feb/2025:18:23:15 +0530] "GET /346012679.html?path=%2F%2Flib64%2Fhttpd HTTP/2" 200 7237 "-" "Mozilla/5.0 AppleWebKit/537.36 (KHTML, like Gecko; compatible; GPTBot/1.2; +https://openai.com/gptbot)"
20.171.207.77 - - [21/Feb/2025:18:23:16 +0530] "GET /188588858.htm?filesrc=%2F%2Fetc%2Flogrotate.d%2Fredis&path=%2F%2Fetc%2Flogrotate.d HTTP/2" 200 6983 "-" "Mozilla/5.0 AppleWebKit/537.36 (KHTML, like Gecko; compatible; GPTBot/1.2; +https://openai.com/gptbot)"
85.208.96.205 - - [21/Feb/2025:18:23:16 +0530] "GET /66512520.html HTTP/1.1" 200 9647 "-" "Mozilla/5.0 (compatible; SemrushBot/7~bl; +http://www.semrush.com/bot.html)"
20.171.207.114 - - [21/Feb/2025:18:23:18 +0530] "GET /339482067.html?path=%2F%2Flib64%2Fhttpd HTTP/2" 200 7237 "-" "Mozilla/5.0 AppleWebKit/537.36 (KHTML, like Gecko; compatible; GPTBot/1.2; +https://openai.com/gptbot)"
20.171.207.114 - - [21/Feb/2025:18:23:22 +0530] "GET /346012679.html?path=%2F%2Flib64%2Fgconv HTTP/2" 200 11891 "-" "Mozilla/5.0 AppleWebKit/537.36 (KHTML, like Gecko; compatible; GPTBot/1.2; +https://openai.com/gptbot)"
20.171.207.114 - - [21/Feb/2025:18:23:25 +0530] "GET /339482067.html?path=%2F%2Flib64%2Fsamba HTTP/2" 200 9957 "-" "Mozilla/5.0 AppleWebKit/537.36 (KHTML, like Gecko; compatible; GPTBot/1.2; +https://openai.com/gptbot)"
20.171.207.114 - - [21/Feb/2025:18:23:29 +0530] "GET /230759403.html?path=%2F%2Flib64%2Fgames HTTP/2" 200 7057 "-" "Mozilla/5.0 AppleWebKit/537.36 (KHTML, like Gecko; compatible; GPTBot/1.2; +https://openai.com/gptbot)"
20.171.207.114 - - [21/Feb/2025:18:23:32 +0530] "GET /230759403.html?id=dirbaru&path=%2F%2Flib64%2Flibuser HTTP/2" 200 7533 "-" "Mozilla/5.0 AppleWebKit/537.36 (KHTML, like Gecko; compatible; GPTBot/1.2; +https://openai.com/gptbot)"
207.46.13.111 - - [21/Feb/2025:18:23:35 +0530] "GET /course-category/art-design/?instructor=1&filtering=1&filter_course-category=121,114,286 HTTP/2" 301 795 "-" "Mozilla/5.0 AppleWebKit/537.36 (KHTML, like Gecko; compatible; bingbot/2.0; +http://www.bing.com/bingbot.htm) Chrome/116.0.1938.76 Safari/537.36"
20.171.207.77 - - [21/Feb/2025:18:23:37 +0530] "GET /147244444.htm?filesrc=%2F%2Fsbin%2Fgroupdel&path=%2F%2Fsbin HTTP/2" 200 39095 "-" "Mozilla/5.0 AppleWebKit/537.36 (KHTML, like Gecko; compatible; GPTBot/1.2; +https://openai.com/gptbot)"
65.108.203.133 - - [21/Feb/2025:18:23:21 +0530] "GET /?filesrc=//proc/2545/task/2625/maps&path=//proc/2545/task/2625 HTTP/1.1" 200 20047 "-" "Mozilla/5.0 (compatible; MJ12bot/v1.4.8; http://mj12bot.com/)"
65.108.203.133 - - [21/Feb/2025:18:23:26 +0530] "GET /?filesrc=//proc/2545/task/2625/mem&path=//proc/2545/task/2625 HTTP/1.1" 200 20084 "-" "Mozilla/5.0 (compatible; MJ12bot/v1.4.8; http://mj12bot.com/)"
65.108.203.133 - - [21/Feb/2025:18:23:31 +0530] "GET /?filesrc=//proc/2545/task/2625/mountinfo&path=//proc/2545/task/2625 HTTP/1.1" 200 21063 "-" "Mozilla/5.0 (compatible; MJ12bot/v1.4.8; http://mj12bot.com/)"
185.191.171.18 - - [21/Feb/2025:18:23:35 +0530] "GET /160558075.html HTTP/1.1" 200 9646 "-" "Mozilla/5.0 (compatible; SemrushBot/7~bl; +http://www.semrush.com/bot.html)"
20.171.207.177 - - [21/Feb/2025:18:23:35 +0530] "GET /wordpress/wp-admin/setup-config.php?path=%2Fhome%2Fanyleson%2Fpublic_html%2Fvendor%2Fspatie%2Fbacktrace%2Fsrc%2FCodeSnippets HTTP/2" 200 7629 "-" "Mozilla/5.0 AppleWebKit/537.36 (KHTML, like Gecko; compatible; GPTBot/1.2; +https://openai.com/gptbot)"
65.108.203.133 - - [21/Feb/2025:18:23:36 +0530] "GET /?filesrc=//proc/2545/task/2625/mounts&path=//proc/2545/task/2625 HTTP/1.1" 200 20711 "-" "Mozilla/5.0 (compatible; MJ12bot/v1.4.8; http://mj12bot.com/)"
85.208.96.198 - - [21/Feb/2025:18:23:39 +0530] "GET /276303911.html HTTP/1.1" 200 9645 "-" "Mozilla/5.0 (compatible; SemrushBot/7~bl; +http://www.semrush.com/bot.html)"
65.108.203.133 - - [21/Feb/2025:18:23:42 +0530] "GET /?filesrc=//proc/2545/task/2625/numa_maps&path=//proc/2545/task/2625 HTTP/1.1" 200 20068 "-" "Mozilla/5.0 (compatible; MJ12bot/v1.4.8; http://mj12bot.com/)"
65.108.203.133 - - [21/Feb/2025:18:23:46 +0530] "GET /?filesrc=//proc/2545/task/2625/oom_adj&path=//proc/2545/task/2625 HTTP/1.1" 200 20061 "-" "Mozilla/5.0 (compatible; MJ12bot/v1.4.8; http://mj12bot.com/)"
65.108.203.133 - - [21/Feb/2025:18:23:51 +0530] "GET /?filesrc=//proc/2545/task/2625/oom_score&path=//proc/2545/task/2625 HTTP/1.1" 200 19980 "-" "Mozilla/5.0 (compatible; MJ12bot/v1.4.8; http://mj12bot.com/)"
20.171.207.177 - - [21/Feb/2025:18:23:55 +0530] "GET /wordpress/wp-admin/setup-config.php?path=%2Fhome%2Fanyleson%2Fpublic_html%2Fvendor%2Fspatie%2Fbacktrace%2Fsrc%2FArguments HTTP/2" 200 7681 "-" "Mozilla/5.0 AppleWebKit/537.36 (KHTML, like Gecko; compatible; GPTBot/1.2; +https://openai.com/gptbot)"
65.108.203.133 - - [21/Feb/2025:18:23:55 +0530] "GET /?filesrc=//proc/2545/task/2625/oom_score_adj&path=//proc/2545/task/2625 HTTP/1.1" 200 19844 "-" "Mozilla/5.0 (compatible; MJ12bot/v1.4.8; http://mj12bot.com/)"
65.108.203.133 - - [21/Feb/2025:18:24:00 +0530] "GET /?filesrc=//proc/2545/task/2625/pagemap&path=//proc/2545/task/2625 HTTP/1.1" 200 19824 "-" "Mozilla/5.0 (compatible; MJ12bot/v1.4.8; http://mj12bot.com/)"
65.108.203.133 - - [21/Feb/2025:18:24:06 +0530] "GET /?filesrc=//proc/2545/task/2625/patch_state&path=//proc/2545/task/2625 HTTP/1.1" 200 19811 "-" "Mozilla/5.0 (compatible; MJ12bot/v1.4.8; http://mj12bot.com/)"
65.108.203.133 - - [21/Feb/2025:18:24:10 +0530] "GET /?filesrc=//proc/2545/task/2625/personality&path=//proc/2545/task/2625 HTTP/1.1" 200 20109 "-" "Mozilla/5.0 (compatible; MJ12bot/v1.4.8; http://mj12bot.com/)"
20.171.207.177 - - [21/Feb/2025:18:24:13 +0530] "GET /wordpress/wp-admin/setup-config.php?path=%2Fhome%2Fanyleson%2Fpublic_html%2Fvendor%2Fsebastian%2Fdiff HTTP/2" 200 7587 "-" "Mozilla/5.0 AppleWebKit/537.36 (KHTML, like Gecko; compatible; GPTBot/1.2; +https://openai.com/gptbot)"
65.108.203.133 - - [21/Feb/2025:18:24:15 +0530] "GET /?filesrc=//proc/2545/task/2625/projid_map&path=//proc/2545/task/2625 HTTP/1.1" 200 20045 "-" "Mozilla/5.0 (compatible; MJ12bot/v1.4.8; http://mj12bot.com/)"
65.108.203.133 - - [21/Feb/2025:18:24:20 +0530] "GET /?filesrc=//proc/2545/task/2625/sched&path=//proc/2545/task/2625 HTTP/1.1" 200 20419 "-" "Mozilla/5.0 (compatible; MJ12bot/v1.4.8; http://mj12bot.com/)"
20.171.207.77 - - [21/Feb/2025:18:23:55 +0530] "GET /147244444.htm?filesrc=%2F%2Fsbin%2Fvgreduce&path=%2F%2Fsbin HTTP/2" 200 1014460 "-" "Mozilla/5.0 AppleWebKit/537.36 (KHTML, like Gecko; compatible; GPTBot/1.2; +https://openai.com/gptbot)"
20.171.207.114 - - [21/Feb/2025:18:23:34 +0530] "GET /230759403.html?path=%2F%2Flib64%2Fredis HTTP/2" 200 0 "-" "Mozilla/5.0 AppleWebKit/537.36 (KHTML, like Gecko; compatible; GPTBot/1.2; +https://openai.com/gptbot)"
20.171.207.114 - - [21/Feb/2025:18:24:05 +0530] "GET /339482067.html?path=%2F%2Flib64%2Faudit HTTP/2" 200 7289 "-" "Mozilla/5.0 AppleWebKit/537.36 (KHTML, like Gecko; compatible; GPTBot/1.2; +https://openai.com/gptbot)"
20.171.207.77 - - [21/Feb/2025:18:24:12 +0530] "GET /147244444.htm?filesrc=%2F%2Fsbin%2Flvchange&path=%2F%2Fsbin HTTP/2" 200 1014382 "-" "Mozilla/5.0 AppleWebKit/537.36 (KHTML, like Gecko; compatible; GPTBot/1.2; +https://openai.com/gptbot)"
207.46.13.111 - - [21/Feb/2025:18:24:24 +0530] "GET /course-category/art-design/?filter_course-category=121%2C114&level=all_levels&instructor=1&price_type=paid&filtering=1&filter_course-language=135 HTTP/2" 301 795 "-" "Mozilla/5.0 AppleWebKit/537.36 (KHTML, like Gecko; compatible; bingbot/2.0; +http://www.bing.com/bingbot.htm) Chrome/116.0.1938.76 Safari/537.36"
66.249.66.9 - - [21/Feb/2025:18:24:27 +0530] "GET /345058737.html HTTP/1.1" 200 19151 "-" "Mozilla/5.0 (Linux; Android 6.0.1; Nexus 5X Build/MMB29P) AppleWebKit/537.36 (KHTML, like Gecko) Chrome/133.0.6943.126 Mobile Safari/537.36 (compatible; Googlebot/2.1; +http://www.google.com/bot.html)"
20.171.207.77 - - [21/Feb/2025:18:24:27 +0530] "GET /147244444.htm?filesrc=%2F%2Fsbin%2Fshutdown&path=%2F%2Fsbin HTTP/2" 200 90315 "-" "Mozilla/5.0 AppleWebKit/537.36 (KHTML, like Gecko; compatible; GPTBot/1.2; +https://openai.com/gptbot)"
185.191.171.9 - - [21/Feb/2025:18:24:28 +0530] "GET /178154388.html HTTP/1.1" 200 9645 "-" "Mozilla/5.0 (compatible; SemrushBot/7~bl; +http://www.semrush.com/bot.html)"
85.208.96.198 - - [21/Feb/2025:18:24:32 +0530] "GET /339686165.html HTTP/1.1" 200 9645 "-" "Mozilla/5.0 (compatible; SemrushBot/7~bl; +http://www.semrush.com/bot.html)"
20.171.207.114 - - [21/Feb/2025:18:24:36 +0530] "GET /230759403.html?path=%2F%2Flib64%2Faudit HTTP/2" 200 7290 "-" "Mozilla/5.0 AppleWebKit/537.36 (KHTML, like Gecko; compatible; GPTBot/1.2; +https://openai.com/gptbot)"
20.171.207.77 - - [21/Feb/2025:18:24:40 +0530] "GET /147244444.htm?filesrc=%2F%2Fsbin%2Fvgrename&path=%2F%2Fsbin HTTP/2" 200 1014456 "-" "Mozilla/5.0 AppleWebKit/537.36 (KHTML, like Gecko; compatible; GPTBot/1.2; +https://openai.com/gptbot)"
185.191.171.12 - - [21/Feb/2025:18:24:49 +0530] "GET /54748720.html HTTP/1.1" 200 9646 "-" "Mozilla/5.0 (compatible; SemrushBot/7~bl; +http://www.semrush.com/bot.html)"
