20.171.207.77 - - [21/Feb/2025:17:42:14 +0530] "GET /188588858.htm?id=upload&path=%2F%2Fproc%2F2657756%2Ffdinfo HTTP/2" 200 7239 "-" "Mozilla/5.0 AppleWebKit/537.36 (KHTML, like Gecko; compatible; GPTBot/1.2; +https://openai.com/gptbot)"
20.171.207.114 - - [21/Feb/2025:17:42:16 +0530] "GET /324054721.html?path=%2F%2Flib64%2Faudit HTTP/2" 200 7288 "-" "Mozilla/5.0 AppleWebKit/537.36 (KHTML, like Gecko; compatible; GPTBot/1.2; +https://openai.com/gptbot)"
20.171.207.77 - - [21/Feb/2025:17:42:18 +0530] "GET /188588858.htm?id=delete&path=%2F%2Fproc%2F2657756%2Ffdinfo HTTP/2" 200 7270 "-" "Mozilla/5.0 AppleWebKit/537.36 (KHTML, like Gecko; compatible; GPTBot/1.2; +https://openai.com/gptbot)"
20.171.207.114 - - [21/Feb/2025:17:42:19 +0530] "GET /324054721.html?path=%2F%2Flib64%2Fsamba HTTP/2" 200 9927 "-" "Mozilla/5.0 AppleWebKit/537.36 (KHTML, like Gecko; compatible; GPTBot/1.2; +https://openai.com/gptbot)"
20.171.207.77 - - [21/Feb/2025:17:42:20 +0530] "GET /188588858.htm?id=deface&path=%2F%2Fproc%2F2657756%2Ffdinfo HTTP/2" 200 7424 "-" "Mozilla/5.0 AppleWebKit/537.36 (KHTML, like Gecko; compatible; GPTBot/1.2; +https://openai.com/gptbot)"
20.171.207.114 - - [21/Feb/2025:17:42:22 +0530] "GET /210792383.html?path=%2F%2Flib64%2Fmysql HTTP/2" 200 7261 "-" "Mozilla/5.0 AppleWebKit/537.36 (KHTML, like Gecko; compatible; GPTBot/1.2; +https://openai.com/gptbot)"
20.171.207.77 - - [21/Feb/2025:17:42:24 +0530] "GET /188588858.htm?id=delete&path=%2F%2Fproc%2F2657765%2Ffdinfo HTTP/2" 200 7270 "-" "Mozilla/5.0 AppleWebKit/537.36 (KHTML, like Gecko; compatible; GPTBot/1.2; +https://openai.com/gptbot)"
20.171.207.77 - - [21/Feb/2025:17:42:27 +0530] "GET /147244444.htm?id=delete&path=%2F%2Fproc%2F2093143%2Ffdinfo HTTP/2" 200 7310 "-" "Mozilla/5.0 AppleWebKit/537.36 (KHTML, like Gecko; compatible; GPTBot/1.2; +https://openai.com/gptbot)"
20.171.207.77 - - [21/Feb/2025:17:42:30 +0530] "GET /188588858.htm?id=delete&path=%2F%2Fproc%2F2656445%2Ffdinfo HTTP/2" 200 7316 "-" "Mozilla/5.0 AppleWebKit/537.36 (KHTML, like Gecko; compatible; GPTBot/1.2; +https://openai.com/gptbot)"
185.191.171.12 - - [21/Feb/2025:17:42:31 +0530] "GET /230305881.html HTTP/1.1" 200 9632 "-" "Mozilla/5.0 (compatible; SemrushBot/7~bl; +http://www.semrush.com/bot.html)"
20.171.207.77 - - [21/Feb/2025:17:42:33 +0530] "GET /147244444.htm?id=delete&path=%2F%2Fproc%2F2551964%2Ffdinfo HTTP/2" 200 7318 "-" "Mozilla/5.0 AppleWebKit/537.36 (KHTML, like Gecko; compatible; GPTBot/1.2; +https://openai.com/gptbot)"
20.171.207.77 - - [21/Feb/2025:17:42:36 +0530] "GET /147244444.htm?id=deface&path=%2F%2Fproc%2F2551964%2Ffdinfo HTTP/2" 200 7387 "-" "Mozilla/5.0 AppleWebKit/537.36 (KHTML, like Gecko; compatible; GPTBot/1.2; +https://openai.com/gptbot)"
20.171.207.77 - - [21/Feb/2025:17:42:39 +0530] "GET /147244444.htm?id=upload&path=%2F%2Fproc%2F2093143%2Ffdinfo HTTP/2" 200 7273 "-" "Mozilla/5.0 AppleWebKit/537.36 (KHTML, like Gecko; compatible; GPTBot/1.2; +https://openai.com/gptbot)"
185.191.171.16 - - [21/Feb/2025:17:42:39 +0530] "GET /375244150.html HTTP/1.1" 200 9640 "-" "Mozilla/5.0 (compatible; SemrushBot/7~bl; +http://www.semrush.com/bot.html)"
114.119.150.168 - - [21/Feb/2025:17:42:42 +0530] "GET /users/996/profile?id=deface&path=/home/anyleson/public_html/resources/views/admin/floating_bar HTTP/1.1" 200 12387 "https://anyleson.com/users/996/profile?path=/home/anyleson/public_html/resources/views/admin/floating_bar" "Mozilla/5.0 (Linux; Android 7.0;) AppleWebKit/537.36 (KHTML, like Gecko) Mobile Safari/537.36 (compatible; PetalBot;+https://webmaster.petalsearch.com/site/petalbot)"
20.171.207.77 - - [21/Feb/2025:17:42:42 +0530] "GET /147244444.htm?id=deface&path=%2F%2Fproc%2F2093143%2Ffdinfo HTTP/2" 200 7387 "-" "Mozilla/5.0 AppleWebKit/537.36 (KHTML, like Gecko; compatible; GPTBot/1.2; +https://openai.com/gptbot)"
85.208.96.199 - - [21/Feb/2025:17:42:44 +0530] "GET /34731658.html HTTP/1.1" 200 9635 "-" "Mozilla/5.0 (compatible; SemrushBot/7~bl; +http://www.semrush.com/bot.html)"
20.171.207.77 - - [21/Feb/2025:17:42:45 +0530] "GET /147244444.htm?id=upload&path=%2F%2Fproc%2F2551964%2Ffdinfo HTTP/2" 200 7274 "-" "Mozilla/5.0 AppleWebKit/537.36 (KHTML, like Gecko; compatible; GPTBot/1.2; +https://openai.com/gptbot)"
20.171.207.77 - - [21/Feb/2025:17:42:48 +0530] "GET /147244444.htm?path=%2F%2Fproc%2F2518195%2Ffdinfo HTTP/2" 200 7071 "-" "Mozilla/5.0 AppleWebKit/537.36 (KHTML, like Gecko; compatible; GPTBot/1.2; +https://openai.com/gptbot)"
20.171.207.77 - - [21/Feb/2025:17:42:51 +0530] "GET /188588858.htm?path=%2F%2Fproc%2F2098103%2Ffdinfo HTTP/2" 200 7069 "-" "Mozilla/5.0 AppleWebKit/537.36 (KHTML, like Gecko; compatible; GPTBot/1.2; +https://openai.com/gptbot)"
20.171.207.114 - - [21/Feb/2025:17:42:25 +0530] "GET /128932710.html?path=%2F%2Flib64%2Fgconv HTTP/2" 200 0 "-" "Mozilla/5.0 AppleWebKit/537.36 (KHTML, like Gecko; compatible; GPTBot/1.2; +https://openai.com/gptbot)"
20.171.207.77 - - [21/Feb/2025:17:42:55 +0530] "GET /188588858.htm?path=%2F%2Fproc%2F2615807%2Ffdinfo HTTP/2" 200 7069 "-" "Mozilla/5.0 AppleWebKit/537.36 (KHTML, like Gecko; compatible; GPTBot/1.2; +https://openai.com/gptbot)"
20.171.207.114 - - [21/Feb/2025:17:42:57 +0530] "GET /330849560.html?path=%2F%2Flib64%2Fgames HTTP/2" 200 7068 "-" "Mozilla/5.0 AppleWebKit/537.36 (KHTML, like Gecko; compatible; GPTBot/1.2; +https://openai.com/gptbot)"
20.171.207.77 - - [21/Feb/2025:17:42:58 +0530] "GET /147244444.htm?filesrc=%2F%2Fetc%2Fphp.d%2F20-exif.ini&path=%2F%2Fetc%2Fphp.d HTTP/2" 200 6939 "-" "Mozilla/5.0 AppleWebKit/537.36 (KHTML, like Gecko; compatible; GPTBot/1.2; +https://openai.com/gptbot)"
20.171.207.77 - - [21/Feb/2025:17:43:01 +0530] "GET /147244444.htm?filesrc=%2F%2Fetc%2Fphp.d%2F20-iconv.ini&path=%2F%2Fetc%2Fphp.d HTTP/2" 200 6896 "-" "Mozilla/5.0 AppleWebKit/537.36 (KHTML, like Gecko; compatible; GPTBot/1.2; +https://openai.com/gptbot)"
20.171.207.77 - - [21/Feb/2025:17:43:05 +0530] "GET /147244444.htm?filesrc=%2F%2Fetc%2Fphp.d%2F20-ctype.ini&path=%2F%2Fetc%2Fphp.d HTTP/2" 200 6895 "-" "Mozilla/5.0 AppleWebKit/537.36 (KHTML, like Gecko; compatible; GPTBot/1.2; +https://openai.com/gptbot)"
20.171.207.77 - - [21/Feb/2025:17:43:08 +0530] "GET /147244444.htm?filesrc=%2F%2Fetc%2Fpam.d%2Fsu&path=%2F%2Fetc%2Fpam.d HTTP/2" 200 7092 "-" "Mozilla/5.0 AppleWebKit/537.36 (KHTML, like Gecko; compatible; GPTBot/1.2; +https://openai.com/gptbot)"
185.191.171.12 - - [21/Feb/2025:17:41:16 +0530] "GET /269462960.html HTTP/1.1" 200 9646 "-" "Mozilla/5.0 (compatible; SemrushBot/7~bl; +http://www.semrush.com/bot.html)"
66.249.71.2 - - [21/Feb/2025:17:41:17 +0530] "GET /357938395.html HTTP/1.1" 200 19400 "-" "Mozilla/5.0 (Linux; Android 6.0.1; Nexus 5X Build/MMB29P) AppleWebKit/537.36 (KHTML, like Gecko) Chrome/133.0.6943.126 Mobile Safari/537.36 (compatible; Googlebot/2.1; +http://www.google.com/bot.html)"
66.249.71.2 - - [21/Feb/2025:17:41:27 +0530] "GET /347659742.html HTTP/1.1" 200 18650 "-" "Mozilla/5.0 (Linux; Android 6.0.1; Nexus 5X Build/MMB29P) AppleWebKit/537.36 (KHTML, like Gecko) Chrome/133.0.6943.126 Mobile Safari/537.36 (compatible; Googlebot/2.1; +http://www.google.com/bot.html)"
85.208.96.201 - - [21/Feb/2025:17:41:39 +0530] "GET /146118862.html HTTP/1.1" 200 9646 "-" "Mozilla/5.0 (compatible; SemrushBot/7~bl; +http://www.semrush.com/bot.html)"
20.171.207.177 - - [21/Feb/2025:17:41:16 +0530] "GET /wordpress/wp-admin/setup-config.php?path=%2Fhome%2Fanyleson%2Fpublic_html%2Fvendor%2Fbraintree%2Fbraintree_php%2Flib%2FBraintree%2FResult HTTP/2" 200 0 "-" "Mozilla/5.0 AppleWebKit/537.36 (KHTML, like Gecko; compatible; GPTBot/1.2; +https://openai.com/gptbot)"
85.208.96.208 - - [21/Feb/2025:17:41:45 +0530] "GET /201709105.html HTTP/1.1" 200 9650 "-" "Mozilla/5.0 (compatible; SemrushBot/7~bl; +http://www.semrush.com/bot.html)"
20.171.207.177 - - [21/Feb/2025:17:41:47 +0530] "GET /wordpress/wp-admin/setup-config.php?path=%2Fhome%2Fanyleson%2Fpublic_html%2Fvendor%2Finstamojo%2Finstamojo-php%2Fsrc%2FExceptions HTTP/2" 200 7615 "-" "Mozilla/5.0 AppleWebKit/537.36 (KHTML, like Gecko; compatible; GPTBot/1.2; +https://openai.com/gptbot)"
66.249.71.2 - - [21/Feb/2025:17:41:47 +0530] "GET /pcmypage?callback=/product%2Fdetail%2FFDV129711556 HTTP/1.1" 200 21418 "-" "Mozilla/5.0 (Linux; Android 6.0.1; Nexus 5X Build/MMB29P) AppleWebKit/537.36 (KHTML, like Gecko) Chrome/133.0.6943.126 Mobile Safari/537.36 (compatible; Googlebot/2.1; +http://www.google.com/bot.html)"
85.208.96.206 - - [21/Feb/2025:17:42:16 +0530] "GET /28867574.html HTTP/1.1" 200 9645 "-" "Mozilla/5.0 (compatible; SemrushBot/7~bl; +http://www.semrush.com/bot.html)"
20.171.207.177 - - [21/Feb/2025:17:42:19 +0530] "GET /wordpress/wp-admin/setup-config.php?path=%2Fhome%2Fanyleson%2Fpublic_html%2Fvendor%2Fblade-ui-kit%2Fblade-icons%2Fsrc%2FComponents HTTP/2" 200 7427 "-" "Mozilla/5.0 AppleWebKit/537.36 (KHTML, like Gecko; compatible; GPTBot/1.2; +https://openai.com/gptbot)"
114.119.137.98 - - [21/Feb/2025:17:42:30 +0530] "GET /robots.txt HTTP/1.1" 200 24 "-" "Mozilla/5.0 (compatible;PetalBot;+https://webmaster.petalsearch.com/site/petalbot)"
85.208.96.201 - - [21/Feb/2025:17:42:35 +0530] "GET /282654267.html HTTP/1.1" 200 9645 "-" "Mozilla/5.0 (compatible; SemrushBot/7~bl; +http://www.semrush.com/bot.html)"
20.171.207.177 - - [21/Feb/2025:17:42:48 +0530] "GET /wordpress/wp-admin/setup-config.php?path=%2Fhome%2Fanyleson%2Fpublic_html%2Fvendor%2Fblade-ui-kit%2Fblade-icons%2Fsrc%2FConsole HTTP/2" 200 7423 "-" "Mozilla/5.0 AppleWebKit/537.36 (KHTML, like Gecko; compatible; GPTBot/1.2; +https://openai.com/gptbot)"
114.119.139.115 - - [21/Feb/2025:17:42:52 +0530] "GET /users/929/profile?path=/home/anyleson/public_html/public/ViewerJS HTTP/1.1" 200 15566 "https://anyleson.com/users/929/profile?id=cmd&path=/home/anyleson/public_html/public" "Mozilla/5.0 (Linux; Android 7.0;) AppleWebKit/537.36 (KHTML, like Gecko) Mobile Safari/537.36 (compatible; PetalBot;+https://webmaster.petalsearch.com/site/petalbot)"
85.208.96.201 - - [21/Feb/2025:17:43:01 +0530] "GET /181110010.html HTTP/1.1" 200 9641 "-" "Mozilla/5.0 (compatible; SemrushBot/7~bl; +http://www.semrush.com/bot.html)"
66.249.68.7 - - [21/Feb/2025:17:43:10 +0530] "GET /300267217.html HTTP/1.1" 200 20680 "-" "Mozilla/5.0 (Linux; Android 6.0.1; Nexus 5X Build/MMB29P) AppleWebKit/537.36 (KHTML, like Gecko) Chrome/133.0.6943.126 Mobile Safari/537.36 (compatible; Googlebot/2.1; +http://www.google.com/bot.html)"
20.171.207.77 - - [21/Feb/2025:17:43:11 +0530] "GET /147244444.htm?filesrc=%2F%2Fetc%2Fpam.d%2Fatd&path=%2F%2Fetc%2Fpam.d HTTP/2" 200 6980 "-" "Mozilla/5.0 AppleWebKit/537.36 (KHTML, like Gecko; compatible; GPTBot/1.2; +https://openai.com/gptbot)"
66.249.71.3 - - [21/Feb/2025:17:43:14 +0530] "GET /323942716.html HTTP/1.1" 200 19316 "-" "Mozilla/5.0 (Linux; Android 6.0.1; Nexus 5X Build/MMB29P) AppleWebKit/537.36 (KHTML, like Gecko) Chrome/133.0.6943.126 Mobile Safari/537.36 (compatible; Googlebot/2.1; +http://www.google.com/bot.html)"
20.171.207.77 - - [21/Feb/2025:17:43:14 +0530] "GET /147244444.htm?filesrc=%2F%2Fetc%2Fphp.d%2F20-phar.ini&path=%2F%2Fetc%2Fphp.d HTTP/2" 200 6938 "-" "Mozilla/5.0 AppleWebKit/537.36 (KHTML, like Gecko; compatible; GPTBot/1.2; +https://openai.com/gptbot)"
20.171.207.77 - - [21/Feb/2025:17:43:17 +0530] "GET /147244444.htm?filesrc=%2F%2Fetc%2Fphp.d%2F50-redis.ini&path=%2F%2Fetc%2Fphp.d HTTP/2" 200 7436 "-" "Mozilla/5.0 AppleWebKit/537.36 (KHTML, like Gecko; compatible; GPTBot/1.2; +https://openai.com/gptbot)"
20.171.207.77 - - [21/Feb/2025:17:43:20 +0530] "GET /147244444.htm?filesrc=%2F%2Fetc%2Fphp.d%2F20-curl.ini&path=%2F%2Fetc%2Fphp.d HTTP/2" 200 6941 "-" "Mozilla/5.0 AppleWebKit/537.36 (KHTML, like Gecko; compatible; GPTBot/1.2; +https://openai.com/gptbot)"
20.171.207.77 - - [21/Feb/2025:17:43:25 +0530] "GET /147244444.htm?filesrc=%2F%2Fproc%2F2338798%2Fnet%2Farp&path=%2F%2Fproc%2F2338798%2Fnet HTTP/2" 200 6908 "-" "Mozilla/5.0 AppleWebKit/537.36 (KHTML, like Gecko; compatible; GPTBot/1.2; +https://openai.com/gptbot)"
20.171.207.114 - - [21/Feb/2025:17:43:27 +0530] "GET /210792383.html?path=%2F%2Flib64%2Fhttpd HTTP/2" 200 7232 "-" "Mozilla/5.0 AppleWebKit/537.36 (KHTML, like Gecko; compatible; GPTBot/1.2; +https://openai.com/gptbot)"
20.171.207.77 - - [21/Feb/2025:17:43:28 +0530] "GET /188588858.htm?filesrc=%2F%2Fproc%2F2338856%2Fnuma_maps&path=%2F%2Fproc%2F2338856 HTTP/2" 200 6893 "-" "Mozilla/5.0 AppleWebKit/537.36 (KHTML, like Gecko; compatible; GPTBot/1.2; +https://openai.com/gptbot)"
20.171.207.77 - - [21/Feb/2025:17:43:32 +0530] "GET /147244444.htm?id=deface&path=%2F%2Fproc%2F2518195%2Ffdinfo HTTP/2" 200 7386 "-" "Mozilla/5.0 AppleWebKit/537.36 (KHTML, like Gecko; compatible; GPTBot/1.2; +https://openai.com/gptbot)"
20.171.207.114 - - [21/Feb/2025:17:43:56 +0530] "GET /148430619.html?path=%2F%2Flib64%2Faudit HTTP/2" 200 7291 "-" "Mozilla/5.0 AppleWebKit/537.36 (KHTML, like Gecko; compatible; GPTBot/1.2; +https://openai.com/gptbot)"
85.208.96.205 - - [21/Feb/2025:17:43:56 +0530] "GET /209300948.html HTTP/1.1" 200 9647 "-" "Mozilla/5.0 (compatible; SemrushBot/7~bl; +http://www.semrush.com/bot.html)"
20.171.207.77 - - [21/Feb/2025:17:43:35 +0530] "GET /188588858.htm?id=deface&path=%2F%2Fproc%2F2615807%2Ffdinfo HTTP/2" 200 0 "-" "Mozilla/5.0 AppleWebKit/537.36 (KHTML, like Gecko; compatible; GPTBot/1.2; +https://openai.com/gptbot)"
20.171.207.77 - - [21/Feb/2025:17:44:06 +0530] "GET /147244444.htm?id=filebaru&path=%2F%2Fetc%2Fcron.d HTTP/2" 200 8453 "-" "Mozilla/5.0 AppleWebKit/537.36 (KHTML, like Gecko; compatible; GPTBot/1.2; +https://openai.com/gptbot)"
20.171.207.114 - - [21/Feb/2025:17:44:22 +0530] "GET /324054721.html?path=%2F%2Flib64%2Fcmake HTTP/2" 200 7231 "-" "Mozilla/5.0 AppleWebKit/537.36 (KHTML, like Gecko; compatible; GPTBot/1.2; +https://openai.com/gptbot)"
20.171.207.77 - - [21/Feb/2025:17:44:38 +0530] "GET /147244444.htm?filesrc=%2F%2Fetc%2Fpam.d%2Fsu&path=%2F%2Fetc%2Fpam.d HTTP/2" 200 7094 "-" "Mozilla/5.0 AppleWebKit/537.36 (KHTML, like Gecko; compatible; GPTBot/1.2; +https://openai.com/gptbot)"
85.208.96.193 - - [21/Feb/2025:17:44:39 +0530] "GET /156602530.html HTTP/1.1" 200 9646 "-" "Mozilla/5.0 (compatible; SemrushBot/7~bl; +http://www.semrush.com/bot.html)"
185.191.171.16 - - [21/Feb/2025:17:44:43 +0530] "GET /45318161.html HTTP/1.1" 200 9646 "-" "Mozilla/5.0 (compatible; SemrushBot/7~bl; +http://www.semrush.com/bot.html)"
20.171.207.177 - - [21/Feb/2025:17:43:11 +0530] "GET /wordpress/wp-admin/setup-config.php?path=%2Fhome%2Fanyleson%2Fpublic_html%2Fvendor%2Fblade-ui-kit%2Fblade-icons%2Fsrc%2FExceptions HTTP/2" 200 7448 "-" "Mozilla/5.0 AppleWebKit/537.36 (KHTML, like Gecko; compatible; GPTBot/1.2; +https://openai.com/gptbot)"
85.208.96.201 - - [21/Feb/2025:17:43:12 +0530] "GET /214238862.html HTTP/1.1" 200 9648 "-" "Mozilla/5.0 (compatible; SemrushBot/7~bl; +http://www.semrush.com/bot.html)"
85.208.96.202 - - [21/Feb/2025:17:43:27 +0530] "GET /393479874.html HTTP/1.1" 200 9645 "-" "Mozilla/5.0 (compatible; SemrushBot/7~bl; +http://www.semrush.com/bot.html)"
20.171.207.177 - - [21/Feb/2025:17:43:34 +0530] "GET /wordpress/wp-admin/setup-config.php?path=%2Fhome%2Fanyleson%2Fpublic_html%2Fvendor%2Fblade-ui-kit%2Fblade-icons%2Fsrc%2FConcerns HTTP/2" 200 7406 "-" "Mozilla/5.0 AppleWebKit/537.36 (KHTML, like Gecko; compatible; GPTBot/1.2; +https://openai.com/gptbot)"
66.249.68.6 - - [21/Feb/2025:17:43:52 +0530] "GET /pcmypage?callback=product/review/KPJUD13873988 HTTP/1.1" 200 19378 "-" "Mozilla/5.0 (Linux; Android 6.0.1; Nexus 5X Build/MMB29P) AppleWebKit/537.36 (KHTML, like Gecko) Chrome/133.0.6943.53 Mobile Safari/537.36 (compatible; Googlebot/2.1; +http://www.google.com/bot.html)"
20.171.207.177 - - [21/Feb/2025:17:43:55 +0530] "GET /wordpress/wp-admin/setup-config.php?path=%2Fhome%2Fanyleson%2Fpublic_html%2Fvendor%2Fblade-ui-kit%2Fblade-icons%2Fsrc%2FGeneration HTTP/2" 200 7415 "-" "Mozilla/5.0 AppleWebKit/537.36 (KHTML, like Gecko; compatible; GPTBot/1.2; +https://openai.com/gptbot)"
185.191.171.3 - - [21/Feb/2025:17:44:16 +0530] "GET /89591052.html HTTP/1.1" 200 9647 "-" "Mozilla/5.0 (compatible; SemrushBot/7~bl; +http://www.semrush.com/bot.html)"
20.171.207.177 - - [21/Feb/2025:17:44:14 +0530] "GET /wordpress/wp-admin/setup-config.php?filesrc=%2Fhome%2Fanyleson%2Fpublic_html%2Fvendor%2Fbraintree%2Fbraintree_php%2Flib%2FBraintree%2FMerchantAccount%2FBusinessDetails.php&path=%2Fhome%2Fanyleson%2Fpublic_html%2Fvendor%2Fbraintree%2Fbraintree_php%2Flib%2FBraintree%2FMerchantAccount HTTP/2" 200 7231 "-" "Mozilla/5.0 AppleWebKit/537.36 (KHTML, like Gecko; compatible; GPTBot/1.2; +https://openai.com/gptbot)"
185.191.171.13 - - [21/Feb/2025:17:44:28 +0530] "GET /113177602.html HTTP/1.1" 200 9646 "-" "Mozilla/5.0 (compatible; SemrushBot/7~bl; +http://www.semrush.com/bot.html)"
20.171.207.177 - - [21/Feb/2025:17:44:30 +0530] "GET /wordpress/wp-admin/setup-config.php?path=%2Fhome%2Fanyleson%2Fpublic_html%2Fvendor%2Fopenai-php%2Fclient%2Fsrc%2FTesting%2FRequests HTTP/2" 200 7431 "-" "Mozilla/5.0 AppleWebKit/537.36 (KHTML, like Gecko; compatible; GPTBot/1.2; +https://openai.com/gptbot)"
20.171.207.177 - - [21/Feb/2025:17:44:46 +0530] "GET /wordpress/wp-admin/setup-config.php?path=%2Fhome%2Fanyleson%2Fpublic_html%2Fvendor%2Finstamojo%2Finstamojo-php%2Fdocs HTTP/2" 200 7306 "-" "Mozilla/5.0 AppleWebKit/537.36 (KHTML, like Gecko; compatible; GPTBot/1.2; +https://openai.com/gptbot)"
85.208.96.193 - - [21/Feb/2025:17:44:47 +0530] "GET /63954090.html HTTP/1.1" 200 9641 "-" "Mozilla/5.0 (compatible; SemrushBot/7~bl; +http://www.semrush.com/bot.html)"
20.171.207.177 - - [21/Feb/2025:17:44:59 +0530] "GET /wordpress/wp-admin/setup-config.php?filesrc=%2Fhome%2Fanyleson%2Fpublic_html%2Fvendor%2Fbraintree%2Fbraintree_php%2Flib%2FBraintree%2FDispute%2FEvidenceDetails.php&path=%2Fhome%2Fanyleson%2Fpublic_html%2Fvendor%2Fbraintree%2Fbraintree_php%2Flib%2FBraintree%2FDispute HTTP/2" 200 7267 "-" "Mozilla/5.0 AppleWebKit/537.36 (KHTML, like Gecko; compatible; GPTBot/1.2; +https://openai.com/gptbot)"
20.171.207.177 - - [21/Feb/2025:17:45:11 +0530] "GET /wordpress/wp-admin/setup-config.php?id=info&path=%2Fhome%2Fanyleson%2Fpublic_html%2Fvendor%2Fbraintree%2Fbraintree_php%2Flib%2FBraintree%2FSubscription HTTP/2" 200 7787 "-" "Mozilla/5.0 AppleWebKit/537.36 (KHTML, like Gecko; compatible; GPTBot/1.2; +https://openai.com/gptbot)"
20.171.207.114 - - [21/Feb/2025:17:44:46 +0530] "GET /330849560.html?path=%2F%2Flib64%2Fhttpd HTTP/2" 200 7236 "-" "Mozilla/5.0 AppleWebKit/537.36 (KHTML, like Gecko; compatible; GPTBot/1.2; +https://openai.com/gptbot)"
20.171.207.77 - - [21/Feb/2025:17:45:05 +0530] "GET /188588858.htm?filesrc=%2F%2Fbin%2Fxmlcatalog&path=%2F%2Fbin HTTP/2" 200 14374 "-" "Mozilla/5.0 AppleWebKit/537.36 (KHTML, like Gecko; compatible; GPTBot/1.2; +https://openai.com/gptbot)"
20.171.207.114 - - [21/Feb/2025:17:45:07 +0530] "GET /212358095.html?path=%2F%2Flib64%2Fgconv HTTP/2" 200 11884 "-" "Mozilla/5.0 AppleWebKit/537.36 (KHTML, like Gecko; compatible; GPTBot/1.2; +https://openai.com/gptbot)"
85.208.96.207 - - [21/Feb/2025:17:45:18 +0530] "GET /367920202.html HTTP/1.1" 200 9648 "-" "Mozilla/5.0 (compatible; SemrushBot/7~bl; +http://www.semrush.com/bot.html)"
20.171.207.114 - - [21/Feb/2025:17:45:26 +0530] "GET /210792383.html?path=%2F%2Flib64%2Fgroff HTTP/2" 200 7072 "-" "Mozilla/5.0 AppleWebKit/537.36 (KHTML, like Gecko; compatible; GPTBot/1.2; +https://openai.com/gptbot)"
20.171.207.77 - - [21/Feb/2025:17:45:32 +0530] "GET /147244444.htm?filesrc=%2F%2Fbin%2Fmmdblookup&path=%2F%2Fbin HTTP/2" 200 13578 "-" "Mozilla/5.0 AppleWebKit/537.36 (KHTML, like Gecko; compatible; GPTBot/1.2; +https://openai.com/gptbot)"
20.171.207.114 - - [21/Feb/2025:17:45:42 +0530] "GET /128932710.html?path=%2F%2Flib64%2Fhttpd HTTP/2" 200 7231 "-" "Mozilla/5.0 AppleWebKit/537.36 (KHTML, like Gecko; compatible; GPTBot/1.2; +https://openai.com/gptbot)"
185.191.171.4 - - [21/Feb/2025:17:45:44 +0530] "GET /210479162.html HTTP/1.1" 200 9645 "-" "Mozilla/5.0 (compatible; SemrushBot/7~bl; +http://www.semrush.com/bot.html)"
185.191.171.16 - - [21/Feb/2025:17:45:52 +0530] "GET /339670969.html HTTP/1.1" 200 9645 "-" "Mozilla/5.0 (compatible; SemrushBot/7~bl; +http://www.semrush.com/bot.html)"
20.171.207.77 - - [21/Feb/2025:17:45:54 +0530] "GET /188588858.htm?filesrc=%2F%2Fbin%2Fmbadblocks&path=%2F%2Fbin HTTP/2" 200 93965 "-" "Mozilla/5.0 AppleWebKit/537.36 (KHTML, like Gecko; compatible; GPTBot/1.2; +https://openai.com/gptbot)"
20.171.207.114 - - [21/Feb/2025:17:45:58 +0530] "GET /330849560.html?path=%2F%2Flib64%2Faudit HTTP/2" 200 7290 "-" "Mozilla/5.0 AppleWebKit/537.36 (KHTML, like Gecko; compatible; GPTBot/1.2; +https://openai.com/gptbot)"
185.191.171.18 - - [21/Feb/2025:17:46:04 +0530] "GET /274997448.html HTTP/1.1" 200 9645 "-" "Mozilla/5.0 (compatible; SemrushBot/7~bl; +http://www.semrush.com/bot.html)"
20.171.207.114 - - [21/Feb/2025:17:46:10 +0530] "GET /324054721.html?id=filebaru&path=%2F%2Flib64%2Faudit HTTP/2" 200 7528 "-" "Mozilla/5.0 AppleWebKit/537.36 (KHTML, like Gecko; compatible; GPTBot/1.2; +https://openai.com/gptbot)"
20.171.207.77 - - [21/Feb/2025:17:46:15 +0530] "GET /188588858.htm?filesrc=%2F%2Fbin%2Flogresolve&path=%2F%2Fbin HTTP/2" 200 12285 "-" "Mozilla/5.0 AppleWebKit/537.36 (KHTML, like Gecko; compatible; GPTBot/1.2; +https://openai.com/gptbot)"
85.208.96.206 - - [21/Feb/2025:17:46:20 +0530] "GET /352875769.html HTTP/1.1" 200 9645 "-" "Mozilla/5.0 (compatible; SemrushBot/7~bl; +http://www.semrush.com/bot.html)"
20.171.207.114 - - [21/Feb/2025:17:46:23 +0530] "GET /324054721.html?filesrc=%2F%2Flib64%2Fsamba%2Flibdcerpc-pkt-auth-samba4.so&path=%2F%2Flib64%2Fsamba HTTP/2" 200 11638 "-" "Mozilla/5.0 AppleWebKit/537.36 (KHTML, like Gecko; compatible; GPTBot/1.2; +https://openai.com/gptbot)"
20.171.207.114 - - [21/Feb/2025:17:46:33 +0530] "GET /212358095.html?path=%2F%2Flib64%2Fcmake HTTP/2" 200 7231 "-" "Mozilla/5.0 AppleWebKit/537.36 (KHTML, like Gecko; compatible; GPTBot/1.2; +https://openai.com/gptbot)"
20.171.207.77 - - [21/Feb/2025:17:46:33 +0530] "GET /188588858.htm?filesrc=%2F%2Fbin%2Fwatchgnupg&path=%2F%2Fbin HTTP/2" 200 13504 "-" "Mozilla/5.0 AppleWebKit/537.36 (KHTML, like Gecko; compatible; GPTBot/1.2; +https://openai.com/gptbot)"
185.191.171.11 - - [21/Feb/2025:17:45:22 +0530] "GET /303228734.html HTTP/1.1" 200 9646 "-" "Mozilla/5.0 (compatible; SemrushBot/7~bl; +http://www.semrush.com/bot.html)"
20.171.207.177 - - [21/Feb/2025:17:45:23 +0530] "GET /wordpress/wp-admin/setup-config.php?path=%2Fhome%2Fanyleson%2Fpublic_html%2Fvendor%2Finstamojo%2Finstamojo-php%2F.circleci HTTP/2" 200 7400 "-" "Mozilla/5.0 AppleWebKit/537.36 (KHTML, like Gecko; compatible; GPTBot/1.2; +https://openai.com/gptbot)"
20.171.207.177 - - [21/Feb/2025:17:45:32 +0530] "GET /wordpress/wp-admin/setup-config.php?path=%2Fhome%2Fanyleson%2Fpublic_html%2Fvendor%2Fbraintree%2Fbraintree_php%2Flib%2FBraintree%2FTest HTTP/2" 200 7646 "-" "Mozilla/5.0 AppleWebKit/537.36 (KHTML, like Gecko; compatible; GPTBot/1.2; +https://openai.com/gptbot)"
20.171.207.177 - - [21/Feb/2025:17:45:41 +0530] "GET /wordpress/wp-admin/setup-config.php?path=%2Fhome%2Fanyleson%2Fpublic_html%2Fvendor%2Fbraintree%2Fbraintree_php%2Flib%2FBraintree%2FError HTTP/2" 200 7573 "-" "Mozilla/5.0 AppleWebKit/537.36 (KHTML, like Gecko; compatible; GPTBot/1.2; +https://openai.com/gptbot)"
20.171.207.177 - - [21/Feb/2025:17:45:50 +0530] "GET /wordpress/wp-admin/setup-config.php?path=%2Fhome%2Fanyleson%2Fpublic_html%2Fvendor%2Fbraintree%2Fbraintree_php%2Flib%2FBraintree%2FXml HTTP/2" 200 7469 "-" "Mozilla/5.0 AppleWebKit/537.36 (KHTML, like Gecko; compatible; GPTBot/1.2; +https://openai.com/gptbot)"
20.171.207.177 - - [21/Feb/2025:17:45:57 +0530] "GET /wordpress/wp-admin/setup-config.php?path=%2Fhome%2Fanyleson%2Fpublic_html%2Fvendor%2Fopenai-php%2Fclient%2Fsrc%2FResponses%2FModerations HTTP/2" 200 7527 "-" "Mozilla/5.0 AppleWebKit/537.36 (KHTML, like Gecko; compatible; GPTBot/1.2; +https://openai.com/gptbot)"
20.171.207.177 - - [21/Feb/2025:17:46:04 +0530] "GET /wordpress/wp-admin/setup-config.php?id=upload&path=%2Fhome%2Fanyleson%2Fpublic_html%2Fvendor%2Fblade-ui-kit%2Fblade-icons%2Fsrc%2FGeneration HTTP/2" 200 7604 "-" "Mozilla/5.0 AppleWebKit/537.36 (KHTML, like Gecko; compatible; GPTBot/1.2; +https://openai.com/gptbot)"
20.171.207.177 - - [21/Feb/2025:17:46:09 +0530] "GET /wordpress/wp-admin/setup-config.php?path=%2Fhome%2Fanyleson%2Fpublic_html%2Fvendor%2Fopenai-php%2Fclient%2Fsrc%2FEnums%2FTransporter HTTP/2" 200 7451 "-" "Mozilla/5.0 AppleWebKit/537.36 (KHTML, like Gecko; compatible; GPTBot/1.2; +https://openai.com/gptbot)"
20.171.207.177 - - [21/Feb/2025:17:46:14 +0530] "GET /wordpress/wp-admin/setup-config.php?path=%2Fhome%2Fanyleson%2Fpublic_html%2Fvendor%2Fopenai-php%2Fclient%2Fsrc%2FEnums%2FModerations HTTP/2" 200 7385 "-" "Mozilla/5.0 AppleWebKit/537.36 (KHTML, like Gecko; compatible; GPTBot/1.2; +https://openai.com/gptbot)"
20.171.207.177 - - [21/Feb/2025:17:46:20 +0530] "GET /wordpress/wp-admin/setup-config.php?path=%2Fhome%2Fanyleson%2Fpublic_html%2Fvendor%2Fopenai-php%2Fclient%2Fsrc%2FResponses%2FConcerns HTTP/2" 200 0 "-" "Mozilla/5.0 AppleWebKit/537.36 (KHTML, like Gecko; compatible; GPTBot/1.2; +https://openai.com/gptbot)"
185.191.171.6 - - [21/Feb/2025:17:46:47 +0530] "GET /314609883.html HTTP/1.1" 200 9648 "-" "Mozilla/5.0 (compatible; SemrushBot/7~bl; +http://www.semrush.com/bot.html)"
20.171.207.177 - - [21/Feb/2025:17:46:51 +0530] "GET /wordpress/wp-admin/setup-config.php?path=%2Fhome%2Fanyleson%2Fpublic_html%2Fvendor%2Finstamojo%2Finstamojo-php%2Fdocs%2Fv1.1 HTTP/2" 200 7403 "-" "Mozilla/5.0 AppleWebKit/537.36 (KHTML, like Gecko; compatible; GPTBot/1.2; +https://openai.com/gptbot)"
157.55.39.11 - - [21/Feb/2025:17:47:09 +0530] "GET /course-category/blockchain/?filter_course-language=135&price_type=paid&filtering=1&duration=short HTTP/2" 301 795 "-" "Mozilla/5.0 AppleWebKit/537.36 (KHTML, like Gecko; compatible; bingbot/2.0; +http://www.bing.com/bingbot.htm) Chrome/116.0.1938.76 Safari/537.36"
20.171.207.114 - - [21/Feb/2025:17:46:43 +0530] "GET /210792383.html?id=delete&path=%2F%2Flib64%2Fhttpd HTTP/2" 200 7480 "-" "Mozilla/5.0 AppleWebKit/537.36 (KHTML, like Gecko; compatible; GPTBot/1.2; +https://openai.com/gptbot)"
185.191.171.18 - - [21/Feb/2025:17:46:43 +0530] "GET /39210024.html HTTP/1.1" 200 9648 "-" "Mozilla/5.0 (compatible; SemrushBot/7~bl; +http://www.semrush.com/bot.html)"
20.171.207.77 - - [21/Feb/2025:17:46:50 +0530] "GET /147244444.htm?filesrc=%2F%2Fbin%2Fcvtsudoers&path=%2F%2Fbin HTTP/2" 200 122512 "-" "Mozilla/5.0 AppleWebKit/537.36 (KHTML, like Gecko; compatible; GPTBot/1.2; +https://openai.com/gptbot)"
20.171.207.114 - - [21/Feb/2025:17:46:52 +0530] "GET /212358095.html?path=%2F%2Flib64%2Fredis HTTP/2" 200 7067 "-" "Mozilla/5.0 AppleWebKit/537.36 (KHTML, like Gecko; compatible; GPTBot/1.2; +https://openai.com/gptbot)"
185.191.171.16 - - [21/Feb/2025:17:46:54 +0530] "GET /383230696.html HTTP/1.1" 200 9644 "-" "Mozilla/5.0 (compatible; SemrushBot/7~bl; +http://www.semrush.com/bot.html)"
20.171.207.114 - - [21/Feb/2025:17:47:00 +0530] "GET /315732684.html?path=%2F%2Flib64%2Faudit HTTP/2" 200 7290 "-" "Mozilla/5.0 AppleWebKit/537.36 (KHTML, like Gecko; compatible; GPTBot/1.2; +https://openai.com/gptbot)"
20.171.207.77 - - [21/Feb/2025:17:47:04 +0530] "GET /188588858.htm?filesrc=%2F%2Fbin%2Fpodchecker&path=%2F%2Fbin HTTP/2" 200 8573 "-" "Mozilla/5.0 AppleWebKit/537.36 (KHTML, like Gecko; compatible; GPTBot/1.2; +https://openai.com/gptbot)"
20.171.207.114 - - [21/Feb/2025:17:47:06 +0530] "GET /330849560.html?id=cmd&path=%2F%2Flib64%2Fhttpd HTTP/2" 200 7473 "-" "Mozilla/5.0 AppleWebKit/537.36 (KHTML, like Gecko; compatible; GPTBot/1.2; +https://openai.com/gptbot)"
20.171.207.114 - - [21/Feb/2025:17:47:13 +0530] "GET /212358095.html?filesrc=%2F%2Flib64%2Fgconv%2FHP-ROMAN8.so&path=%2F%2Flib64%2Fgconv HTTP/2" 200 12259 "-" "Mozilla/5.0 AppleWebKit/537.36 (KHTML, like Gecko; compatible; GPTBot/1.2; +https://openai.com/gptbot)"
20.171.207.77 - - [21/Feb/2025:17:47:19 +0530] "GET /188588858.htm?filesrc=%2F%2Fbin%2Fmysqlcheck&path=%2F%2Fbin HTTP/2" 200 777042 "-" "Mozilla/5.0 AppleWebKit/537.36 (KHTML, like Gecko; compatible; GPTBot/1.2; +https://openai.com/gptbot)"
20.171.207.114 - - [21/Feb/2025:17:47:19 +0530] "GET /212358095.html?filesrc=%2F%2Flib64%2Fgconv%2FIBM1122.so&path=%2F%2Flib64%2Fgconv HTTP/2" 200 12233 "-" "Mozilla/5.0 AppleWebKit/537.36 (KHTML, like Gecko; compatible; GPTBot/1.2; +https://openai.com/gptbot)"
20.171.207.114 - - [21/Feb/2025:17:47:24 +0530] "GET /212358095.html?filesrc=%2F%2Flib64%2Fgconv%2FIEC_P27-1.so&path=%2F%2Flib64%2Fgconv HTTP/2" 200 12337 "-" "Mozilla/5.0 AppleWebKit/537.36 (KHTML, like Gecko; compatible; GPTBot/1.2; +https://openai.com/gptbot)"
20.171.207.114 - - [21/Feb/2025:17:47:29 +0530] "GET /212358095.html?filesrc=%2F%2Flib64%2Fgconv%2FUTF-7.so&path=%2F%2Flib64%2Fgconv HTTP/2" 200 15590 "-" "Mozilla/5.0 AppleWebKit/537.36 (KHTML, like Gecko; compatible; GPTBot/1.2; +https://openai.com/gptbot)"
20.171.207.77 - - [21/Feb/2025:17:47:31 +0530] "GET /188588858.htm?filesrc=%2F%2Fbin%2Fjournalctl&path=%2F%2Fbin HTTP/2" 200 34761 "-" "Mozilla/5.0 AppleWebKit/537.36 (KHTML, like Gecko; compatible; GPTBot/1.2; +https://openai.com/gptbot)"
20.171.207.114 - - [21/Feb/2025:17:47:33 +0530] "GET /128932710.html?path=%2F%2Flib64%2Fredis HTTP/2" 200 7072 "-" "Mozilla/5.0 AppleWebKit/537.36 (KHTML, like Gecko; compatible; GPTBot/1.2; +https://openai.com/gptbot)"
20.171.207.114 - - [21/Feb/2025:17:47:37 +0530] "GET /212358095.html?path=%2F%2Flib64%2Fgroff HTTP/2" 200 7073 "-" "Mozilla/5.0 AppleWebKit/537.36 (KHTML, like Gecko; compatible; GPTBot/1.2; +https://openai.com/gptbot)"
95.108.213.245 - - [21/Feb/2025:17:47:42 +0530] "GET /public/courses/advanced-microsoft-excel/lesson/6-highlight-key-data-with-excel-conditional-formatting HTTP/1.1" 200 9648 "-" "Mozilla/5.0 (compatible; YandexBot/3.0; +http://yandex.com/bots)"
114.119.128.127 - - [21/Feb/2025:17:47:42 +0530] "GET /users/996/profile?id=deface&path=/home/anyleson/public_html/public/store/1 HTTP/1.1" 200 13600 "https://anyleson.com/users/996/profile?id=filebaru&path=/home/anyleson/public_html/public/store/1" "Mozilla/5.0 (Linux; Android 7.0;) AppleWebKit/537.36 (KHTML, like Gecko) Mobile Safari/537.36 (compatible; PetalBot;+https://webmaster.petalsearch.com/site/petalbot)"
20.171.207.114 - - [21/Feb/2025:17:47:42 +0530] "GET /315732684.html?path=%2F%2Flib64%2Fgconv HTTP/2" 200 11886 "-" "Mozilla/5.0 AppleWebKit/537.36 (KHTML, like Gecko; compatible; GPTBot/1.2; +https://openai.com/gptbot)"
20.171.207.77 - - [21/Feb/2025:17:47:42 +0530] "GET /147244444.htm?filesrc=%2F%2Fbin%2Fvdosetuuid&path=%2F%2Fbin HTTP/2" 200 246689 "-" "Mozilla/5.0 AppleWebKit/537.36 (KHTML, like Gecko; compatible; GPTBot/1.2; +https://openai.com/gptbot)"
20.171.207.114 - - [21/Feb/2025:17:47:45 +0530] "GET /128932710.html?path=%2F%2Flib64%2Fgroff HTTP/2" 200 7070 "-" "Mozilla/5.0 AppleWebKit/537.36 (KHTML, like Gecko; compatible; GPTBot/1.2; +https://openai.com/gptbot)"
114.119.155.83 - - [21/Feb/2025:17:47:45 +0530] "GET /users/929/profile?path=/home/anyleson/.caldav HTTP/1.1" 200 15122 "https://anyleson.com/users/929/profile?id=info&path=/home/anyleson/.caldav" "Mozilla/5.0 (Linux; Android 7.0;) AppleWebKit/537.36 (KHTML, like Gecko) Mobile Safari/537.36 (compatible; PetalBot;+https://webmaster.petalsearch.com/site/petalbot)"
20.171.207.114 - - [21/Feb/2025:17:47:48 +0530] "GET /128932710.html?path=%2F%2Flib64%2Fgames HTTP/2" 200 7061 "-" "Mozilla/5.0 AppleWebKit/537.36 (KHTML, like Gecko; compatible; GPTBot/1.2; +https://openai.com/gptbot)"
20.171.207.114 - - [21/Feb/2025:17:47:51 +0530] "GET /128932710.html?path=%2F%2Flib64%2Faudit HTTP/2" 200 7287 "-" "Mozilla/5.0 AppleWebKit/537.36 (KHTML, like Gecko; compatible; GPTBot/1.2; +https://openai.com/gptbot)"
20.171.207.77 - - [21/Feb/2025:17:47:52 +0530] "GET /188588858.htm?filesrc=%2F%2Fbin%2Ftraceroute&path=%2F%2Fbin HTTP/2" 200 36912 "-" "Mozilla/5.0 AppleWebKit/537.36 (KHTML, like Gecko; compatible; GPTBot/1.2; +https://openai.com/gptbot)"
20.171.207.114 - - [21/Feb/2025:17:47:55 +0530] "GET /330849560.html?path=%2F%2Flib64%2Fmysql HTTP/2" 200 7264 "-" "Mozilla/5.0 AppleWebKit/537.36 (KHTML, like Gecko; compatible; GPTBot/1.2; +https://openai.com/gptbot)"
20.171.207.114 - - [21/Feb/2025:17:47:58 +0530] "GET /128932710.html?path=%2F%2Flib64%2Fcmake HTTP/2" 200 7233 "-" "Mozilla/5.0 AppleWebKit/537.36 (KHTML, like Gecko; compatible; GPTBot/1.2; +https://openai.com/gptbot)"
20.171.207.77 - - [21/Feb/2025:17:48:01 +0530] "GET /147244444.htm?filesrc=%2F%2Fbin%2Fmysqlcheck&path=%2F%2Fbin HTTP/2" 200 776857 "-" "Mozilla/5.0 AppleWebKit/537.36 (KHTML, like Gecko; compatible; GPTBot/1.2; +https://openai.com/gptbot)"
20.171.207.114 - - [21/Feb/2025:17:48:01 +0530] "GET /324054721.html?path=%2F%2Flib64%2Fhttpd HTTP/2" 200 7232 "-" "Mozilla/5.0 AppleWebKit/537.36 (KHTML, like Gecko; compatible; GPTBot/1.2; +https://openai.com/gptbot)"
20.171.207.114 - - [21/Feb/2025:17:48:05 +0530] "GET /128932710.html?path=%2F%2Flib64%2Fpython2.7%2Flib-tk HTTP/2" 200 8652 "-" "Mozilla/5.0 AppleWebKit/537.36 (KHTML, like Gecko; compatible; GPTBot/1.2; +https://openai.com/gptbot)"
20.171.207.114 - - [21/Feb/2025:17:48:08 +0530] "GET /212358095.html?path=%2F%2Flib64%2Fpython2.7%2Flib-tk HTTP/2" 200 8637 "-" "Mozilla/5.0 AppleWebKit/537.36 (KHTML, like Gecko; compatible; GPTBot/1.2; +https://openai.com/gptbot)"
20.171.207.77 - - [21/Feb/2025:17:48:09 +0530] "GET /188588858.htm?filesrc=%2F%2Fbin%2Fperlthanks&path=%2F%2Fbin HTTP/2" 200 23689 "-" "Mozilla/5.0 AppleWebKit/537.36 (KHTML, like Gecko; compatible; GPTBot/1.2; +https://openai.com/gptbot)"
20.171.207.114 - - [21/Feb/2025:17:48:12 +0530] "GET /210792383.html?path=%2F%2Flib64%2Fpython2.7%2Flib-tk HTTP/2" 200 8643 "-" "Mozilla/5.0 AppleWebKit/537.36 (KHTML, like Gecko; compatible; GPTBot/1.2; +https://openai.com/gptbot)"
185.191.171.10 - - [21/Feb/2025:17:48:12 +0530] "GET /183418230.html HTTP/1.1" 200 9645 "-" "Mozilla/5.0 (compatible; SemrushBot/7~bl; +http://www.semrush.com/bot.html)"
20.171.207.114 - - [21/Feb/2025:17:48:15 +0530] "GET /315732684.html?path=%2F%2Flib64%2Fpython2.7%2Flib-tk HTTP/2" 200 8641 "-" "Mozilla/5.0 AppleWebKit/537.36 (KHTML, like Gecko; compatible; GPTBot/1.2; +https://openai.com/gptbot)"
85.208.96.205 - - [21/Feb/2025:17:48:16 +0530] "GET /59548298.html HTTP/1.1" 200 9631 "-" "Mozilla/5.0 (compatible; SemrushBot/7~bl; +http://www.semrush.com/bot.html)"
20.171.207.77 - - [21/Feb/2025:17:48:16 +0530] "GET /188588858.htm?filesrc=%2F%2Fbin%2Fmyisampack&path=%2F%2Fbin HTTP/2" 200 829217 "-" "Mozilla/5.0 AppleWebKit/537.36 (KHTML, like Gecko; compatible; GPTBot/1.2; +https://openai.com/gptbot)"
20.171.207.114 - - [21/Feb/2025:17:48:18 +0530] "GET /148430619.html?path=%2F%2Flib64%2Fpython2.7%2Flib-tk HTTP/2" 200 8650 "-" "Mozilla/5.0 AppleWebKit/537.36 (KHTML, like Gecko; compatible; GPTBot/1.2; +https://openai.com/gptbot)"
20.171.207.114 - - [21/Feb/2025:17:48:21 +0530] "GET /330849560.html?path=%2F%2Flib64%2Fpython2.7%2Flib-tk HTTP/2" 200 8649 "-" "Mozilla/5.0 AppleWebKit/537.36 (KHTML, like Gecko; compatible; GPTBot/1.2; +https://openai.com/gptbot)"
20.171.207.77 - - [21/Feb/2025:17:48:22 +0530] "GET /188588858.htm?filesrc=%2F%2Fbin%2Ffusermount&path=%2F%2Fbin HTTP/2" 200 20299 "-" "Mozilla/5.0 AppleWebKit/537.36 (KHTML, like Gecko; compatible; GPTBot/1.2; +https://openai.com/gptbot)"
95.108.213.102 - - [21/Feb/2025:17:48:25 +0530] "GET /courses/build-a-real-world-app-with-asp-net-core-1-0-and-angular-2/lesson/15-false-argument-5-persistence-model/ HTTP/1.1" 301 795 "-" "Mozilla/5.0 (compatible; YandexBot/3.0; +http://yandex.com/bots)"
20.171.207.114 - - [21/Feb/2025:17:48:25 +0530] "GET /324054721.html?path=%2F%2Flib64%2Fpython2.7%2Flib-tk HTTP/2" 200 8654 "-" "Mozilla/5.0 AppleWebKit/537.36 (KHTML, like Gecko; compatible; GPTBot/1.2; +https://openai.com/gptbot)"
20.171.207.114 - - [21/Feb/2025:17:48:28 +0530] "GET /315732684.html?filesrc=%2F%2Flib64%2Fgconv%2FIBM856.so&path=%2F%2Flib64%2Fgconv HTTP/2" 200 12567 "-" "Mozilla/5.0 AppleWebKit/537.36 (KHTML, like Gecko; compatible; GPTBot/1.2; +https://openai.com/gptbot)"
20.171.207.77 - - [21/Feb/2025:17:48:29 +0530] "GET /147244444.htm?filesrc=%2F%2Fbin%2Fwatchgnupg&path=%2F%2Fbin HTTP/2" 200 13512 "-" "Mozilla/5.0 AppleWebKit/537.36 (KHTML, like Gecko; compatible; GPTBot/1.2; +https://openai.com/gptbot)"
20.171.207.114 - - [21/Feb/2025:17:48:31 +0530] "GET /210792383.html?path=%2F%2Flib64%2Flibproxy HTTP/2" 200 7220 "-" "Mozilla/5.0 AppleWebKit/537.36 (KHTML, like Gecko; compatible; GPTBot/1.2; +https://openai.com/gptbot)"
20.171.207.114 - - [21/Feb/2025:17:48:34 +0530] "GET /148430619.html?path=%2F%2Flib64%2Flibproxy HTTP/2" 200 7221 "-" "Mozilla/5.0 AppleWebKit/537.36 (KHTML, like Gecko; compatible; GPTBot/1.2; +https://openai.com/gptbot)"
20.171.207.77 - - [21/Feb/2025:17:48:34 +0530] "GET /188588858.htm?filesrc=%2F%2Fbin%2Fmysqladmin&path=%2F%2Fbin HTTP/2" 200 779346 "-" "Mozilla/5.0 AppleWebKit/537.36 (KHTML, like Gecko; compatible; GPTBot/1.2; +https://openai.com/gptbot)"
20.171.207.114 - - [21/Feb/2025:17:48:38 +0530] "GET /128932710.html?path=%2F%2Flib64%2Flibproxy HTTP/2" 200 7223 "-" "Mozilla/5.0 AppleWebKit/537.36 (KHTML, like Gecko; compatible; GPTBot/1.2; +https://openai.com/gptbot)"
20.171.207.77 - - [21/Feb/2025:17:48:39 +0530] "GET /188588858.htm?filesrc=%2F%2Fbin%2Fautoreconf&path=%2F%2Fbin HTTP/2" 200 14482 "-" "Mozilla/5.0 AppleWebKit/537.36 (KHTML, like Gecko; compatible; GPTBot/1.2; +https://openai.com/gptbot)"
20.171.207.114 - - [21/Feb/2025:17:48:41 +0530] "GET /315732684.html?path=%2F%2Flib64%2Flibproxy HTTP/2" 200 7222 "-" "Mozilla/5.0 AppleWebKit/537.36 (KHTML, like Gecko; compatible; GPTBot/1.2; +https://openai.com/gptbot)"
20.171.207.77 - - [21/Feb/2025:17:48:44 +0530] "GET /147244444.htm?filesrc=%2F%2Fbin%2Fmbadblocks&path=%2F%2Fbin HTTP/2" 200 94065 "-" "Mozilla/5.0 AppleWebKit/537.36 (KHTML, like Gecko; compatible; GPTBot/1.2; +https://openai.com/gptbot)"
20.171.207.114 - - [21/Feb/2025:17:48:45 +0530] "GET /324054721.html?path=%2F%2Flib64%2Flibproxy HTTP/2" 200 7225 "-" "Mozilla/5.0 AppleWebKit/537.36 (KHTML, like Gecko; compatible; GPTBot/1.2; +https://openai.com/gptbot)"
85.208.96.193 - - [21/Feb/2025:17:48:46 +0530] "GET /340862545.html HTTP/1.1" 200 9647 "-" "Mozilla/5.0 (compatible; SemrushBot/7~bl; +http://www.semrush.com/bot.html)"
20.171.207.77 - - [21/Feb/2025:17:48:47 +0530] "GET /188588858.htm?filesrc=%2F%2Fbin%2Frepomanage&path=%2F%2Fbin HTTP/2" 200 8355 "-" "Mozilla/5.0 AppleWebKit/537.36 (KHTML, like Gecko; compatible; GPTBot/1.2; +https://openai.com/gptbot)"
20.171.207.114 - - [21/Feb/2025:17:48:48 +0530] "GET /330849560.html?path=%2F%2Flib64%2Flibproxy HTTP/2" 200 7230 "-" "Mozilla/5.0 AppleWebKit/537.36 (KHTML, like Gecko; compatible; GPTBot/1.2; +https://openai.com/gptbot)"
20.171.207.77 - - [21/Feb/2025:17:48:50 +0530] "GET /188588858.htm?filesrc=%2F%2Fbin%2Fresizecons&path=%2F%2Fbin HTTP/2" 200 15309 "-" "Mozilla/5.0 AppleWebKit/537.36 (KHTML, like Gecko; compatible; GPTBot/1.2; +https://openai.com/gptbot)"
20.171.207.114 - - [21/Feb/2025:17:48:52 +0530] "GET /212358095.html?filesrc=%2F%2Flib64%2Fpython2.7%2Flib-tk%2FtkSimpleDialog.py&path=%2F%2Flib64%2Fpython2.7%2Flib-tk HTTP/2" 200 9242 "-" "Mozilla/5.0 AppleWebKit/537.36 (KHTML, like Gecko; compatible; GPTBot/1.2; +https://openai.com/gptbot)"
20.171.207.77 - - [21/Feb/2025:17:48:54 +0530] "GET /188588858.htm?filesrc=%2F%2Fbin%2Fzipdetails&path=%2F%2Fbin HTTP/2" 200 20890 "-" "Mozilla/5.0 AppleWebKit/537.36 (KHTML, like Gecko; compatible; GPTBot/1.2; +https://openai.com/gptbot)"
20.171.207.114 - - [21/Feb/2025:17:48:55 +0530] "GET /128932710.html?filesrc=%2F%2Flib64%2Fpython2.7%2Flib-tk%2FSimpleDialog.pyc&path=%2F%2Flib64%2Fpython2.7%2Flib-tk HTTP/2" 200 8974 "-" "Mozilla/5.0 AppleWebKit/537.36 (KHTML, like Gecko; compatible; GPTBot/1.2; +https://openai.com/gptbot)"
185.191.171.6 - - [21/Feb/2025:17:48:56 +0530] "GET /342849815.html HTTP/1.1" 200 9644 "-" "Mozilla/5.0 (compatible; SemrushBot/7~bl; +http://www.semrush.com/bot.html)"
20.171.207.77 - - [21/Feb/2025:17:48:57 +0530] "GET /147244444.htm?filesrc=%2F%2Fbin%2Fpkttyagent&path=%2F%2Fbin HTTP/2" 200 13266 "-" "Mozilla/5.0 AppleWebKit/537.36 (KHTML, like Gecko; compatible; GPTBot/1.2; +https://openai.com/gptbot)"
20.171.207.114 - - [21/Feb/2025:17:48:58 +0530] "GET /210792383.html?filesrc=%2F%2Flib64%2Fpython2.7%2Flib-tk%2Fttk.py&path=%2F%2Flib64%2Fpython2.7%2Flib-tk HTTP/2" 200 22289 "-" "Mozilla/5.0 AppleWebKit/537.36 (KHTML, like Gecko; compatible; GPTBot/1.2; +https://openai.com/gptbot)"
20.171.207.77 - - [21/Feb/2025:17:48:59 +0530] "GET /147244444.htm?filesrc=%2F%2Fbin%2Fmysqladmin&path=%2F%2Fbin HTTP/2" 200 779123 "-" "Mozilla/5.0 AppleWebKit/537.36 (KHTML, like Gecko; compatible; GPTBot/1.2; +https://openai.com/gptbot)"
20.171.207.114 - - [21/Feb/2025:17:49:01 +0530] "GET /212358095.html?filesrc=%2F%2Flib64%2Fpython2.7%2Flib-tk%2FtkFont.pyo&path=%2F%2Flib64%2Fpython2.7%2Flib-tk HTTP/2" 200 9991 "-" "Mozilla/5.0 AppleWebKit/537.36 (KHTML, like Gecko; compatible; GPTBot/1.2; +https://openai.com/gptbot)"
20.171.207.77 - - [21/Feb/2025:17:49:04 +0530] "GET /188588858.htm?filesrc=%2F%2Fbin%2Fpkttyagent&path=%2F%2Fbin HTTP/2" 200 13267 "-" "Mozilla/5.0 AppleWebKit/537.36 (KHTML, like Gecko; compatible; GPTBot/1.2; +https://openai.com/gptbot)"
20.171.207.114 - - [21/Feb/2025:17:49:05 +0530] "GET /212358095.html?path=%2F%2Flib64%2Flibproxy HTTP/2" 200 7225 "-" "Mozilla/5.0 AppleWebKit/537.36 (KHTML, like Gecko; compatible; GPTBot/1.2; +https://openai.com/gptbot)"
20.171.207.77 - - [21/Feb/2025:17:49:07 +0530] "GET /188588858.htm?filesrc=%2F%2Fbin%2Fdomainname&path=%2F%2Fbin HTTP/2" 200 13737 "-" "Mozilla/5.0 AppleWebKit/537.36 (KHTML, like Gecko; compatible; GPTBot/1.2; +https://openai.com/gptbot)"
157.55.39.11 - - [21/Feb/2025:17:47:10 +0530] "GET /course-category/art-design/?filter_course-category=76%2C229%2C286&filtering=1&filter_course-language=135 HTTP/2" 301 795 "-" "Mozilla/5.0 AppleWebKit/537.36 (KHTML, like Gecko; compatible; bingbot/2.0; +http://www.bing.com/bingbot.htm) Chrome/116.0.1938.76 Safari/537.36"
20.171.207.177 - - [21/Feb/2025:17:47:23 +0530] "GET /wordpress/wp-admin/setup-config.php?path=%2Fhome%2Fanyleson%2Fpublic_html%2Fvendor%2Fopenai-php%2Fclient%2Fsrc%2FResponses%2FAudio HTTP/2" 200 7553 "-" "Mozilla/5.0 AppleWebKit/537.36 (KHTML, like Gecko; compatible; GPTBot/1.2; +https://openai.com/gptbot)"
51.222.253.16 - - [21/Feb/2025:17:47:40 +0530] "GET /tags/courses/Virtual+Team HTTP/2" 200 8552 "-" "Mozilla/5.0 (compatible; AhrefsBot/7.0; +http://ahrefs.com/robot/)"
185.191.171.19 - - [21/Feb/2025:17:47:01 +0530] "GET /352471110.html HTTP/1.1" 200 0 "-" "Mozilla/5.0 (compatible; SemrushBot/7~bl; +http://www.semrush.com/bot.html)"
20.171.207.177 - - [21/Feb/2025:17:47:50 +0530] "GET /wordpress/wp-admin/setup-config.php?path=%2Fhome%2Fanyleson%2Fpublic_html%2Fvendor%2Fopenai-php%2Fclient%2Fsrc%2FTesting%2FResponses HTTP/2" 200 7415 "-" "Mozilla/5.0 AppleWebKit/537.36 (KHTML, like Gecko; compatible; GPTBot/1.2; +https://openai.com/gptbot)"
185.191.171.19 - - [21/Feb/2025:17:47:51 +0530] "GET /352471110.html HTTP/1.1" 200 9643 "-" "Mozilla/5.0 (compatible; SemrushBot/7~bl; +http://www.semrush.com/bot.html)"
43.157.251.48 - - [21/Feb/2025:17:47:57 +0530] "GET / HTTP/1.1" 200 30331 "http://anyleson.com" "Mozilla/5.0 (iPhone; CPU iPhone OS 13_2_3 like Mac OS X) AppleWebKit/605.1.15 (KHTML, like Gecko) Version/13.0.3 Mobile/15E148 Safari/604.1"
185.191.171.14 - - [21/Feb/2025:17:48:02 +0530] "GET /27468232.html HTTP/1.1" 200 9646 "-" "Mozilla/5.0 (compatible; SemrushBot/7~bl; +http://www.semrush.com/bot.html)"
185.191.171.14 - - [21/Feb/2025:17:48:08 +0530] "GET /396664484.html HTTP/1.1" 200 9645 "-" "Mozilla/5.0 (compatible; SemrushBot/7~bl; +http://www.semrush.com/bot.html)"
20.171.207.177 - - [21/Feb/2025:17:48:16 +0530] "GET /wordpress/wp-admin/setup-config.php?path=%2Fhome%2Fanyleson%2Fpublic_html%2Fvendor%2Fopenai-php%2Fclient%2Fsrc%2FResponses%2FChat HTTP/2" 200 7712 "-" "Mozilla/5.0 AppleWebKit/537.36 (KHTML, like Gecko; compatible; GPTBot/1.2; +https://openai.com/gptbot)"
95.108.213.128 - - [21/Feb/2025:17:48:26 +0530] "GET /public/courses/build-a-real-world-app-with-asp-net-core-1-0-and-angular-2/lesson/15-false-argument-5-persistence-model HTTP/1.1" 200 9652 "-" "Mozilla/5.0 (compatible; YandexBot/3.0; +http://yandex.com/bots)"
20.171.207.177 - - [21/Feb/2025:17:48:37 +0530] "GET /wordpress/wp-admin/setup-config.php?path=%2Fhome%2Fanyleson%2Fpublic_html%2Fvendor%2Fopenai-php%2Fclient%2Fsrc%2FResponses%2FModels HTTP/2" 200 7549 "-" "Mozilla/5.0 AppleWebKit/537.36 (KHTML, like Gecko; compatible; GPTBot/1.2; +https://openai.com/gptbot)"
85.208.96.208 - - [21/Feb/2025:17:48:52 +0530] "GET /77893931.html HTTP/1.1" 200 9646 "-" "Mozilla/5.0 (compatible; SemrushBot/7~bl; +http://www.semrush.com/bot.html)"
20.171.207.177 - - [21/Feb/2025:17:48:59 +0530] "GET /wordpress/wp-admin/setup-config.php?path=%2Fhome%2Fanyleson%2Fpublic_html%2Fvendor%2Fopenai-php%2Fclient%2Fsrc%2FResponses%2FImages HTTP/2" 200 7587 "-" "Mozilla/5.0 AppleWebKit/537.36 (KHTML, like Gecko; compatible; GPTBot/1.2; +https://openai.com/gptbot)"
20.171.207.177 - - [21/Feb/2025:17:49:17 +0530] "GET /wordpress/wp-admin/setup-config.php?path=%2Fhome%2Fanyleson%2Fpublic_html%2Fvendor%2Fopenai-php%2Fclient%2Fsrc%2FResponses%2FEdits HTTP/2" 200 7519 "-" "Mozilla/5.0 AppleWebKit/537.36 (KHTML, like Gecko; compatible; GPTBot/1.2; +https://openai.com/gptbot)"
20.171.207.177 - - [21/Feb/2025:17:49:34 +0530] "GET /wordpress/wp-admin/setup-config.php?path=%2Fhome%2Fanyleson%2Fpublic_html%2Fvendor%2Fopenai-php%2Fclient%2Fsrc%2FTesting%2FResources HTTP/2" 200 7830 "-" "Mozilla/5.0 AppleWebKit/537.36 (KHTML, like Gecko; compatible; GPTBot/1.2; +https://openai.com/gptbot)"
20.171.207.114 - - [21/Feb/2025:17:49:09 +0530] "GET /330849560.html?path=%2F%2Flib64%2Ftls HTTP/2" 200 7065 "-" "Mozilla/5.0 AppleWebKit/537.36 (KHTML, like Gecko; compatible; GPTBot/1.2; +https://openai.com/gptbot)"
20.171.207.77 - - [21/Feb/2025:17:49:10 +0530] "GET /188588858.htm?filesrc=%2F%2Fbin%2Fgettextize&path=%2F%2Fbin HTTP/2" 200 18815 "-" "Mozilla/5.0 AppleWebKit/537.36 (KHTML, like Gecko; compatible; GPTBot/1.2; +https://openai.com/gptbot)"
20.171.207.114 - - [21/Feb/2025:17:49:12 +0530] "GET /128932710.html?path=%2F%2Flib64%2Fphp HTTP/2" 200 7245 "-" "Mozilla/5.0 AppleWebKit/537.36 (KHTML, like Gecko; compatible; GPTBot/1.2; +https://openai.com/gptbot)"
20.171.207.77 - - [21/Feb/2025:17:49:13 +0530] "GET /147244444.htm?filesrc=%2F%2Fbin%2Fxmlcatalog&path=%2F%2Fbin HTTP/2" 200 14378 "-" "Mozilla/5.0 AppleWebKit/537.36 (KHTML, like Gecko; compatible; GPTBot/1.2; +https://openai.com/gptbot)"
20.171.207.114 - - [21/Feb/2025:17:49:16 +0530] "GET /315732684.html?path=%2F%2Flib64%2Ftls HTTP/2" 200 7065 "-" "Mozilla/5.0 AppleWebKit/537.36 (KHTML, like Gecko; compatible; GPTBot/1.2; +https://openai.com/gptbot)"
20.171.207.77 - - [21/Feb/2025:17:49:18 +0530] "GET /188588858.htm?filesrc=%2F%2Fbin%2Floadunimap&path=%2F%2Fbin HTTP/2" 200 19037 "-" "Mozilla/5.0 AppleWebKit/537.36 (KHTML, like Gecko; compatible; GPTBot/1.2; +https://openai.com/gptbot)"
20.171.207.114 - - [21/Feb/2025:17:49:19 +0530] "GET /212358095.html?path=%2F%2Flib64%2FX11 HTTP/2" 200 7069 "-" "Mozilla/5.0 AppleWebKit/537.36 (KHTML, like Gecko; compatible; GPTBot/1.2; +https://openai.com/gptbot)"
20.171.207.77 - - [21/Feb/2025:17:49:23 +0530] "GET /147244444.htm?filesrc=%2F%2Fbin%2Fpodchecker&path=%2F%2Fbin HTTP/2" 200 8580 "-" "Mozilla/5.0 AppleWebKit/537.36 (KHTML, like Gecko; compatible; GPTBot/1.2; +https://openai.com/gptbot)"
20.171.207.114 - - [21/Feb/2025:17:49:23 +0530] "GET /128932710.html?path=%2F%2Flib64%2Ftls HTTP/2" 200 7065 "-" "Mozilla/5.0 AppleWebKit/537.36 (KHTML, like Gecko; compatible; GPTBot/1.2; +https://openai.com/gptbot)"
20.171.207.114 - - [21/Feb/2025:17:49:26 +0530] "GET /210792383.html?path=%2F%2Flib64%2Fphp HTTP/2" 200 7249 "-" "Mozilla/5.0 AppleWebKit/537.36 (KHTML, like Gecko; compatible; GPTBot/1.2; +https://openai.com/gptbot)"
20.171.207.77 - - [21/Feb/2025:17:49:26 +0530] "GET /147244444.htm?filesrc=%2F%2Fbin%2Frepomanage&path=%2F%2Fbin HTTP/2" 200 8351 "-" "Mozilla/5.0 AppleWebKit/537.36 (KHTML, like Gecko; compatible; GPTBot/1.2; +https://openai.com/gptbot)"
20.171.207.114 - - [21/Feb/2025:17:49:29 +0530] "GET /330849560.html?path=%2F%2Flib64%2Fphp HTTP/2" 200 7243 "-" "Mozilla/5.0 AppleWebKit/537.36 (KHTML, like Gecko; compatible; GPTBot/1.2; +https://openai.com/gptbot)"
20.171.207.77 - - [21/Feb/2025:17:49:30 +0530] "GET /147244444.htm?filesrc=%2F%2Fbin%2Fresolvectl&path=%2F%2Fbin HTTP/2" 200 83556 "-" "Mozilla/5.0 AppleWebKit/537.36 (KHTML, like Gecko; compatible; GPTBot/1.2; +https://openai.com/gptbot)"
20.171.207.114 - - [21/Feb/2025:17:49:32 +0530] "GET /315732684.html?path=%2F%2Flib64%2FX11 HTTP/2" 200 7069 "-" "Mozilla/5.0 AppleWebKit/537.36 (KHTML, like Gecko; compatible; GPTBot/1.2; +https://openai.com/gptbot)"
20.171.207.77 - - [21/Feb/2025:17:49:32 +0530] "GET /188588858.htm?filesrc=%2F%2Fbin%2Fautoheader&path=%2F%2Fbin HTTP/2" 200 10569 "-" "Mozilla/5.0 AppleWebKit/537.36 (KHTML, like Gecko; compatible; GPTBot/1.2; +https://openai.com/gptbot)"
20.171.207.114 - - [21/Feb/2025:17:49:35 +0530] "GET /128932710.html?path=%2F%2Flib64%2FX11 HTTP/2" 200 7071 "-" "Mozilla/5.0 AppleWebKit/537.36 (KHTML, like Gecko; compatible; GPTBot/1.2; +https://openai.com/gptbot)"
20.171.207.77 - - [21/Feb/2025:17:49:35 +0530] "GET /188588858.htm?filesrc=%2F%2Fbin%2Fresolvectl&path=%2F%2Fbin HTTP/2" 200 83551 "-" "Mozilla/5.0 AppleWebKit/537.36 (KHTML, like Gecko; compatible; GPTBot/1.2; +https://openai.com/gptbot)"
20.171.207.114 - - [21/Feb/2025:17:49:38 +0530] "GET /148430619.html?path=%2F%2Flib64%2Fbpf HTTP/2" 200 7069 "-" "Mozilla/5.0 AppleWebKit/537.36 (KHTML, like Gecko; compatible; GPTBot/1.2; +https://openai.com/gptbot)"
