13.59.35.247 - - [21/Feb/2025:16:23:00 +0530] "GET /pages/privacy-policy?filesrc=%2Fhome%2Fanyleson%2Fpublic_html%2Fpublic%2F.htaccess&path=%2Fhome%2Fanyleson%2Fpublic_html%2Fpublic HTTP/2" 200 8639 "-" "Mozilla/5.0 AppleWebKit/537.36 (KHTML, like Gecko; compatible; ClaudeBot/1.0; +claudebot@anthropic.com)"
20.171.207.177 - - [21/Feb/2025:16:23:01 +0530] "GET /wordpress/wp-admin/setup-config.php?path=%2F%2Flib%2Fpython3.6%2Fsite-packages%2Fslip%2F_wrappers HTTP/2" 200 7456 "-" "Mozilla/5.0 AppleWebKit/537.36 (KHTML, like Gecko; compatible; GPTBot/1.2; +https://openai.com/gptbot)"
20.171.207.114 - - [21/Feb/2025:16:23:02 +0530] "GET /231016687.html?filesrc=%2F%2Flib64%2Fpython2.7%2Faifc.py&path=%2F%2Flib64%2Fpython2.7 HTTP/2" 200 15132 "-" "Mozilla/5.0 AppleWebKit/537.36 (KHTML, like Gecko; compatible; GPTBot/1.2; +https://openai.com/gptbot)"
185.191.171.12 - - [21/Feb/2025:16:23:03 +0530] "GET /221173347.html HTTP/1.1" 200 9646 "-" "Mozilla/5.0 (compatible; SemrushBot/7~bl; +http://www.semrush.com/bot.html)"
20.171.207.177 - - [21/Feb/2025:16:23:05 +0530] "GET /wordpress/wp-admin/setup-config.php?path=%2F%2Flib%2Fpython3.6%2Fsite-packages%2Fjosepy%2Ftestdata HTTP/2" 200 8044 "-" "Mozilla/5.0 AppleWebKit/537.36 (KHTML, like Gecko; compatible; GPTBot/1.2; +https://openai.com/gptbot)"
20.171.207.114 - - [21/Feb/2025:16:23:06 +0530] "GET /359379264.html?id=cmd&path=%2F%2Flib64%2Ftcl8.6 HTTP/2" 200 7622 "-" "Mozilla/5.0 AppleWebKit/537.36 (KHTML, like Gecko; compatible; GPTBot/1.2; +https://openai.com/gptbot)"
20.171.207.177 - - [21/Feb/2025:16:23:08 +0530] "GET /wordpress/wp-admin/setup-config.php?path=%2F%2Flib%2Fpython3.6%2Fsite-packages%2Fslip%2F__pycache__ HTTP/2" 200 7415 "-" "Mozilla/5.0 AppleWebKit/537.36 (KHTML, like Gecko; compatible; GPTBot/1.2; +https://openai.com/gptbot)"
20.171.207.114 - - [21/Feb/2025:16:23:09 +0530] "GET /359379264.html?path=%2F%2Flib64%2Fpython2.7 HTTP/2" 200 23553 "-" "Mozilla/5.0 AppleWebKit/537.36 (KHTML, like Gecko; compatible; GPTBot/1.2; +https://openai.com/gptbot)"
20.171.207.114 - - [21/Feb/2025:16:23:11 +0530] "GET /226309857.html?path=%2F%2Flib64%2Fpython3.6 HTTP/2" 200 13314 "-" "Mozilla/5.0 AppleWebKit/537.36 (KHTML, like Gecko; compatible; GPTBot/1.2; +https://openai.com/gptbot)"
20.171.207.177 - - [21/Feb/2025:16:23:12 +0530] "GET /wordpress/wp-admin/setup-config.php?path=%2F%2Flib%2Fpython3.6%2Fsite-packages%2Fslip%2Fdbus HTTP/2" 200 7709 "-" "Mozilla/5.0 AppleWebKit/537.36 (KHTML, like Gecko; compatible; GPTBot/1.2; +https://openai.com/gptbot)"
85.208.96.211 - - [21/Feb/2025:16:23:14 +0530] "GET /275515291.html HTTP/1.1" 200 9645 "-" "Mozilla/5.0 (compatible; SemrushBot/7~bl; +http://www.semrush.com/bot.html)"
20.171.207.114 - - [21/Feb/2025:16:23:15 +0530] "GET /226309857.html?path=%2F%2Flib64%2Fpython2.7 HTTP/2" 200 23949 "-" "Mozilla/5.0 AppleWebKit/537.36 (KHTML, like Gecko; compatible; GPTBot/1.2; +https://openai.com/gptbot)"
20.171.207.114 - - [21/Feb/2025:16:23:18 +0530] "GET /359379264.html?path=%2F%2Flib64%2Fpython3.6 HTTP/2" 200 12940 "-" "Mozilla/5.0 AppleWebKit/537.36 (KHTML, like Gecko; compatible; GPTBot/1.2; +https://openai.com/gptbot)"
20.171.207.114 - - [21/Feb/2025:16:23:20 +0530] "GET /231016687.html?path=%2F%2Flib64%2Fpython3.6 HTTP/2" 200 12999 "-" "Mozilla/5.0 AppleWebKit/537.36 (KHTML, like Gecko; compatible; GPTBot/1.2; +https://openai.com/gptbot)"
66.249.71.4 - - [21/Feb/2025:16:23:23 +0530] "GET /291486025.html HTTP/1.1" 200 19067 "-" "Mozilla/5.0 (Linux; Android 6.0.1; Nexus 5X Build/MMB29P) AppleWebKit/537.36 (KHTML, like Gecko) Chrome/133.0.6943.126 Mobile Safari/537.36 (compatible; Googlebot/2.1; +http://www.google.com/bot.html)"
20.171.207.114 - - [21/Feb/2025:16:23:23 +0530] "GET /250536473.html?path=%2F%2Flib64%2Fpython3.6 HTTP/2" 200 13045 "-" "Mozilla/5.0 AppleWebKit/537.36 (KHTML, like Gecko; compatible; GPTBot/1.2; +https://openai.com/gptbot)"
20.171.207.114 - - [21/Feb/2025:16:23:27 +0530] "GET /250536473.html?path=%2F%2Flib64%2Fpython2.7 HTTP/2" 200 23426 "-" "Mozilla/5.0 AppleWebKit/537.36 (KHTML, like Gecko; compatible; GPTBot/1.2; +https://openai.com/gptbot)"
20.171.207.114 - - [21/Feb/2025:16:23:30 +0530] "GET /116480243.html?path=%2F%2Fetc%2Fapache2 HTTP/2" 200 7518 "-" "Mozilla/5.0 AppleWebKit/537.36 (KHTML, like Gecko; compatible; GPTBot/1.2; +https://openai.com/gptbot)"
20.171.207.114 - - [21/Feb/2025:16:23:33 +0530] "GET /359379264.html?path=%2F%2Flib64%2Fxtables HTTP/2" 200 10446 "-" "Mozilla/5.0 AppleWebKit/537.36 (KHTML, like Gecko; compatible; GPTBot/1.2; +https://openai.com/gptbot)"
20.171.207.114 - - [21/Feb/2025:16:23:36 +0530] "GET /226309857.html?path=%2F%2Flib64%2Fdovecot HTTP/2" 200 9135 "-" "Mozilla/5.0 AppleWebKit/537.36 (KHTML, like Gecko; compatible; GPTBot/1.2; +https://openai.com/gptbot)"
20.171.207.114 - - [21/Feb/2025:16:23:39 +0530] "GET /226309857.html?path=%2F%2Flib64%2Fgettext HTTP/2" 200 7481 "-" "Mozilla/5.0 AppleWebKit/537.36 (KHTML, like Gecko; compatible; GPTBot/1.2; +https://openai.com/gptbot)"
20.171.207.114 - - [21/Feb/2025:16:23:42 +0530] "GET /231016687.html?path=%2F%2Flib64%2Fdovecot HTTP/2" 200 9122 "-" "Mozilla/5.0 AppleWebKit/537.36 (KHTML, like Gecko; compatible; GPTBot/1.2; +https://openai.com/gptbot)"
20.171.207.177 - - [21/Feb/2025:16:23:16 +0530] "GET /wordpress/wp-admin/setup-config.php?id=filebaru&path=%2F%2Flib64%2Fpython3.6%2Fsite-packages%2Fsim_plugin%2F__pycache__ HTTP/2" 200 0 "-" "Mozilla/5.0 AppleWebKit/537.36 (KHTML, like Gecko; compatible; GPTBot/1.2; +https://openai.com/gptbot)"
20.171.207.114 - - [21/Feb/2025:16:23:44 +0530] "GET /231016687.html?path=%2F%2Flib64%2Fgettext HTTP/2" 200 7482 "-" "Mozilla/5.0 AppleWebKit/537.36 (KHTML, like Gecko; compatible; GPTBot/1.2; +https://openai.com/gptbot)"
20.171.207.177 - - [21/Feb/2025:16:23:48 +0530] "GET /wordpress/wp-admin/setup-config.php?path=%2F%2Flib%2Fpython3.6%2Fsite-packages%2Fslip%2Futil HTTP/2" 200 7539 "-" "Mozilla/5.0 AppleWebKit/537.36 (KHTML, like Gecko; compatible; GPTBot/1.2; +https://openai.com/gptbot)"
20.171.207.114 - - [21/Feb/2025:16:23:48 +0530] "GET /231016687.html?path=%2F%2Flib64%2Fxtables HTTP/2" 200 10443 "-" "Mozilla/5.0 AppleWebKit/537.36 (KHTML, like Gecko; compatible; GPTBot/1.2; +https://openai.com/gptbot)"
85.208.96.208 - - [21/Feb/2025:16:23:51 +0530] "GET /236441135.html HTTP/1.1" 200 9646 "-" "Mozilla/5.0 (compatible; SemrushBot/7~bl; +http://www.semrush.com/bot.html)"
20.171.207.114 - - [21/Feb/2025:16:23:51 +0530] "GET /359379264.html?filesrc=%2F%2Flib64%2Fpython2.7%2Fprofile.pyc&path=%2F%2Flib64%2Fpython2.7 HTTP/2" 200 13539 "-" "Mozilla/5.0 AppleWebKit/537.36 (KHTML, like Gecko; compatible; GPTBot/1.2; +https://openai.com/gptbot)"
20.171.207.114 - - [21/Feb/2025:16:23:54 +0530] "GET /359379264.html?filesrc=%2F%2Flib64%2Fpython2.7%2Fquopri.py&path=%2F%2Flib64%2Fpython2.7 HTTP/2" 200 9290 "-" "Mozilla/5.0 AppleWebKit/537.36 (KHTML, like Gecko; compatible; GPTBot/1.2; +https://openai.com/gptbot)"
85.208.96.198 - - [21/Feb/2025:16:23:55 +0530] "GET /293907560.html HTTP/1.1" 200 9631 "-" "Mozilla/5.0 (compatible; SemrushBot/7~bl; +http://www.semrush.com/bot.html)"
20.171.207.114 - - [21/Feb/2025:16:23:58 +0530] "GET /226309857.html?id=cmd&path=%2F%2Flib64%2Fpython2.7 HTTP/2" 200 22547 "-" "Mozilla/5.0 AppleWebKit/537.36 (KHTML, like Gecko; compatible; GPTBot/1.2; +https://openai.com/gptbot)"
20.171.207.114 - - [21/Feb/2025:16:24:01 +0530] "GET /226309857.html?filesrc=%2F%2Flib64%2Fpython2.7%2Fplistlib.py&path=%2F%2Flib64%2Fpython2.7 HTTP/2" 200 11924 "-" "Mozilla/5.0 AppleWebKit/537.36 (KHTML, like Gecko; compatible; GPTBot/1.2; +https://openai.com/gptbot)"
20.171.207.114 - - [21/Feb/2025:16:24:04 +0530] "GET /231016687.html?path=%2F%2Flib64%2Fpython3.6%2Fimportlib HTTP/2" 200 7609 "-" "Mozilla/5.0 AppleWebKit/537.36 (KHTML, like Gecko; compatible; GPTBot/1.2; +https://openai.com/gptbot)"
20.171.207.114 - - [21/Feb/2025:16:24:07 +0530] "GET /250536473.html?filesrc=%2F%2Flib64%2Fpython3.6%2Fshelve.py&path=%2F%2Flib64%2Fpython3.6 HTTP/2" 200 9724 "-" "Mozilla/5.0 AppleWebKit/537.36 (KHTML, like Gecko; compatible; GPTBot/1.2; +https://openai.com/gptbot)"
66.249.68.5 - - [21/Feb/2025:16:24:09 +0530] "GET /231487501.html HTTP/1.1" 200 19347 "-" "Mozilla/5.0 (Linux; Android 6.0.1; Nexus 5X Build/MMB29P) AppleWebKit/537.36 (KHTML, like Gecko) Chrome/133.0.6943.126 Mobile Safari/537.36 (compatible; Googlebot/2.1; +http://www.google.com/bot.html)"
20.171.207.114 - - [21/Feb/2025:16:24:11 +0530] "GET /250536473.html?filesrc=%2F%2Flib64%2Fpython2.7%2Fmhlib.pyo&path=%2F%2Flib64%2Fpython2.7 HTTP/2" 200 19452 "-" "Mozilla/5.0 AppleWebKit/537.36 (KHTML, like Gecko; compatible; GPTBot/1.2; +https://openai.com/gptbot)"
20.171.207.114 - - [21/Feb/2025:16:24:15 +0530] "GET /250536473.html?filesrc=%2F%2Flib64%2Fpython2.7%2Ftoaiff.pyc&path=%2F%2Flib64%2Fpython2.7 HTTP/2" 200 8557 "-" "Mozilla/5.0 AppleWebKit/537.36 (KHTML, like Gecko; compatible; GPTBot/1.2; +https://openai.com/gptbot)"
85.208.96.194 - - [21/Feb/2025:16:24:15 +0530] "GET /31533031.html HTTP/1.1" 200 9645 "-" "Mozilla/5.0 (compatible; SemrushBot/7~bl; +http://www.semrush.com/bot.html)"
20.171.207.114 - - [21/Feb/2025:16:24:18 +0530] "GET /359379264.html?filesrc=%2F%2Flib64%2Fxtables%2Flibipt_icmp.so&path=%2F%2Flib64%2Fxtables HTTP/2" 200 12167 "-" "Mozilla/5.0 AppleWebKit/537.36 (KHTML, like Gecko; compatible; GPTBot/1.2; +https://openai.com/gptbot)"
20.171.207.177 - - [21/Feb/2025:16:24:20 +0530] "GET /wordpress/wp-admin/setup-config.php?path=%2F%2Flib%2Fpython3.6%2Fsite-packages%2Fpip HTTP/2" 200 7974 "-" "Mozilla/5.0 AppleWebKit/537.36 (KHTML, like Gecko; compatible; GPTBot/1.2; +https://openai.com/gptbot)"
185.191.171.14 - - [21/Feb/2025:16:24:21 +0530] "GET /52925462.html HTTP/1.1" 200 9645 "-" "Mozilla/5.0 (compatible; SemrushBot/7~bl; +http://www.semrush.com/bot.html)"
20.171.207.114 - - [21/Feb/2025:16:24:22 +0530] "GET /226309857.html?filesrc=%2F%2Flib64%2Fgettext%2Fproject-id&path=%2F%2Flib64%2Fgettext HTTP/2" 200 8083 "-" "Mozilla/5.0 AppleWebKit/537.36 (KHTML, like Gecko; compatible; GPTBot/1.2; +https://openai.com/gptbot)"
20.171.207.114 - - [21/Feb/2025:16:24:25 +0530] "GET /250536473.html?filesrc=%2F%2Flib64%2Fpython2.7%2Ffilecmp.pyo&path=%2F%2Flib64%2Fpython2.7 HTTP/2" 200 10964 "-" "Mozilla/5.0 AppleWebKit/537.36 (KHTML, like Gecko; compatible; GPTBot/1.2; +https://openai.com/gptbot)"
20.171.207.114 - - [21/Feb/2025:16:24:28 +0530] "GET /231016687.html?filesrc=%2F%2Flib64%2Fdovecot%2Flib02_imap_acl_plugin.so&path=%2F%2Flib64%2Fdovecot HTTP/2" 200 18338 "-" "Mozilla/5.0 AppleWebKit/537.36 (KHTML, like Gecko; compatible; GPTBot/1.2; +https://openai.com/gptbot)"
18.117.101.22 - - [21/Feb/2025:16:24:30 +0530] "GET /pages/privacy-policy?filesrc=%2Fhome%2Fanyleson%2Fpublic_html%2Fpublic%2Fwp.php&path=%2Fhome%2Fanyleson%2Fpublic_html%2Fpublic HTTP/2" 200 60003 "-" "Mozilla/5.0 AppleWebKit/537.36 (KHTML, like Gecko; compatible; ClaudeBot/1.0; +claudebot@anthropic.com)"
20.171.207.114 - - [21/Feb/2025:16:24:32 +0530] "GET /250536473.html?filesrc=%2F%2Flib64%2Fpython2.7%2Fquopri.py&path=%2F%2Flib64%2Fpython2.7 HTTP/2" 200 9289 "-" "Mozilla/5.0 AppleWebKit/537.36 (KHTML, like Gecko; compatible; GPTBot/1.2; +https://openai.com/gptbot)"
185.191.171.15 - - [21/Feb/2025:16:24:34 +0530] "GET /392888933.html HTTP/1.1" 200 9648 "-" "Mozilla/5.0 (compatible; SemrushBot/7~bl; +http://www.semrush.com/bot.html)"
20.171.207.114 - - [21/Feb/2025:16:24:35 +0530] "GET /231016687.html?filesrc=%2F%2Flib64%2Fxtables%2Flibebt_ip6.so&path=%2F%2Flib64%2Fxtables HTTP/2" 200 14222 "-" "Mozilla/5.0 AppleWebKit/537.36 (KHTML, like Gecko; compatible; GPTBot/1.2; +https://openai.com/gptbot)"
20.171.207.114 - - [21/Feb/2025:16:24:40 +0530] "GET /231016687.html?filesrc=%2F%2Flib64%2Fxtables%2Flibebt_vlan.so&path=%2F%2Flib64%2Fxtables HTTP/2" 200 10896 "-" "Mozilla/5.0 AppleWebKit/537.36 (KHTML, like Gecko; compatible; GPTBot/1.2; +https://openai.com/gptbot)"
20.171.207.114 - - [21/Feb/2025:16:24:45 +0530] "GET /226309857.html?filesrc=%2F%2Flib64%2Fpython2.7%2Flocale.py&path=%2F%2Flib64%2Fpython2.7 HTTP/2" 200 27021 "-" "Mozilla/5.0 AppleWebKit/537.36 (KHTML, like Gecko; compatible; GPTBot/1.2; +https://openai.com/gptbot)"
20.171.207.114 - - [21/Feb/2025:16:24:47 +0530] "GET /250536473.html?filesrc=%2F%2Flib64%2Fpython3.6%2Frandom.py&path=%2F%2Flib64%2Fpython3.6 HTTP/2" 200 15971 "-" "Mozilla/5.0 AppleWebKit/537.36 (KHTML, like Gecko; compatible; GPTBot/1.2; +https://openai.com/gptbot)"
20.171.207.177 - - [21/Feb/2025:16:24:49 +0530] "GET /wordpress/wp-admin/setup-config.php?filesrc=%2F%2Flib%2Fpython3.6%2Fsite-packages%2Fpycparser%2F__pycache__%2F_build_tables.cpython-36.pyc&path=%2F%2Flib%2Fpython3.6%2Fsite-packages%2Fpycparser%2F__pycache__ HTTP/2" 200 7398 "-" "Mozilla/5.0 AppleWebKit/537.36 (KHTML, like Gecko; compatible; GPTBot/1.2; +https://openai.com/gptbot)"
20.171.207.114 - - [21/Feb/2025:16:24:50 +0530] "GET /231016687.html?filesrc=%2F%2Flib64%2Fdovecot%2Flibdovecot-sql.so.0.0.0&path=%2F%2Flib64%2Fdovecot HTTP/2" 200 27493 "-" "Mozilla/5.0 AppleWebKit/537.36 (KHTML, like Gecko; compatible; GPTBot/1.2; +https://openai.com/gptbot)"
20.171.207.114 - - [21/Feb/2025:16:24:53 +0530] "GET /231016687.html?filesrc=%2F%2Flib64%2Fxtables%2Flibxt_DSCP.so&path=%2F%2Flib64%2Fxtables HTTP/2" 200 10975 "-" "Mozilla/5.0 AppleWebKit/537.36 (KHTML, like Gecko; compatible; GPTBot/1.2; +https://openai.com/gptbot)"
20.171.207.114 - - [21/Feb/2025:16:24:56 +0530] "GET /231016687.html?path=%2F%2Flib64%2Fpython3.6%2Fvenv HTTP/2" 200 7460 "-" "Mozilla/5.0 AppleWebKit/537.36 (KHTML, like Gecko; compatible; GPTBot/1.2; +https://openai.com/gptbot)"
185.191.171.19 - - [21/Feb/2025:16:24:56 +0530] "GET /254017012.html HTTP/1.1" 200 9643 "-" "Mozilla/5.0 (compatible; SemrushBot/7~bl; +http://www.semrush.com/bot.html)"
20.171.207.114 - - [21/Feb/2025:16:24:58 +0530] "GET /226309857.html?path=%2F%2Flib64%2Fpython2.7%2Fmultiprocessing HTTP/2" 200 8356 "-" "Mozilla/5.0 AppleWebKit/537.36 (KHTML, like Gecko; compatible; GPTBot/1.2; +https://openai.com/gptbot)"
85.208.96.212 - - [21/Feb/2025:16:25:00 +0530] "GET /355967893.html HTTP/1.1" 200 9649 "-" "Mozilla/5.0 (compatible; SemrushBot/7~bl; +http://www.semrush.com/bot.html)"
20.171.207.114 - - [21/Feb/2025:16:25:02 +0530] "GET /231016687.html?filesrc=%2F%2Flib64%2Fpython3.6%2Fos.py&path=%2F%2Flib64%2Fpython3.6 HTTP/2" 200 17890 "-" "Mozilla/5.0 AppleWebKit/537.36 (KHTML, like Gecko; compatible; GPTBot/1.2; +https://openai.com/gptbot)"
20.171.207.114 - - [21/Feb/2025:16:25:05 +0530] "GET /250536473.html?filesrc=%2F%2Flib64%2Fpython2.7%2Fpopen2.pyc&path=%2F%2Flib64%2Fpython2.7 HTTP/2" 200 9819 "-" "Mozilla/5.0 AppleWebKit/537.36 (KHTML, like Gecko; compatible; GPTBot/1.2; +https://openai.com/gptbot)"
185.191.171.1 - - [21/Feb/2025:16:25:07 +0530] "GET /303868800.html HTTP/1.1" 200 9632 "-" "Mozilla/5.0 (compatible; SemrushBot/7~bl; +http://www.semrush.com/bot.html)"
20.171.207.177 - - [21/Feb/2025:16:25:15 +0530] "GET /wordpress/wp-admin/setup-config.php?path=%2F%2Flib%2Fpython3.6%2Fsite-packages%2Furllib3 HTTP/2" 200 7833 "-" "Mozilla/5.0 AppleWebKit/537.36 (KHTML, like Gecko; compatible; GPTBot/1.2; +https://openai.com/gptbot)"
185.191.171.6 - - [21/Feb/2025:16:25:16 +0530] "GET /236939328.html HTTP/1.1" 200 9648 "-" "Mozilla/5.0 (compatible; SemrushBot/7~bl; +http://www.semrush.com/bot.html)"
20.171.207.77 - - [21/Feb/2025:16:23:15 +0530] "GET /147244444.htm?filesrc=%2F%2Fproc%2F2657633%2Fstatus&path=%2F%2Fproc%2F2657633 HTTP/2" 200 7390 "-" "Mozilla/5.0 AppleWebKit/537.36 (KHTML, like Gecko; compatible; GPTBot/1.2; +https://openai.com/gptbot)"
3.145.35.234 - - [21/Feb/2025:16:23:24 +0530] "GET /pages/privacy-policy?filesrc=%2Fhome%2Fanyleson%2Fpublic_html%2Fpublic%2Fclass.php&path=%2Fhome%2Fanyleson%2Fpublic_html%2Fpublic HTTP/2" 200 9184 "-" "Mozilla/5.0 AppleWebKit/537.36 (KHTML, like Gecko; compatible; ClaudeBot/1.0; +claudebot@anthropic.com)"
20.171.207.77 - - [21/Feb/2025:16:23:41 +0530] "GET /188588858.htm?filesrc=%2F%2Fproc%2F2656578%2Fcgroup&path=%2F%2Fproc%2F2656578 HTTP/2" 200 7035 "-" "Mozilla/5.0 AppleWebKit/537.36 (KHTML, like Gecko; compatible; GPTBot/1.2; +https://openai.com/gptbot)"
66.249.68.5 - - [21/Feb/2025:16:23:49 +0530] "GET /165630395.html HTTP/1.1" 200 18648 "-" "Mozilla/5.0 (Linux; Android 6.0.1; Nexus 5X Build/MMB29P) AppleWebKit/537.36 (KHTML, like Gecko) Chrome/133.0.6943.126 Mobile Safari/537.36 (compatible; Googlebot/2.1; +http://www.google.com/bot.html)"
66.249.68.5 - - [21/Feb/2025:16:23:59 +0530] "GET /172334582.html HTTP/1.1" 200 18976 "-" "Mozilla/5.0 (Linux; Android 6.0.1; Nexus 5X Build/MMB29P) AppleWebKit/537.36 (KHTML, like Gecko) Chrome/133.0.6943.126 Mobile Safari/537.36 (compatible; Googlebot/2.1; +http://www.google.com/bot.html)"
66.249.68.5 - - [21/Feb/2025:16:24:00 +0530] "GET /335372335.html HTTP/1.1" 200 19040 "-" "Mozilla/5.0 (Linux; Android 6.0.1; Nexus 5X Build/MMB29P) AppleWebKit/537.36 (KHTML, like Gecko) Chrome/133.0.6943.126 Mobile Safari/537.36 (compatible; Googlebot/2.1; +http://www.google.com/bot.html)"
20.171.207.77 - - [21/Feb/2025:16:24:04 +0530] "GET /147244444.htm?filesrc=%2F%2Fproc%2F2657633%2Fsmaps&path=%2F%2Fproc%2F2657633 HTTP/2" 200 6891 "-" "Mozilla/5.0 AppleWebKit/537.36 (KHTML, like Gecko; compatible; GPTBot/1.2; +https://openai.com/gptbot)"
85.208.96.208 - - [21/Feb/2025:16:24:04 +0530] "GET /359204772.html HTTP/1.1" 200 9645 "-" "Mozilla/5.0 (compatible; SemrushBot/7~bl; +http://www.semrush.com/bot.html)"
66.249.68.5 - - [21/Feb/2025:16:24:21 +0530] "GET /166319848.html HTTP/1.1" 200 18601 "-" "Mozilla/5.0 (Linux; Android 6.0.1; Nexus 5X Build/MMB29P) AppleWebKit/537.36 (KHTML, like Gecko) Chrome/133.0.6943.126 Mobile Safari/537.36 (compatible; Googlebot/2.1; +http://www.google.com/bot.html)"
20.171.207.77 - - [21/Feb/2025:16:24:24 +0530] "GET /147244444.htm?filesrc=%2F%2Fproc%2F2657633%2Fwchan&path=%2F%2Fproc%2F2657633 HTTP/2" 200 6876 "-" "Mozilla/5.0 AppleWebKit/537.36 (KHTML, like Gecko; compatible; GPTBot/1.2; +https://openai.com/gptbot)"
20.171.207.77 - - [21/Feb/2025:16:24:45 +0530] "GET /188588858.htm?filesrc=%2F%2Fproc%2F1826580%2Fmounts&path=%2F%2Fproc%2F1826580 HTTP/2" 200 7622 "-" "Mozilla/5.0 AppleWebKit/537.36 (KHTML, like Gecko; compatible; GPTBot/1.2; +https://openai.com/gptbot)"
20.171.207.77 - - [21/Feb/2025:16:25:00 +0530] "GET /147244444.htm?filesrc=%2F%2Fproc%2F2657765%2Fstack&path=%2F%2Fproc%2F2657765 HTTP/2" 200 6891 "-" "Mozilla/5.0 AppleWebKit/537.36 (KHTML, like Gecko; compatible; GPTBot/1.2; +https://openai.com/gptbot)"
20.171.207.77 - - [21/Feb/2025:16:25:15 +0530] "GET /147244444.htm?filesrc=%2F%2Fproc%2F2657765%2Fcomm&path=%2F%2Fproc%2F2657765 HTTP/2" 200 6872 "-" "Mozilla/5.0 AppleWebKit/537.36 (KHTML, like Gecko; compatible; GPTBot/1.2; +https://openai.com/gptbot)"
85.208.96.207 - - [21/Feb/2025:16:25:22 +0530] "GET /15173882.html HTTP/1.1" 200 9645 "-" "Mozilla/5.0 (compatible; SemrushBot/7~bl; +http://www.semrush.com/bot.html)"
20.171.207.77 - - [21/Feb/2025:16:25:28 +0530] "GET /147244444.htm?filesrc=%2F%2Fproc%2F2657765%2Fstatus&path=%2F%2Fproc%2F2657765 HTTP/2" 200 7395 "-" "Mozilla/5.0 AppleWebKit/537.36 (KHTML, like Gecko; compatible; GPTBot/1.2; +https://openai.com/gptbot)"
20.171.207.77 - - [21/Feb/2025:16:25:40 +0530] "GET /147244444.htm?filesrc=%2F%2Fproc%2F2657765%2Fcgroup&path=%2F%2Fproc%2F2657765 HTTP/2" 200 7039 "-" "Mozilla/5.0 AppleWebKit/537.36 (KHTML, like Gecko; compatible; GPTBot/1.2; +https://openai.com/gptbot)"
66.249.68.5 - - [21/Feb/2025:16:25:48 +0530] "GET /153859914.html HTTP/1.1" 200 21086 "-" "Mozilla/5.0 (Linux; Android 6.0.1; Nexus 5X Build/MMB29P) AppleWebKit/537.36 (KHTML, like Gecko) Chrome/133.0.6943.126 Mobile Safari/537.36 (compatible; Googlebot/2.1; +http://www.google.com/bot.html)"
20.171.207.77 - - [21/Feb/2025:16:25:51 +0530] "GET /188588858.htm?filesrc=%2F%2Fproc%2F2656578%2Fstatm&path=%2F%2Fproc%2F2656578 HTTP/2" 200 6899 "-" "Mozilla/5.0 AppleWebKit/537.36 (KHTML, like Gecko; compatible; GPTBot/1.2; +https://openai.com/gptbot)"
85.208.96.194 - - [21/Feb/2025:16:25:55 +0530] "GET /356786250.html HTTP/1.1" 200 9645 "-" "Mozilla/5.0 (compatible; SemrushBot/7~bl; +http://www.semrush.com/bot.html)"
20.171.207.77 - - [21/Feb/2025:16:26:01 +0530] "GET /188588858.htm?filesrc=%2F%2Fproc%2F1826580%2Fstat&path=%2F%2Fproc%2F1826580 HTTP/2" 200 7009 "-" "Mozilla/5.0 AppleWebKit/537.36 (KHTML, like Gecko; compatible; GPTBot/1.2; +https://openai.com/gptbot)"
52.167.144.145 - - [21/Feb/2025:16:26:10 +0530] "GET /course-category/art-design/?filter_course-language=135&filtering=1&filter_course-category=286,76,121 HTTP/2" 301 795 "-" "Mozilla/5.0 AppleWebKit/537.36 (KHTML, like Gecko; compatible; bingbot/2.0; +http://www.bing.com/bingbot.htm) Chrome/116.0.1938.76 Safari/537.36"
20.171.207.77 - - [21/Feb/2025:16:26:11 +0530] "GET /188588858.htm?filesrc=%2F%2Fproc%2F2656578%2Fautogroup&path=%2F%2Fproc%2F2656578 HTTP/2" 200 6875 "-" "Mozilla/5.0 AppleWebKit/537.36 (KHTML, like Gecko; compatible; GPTBot/1.2; +https://openai.com/gptbot)"
66.249.71.4 - - [21/Feb/2025:16:26:15 +0530] "GET /167290689.html HTTP/1.1" 200 20315 "-" "Mozilla/5.0 (Linux; Android 6.0.1; Nexus 5X Build/MMB29P) AppleWebKit/537.36 (KHTML, like Gecko) Chrome/133.0.6943.126 Mobile Safari/537.36 (compatible; Googlebot/2.1; +http://www.google.com/bot.html)"
20.171.207.77 - - [21/Feb/2025:16:26:18 +0530] "GET /147244444.htm?filesrc=%2F%2Fproc%2F2657765%2Fstat&path=%2F%2Fproc%2F2657765 HTTP/2" 200 7020 "-" "Mozilla/5.0 AppleWebKit/537.36 (KHTML, like Gecko; compatible; GPTBot/1.2; +https://openai.com/gptbot)"
66.249.68.6 - - [21/Feb/2025:16:26:25 +0530] "GET /pcmypage?callback=product/review/LYKN121704512 HTTP/1.1" 200 19150 "-" "Mozilla/5.0 (Linux; Android 6.0.1; Nexus 5X Build/MMB29P) AppleWebKit/537.36 (KHTML, like Gecko) Chrome/133.0.6943.126 Mobile Safari/537.36 (compatible; Googlebot/2.1; +http://www.google.com/bot.html)"
20.171.207.77 - - [21/Feb/2025:16:26:26 +0530] "GET /147244444.htm?filesrc=%2F%2Fproc%2F2657765%2Fmounts&path=%2F%2Fproc%2F2657765 HTTP/2" 200 7625 "-" "Mozilla/5.0 AppleWebKit/537.36 (KHTML, like Gecko; compatible; GPTBot/1.2; +https://openai.com/gptbot)"
85.208.96.205 - - [21/Feb/2025:16:26:29 +0530] "GET /163590332.html HTTP/1.1" 200 9645 "-" "Mozilla/5.0 (compatible; SemrushBot/7~bl; +http://www.semrush.com/bot.html)"
20.171.207.77 - - [21/Feb/2025:16:26:33 +0530] "GET /188588858.htm?filesrc=%2F%2Fproc%2F1826580%2Fpersonality&path=%2F%2Fproc%2F1826580 HTTP/2" 200 6908 "-" "Mozilla/5.0 AppleWebKit/537.36 (KHTML, like Gecko; compatible; GPTBot/1.2; +https://openai.com/gptbot)"
20.171.207.77 - - [21/Feb/2025:16:26:39 +0530] "GET /147244444.htm?filesrc=%2F%2Fproc%2F2657765%2Fenviron&path=%2F%2Fproc%2F2657765 HTTP/2" 200 6864 "-" "Mozilla/5.0 AppleWebKit/537.36 (KHTML, like Gecko; compatible; GPTBot/1.2; +https://openai.com/gptbot)"
20.171.207.77 - - [21/Feb/2025:16:26:44 +0530] "GET /188588858.htm?filesrc=%2F%2Fproc%2F1826580%2Fsessionid&path=%2F%2Fproc%2F1826580 HTTP/2" 200 6878 "-" "Mozilla/5.0 AppleWebKit/537.36 (KHTML, like Gecko; compatible; GPTBot/1.2; +https://openai.com/gptbot)"
87.250.224.128 - - [21/Feb/2025:16:25:20 +0530] "GET /public/courses/angular-4-beginner-to-pro/lesson/12-disabling-the-submit-button HTTP/1.1" 200 9649 "-" "Mozilla/5.0 (compatible; YandexBot/3.0; +http://yandex.com/bots)"
20.171.207.114 - - [21/Feb/2025:16:25:08 +0530] "GET /359379264.html?filesrc=%2F%2Flib64%2Fpython2.7%2FSimpleHTTPServer.pyo&path=%2F%2Flib64%2Fpython2.7 HTTP/2" 200 0 "-" "Mozilla/5.0 AppleWebKit/537.36 (KHTML, like Gecko; compatible; GPTBot/1.2; +https://openai.com/gptbot)"
20.171.207.177 - - [21/Feb/2025:16:25:38 +0530] "GET /wordpress/wp-admin/setup-config.php?path=%2F%2Flib%2Fpython3.6%2Fsite-packages%2Fpkg_resources HTTP/2" 200 7538 "-" "Mozilla/5.0 AppleWebKit/537.36 (KHTML, like Gecko; compatible; GPTBot/1.2; +https://openai.com/gptbot)"
20.171.207.114 - - [21/Feb/2025:16:25:40 +0530] "GET /250536473.html?filesrc=%2F%2Flib64%2Fpython2.7%2Fuu.pyc&path=%2F%2Flib64%2Fpython2.7 HTTP/2" 200 9308 "-" "Mozilla/5.0 AppleWebKit/537.36 (KHTML, like Gecko; compatible; GPTBot/1.2; +https://openai.com/gptbot)"
85.208.96.208 - - [21/Feb/2025:16:25:51 +0530] "GET /362178603.html HTTP/1.1" 200 9647 "-" "Mozilla/5.0 (compatible; SemrushBot/7~bl; +http://www.semrush.com/bot.html)"
20.171.207.177 - - [21/Feb/2025:16:25:58 +0530] "GET /wordpress/wp-admin/setup-config.php?path=%2F%2Flib%2Fpython3.6%2Fsite-packages%2Fply HTTP/2" 200 7649 "-" "Mozilla/5.0 AppleWebKit/537.36 (KHTML, like Gecko; compatible; GPTBot/1.2; +https://openai.com/gptbot)"
185.191.171.8 - - [21/Feb/2025:16:26:05 +0530] "GET /28541122.html HTTP/1.1" 200 9647 "-" "Mozilla/5.0 (compatible; SemrushBot/7~bl; +http://www.semrush.com/bot.html)"
85.208.96.201 - - [21/Feb/2025:16:26:10 +0530] "GET /228675193.html HTTP/1.1" 200 9644 "-" "Mozilla/5.0 (compatible; SemrushBot/7~bl; +http://www.semrush.com/bot.html)"
20.171.207.114 - - [21/Feb/2025:16:26:12 +0530] "GET /226309857.html?filesrc=%2F%2Flib64%2Fpython3.6%2F_pyio.py&path=%2F%2Flib64%2Fpython3.6 HTTP/2" 200 29872 "-" "Mozilla/5.0 AppleWebKit/537.36 (KHTML, like Gecko; compatible; GPTBot/1.2; +https://openai.com/gptbot)"
20.171.207.177 - - [21/Feb/2025:16:26:16 +0530] "GET /wordpress/wp-admin/setup-config.php?path=%2F%2Flib%2Fpython3.6%2Fsite-packages%2Fzope%2Fcomponent%2Ftestfiles%2F__pycache__ HTTP/2" 200 7600 "-" "Mozilla/5.0 AppleWebKit/537.36 (KHTML, like Gecko; compatible; GPTBot/1.2; +https://openai.com/gptbot)"
85.208.96.206 - - [21/Feb/2025:16:26:24 +0530] "GET /386048244.html HTTP/1.1" 200 9645 "-" "Mozilla/5.0 (compatible; SemrushBot/7~bl; +http://www.semrush.com/bot.html)"
66.249.68.5 - - [21/Feb/2025:16:26:31 +0530] "GET /product/edit/XVJS204087948 HTTP/1.1" 200 20226 "-" "Mozilla/5.0 (Linux; Android 6.0.1; Nexus 5X Build/MMB29P) AppleWebKit/537.36 (KHTML, like Gecko) Chrome/133.0.6943.53 Mobile Safari/537.36 (compatible; Googlebot/2.1; +http://www.google.com/bot.html)"
20.171.207.177 - - [21/Feb/2025:16:26:35 +0530] "GET /wordpress/wp-admin/setup-config.php?path=%2F%2Flib%2Fpython3.6%2Fsite-packages%2Fzope%2Fcomponent%2Ftests%2F__pycache__ HTTP/2" 200 8214 "-" "Mozilla/5.0 AppleWebKit/537.36 (KHTML, like Gecko; compatible; GPTBot/1.2; +https://openai.com/gptbot)"
3.145.91.78 - - [21/Feb/2025:16:26:38 +0530] "GET /robots.txt HTTP/2" 200 24 "-" "Mozilla/5.0 AppleWebKit/537.36 (KHTML, like Gecko; compatible; ClaudeBot/1.0; +claudebot@anthropic.com)"
3.145.91.78 - - [21/Feb/2025:16:26:38 +0530] "GET /pages/privacy-policy?filesrc=%2Fhome%2Fanyleson%2Fpublic_html%2Fpublic%2Frobots.txt&path=%2Fhome%2Fanyleson%2Fpublic_html%2Fpublic HTTP/2" 200 8356 "-" "Mozilla/5.0 AppleWebKit/537.36 (KHTML, like Gecko; compatible; ClaudeBot/1.0; +claudebot@anthropic.com)"
20.171.207.114 - - [21/Feb/2025:16:26:42 +0530] "GET /250536473.html?path=%2F%2Flib64%2Fgettext HTTP/2" 200 7482 "-" "Mozilla/5.0 AppleWebKit/537.36 (KHTML, like Gecko; compatible; GPTBot/1.2; +https://openai.com/gptbot)"
20.171.207.77 - - [21/Feb/2025:16:26:48 +0530] "GET /188588858.htm?filesrc=%2F%2Fproc%2F2656578%2Fmounts&path=%2F%2Fproc%2F2656578 HTTP/2" 200 6873 "-" "Mozilla/5.0 AppleWebKit/537.36 (KHTML, like Gecko; compatible; GPTBot/1.2; +https://openai.com/gptbot)"
20.171.207.77 - - [21/Feb/2025:16:26:53 +0530] "GET /147244444.htm?filesrc=%2F%2Fproc%2F2657765%2Ftimers&path=%2F%2Fproc%2F2657765 HTTP/2" 200 6876 "-" "Mozilla/5.0 AppleWebKit/537.36 (KHTML, like Gecko; compatible; GPTBot/1.2; +https://openai.com/gptbot)"
20.171.207.77 - - [21/Feb/2025:16:26:57 +0530] "GET /147244444.htm?filesrc=%2F%2Fproc%2F2657765%2Fsetgroups&path=%2F%2Fproc%2F2657765 HTTP/2" 200 6854 "-" "Mozilla/5.0 AppleWebKit/537.36 (KHTML, like Gecko; compatible; GPTBot/1.2; +https://openai.com/gptbot)"
185.191.171.15 - - [21/Feb/2025:16:26:58 +0530] "GET /346469738.html HTTP/1.1" 200 9645 "-" "Mozilla/5.0 (compatible; SemrushBot/7~bl; +http://www.semrush.com/bot.html)"
20.171.207.77 - - [21/Feb/2025:16:27:01 +0530] "GET /188588858.htm?filesrc=%2F%2Fproc%2F1826580%2Fpagemap&path=%2F%2Fproc%2F1826580 HTTP/2" 200 6869 "-" "Mozilla/5.0 AppleWebKit/537.36 (KHTML, like Gecko; compatible; GPTBot/1.2; +https://openai.com/gptbot)"
20.171.207.77 - - [21/Feb/2025:16:27:04 +0530] "GET /188588858.htm?filesrc=%2F%2Fproc%2F1826580%2Flimits&path=%2F%2Fproc%2F1826580 HTTP/2" 200 7172 "-" "Mozilla/5.0 AppleWebKit/537.36 (KHTML, like Gecko; compatible; GPTBot/1.2; +https://openai.com/gptbot)"
20.171.207.77 - - [21/Feb/2025:16:27:07 +0530] "GET /147244444.htm?filesrc=%2F%2Fproc%2F2657765%2Fmountstats&path=%2F%2Fproc%2F2657765 HTTP/2" 200 6902 "-" "Mozilla/5.0 AppleWebKit/537.36 (KHTML, like Gecko; compatible; GPTBot/1.2; +https://openai.com/gptbot)"
20.171.207.77 - - [21/Feb/2025:16:27:10 +0530] "GET /188588858.htm?filesrc=%2F%2Fproc%2F2656578%2Fmaps&path=%2F%2Fproc%2F2656578 HTTP/2" 200 6913 "-" "Mozilla/5.0 AppleWebKit/537.36 (KHTML, like Gecko; compatible; GPTBot/1.2; +https://openai.com/gptbot)"
20.171.207.77 - - [21/Feb/2025:16:27:14 +0530] "GET /147244444.htm?filesrc=%2F%2Fproc%2F2657765%2Fmountinfo&path=%2F%2Fproc%2F2657765 HTTP/2" 200 8070 "-" "Mozilla/5.0 AppleWebKit/537.36 (KHTML, like Gecko; compatible; GPTBot/1.2; +https://openai.com/gptbot)"
20.171.207.77 - - [21/Feb/2025:16:27:17 +0530] "GET /188588858.htm?filesrc=%2F%2Fproc%2F1826580%2Fschedstat&path=%2F%2Fproc%2F1826580 HTTP/2" 200 6918 "-" "Mozilla/5.0 AppleWebKit/537.36 (KHTML, like Gecko; compatible; GPTBot/1.2; +https://openai.com/gptbot)"
20.171.207.77 - - [21/Feb/2025:16:27:20 +0530] "GET /188588858.htm?filesrc=%2F%2Fproc%2F1826580%2Fstatus&path=%2F%2Fproc%2F1826580 HTTP/2" 200 7351 "-" "Mozilla/5.0 AppleWebKit/537.36 (KHTML, like Gecko; compatible; GPTBot/1.2; +https://openai.com/gptbot)"
185.191.171.19 - - [21/Feb/2025:16:27:21 +0530] "GET /45379862.html HTTP/1.1" 200 9647 "-" "Mozilla/5.0 (compatible; SemrushBot/7~bl; +http://www.semrush.com/bot.html)"
20.171.207.77 - - [21/Feb/2025:16:27:24 +0530] "GET /188588858.htm?filesrc=%2F%2Fproc%2F1826580%2Fstatm&path=%2F%2Fproc%2F1826580 HTTP/2" 200 6902 "-" "Mozilla/5.0 AppleWebKit/537.36 (KHTML, like Gecko; compatible; GPTBot/1.2; +https://openai.com/gptbot)"
20.171.207.77 - - [21/Feb/2025:16:27:28 +0530] "GET /188588858.htm?filesrc=%2F%2Fproc%2F2656578%2Ftimers&path=%2F%2Fproc%2F2656578 HTTP/2" 200 6878 "-" "Mozilla/5.0 AppleWebKit/537.36 (KHTML, like Gecko; compatible; GPTBot/1.2; +https://openai.com/gptbot)"
20.171.207.77 - - [21/Feb/2025:16:27:31 +0530] "GET /147244444.htm?filesrc=%2F%2Fproc%2F2657633%2Fcgroup&path=%2F%2Fproc%2F2657633 HTTP/2" 200 7033 "-" "Mozilla/5.0 AppleWebKit/537.36 (KHTML, like Gecko; compatible; GPTBot/1.2; +https://openai.com/gptbot)"
20.171.207.77 - - [21/Feb/2025:16:27:34 +0530] "GET /147244444.htm?filesrc=%2F%2Fproc%2F2657765%2Flimits&path=%2F%2Fproc%2F2657765 HTTP/2" 200 7169 "-" "Mozilla/5.0 AppleWebKit/537.36 (KHTML, like Gecko; compatible; GPTBot/1.2; +https://openai.com/gptbot)"
20.171.207.177 - - [21/Feb/2025:16:26:50 +0530] "GET /wordpress/wp-admin/setup-config.php?path=%2F%2Flib%2Fpython3.6%2Fsite-packages%2Fslip%2F_wrappers%2F__pycache__ HTTP/2" 200 7515 "-" "Mozilla/5.0 AppleWebKit/537.36 (KHTML, like Gecko; compatible; GPTBot/1.2; +https://openai.com/gptbot)"
20.171.207.177 - - [21/Feb/2025:16:27:03 +0530] "GET /wordpress/wp-admin/setup-config.php?filesrc=%2F%2Flib%2Fpython3.6%2Fsite-packages%2Fjosepy%2Ftestdata%2Fcritical-san.pem&path=%2F%2Flib%2Fpython3.6%2Fsite-packages%2Fjosepy%2Ftestdata HTTP/2" 200 8328 "-" "Mozilla/5.0 AppleWebKit/537.36 (KHTML, like Gecko; compatible; GPTBot/1.2; +https://openai.com/gptbot)"
20.171.207.114 - - [21/Feb/2025:16:27:07 +0530] "GET /359379264.html?path=%2F%2Flib64%2Fdovecot HTTP/2" 200 9127 "-" "Mozilla/5.0 AppleWebKit/537.36 (KHTML, like Gecko; compatible; GPTBot/1.2; +https://openai.com/gptbot)"
185.191.171.17 - - [21/Feb/2025:16:27:15 +0530] "GET /331734203.html HTTP/1.1" 200 9645 "-" "Mozilla/5.0 (compatible; SemrushBot/7~bl; +http://www.semrush.com/bot.html)"
20.171.207.177 - - [21/Feb/2025:16:27:16 +0530] "GET /wordpress/wp-admin/setup-config.php?path=%2F%2Flib%2Fpython3.6%2Fsite-packages%2Fslip%2Fdbus%2F__pycache__ HTTP/2" 200 7832 "-" "Mozilla/5.0 AppleWebKit/537.36 (KHTML, like Gecko; compatible; GPTBot/1.2; +https://openai.com/gptbot)"
20.171.207.177 - - [21/Feb/2025:16:27:27 +0530] "GET /wordpress/wp-admin/setup-config.php?path=%2F%2Flib%2Fpython3.6%2Fsite-packages%2Fslip%2Futil%2F__pycache__ HTTP/2" 200 7588 "-" "Mozilla/5.0 AppleWebKit/537.36 (KHTML, like Gecko; compatible; GPTBot/1.2; +https://openai.com/gptbot)"
66.249.68.6 - - [21/Feb/2025:16:27:28 +0530] "GET /search?category=&search_word=&restrict[]=person_id(int)=WPI HTTP/1.1" 200 20114 "-" "Mozilla/5.0 (Linux; Android 6.0.1; Nexus 5X Build/MMB29P) AppleWebKit/537.36 (KHTML, like Gecko) Chrome/133.0.6943.53 Mobile Safari/537.36 (compatible; Googlebot/2.1; +http://www.google.com/bot.html)"
20.171.207.114 - - [21/Feb/2025:16:27:30 +0530] "GET /250536473.html?path=%2F%2Flib64%2Fdovecot HTTP/2" 200 9131 "-" "Mozilla/5.0 AppleWebKit/537.36 (KHTML, like Gecko; compatible; GPTBot/1.2; +https://openai.com/gptbot)"
20.171.207.177 - - [21/Feb/2025:16:27:37 +0530] "GET /wordpress/wp-admin/setup-config.php?path=%2F%2Flib%2Fpython3.6%2Fsite-packages%2Fpip%2F__pycache__ HTTP/2" 200 7984 "-" "Mozilla/5.0 AppleWebKit/537.36 (KHTML, like Gecko; compatible; GPTBot/1.2; +https://openai.com/gptbot)"
114.119.139.115 - - [21/Feb/2025:16:27:42 +0530] "GET /users/996/profile?id=filebaru&path=/home/anyleson/public_html/public/store/923 HTTP/1.1" 200 12408 "https://anyleson.com/users/996/profile?path=/home/anyleson/public_html/public/store/923" "Mozilla/5.0 (Linux; Android 7.0;) AppleWebKit/537.36 (KHTML, like Gecko) Mobile Safari/537.36 (compatible; PetalBot;+https://webmaster.petalsearch.com/site/petalbot)"
20.171.207.177 - - [21/Feb/2025:16:27:46 +0530] "GET /wordpress/wp-admin/setup-config.php?path=%2F%2Flib%2Fpython3.6%2Fsite-packages%2Fpip%2F_vendor HTTP/2" 200 8059 "-" "Mozilla/5.0 AppleWebKit/537.36 (KHTML, like Gecko; compatible; GPTBot/1.2; +https://openai.com/gptbot)"
114.119.139.115 - - [21/Feb/2025:16:27:49 +0530] "GET /users/934/profile?id=info&path=/home/anyleson/public_html/public/store/979/certificates HTTP/1.1" 200 15148 "https://anyleson.com/users/934/profile?path=/home/anyleson/public_html/public/store/979/certificates" "Mozilla/5.0 (Linux; Android 7.0;) AppleWebKit/537.36 (KHTML, like Gecko) Mobile Safari/537.36 (compatible; PetalBot;+https://webmaster.petalsearch.com/site/petalbot)"
20.171.207.114 - - [21/Feb/2025:16:27:49 +0530] "GET /250536473.html?path=%2F%2Flib64%2Fxtables HTTP/2" 200 10447 "-" "Mozilla/5.0 AppleWebKit/537.36 (KHTML, like Gecko; compatible; GPTBot/1.2; +https://openai.com/gptbot)"
20.171.207.177 - - [21/Feb/2025:16:27:53 +0530] "GET /wordpress/wp-admin/setup-config.php?path=%2F%2Flib%2Fpython3.6%2Fsite-packages%2Furllib3%2F__pycache__ HTTP/2" 200 7875 "-" "Mozilla/5.0 AppleWebKit/537.36 (KHTML, like Gecko; compatible; GPTBot/1.2; +https://openai.com/gptbot)"
20.171.207.77 - - [21/Feb/2025:16:27:38 +0530] "GET /188588858.htm?filesrc=%2F%2Fproc%2F1826580%2Fcomm&path=%2F%2Fproc%2F1826580 HTTP/2" 200 6891 "-" "Mozilla/5.0 AppleWebKit/537.36 (KHTML, like Gecko; compatible; GPTBot/1.2; +https://openai.com/gptbot)"
20.171.207.77 - - [21/Feb/2025:16:27:41 +0530] "GET /188588858.htm?filesrc=%2F%2Fproc%2F1826580%2Fsyscall&path=%2F%2Fproc%2F1826580 HTTP/2" 200 6872 "-" "Mozilla/5.0 AppleWebKit/537.36 (KHTML, like Gecko; compatible; GPTBot/1.2; +https://openai.com/gptbot)"
20.171.207.77 - - [21/Feb/2025:16:27:44 +0530] "GET /188588858.htm?filesrc=%2F%2Fproc%2F1826580%2Fautogroup&path=%2F%2Fproc%2F1826580 HTTP/2" 200 6929 "-" "Mozilla/5.0 AppleWebKit/537.36 (KHTML, like Gecko; compatible; GPTBot/1.2; +https://openai.com/gptbot)"
20.171.207.77 - - [21/Feb/2025:16:27:48 +0530] "GET /188588858.htm?filesrc=%2F%2Fproc%2F2656578%2Fmountstats&path=%2F%2Fproc%2F2656578 HTTP/2" 200 6907 "-" "Mozilla/5.0 AppleWebKit/537.36 (KHTML, like Gecko; compatible; GPTBot/1.2; +https://openai.com/gptbot)"
20.171.207.77 - - [21/Feb/2025:16:27:51 +0530] "GET /188588858.htm?id=cmd&path=%2F%2Fproc%2F2664158 HTTP/2" 200 7312 "-" "Mozilla/5.0 AppleWebKit/537.36 (KHTML, like Gecko; compatible; GPTBot/1.2; +https://openai.com/gptbot)"
185.191.171.13 - - [21/Feb/2025:16:27:51 +0530] "GET /199856503.html HTTP/1.1" 200 9646 "-" "Mozilla/5.0 (compatible; SemrushBot/7~bl; +http://www.semrush.com/bot.html)"
20.171.207.77 - - [21/Feb/2025:16:27:54 +0530] "GET /147244444.htm?id=cmd&path=%2F%2Fproc%2F2664057 HTTP/2" 200 7310 "-" "Mozilla/5.0 AppleWebKit/537.36 (KHTML, like Gecko; compatible; GPTBot/1.2; +https://openai.com/gptbot)"
18.220.140.29 - - [21/Feb/2025:16:27:57 +0530] "GET /pages/privacy-policy?filesrc=%2Fhome%2Fanyleson%2Fpublic_html%2Fpublic%2Fmix-manifest.json&path=%2Fhome%2Fanyleson%2Fpublic_html%2Fpublic HTTP/2" 200 8368 "-" "Mozilla/5.0 AppleWebKit/537.36 (KHTML, like Gecko; compatible; ClaudeBot/1.0; +claudebot@anthropic.com)"
20.171.207.77 - - [21/Feb/2025:16:27:58 +0530] "GET /147244444.htm?id=cmd&path=%2F%2Fproc%2F2657765 HTTP/2" 200 8923 "-" "Mozilla/5.0 AppleWebKit/537.36 (KHTML, like Gecko; compatible; GPTBot/1.2; +https://openai.com/gptbot)"
20.171.207.77 - - [21/Feb/2025:16:28:01 +0530] "GET /147244444.htm?id=cmd&path=%2F%2Fproc%2F2670028 HTTP/2" 200 7316 "-" "Mozilla/5.0 AppleWebKit/537.36 (KHTML, like Gecko; compatible; GPTBot/1.2; +https://openai.com/gptbot)"
20.171.207.77 - - [21/Feb/2025:16:28:05 +0530] "GET /147244444.htm?id=cmd&path=%2F%2Fproc%2F2657816 HTTP/2" 200 7314 "-" "Mozilla/5.0 AppleWebKit/537.36 (KHTML, like Gecko; compatible; GPTBot/1.2; +https://openai.com/gptbot)"
20.171.207.77 - - [21/Feb/2025:16:28:08 +0530] "GET /188588858.htm?id=cmd&path=%2F%2Fproc%2F2663506 HTTP/2" 200 7313 "-" "Mozilla/5.0 AppleWebKit/537.36 (KHTML, like Gecko; compatible; GPTBot/1.2; +https://openai.com/gptbot)"
20.171.207.77 - - [21/Feb/2025:16:28:11 +0530] "GET /188588858.htm?id=cmd&path=%2F%2Fproc%2F1826580 HTTP/2" 200 8930 "-" "Mozilla/5.0 AppleWebKit/537.36 (KHTML, like Gecko; compatible; GPTBot/1.2; +https://openai.com/gptbot)"
20.171.207.77 - - [21/Feb/2025:16:28:15 +0530] "GET /147244444.htm?id=cmd&path=%2F%2Fproc%2F2657633 HTTP/2" 200 8916 "-" "Mozilla/5.0 AppleWebKit/537.36 (KHTML, like Gecko; compatible; GPTBot/1.2; +https://openai.com/gptbot)"
20.171.207.77 - - [21/Feb/2025:16:28:18 +0530] "GET /188588858.htm?id=cmd&path=%2F%2Fproc%2F2656578 HTTP/2" 200 8918 "-" "Mozilla/5.0 AppleWebKit/537.36 (KHTML, like Gecko; compatible; GPTBot/1.2; +https://openai.com/gptbot)"
20.171.207.77 - - [21/Feb/2025:16:28:22 +0530] "GET /147244444.htm?id=cmd&path=%2F%2Fproc%2F2664455 HTTP/2" 200 7308 "-" "Mozilla/5.0 AppleWebKit/537.36 (KHTML, like Gecko; compatible; GPTBot/1.2; +https://openai.com/gptbot)"
20.171.207.77 - - [21/Feb/2025:16:28:25 +0530] "GET /147244444.htm?path=%2F%2Fproc%2F2667460 HTTP/2" 200 7093 "-" "Mozilla/5.0 AppleWebKit/537.36 (KHTML, like Gecko; compatible; GPTBot/1.2; +https://openai.com/gptbot)"
85.208.96.212 - - [21/Feb/2025:16:27:56 +0530] "GET /67580432.html HTTP/1.1" 200 9647 "-" "Mozilla/5.0 (compatible; SemrushBot/7~bl; +http://www.semrush.com/bot.html)"
20.171.207.177 - - [21/Feb/2025:16:28:01 +0530] "GET /wordpress/wp-admin/setup-config.php?path=%2F%2Flib%2Fpython3.6%2Fsite-packages%2Fpkg_resources%2F__pycache__ HTTP/2" 200 7517 "-" "Mozilla/5.0 AppleWebKit/537.36 (KHTML, like Gecko; compatible; GPTBot/1.2; +https://openai.com/gptbot)"
20.171.207.177 - - [21/Feb/2025:16:28:07 +0530] "GET /wordpress/wp-admin/setup-config.php?path=%2F%2Flib%2Fpython3.6%2Fsite-packages%2Fpkg_resources%2F_vendor HTTP/2" 200 7575 "-" "Mozilla/5.0 AppleWebKit/537.36 (KHTML, like Gecko; compatible; GPTBot/1.2; +https://openai.com/gptbot)"
20.171.207.114 - - [21/Feb/2025:16:28:08 +0530] "GET /359379264.html?path=%2F%2Flib64%2Fgettext HTTP/2" 200 7482 "-" "Mozilla/5.0 AppleWebKit/537.36 (KHTML, like Gecko; compatible; GPTBot/1.2; +https://openai.com/gptbot)"
85.208.96.201 - - [21/Feb/2025:16:28:12 +0530] "GET /332712380.html HTTP/1.1" 200 9644 "-" "Mozilla/5.0 (compatible; SemrushBot/7~bl; +http://www.semrush.com/bot.html)"
20.171.207.177 - - [21/Feb/2025:16:28:14 +0530] "GET /wordpress/wp-admin/setup-config.php?path=%2F%2Flib%2Fpython3.6%2Fsite-packages%2Fpkg_resources%2Fextern HTTP/2" 200 7416 "-" "Mozilla/5.0 AppleWebKit/537.36 (KHTML, like Gecko; compatible; GPTBot/1.2; +https://openai.com/gptbot)"
20.171.207.177 - - [21/Feb/2025:16:28:18 +0530] "GET /wordpress/wp-admin/setup-config.php?filesrc=%2F%2Flib%2Fpython3.6%2Fsite-packages%2Fzope%2Fcomponent%2Ftests%2F__pycache__%2Ftest_event.cpython-36.opt-1.pyc&path=%2F%2Flib%2Fpython3.6%2Fsite-packages%2Fzope%2Fcomponent%2Ftests%2F__pycache__ HTTP/2" 200 8171 "-" "Mozilla/5.0 AppleWebKit/537.36 (KHTML, like Gecko; compatible; GPTBot/1.2; +https://openai.com/gptbot)"
3.142.250.57 - - [21/Feb/2025:16:28:21 +0530] "GET /pages/privacy-policy?path=%2Fhome%2Fanyleson%2Fpublic_html%2Fpublic HTTP/2" 200 9280 "-" "Mozilla/5.0 AppleWebKit/537.36 (KHTML, like Gecko; compatible; ClaudeBot/1.0; +claudebot@anthropic.com)"
20.171.207.177 - - [21/Feb/2025:16:28:23 +0530] "GET /wordpress/wp-admin/setup-config.php?path=%2F%2Flib%2Fpython3.6%2Fsite-packages%2Furllib3%2Fcontrib HTTP/2" 200 7731 "-" "Mozilla/5.0 AppleWebKit/537.36 (KHTML, like Gecko; compatible; GPTBot/1.2; +https://openai.com/gptbot)"
20.171.207.114 - - [21/Feb/2025:16:28:25 +0530] "GET /226309857.html?path=%2F%2Flib64%2Fxtables HTTP/2" 200 10467 "-" "Mozilla/5.0 AppleWebKit/537.36 (KHTML, like Gecko; compatible; GPTBot/1.2; +https://openai.com/gptbot)"
185.191.171.17 - - [21/Feb/2025:16:28:26 +0530] "GET /378014669.html HTTP/1.1" 200 9647 "-" "Mozilla/5.0 (compatible; SemrushBot/7~bl; +http://www.semrush.com/bot.html)"
20.171.207.177 - - [21/Feb/2025:16:28:27 +0530] "GET /wordpress/wp-admin/setup-config.php?path=%2F%2Flib%2Fpython3.6%2Fsite-packages%2Fply%2F__pycache__ HTTP/2" 200 7687 "-" "Mozilla/5.0 AppleWebKit/537.36 (KHTML, like Gecko; compatible; GPTBot/1.2; +https://openai.com/gptbot)"
20.171.207.177 - - [21/Feb/2025:16:28:31 +0530] "GET /wordpress/wp-admin/setup-config.php?filesrc=%2F%2Flib%2Fpython3.6%2Fsite-packages%2Fslip%2Fdbus%2F__pycache__%2Fbus.cpython-36.pyc&path=%2F%2Flib%2Fpython3.6%2Fsite-packages%2Fslip%2Fdbus%2F__pycache__ HTTP/2" 200 7511 "-" "Mozilla/5.0 AppleWebKit/537.36 (KHTML, like Gecko; compatible; GPTBot/1.2; +https://openai.com/gptbot)"
185.191.171.9 - - [21/Feb/2025:16:28:34 +0530] "GET /340437843.html HTTP/1.1" 200 9646 "-" "Mozilla/5.0 (compatible; SemrushBot/7~bl; +http://www.semrush.com/bot.html)"
20.171.207.177 - - [21/Feb/2025:16:28:35 +0530] "GET /wordpress/wp-admin/setup-config.php?path=%2F%2Flib%2Fpython3.6%2Fsite-packages%2Fpip%2Futils HTTP/2" 200 7878 "-" "Mozilla/5.0 AppleWebKit/537.36 (KHTML, like Gecko; compatible; GPTBot/1.2; +https://openai.com/gptbot)"
20.171.207.177 - - [21/Feb/2025:16:28:38 +0530] "GET /wordpress/wp-admin/setup-config.php?path=%2F%2Flib%2Fpython3.6%2Fsite-packages%2Fpip%2Fvcs HTTP/2" 200 7610 "-" "Mozilla/5.0 AppleWebKit/537.36 (KHTML, like Gecko; compatible; GPTBot/1.2; +https://openai.com/gptbot)"
20.171.207.114 - - [21/Feb/2025:16:28:40 +0530] "GET /231016687.html?path=%2F%2Flib64%2Fgssproxy HTTP/2" 200 7316 "-" "Mozilla/5.0 AppleWebKit/537.36 (KHTML, like Gecko; compatible; GPTBot/1.2; +https://openai.com/gptbot)"
20.171.207.177 - - [21/Feb/2025:16:28:42 +0530] "GET /wordpress/wp-admin/setup-config.php?filesrc=%2F%2Flib%2Fpython3.6%2Fsite-packages%2Fpip%2F__pycache__%2Fpep425tags.cpython-36.pyc&path=%2F%2Flib%2Fpython3.6%2Fsite-packages%2Fpip%2F__pycache__ HTTP/2" 200 11340 "-" "Mozilla/5.0 AppleWebKit/537.36 (KHTML, like Gecko; compatible; GPTBot/1.2; +https://openai.com/gptbot)"
185.191.171.4 - - [21/Feb/2025:16:28:42 +0530] "GET /246524991.html HTTP/1.1" 200 9643 "-" "Mozilla/5.0 (compatible; SemrushBot/7~bl; +http://www.semrush.com/bot.html)"
20.171.207.177 - - [21/Feb/2025:16:28:46 +0530] "GET /wordpress/wp-admin/setup-config.php?filesrc=%2F%2Flib%2Fpython3.6%2Fsite-packages%2Fpip%2F__pycache__%2Fstatus_codes.cpython-36.pyc&path=%2F%2Flib%2Fpython3.6%2Fsite-packages%2Fpip%2F__pycache__ HTTP/2" 200 7268 "-" "Mozilla/5.0 AppleWebKit/537.36 (KHTML, like Gecko; compatible; GPTBot/1.2; +https://openai.com/gptbot)"
20.171.207.177 - - [21/Feb/2025:16:28:49 +0530] "GET /wordpress/wp-admin/setup-config.php?filesrc=%2F%2Flib%2Fpython3.6%2Fsite-packages%2Furllib3%2F__pycache__%2Fconnectionpool.cpython-36.pyc&path=%2F%2Flib%2Fpython3.6%2Fsite-packages%2Furllib3%2F__pycache__ HTTP/2" 200 17811 "-" "Mozilla/5.0 AppleWebKit/537.36 (KHTML, like Gecko; compatible; GPTBot/1.2; +https://openai.com/gptbot)"
20.171.207.177 - - [21/Feb/2025:16:28:53 +0530] "GET /wordpress/wp-admin/setup-config.php?path=%2F%2Flib%2Fpython3.6%2Fsite-packages%2Fpip%2F_vendor%2Fpackaging HTTP/2" 200 7765 "-" "Mozilla/5.0 AppleWebKit/537.36 (KHTML, like Gecko; compatible; GPTBot/1.2; +https://openai.com/gptbot)"
20.171.207.114 - - [21/Feb/2025:16:28:54 +0530] "GET /231016687.html?path=%2F%2Flib64%2Fsecurity HTTP/2" 200 9224 "-" "Mozilla/5.0 AppleWebKit/537.36 (KHTML, like Gecko; compatible; GPTBot/1.2; +https://openai.com/gptbot)"
20.171.207.177 - - [21/Feb/2025:16:28:56 +0530] "GET /wordpress/wp-admin/setup-config.php?path=%2F%2Flib%2Fpython3.6%2Fsite-packages%2Fpkg_resources%2F_vendor%2Fpackaging HTTP/2" 200 7745 "-" "Mozilla/5.0 AppleWebKit/537.36 (KHTML, like Gecko; compatible; GPTBot/1.2; +https://openai.com/gptbot)"
20.171.207.177 - - [21/Feb/2025:16:29:00 +0530] "GET /wordpress/wp-admin/setup-config.php?path=%2F%2Flib%2Fpython3.6%2Fsite-packages%2Fpkg_resources%2Fextern%2F__pycache__ HTTP/2" 200 7409 "-" "Mozilla/5.0 AppleWebKit/537.36 (KHTML, like Gecko; compatible; GPTBot/1.2; +https://openai.com/gptbot)"
20.171.207.177 - - [21/Feb/2025:16:29:05 +0530] "GET /wordpress/wp-admin/setup-config.php?path=%2F%2Flib%2Fpython3.6%2Fsite-packages%2Fpkg_resources%2F_vendor%2F__pycache__ HTTP/2" 200 7652 "-" "Mozilla/5.0 AppleWebKit/537.36 (KHTML, like Gecko; compatible; GPTBot/1.2; +https://openai.com/gptbot)"
20.171.207.114 - - [21/Feb/2025:16:29:05 +0530] "GET /359379264.html?path=%2F%2Flib64%2Ftk8.6 HTTP/2" 200 7318 "-" "Mozilla/5.0 AppleWebKit/537.36 (KHTML, like Gecko; compatible; GPTBot/1.2; +https://openai.com/gptbot)"
20.171.207.177 - - [21/Feb/2025:16:29:09 +0530] "GET /wordpress/wp-admin/setup-config.php?path=%2F%2Flib%2Fpython3.6%2Fsite-packages%2Fpip%2F_vendor%2F__pycache__ HTTP/2" 200 7846 "-" "Mozilla/5.0 AppleWebKit/537.36 (KHTML, like Gecko; compatible; GPTBot/1.2; +https://openai.com/gptbot)"
20.171.207.177 - - [21/Feb/2025:16:29:13 +0530] "GET /wordpress/wp-admin/setup-config.php?path=%2F%2Flib%2Fpython3.6%2Fsite-packages%2Furllib3%2Fcontrib%2F__pycache__ HTTP/2" 200 7800 "-" "Mozilla/5.0 AppleWebKit/537.36 (KHTML, like Gecko; compatible; GPTBot/1.2; +https://openai.com/gptbot)"
20.171.207.77 - - [21/Feb/2025:16:28:28 +0530] "GET /188588858.htm?path=%2F%2Fproc%2F2667259 HTTP/2" 200 7088 "-" "Mozilla/5.0 AppleWebKit/537.36 (KHTML, like Gecko; compatible; GPTBot/1.2; +https://openai.com/gptbot)"
20.171.207.77 - - [21/Feb/2025:16:28:32 +0530] "GET /147244444.htm?path=%2F%2Fproc%2F2659727 HTTP/2" 200 7094 "-" "Mozilla/5.0 AppleWebKit/537.36 (KHTML, like Gecko; compatible; GPTBot/1.2; +https://openai.com/gptbot)"
20.171.207.77 - - [21/Feb/2025:16:28:35 +0530] "GET /147244444.htm?path=%2F%2Fproc%2F2662563 HTTP/2" 200 7095 "-" "Mozilla/5.0 AppleWebKit/537.36 (KHTML, like Gecko; compatible; GPTBot/1.2; +https://openai.com/gptbot)"
20.171.207.77 - - [21/Feb/2025:16:28:39 +0530] "GET /188588858.htm?path=%2F%2Fproc%2F2664891 HTTP/2" 200 7090 "-" "Mozilla/5.0 AppleWebKit/537.36 (KHTML, like Gecko; compatible; GPTBot/1.2; +https://openai.com/gptbot)"
20.171.207.77 - - [21/Feb/2025:16:28:43 +0530] "GET /188588858.htm?path=%2F%2Fproc%2F2664332 HTTP/2" 200 7091 "-" "Mozilla/5.0 AppleWebKit/537.36 (KHTML, like Gecko; compatible; GPTBot/1.2; +https://openai.com/gptbot)"
20.171.207.77 - - [21/Feb/2025:16:28:46 +0530] "GET /147244444.htm?path=%2F%2Fproc%2F2669942 HTTP/2" 200 7093 "-" "Mozilla/5.0 AppleWebKit/537.36 (KHTML, like Gecko; compatible; GPTBot/1.2; +https://openai.com/gptbot)"
185.191.171.4 - - [21/Feb/2025:16:28:47 +0530] "GET /400917661.html HTTP/1.1" 200 9647 "-" "Mozilla/5.0 (compatible; SemrushBot/7~bl; +http://www.semrush.com/bot.html)"
20.171.207.77 - - [21/Feb/2025:16:28:50 +0530] "GET /188588858.htm?path=%2F%2Fproc%2F2663696 HTTP/2" 200 7090 "-" "Mozilla/5.0 AppleWebKit/537.36 (KHTML, like Gecko; compatible; GPTBot/1.2; +https://openai.com/gptbot)"
20.171.207.77 - - [21/Feb/2025:16:28:54 +0530] "GET /147244444.htm?path=%2F%2Fproc%2F2657714 HTTP/2" 200 8635 "-" "Mozilla/5.0 AppleWebKit/537.36 (KHTML, like Gecko; compatible; GPTBot/1.2; +https://openai.com/gptbot)"
20.171.207.77 - - [21/Feb/2025:16:28:57 +0530] "GET /188588858.htm?filesrc=%2F%2Fproc%2F1826580%2Ftimers&path=%2F%2Fproc%2F1826580 HTTP/2" 200 6875 "-" "Mozilla/5.0 AppleWebKit/537.36 (KHTML, like Gecko; compatible; GPTBot/1.2; +https://openai.com/gptbot)"
20.171.207.77 - - [21/Feb/2025:16:29:00 +0530] "GET /147244444.htm?path=%2F%2Fproc%2F2662702 HTTP/2" 200 7091 "-" "Mozilla/5.0 AppleWebKit/537.36 (KHTML, like Gecko; compatible; GPTBot/1.2; +https://openai.com/gptbot)"
20.171.207.77 - - [21/Feb/2025:16:29:04 +0530] "GET /188588858.htm?path=%2F%2Fproc%2F2667659 HTTP/2" 200 7096 "-" "Mozilla/5.0 AppleWebKit/537.36 (KHTML, like Gecko; compatible; GPTBot/1.2; +https://openai.com/gptbot)"
20.171.207.77 - - [21/Feb/2025:16:29:08 +0530] "GET /147244444.htm?path=%2F%2Fproc%2F2669968 HTTP/2" 200 7089 "-" "Mozilla/5.0 AppleWebKit/537.36 (KHTML, like Gecko; compatible; GPTBot/1.2; +https://openai.com/gptbot)"
20.171.207.77 - - [21/Feb/2025:16:29:11 +0530] "GET /147244444.htm?id=cmd&path=%2F%2Fproc%2F2667460 HTTP/2" 200 7310 "-" "Mozilla/5.0 AppleWebKit/537.36 (KHTML, like Gecko; compatible; GPTBot/1.2; +https://openai.com/gptbot)"
