20.171.207.77 - - [21/Feb/2025:16:34:46 +0530] "GET /147244444.htm?path=%2F%2Fproc%2F2518195 HTTP/2" 200 8641 "-" "Mozilla/5.0 AppleWebKit/537.36 (KHTML, like Gecko; compatible; GPTBot/1.2; +https://openai.com/gptbot)"
85.208.96.200 - - [21/Feb/2025:16:34:58 +0530] "GET /399092831.html HTTP/1.1" 200 9647 "-" "Mozilla/5.0 (compatible; SemrushBot/7~bl; +http://www.semrush.com/bot.html)"
20.171.207.77 - - [21/Feb/2025:16:35:02 +0530] "GET /188588858.htm?path=%2F%2Fproc%2F2662702 HTTP/2" 200 7095 "-" "Mozilla/5.0 AppleWebKit/537.36 (KHTML, like Gecko; compatible; GPTBot/1.2; +https://openai.com/gptbot)"
185.191.171.15 - - [21/Feb/2025:16:35:03 +0530] "GET /97444109.html HTTP/1.1" 200 9645 "-" "Mozilla/5.0 (compatible; SemrushBot/7~bl; +http://www.semrush.com/bot.html)"
157.55.39.59 - - [21/Feb/2025:16:35:11 +0530] "GET /course-category/accounting/?duration=medium&filtering=1&filter_course-category=148,76,121,229,207,114 HTTP/2" 301 795 "-" "Mozilla/5.0 AppleWebKit/537.36 (KHTML, like Gecko; compatible; bingbot/2.0; +http://www.bing.com/bingbot.htm) Chrome/116.0.1938.76 Safari/537.36"
20.171.207.77 - - [21/Feb/2025:16:35:15 +0530] "GET /188588858.htm?path=%2F%2Fproc%2F2659727 HTTP/2" 200 7092 "-" "Mozilla/5.0 AppleWebKit/537.36 (KHTML, like Gecko; compatible; GPTBot/1.2; +https://openai.com/gptbot)"
20.171.207.77 - - [21/Feb/2025:16:35:27 +0530] "GET /147244444.htm?path=%2F%2Fproc%2F2663634 HTTP/2" 200 7092 "-" "Mozilla/5.0 AppleWebKit/537.36 (KHTML, like Gecko; compatible; GPTBot/1.2; +https://openai.com/gptbot)"
66.249.68.5 - - [21/Feb/2025:16:35:34 +0530] "GET /product/edit/EQUN993073 HTTP/1.1" 200 19113 "-" "Mozilla/5.0 (Linux; Android 6.0.1; Nexus 5X Build/MMB29P) AppleWebKit/537.36 (KHTML, like Gecko) Chrome/133.0.6943.53 Mobile Safari/537.36 (compatible; Googlebot/2.1; +http://www.google.com/bot.html)"
20.171.207.77 - - [21/Feb/2025:16:35:38 +0530] "GET /188588858.htm?path=%2F%2Fproc%2F2663582 HTTP/2" 200 7090 "-" "Mozilla/5.0 AppleWebKit/537.36 (KHTML, like Gecko; compatible; GPTBot/1.2; +https://openai.com/gptbot)"
20.171.207.77 - - [21/Feb/2025:16:35:47 +0530] "GET /188588858.htm?path=%2F%2Fproc%2F2662408 HTTP/2" 200 7090 "-" "Mozilla/5.0 AppleWebKit/537.36 (KHTML, like Gecko; compatible; GPTBot/1.2; +https://openai.com/gptbot)"
20.171.207.77 - - [21/Feb/2025:16:35:56 +0530] "GET /147244444.htm?id=cmd&path=%2F%2Fproc%2F2663622 HTTP/2" 200 7311 "-" "Mozilla/5.0 AppleWebKit/537.36 (KHTML, like Gecko; compatible; GPTBot/1.2; +https://openai.com/gptbot)"
20.171.207.77 - - [21/Feb/2025:16:36:04 +0530] "GET /188588858.htm?id=cmd&path=%2F%2Fproc%2F2670277 HTTP/2" 200 7313 "-" "Mozilla/5.0 AppleWebKit/537.36 (KHTML, like Gecko; compatible; GPTBot/1.2; +https://openai.com/gptbot)"
20.171.207.77 - - [21/Feb/2025:16:36:11 +0530] "GET /147244444.htm?id=cmd&path=%2F%2Fproc%2F2670084 HTTP/2" 200 7308 "-" "Mozilla/5.0 AppleWebKit/537.36 (KHTML, like Gecko; compatible; GPTBot/1.2; +https://openai.com/gptbot)"
20.171.207.77 - - [21/Feb/2025:16:36:18 +0530] "GET /147244444.htm?id=cmd&path=%2F%2Fproc%2F2651961 HTTP/2" 200 7310 "-" "Mozilla/5.0 AppleWebKit/537.36 (KHTML, like Gecko; compatible; GPTBot/1.2; +https://openai.com/gptbot)"
20.171.207.77 - - [21/Feb/2025:16:36:23 +0530] "GET /147244444.htm?id=cmd&path=%2F%2Fproc%2F2667267 HTTP/2" 200 7315 "-" "Mozilla/5.0 AppleWebKit/537.36 (KHTML, like Gecko; compatible; GPTBot/1.2; +https://openai.com/gptbot)"
20.171.207.77 - - [21/Feb/2025:16:36:29 +0530] "GET /147244444.htm?path=%2F%2Fproc%2F2518195%2Fnet HTTP/2" 200 8447 "-" "Mozilla/5.0 AppleWebKit/537.36 (KHTML, like Gecko; compatible; GPTBot/1.2; +https://openai.com/gptbot)"
20.171.207.77 - - [21/Feb/2025:16:36:34 +0530] "GET /147244444.htm?filesrc=%2F%2Fproc%2F2518195%2Fautogroup&path=%2F%2Fproc%2F2518195 HTTP/2" 200 6928 "-" "Mozilla/5.0 AppleWebKit/537.36 (KHTML, like Gecko; compatible; GPTBot/1.2; +https://openai.com/gptbot)"
85.208.96.203 - - [21/Feb/2025:16:36:35 +0530] "GET /390105314.html HTTP/1.1" 200 9643 "-" "Mozilla/5.0 (compatible; SemrushBot/7~bl; +http://www.semrush.com/bot.html)"
20.171.207.77 - - [21/Feb/2025:16:36:38 +0530] "GET /147244444.htm?filesrc=%2F%2Fproc%2F2518195%2Fsetgroups&path=%2F%2Fproc%2F2518195 HTTP/2" 200 6856 "-" "Mozilla/5.0 AppleWebKit/537.36 (KHTML, like Gecko; compatible; GPTBot/1.2; +https://openai.com/gptbot)"
20.171.207.77 - - [21/Feb/2025:16:36:42 +0530] "GET /147244444.htm?filesrc=%2F%2Fproc%2F2518195%2Fmounts&path=%2F%2Fproc%2F2518195 HTTP/2" 200 7626 "-" "Mozilla/5.0 AppleWebKit/537.36 (KHTML, like Gecko; compatible; GPTBot/1.2; +https://openai.com/gptbot)"
20.171.207.77 - - [21/Feb/2025:16:36:46 +0530] "GET /147244444.htm?filesrc=%2F%2Fproc%2F2518195%2Fenviron&path=%2F%2Fproc%2F2518195 HTTP/2" 200 6867 "-" "Mozilla/5.0 AppleWebKit/537.36 (KHTML, like Gecko; compatible; GPTBot/1.2; +https://openai.com/gptbot)"
20.171.207.77 - - [21/Feb/2025:16:36:49 +0530] "GET /147244444.htm?filesrc=%2F%2Fproc%2F2518195%2Fmountinfo&path=%2F%2Fproc%2F2518195 HTTP/2" 200 8012 "-" "Mozilla/5.0 AppleWebKit/537.36 (KHTML, like Gecko; compatible; GPTBot/1.2; +https://openai.com/gptbot)"
20.171.207.77 - - [21/Feb/2025:16:36:52 +0530] "GET /147244444.htm?filesrc=%2F%2Fproc%2F2518195%2Fsessionid&path=%2F%2Fproc%2F2518195 HTTP/2" 200 6900 "-" "Mozilla/5.0 AppleWebKit/537.36 (KHTML, like Gecko; compatible; GPTBot/1.2; +https://openai.com/gptbot)"
85.208.96.210 - - [21/Feb/2025:16:36:53 +0530] "GET /57750192.html HTTP/1.1" 200 9646 "-" "Mozilla/5.0 (compatible; SemrushBot/7~bl; +http://www.semrush.com/bot.html)"
20.171.207.77 - - [21/Feb/2025:16:36:56 +0530] "GET /147244444.htm?filesrc=%2F%2Fproc%2F2518195%2Fpersonality&path=%2F%2Fproc%2F2518195 HTTP/2" 200 6907 "-" "Mozilla/5.0 AppleWebKit/537.36 (KHTML, like Gecko; compatible; GPTBot/1.2; +https://openai.com/gptbot)"
20.171.207.77 - - [21/Feb/2025:16:36:59 +0530] "GET /147244444.htm?filesrc=%2F%2Fproc%2F2518195%2Fauxv&path=%2F%2Fproc%2F2518195 HTTP/2" 200 6910 "-" "Mozilla/5.0 AppleWebKit/537.36 (KHTML, like Gecko; compatible; GPTBot/1.2; +https://openai.com/gptbot)"
20.171.207.77 - - [21/Feb/2025:16:37:02 +0530] "GET /147244444.htm?filesrc=%2F%2Fproc%2F2518195%2Fcmdline&path=%2F%2Fproc%2F2518195 HTTP/2" 200 6858 "-" "Mozilla/5.0 AppleWebKit/537.36 (KHTML, like Gecko; compatible; GPTBot/1.2; +https://openai.com/gptbot)"
20.171.207.77 - - [21/Feb/2025:16:37:06 +0530] "GET /147244444.htm?filesrc=%2F%2Fproc%2F2518195%2Fmountstats&path=%2F%2Fproc%2F2518195 HTTP/2" 200 6898 "-" "Mozilla/5.0 AppleWebKit/537.36 (KHTML, like Gecko; compatible; GPTBot/1.2; +https://openai.com/gptbot)"
20.171.207.77 - - [21/Feb/2025:16:37:09 +0530] "GET /147244444.htm?filesrc=%2F%2Fproc%2F2518195%2Foom_score_adj&path=%2F%2Fproc%2F2518195 HTTP/2" 200 6859 "-" "Mozilla/5.0 AppleWebKit/537.36 (KHTML, like Gecko; compatible; GPTBot/1.2; +https://openai.com/gptbot)"
20.171.207.114 - - [21/Feb/2025:16:35:31 +0530] "GET /359379264.html?path=%2F%2Flib64%2Fgroff HTTP/2" 200 7071 "-" "Mozilla/5.0 AppleWebKit/537.36 (KHTML, like Gecko; compatible; GPTBot/1.2; +https://openai.com/gptbot)"
20.171.207.177 - - [21/Feb/2025:16:35:44 +0530] "GET /wordpress/wp-admin/setup-config.php?id=deface&path=%2F%2Flib%2Fpython3.6%2Fsite-packages%2Furllib3%2Futil%2F__pycache__ HTTP/2" 200 8253 "-" "Mozilla/5.0 AppleWebKit/537.36 (KHTML, like Gecko; compatible; GPTBot/1.2; +https://openai.com/gptbot)"
20.171.207.114 - - [21/Feb/2025:16:35:48 +0530] "GET /226309857.html?path=%2F%2Flib64%2Fgconv HTTP/2" 200 11906 "-" "Mozilla/5.0 AppleWebKit/537.36 (KHTML, like Gecko; compatible; GPTBot/1.2; +https://openai.com/gptbot)"
85.208.96.195 - - [21/Feb/2025:16:35:59 +0530] "GET /381824935.html HTTP/1.1" 200 9645 "-" "Mozilla/5.0 (compatible; SemrushBot/7~bl; +http://www.semrush.com/bot.html)"
20.171.207.114 - - [21/Feb/2025:16:36:06 +0530] "GET /231016687.html?path=%2F%2Flib64%2Fcmake HTTP/2" 200 7229 "-" "Mozilla/5.0 AppleWebKit/537.36 (KHTML, like Gecko; compatible; GPTBot/1.2; +https://openai.com/gptbot)"
85.208.96.205 - - [21/Feb/2025:16:36:14 +0530] "GET /180734695.html HTTP/1.1" 200 9646 "-" "Mozilla/5.0 (compatible; SemrushBot/7~bl; +http://www.semrush.com/bot.html)"
20.171.207.114 - - [21/Feb/2025:16:36:21 +0530] "GET /250536473.html?path=%2F%2Flib64%2Fredis HTTP/2" 200 7070 "-" "Mozilla/5.0 AppleWebKit/537.36 (KHTML, like Gecko; compatible; GPTBot/1.2; +https://openai.com/gptbot)"
85.208.96.211 - - [21/Feb/2025:16:36:28 +0530] "GET /94862361.html HTTP/1.1" 200 9645 "-" "Mozilla/5.0 (compatible; SemrushBot/7~bl; +http://www.semrush.com/bot.html)"
66.249.68.5 - - [21/Feb/2025:16:36:30 +0530] "GET /pcmypage?callback=product/review/BATLS81182586 HTTP/1.1" 200 19106 "-" "Mozilla/5.0 (Linux; Android 6.0.1; Nexus 5X Build/MMB29P) AppleWebKit/537.36 (KHTML, like Gecko) Chrome/133.0.6943.53 Mobile Safari/537.36 (compatible; Googlebot/2.1; +http://www.google.com/bot.html)"
20.171.207.114 - - [21/Feb/2025:16:36:33 +0530] "GET /250536473.html?path=%2F%2Flib64%2Fgames HTTP/2" 200 7062 "-" "Mozilla/5.0 AppleWebKit/537.36 (KHTML, like Gecko; compatible; GPTBot/1.2; +https://openai.com/gptbot)"
20.171.207.177 - - [21/Feb/2025:16:36:38 +0530] "GET /wordpress/wp-admin/setup-config.php?path=%2F%2Flib%2Fpython3.6%2Fsite-packages%2FOpenSSL HTTP/2" 200 7709 "-" "Mozilla/5.0 AppleWebKit/537.36 (KHTML, like Gecko; compatible; GPTBot/1.2; +https://openai.com/gptbot)"
20.171.207.114 - - [21/Feb/2025:16:36:46 +0530] "GET /231016687.html?path=%2F%2Flib64%2Faudit HTTP/2" 200 7293 "-" "Mozilla/5.0 AppleWebKit/537.36 (KHTML, like Gecko; compatible; GPTBot/1.2; +https://openai.com/gptbot)"
185.191.171.18 - - [21/Feb/2025:16:36:47 +0530] "GET /75683699.html HTTP/1.1" 200 9646 "-" "Mozilla/5.0 (compatible; SemrushBot/7~bl; +http://www.semrush.com/bot.html)"
20.171.207.114 - - [21/Feb/2025:16:36:58 +0530] "GET /250536473.html?path=%2F%2Flib64%2Fmysql HTTP/2" 200 7262 "-" "Mozilla/5.0 AppleWebKit/537.36 (KHTML, like Gecko; compatible; GPTBot/1.2; +https://openai.com/gptbot)"
20.171.207.114 - - [21/Feb/2025:16:37:08 +0530] "GET /226309857.html?path=%2F%2Flib64%2Fgroff HTTP/2" 200 7066 "-" "Mozilla/5.0 AppleWebKit/537.36 (KHTML, like Gecko; compatible; GPTBot/1.2; +https://openai.com/gptbot)"
20.171.207.114 - - [21/Feb/2025:16:37:16 +0530] "GET /250536473.html?path=%2F%2Flib64%2Fsamba HTTP/2" 200 9948 "-" "Mozilla/5.0 AppleWebKit/537.36 (KHTML, like Gecko; compatible; GPTBot/1.2; +https://openai.com/gptbot)"
20.171.207.114 - - [21/Feb/2025:16:37:25 +0530] "GET /359379264.html?path=%2F%2Flib64%2Fsamba HTTP/2" 200 9947 "-" "Mozilla/5.0 AppleWebKit/537.36 (KHTML, like Gecko; compatible; GPTBot/1.2; +https://openai.com/gptbot)"
20.171.207.177 - - [21/Feb/2025:16:37:27 +0530] "GET /wordpress/wp-admin/setup-config.php?path=%2F%2Flib%2Fpython3.6%2Fsite-packages%2Ftuned%2Fadmin HTTP/2" 200 7595 "-" "Mozilla/5.0 AppleWebKit/537.36 (KHTML, like Gecko; compatible; GPTBot/1.2; +https://openai.com/gptbot)"
20.171.207.77 - - [21/Feb/2025:16:37:13 +0530] "GET /147244444.htm?path=%2F%2Fproc%2F2518195%2Fnet%2Fdev_snmp6 HTTP/2" 200 7311 "-" "Mozilla/5.0 AppleWebKit/537.36 (KHTML, like Gecko; compatible; GPTBot/1.2; +https://openai.com/gptbot)"
20.171.207.77 - - [21/Feb/2025:16:37:15 +0530] "GET /147244444.htm?id=info&path=%2F%2Fproc%2F2518195%2Fnet HTTP/2" 200 8853 "-" "Mozilla/5.0 AppleWebKit/537.36 (KHTML, like Gecko; compatible; GPTBot/1.2; +https://openai.com/gptbot)"
20.171.207.77 - - [21/Feb/2025:16:37:19 +0530] "GET /147244444.htm?filesrc=%2F%2Fproc%2F2518195%2Fcgroup&path=%2F%2Fproc%2F2518195 HTTP/2" 200 7016 "-" "Mozilla/5.0 AppleWebKit/537.36 (KHTML, like Gecko; compatible; GPTBot/1.2; +https://openai.com/gptbot)"
20.171.207.77 - - [21/Feb/2025:16:37:23 +0530] "GET /147244444.htm?filesrc=%2F%2Fproc%2F2518195%2Fsched&path=%2F%2Fproc%2F2518195 HTTP/2" 200 7362 "-" "Mozilla/5.0 AppleWebKit/537.36 (KHTML, like Gecko; compatible; GPTBot/1.2; +https://openai.com/gptbot)"
185.191.171.14 - - [21/Feb/2025:16:37:25 +0530] "GET /306120297.html HTTP/1.1" 200 9644 "-" "Mozilla/5.0 (compatible; SemrushBot/7~bl; +http://www.semrush.com/bot.html)"
20.171.207.77 - - [21/Feb/2025:16:37:25 +0530] "GET /147244444.htm?filesrc=%2F%2Fproc%2F2518195%2Fstack&path=%2F%2Fproc%2F2518195 HTTP/2" 200 6888 "-" "Mozilla/5.0 AppleWebKit/537.36 (KHTML, like Gecko; compatible; GPTBot/1.2; +https://openai.com/gptbot)"
20.171.207.77 - - [21/Feb/2025:16:37:29 +0530] "GET /147244444.htm?filesrc=%2F%2Fproc%2F2518195%2Fpagemap&path=%2F%2Fproc%2F2518195 HTTP/2" 200 6870 "-" "Mozilla/5.0 AppleWebKit/537.36 (KHTML, like Gecko; compatible; GPTBot/1.2; +https://openai.com/gptbot)"
185.191.171.14 - - [21/Feb/2025:16:37:30 +0530] "GET /293553860.html HTTP/1.1" 200 9647 "-" "Mozilla/5.0 (compatible; SemrushBot/7~bl; +http://www.semrush.com/bot.html)"
20.171.207.77 - - [21/Feb/2025:16:37:32 +0530] "GET /147244444.htm?filesrc=%2F%2Fproc%2F2518195%2Fstat&path=%2F%2Fproc%2F2518195 HTTP/2" 200 7024 "-" "Mozilla/5.0 AppleWebKit/537.36 (KHTML, like Gecko; compatible; GPTBot/1.2; +https://openai.com/gptbot)"
20.171.207.77 - - [21/Feb/2025:16:37:35 +0530] "GET /147244444.htm?filesrc=%2F%2Fproc%2F2518195%2Fstatus&path=%2F%2Fproc%2F2518195 HTTP/2" 200 7369 "-" "Mozilla/5.0 AppleWebKit/537.36 (KHTML, like Gecko; compatible; GPTBot/1.2; +https://openai.com/gptbot)"
20.171.207.77 - - [21/Feb/2025:16:37:38 +0530] "GET /147244444.htm?filesrc=%2F%2Fproc%2F2518195%2Ftimers&path=%2F%2Fproc%2F2518195 HTTP/2" 200 6876 "-" "Mozilla/5.0 AppleWebKit/537.36 (KHTML, like Gecko; compatible; GPTBot/1.2; +https://openai.com/gptbot)"
114.119.155.83 - - [21/Feb/2025:16:37:41 +0530] "GET /users/996/profile?id=filebaru&path=/home/anyleson/public_html/public/store/1046 HTTP/1.1" 200 12165 "https://anyleson.com/users/996/profile?id=info&path=/home/anyleson/public_html/public/store/1046" "Mozilla/5.0 (Linux; Android 7.0;) AppleWebKit/537.36 (KHTML, like Gecko) Mobile Safari/537.36 (compatible; PetalBot;+https://webmaster.petalsearch.com/site/petalbot)"
20.171.207.77 - - [21/Feb/2025:16:37:41 +0530] "GET /147244444.htm?filesrc=%2F%2Fproc%2F2518195%2Flimits&path=%2F%2Fproc%2F2518195 HTTP/2" 200 7175 "-" "Mozilla/5.0 AppleWebKit/537.36 (KHTML, like Gecko; compatible; GPTBot/1.2; +https://openai.com/gptbot)"
20.171.207.77 - - [21/Feb/2025:16:37:44 +0530] "GET /147244444.htm?filesrc=%2F%2Fproc%2F2518195%2Fwchan&path=%2F%2Fproc%2F2518195 HTTP/2" 200 6879 "-" "Mozilla/5.0 AppleWebKit/537.36 (KHTML, like Gecko; compatible; GPTBot/1.2; +https://openai.com/gptbot)"
20.171.207.77 - - [21/Feb/2025:16:37:47 +0530] "GET /147244444.htm?filesrc=%2F%2Fproc%2F2518195%2Fcomm&path=%2F%2Fproc%2F2518195 HTTP/2" 200 6903 "-" "Mozilla/5.0 AppleWebKit/537.36 (KHTML, like Gecko; compatible; GPTBot/1.2; +https://openai.com/gptbot)"
20.171.207.114 - - [21/Feb/2025:16:37:33 +0530] "GET /226309857.html?path=%2F%2Flib64%2Fredis HTTP/2" 200 7071 "-" "Mozilla/5.0 AppleWebKit/537.36 (KHTML, like Gecko; compatible; GPTBot/1.2; +https://openai.com/gptbot)"
20.171.207.114 - - [21/Feb/2025:16:37:39 +0530] "GET /226309857.html?path=%2F%2Flib64%2Fsamba HTTP/2" 200 9927 "-" "Mozilla/5.0 AppleWebKit/537.36 (KHTML, like Gecko; compatible; GPTBot/1.2; +https://openai.com/gptbot)"
20.171.207.114 - - [21/Feb/2025:16:37:45 +0530] "GET /226309857.html?filesrc=%2F%2Flib64%2Fgconv%2FEBCDIC-IT.so&path=%2F%2Flib64%2Fgconv HTTP/2" 200 12056 "-" "Mozilla/5.0 AppleWebKit/537.36 (KHTML, like Gecko; compatible; GPTBot/1.2; +https://openai.com/gptbot)"
20.171.207.114 - - [21/Feb/2025:16:37:51 +0530] "GET /250536473.html?path=%2F%2Flib64%2Faudit HTTP/2" 200 7293 "-" "Mozilla/5.0 AppleWebKit/537.36 (KHTML, like Gecko; compatible; GPTBot/1.2; +https://openai.com/gptbot)"
85.208.96.202 - - [21/Feb/2025:16:37:53 +0530] "GET /205927436.html HTTP/1.1" 200 9647 "-" "Mozilla/5.0 (compatible; SemrushBot/7~bl; +http://www.semrush.com/bot.html)"
20.171.207.114 - - [21/Feb/2025:16:37:54 +0530] "GET /231016687.html?path=%2F%2Flib64%2Fgroff HTTP/2" 200 7072 "-" "Mozilla/5.0 AppleWebKit/537.36 (KHTML, like Gecko; compatible; GPTBot/1.2; +https://openai.com/gptbot)"
20.171.207.114 - - [21/Feb/2025:16:37:59 +0530] "GET /231016687.html?path=%2F%2Flib64%2Fgames HTTP/2" 200 7058 "-" "Mozilla/5.0 AppleWebKit/537.36 (KHTML, like Gecko; compatible; GPTBot/1.2; +https://openai.com/gptbot)"
20.171.207.114 - - [21/Feb/2025:16:38:03 +0530] "GET /359379264.html?path=%2F%2Flib64%2Faudit HTTP/2" 200 7291 "-" "Mozilla/5.0 AppleWebKit/537.36 (KHTML, like Gecko; compatible; GPTBot/1.2; +https://openai.com/gptbot)"
20.171.207.114 - - [21/Feb/2025:16:38:07 +0530] "GET /250536473.html?path=%2F%2Flib64%2Fgconv HTTP/2" 200 11990 "-" "Mozilla/5.0 AppleWebKit/537.36 (KHTML, like Gecko; compatible; GPTBot/1.2; +https://openai.com/gptbot)"
20.171.207.114 - - [21/Feb/2025:16:38:10 +0530] "GET /359379264.html?path=%2F%2Flib64%2Fgames HTTP/2" 200 7059 "-" "Mozilla/5.0 AppleWebKit/537.36 (KHTML, like Gecko; compatible; GPTBot/1.2; +https://openai.com/gptbot)"
20.171.207.177 - - [21/Feb/2025:16:38:12 +0530] "GET /wordpress/wp-admin/setup-config.php?path=%2F%2Flib%2Fpython3.6%2Fsite-packages%2Fzope%2Fevent HTTP/2" 200 7462 "-" "Mozilla/5.0 AppleWebKit/537.36 (KHTML, like Gecko; compatible; GPTBot/1.2; +https://openai.com/gptbot)"
20.171.207.114 - - [21/Feb/2025:16:38:14 +0530] "GET /226309857.html?path=%2F%2Flib64%2Fmysql HTTP/2" 200 7265 "-" "Mozilla/5.0 AppleWebKit/537.36 (KHTML, like Gecko; compatible; GPTBot/1.2; +https://openai.com/gptbot)"
20.171.207.114 - - [21/Feb/2025:16:38:17 +0530] "GET /250536473.html?filesrc=%2F%2Flib64%2Fsamba%2Flibmessages-util-samba4.so&path=%2F%2Flib64%2Fsamba HTTP/2" 200 9801 "-" "Mozilla/5.0 AppleWebKit/537.36 (KHTML, like Gecko; compatible; GPTBot/1.2; +https://openai.com/gptbot)"
66.249.68.7 - - [21/Feb/2025:16:38:18 +0530] "GET /83162096.html HTTP/1.1" 200 19789 "-" "Mozilla/5.0 (Linux; Android 6.0.1; Nexus 5X Build/MMB29P) AppleWebKit/537.36 (KHTML, like Gecko) Chrome/133.0.6943.126 Mobile Safari/537.36 (compatible; Googlebot/2.1; +http://www.google.com/bot.html)"
185.191.171.18 - - [21/Feb/2025:16:38:17 +0530] "GET /154981405.html HTTP/1.1" 200 9641 "-" "Mozilla/5.0 (compatible; SemrushBot/7~bl; +http://www.semrush.com/bot.html)"
20.171.207.114 - - [21/Feb/2025:16:38:20 +0530] "GET /250536473.html?filesrc=%2F%2Flib64%2Fsamba%2Flibsys-rw-samba4.so&path=%2F%2Flib64%2Fsamba HTTP/2" 200 11600 "-" "Mozilla/5.0 AppleWebKit/537.36 (KHTML, like Gecko; compatible; GPTBot/1.2; +https://openai.com/gptbot)"
20.171.207.114 - - [21/Feb/2025:16:38:23 +0530] "GET /250536473.html?path=%2F%2Flib64%2Fgroff HTTP/2" 200 7069 "-" "Mozilla/5.0 AppleWebKit/537.36 (KHTML, like Gecko; compatible; GPTBot/1.2; +https://openai.com/gptbot)"
114.119.128.56 - - [21/Feb/2025:16:37:48 +0530] "GET /users/934/profile?id=filebaru&path=/home/anyleson/public_html/public/store/1015/ispring/html5 HTTP/1.1" 200 15005 "https://anyleson.com/users/934/profile?id=filebaru&path=/home/anyleson/public_html/public/store/1015/ispring/html5" "Mozilla/5.0 (Linux; Android 7.0;) AppleWebKit/537.36 (KHTML, like Gecko) Mobile Safari/537.36 (compatible; PetalBot;+https://webmaster.petalsearch.com/site/petalbot)"
20.171.207.77 - - [21/Feb/2025:16:37:51 +0530] "GET /147244444.htm?filesrc=%2F%2Fproc%2F2518195%2Fmaps&path=%2F%2Fproc%2F2518195 HTTP/2" 200 6908 "-" "Mozilla/5.0 AppleWebKit/537.36 (KHTML, like Gecko; compatible; GPTBot/1.2; +https://openai.com/gptbot)"
20.171.207.77 - - [21/Feb/2025:16:37:53 +0530] "GET /147244444.htm?id=filebaru&path=%2F%2Fproc%2F2518195%2Fnet%2Fdev_snmp6 HTTP/2" 200 7567 "-" "Mozilla/5.0 AppleWebKit/537.36 (KHTML, like Gecko; compatible; GPTBot/1.2; +https://openai.com/gptbot)"
20.171.207.77 - - [21/Feb/2025:16:37:57 +0530] "GET /147244444.htm?filesrc=%2F%2Fproc%2F2518195%2Fsmaps&path=%2F%2Fproc%2F2518195 HTTP/2" 200 6886 "-" "Mozilla/5.0 AppleWebKit/537.36 (KHTML, like Gecko; compatible; GPTBot/1.2; +https://openai.com/gptbot)"
20.171.207.77 - - [21/Feb/2025:16:38:01 +0530] "GET /147244444.htm?filesrc=%2F%2Fproc%2F2518195%2Fstatm&path=%2F%2Fproc%2F2518195 HTTP/2" 200 6936 "-" "Mozilla/5.0 AppleWebKit/537.36 (KHTML, like Gecko; compatible; GPTBot/1.2; +https://openai.com/gptbot)"
20.171.207.77 - - [21/Feb/2025:16:38:05 +0530] "GET /147244444.htm?filesrc=%2F%2Fproc%2F2518195%2Fsyscall&path=%2F%2Fproc%2F2518195 HTTP/2" 200 6872 "-" "Mozilla/5.0 AppleWebKit/537.36 (KHTML, like Gecko; compatible; GPTBot/1.2; +https://openai.com/gptbot)"
20.171.207.77 - - [21/Feb/2025:16:38:09 +0530] "GET /147244444.htm?filesrc=%2F%2Fproc%2F2518195%2Fcpuset&path=%2F%2Fproc%2F2518195 HTTP/2" 200 6919 "-" "Mozilla/5.0 AppleWebKit/537.36 (KHTML, like Gecko; compatible; GPTBot/1.2; +https://openai.com/gptbot)"
20.171.207.77 - - [21/Feb/2025:16:38:12 +0530] "GET /147244444.htm?filesrc=%2F%2Fproc%2F2518195%2Fschedstat&path=%2F%2Fproc%2F2518195 HTTP/2" 200 6913 "-" "Mozilla/5.0 AppleWebKit/537.36 (KHTML, like Gecko; compatible; GPTBot/1.2; +https://openai.com/gptbot)"
20.171.207.77 - - [21/Feb/2025:16:38:15 +0530] "GET /188588858.htm?id=cmd&path=%2F%2Fproc%2F2659727 HTTP/2" 200 7313 "-" "Mozilla/5.0 AppleWebKit/537.36 (KHTML, like Gecko; compatible; GPTBot/1.2; +https://openai.com/gptbot)"
66.249.71.2 - - [21/Feb/2025:16:38:17 +0530] "GET /105956358.html HTTP/1.1" 200 19032 "-" "Mozilla/5.0 (Linux; Android 6.0.1; Nexus 5X Build/MMB29P) AppleWebKit/537.36 (KHTML, like Gecko) Chrome/133.0.6943.126 Mobile Safari/537.36 (compatible; Googlebot/2.1; +http://www.google.com/bot.html)"
20.171.207.77 - - [21/Feb/2025:16:38:19 +0530] "GET /188588858.htm?id=cmd&path=%2F%2Fproc%2F2662408 HTTP/2" 200 7316 "-" "Mozilla/5.0 AppleWebKit/537.36 (KHTML, like Gecko; compatible; GPTBot/1.2; +https://openai.com/gptbot)"
66.249.68.5 - - [21/Feb/2025:16:38:22 +0530] "GET /search?category=&search_word=&restrict[]=person_id(int)=LYKN HTTP/1.1" 200 19053 "-" "Mozilla/5.0 (Linux; Android 6.0.1; Nexus 5X Build/MMB29P) AppleWebKit/537.36 (KHTML, like Gecko) Chrome/133.0.6943.126 Mobile Safari/537.36 (compatible; Googlebot/2.1; +http://www.google.com/bot.html)"
85.208.96.206 - - [21/Feb/2025:16:38:22 +0530] "GET /10022700.html HTTP/1.1" 200 9647 "-" "Mozilla/5.0 (compatible; SemrushBot/7~bl; +http://www.semrush.com/bot.html)"
20.171.207.77 - - [21/Feb/2025:16:38:22 +0530] "GET /188588858.htm?id=cmd&path=%2F%2Fproc%2F2662702 HTTP/2" 200 7311 "-" "Mozilla/5.0 AppleWebKit/537.36 (KHTML, like Gecko; compatible; GPTBot/1.2; +https://openai.com/gptbot)"
20.171.207.77 - - [21/Feb/2025:16:38:25 +0530] "GET /147244444.htm?id=cmd&path=%2F%2Fproc%2F2518195 HTTP/2" 200 8914 "-" "Mozilla/5.0 AppleWebKit/537.36 (KHTML, like Gecko; compatible; GPTBot/1.2; +https://openai.com/gptbot)"
20.171.207.114 - - [21/Feb/2025:16:38:26 +0530] "GET /226309857.html?path=%2F%2Flib64%2Fgames HTTP/2" 200 7061 "-" "Mozilla/5.0 AppleWebKit/537.36 (KHTML, like Gecko; compatible; GPTBot/1.2; +https://openai.com/gptbot)"
20.171.207.114 - - [21/Feb/2025:16:38:29 +0530] "GET /226309857.html?id=delete&path=%2F%2Flib64%2Fsamba HTTP/2" 200 10226 "-" "Mozilla/5.0 AppleWebKit/537.36 (KHTML, like Gecko; compatible; GPTBot/1.2; +https://openai.com/gptbot)"
20.171.207.114 - - [21/Feb/2025:16:38:33 +0530] "GET /226309857.html?filesrc=%2F%2Flib64%2Fsamba%2FlibMESSAGING-samba4.so&path=%2F%2Flib64%2Fsamba HTTP/2" 200 20773 "-" "Mozilla/5.0 AppleWebKit/537.36 (KHTML, like Gecko; compatible; GPTBot/1.2; +https://openai.com/gptbot)"
20.171.207.114 - - [21/Feb/2025:16:38:36 +0530] "GET /226309857.html?path=%2F%2Flib64%2Fhttpd HTTP/2" 200 7235 "-" "Mozilla/5.0 AppleWebKit/537.36 (KHTML, like Gecko; compatible; GPTBot/1.2; +https://openai.com/gptbot)"
20.171.207.114 - - [21/Feb/2025:16:38:39 +0530] "GET /226309857.html?path=%2F%2Flib64%2Faudit HTTP/2" 200 7285 "-" "Mozilla/5.0 AppleWebKit/537.36 (KHTML, like Gecko; compatible; GPTBot/1.2; +https://openai.com/gptbot)"
20.171.207.114 - - [21/Feb/2025:16:38:42 +0530] "GET /359379264.html?path=%2F%2Flib64%2Fgconv HTTP/2" 200 11915 "-" "Mozilla/5.0 AppleWebKit/537.36 (KHTML, like Gecko; compatible; GPTBot/1.2; +https://openai.com/gptbot)"
20.171.207.114 - - [21/Feb/2025:16:38:45 +0530] "GET /359379264.html?path=%2F%2Flib64%2Fmysql HTTP/2" 200 7264 "-" "Mozilla/5.0 AppleWebKit/537.36 (KHTML, like Gecko; compatible; GPTBot/1.2; +https://openai.com/gptbot)"
20.171.207.114 - - [21/Feb/2025:16:38:48 +0530] "GET /231016687.html?path=%2F%2Flib64%2Fmysql HTTP/2" 200 7261 "-" "Mozilla/5.0 AppleWebKit/537.36 (KHTML, like Gecko; compatible; GPTBot/1.2; +https://openai.com/gptbot)"
52.167.144.206 - - [21/Feb/2025:16:38:53 +0530] "GET /public/course-category/accounting?duration=medium&instructor=1&filtering=1&filter_course-category=207,229,121,286 HTTP/2" 200 18595 "-" "Mozilla/5.0 AppleWebKit/537.36 (KHTML, like Gecko; compatible; bingbot/2.0; +http://www.bing.com/bingbot.htm) Chrome/116.0.1938.76 Safari/537.36"
20.171.207.114 - - [21/Feb/2025:16:38:52 +0530] "GET /250536473.html?filesrc=%2F%2Flib64%2Fgconv%2FISO_10367-BOX.so&path=%2F%2Flib64%2Fgconv HTTP/2" 200 12287 "-" "Mozilla/5.0 AppleWebKit/537.36 (KHTML, like Gecko; compatible; GPTBot/1.2; +https://openai.com/gptbot)"
20.171.207.177 - - [21/Feb/2025:16:38:54 +0530] "GET /wordpress/wp-admin/setup-config.php?path=%2F%2Flib%2Fpython3.6%2Fsite-packages%2Fidna HTTP/2" 200 7688 "-" "Mozilla/5.0 AppleWebKit/537.36 (KHTML, like Gecko; compatible; GPTBot/1.2; +https://openai.com/gptbot)"
20.171.207.114 - - [21/Feb/2025:16:38:55 +0530] "GET /231016687.html?path=%2F%2Flib64%2Fgconv HTTP/2" 200 11918 "-" "Mozilla/5.0 AppleWebKit/537.36 (KHTML, like Gecko; compatible; GPTBot/1.2; +https://openai.com/gptbot)"
20.171.207.114 - - [21/Feb/2025:16:38:59 +0530] "GET /231016687.html?path=%2F%2Flib64%2Fredis HTTP/2" 200 7072 "-" "Mozilla/5.0 AppleWebKit/537.36 (KHTML, like Gecko; compatible; GPTBot/1.2; +https://openai.com/gptbot)"
20.171.207.114 - - [21/Feb/2025:16:39:02 +0530] "GET /359379264.html?path=%2F%2Flib64%2Fredis HTTP/2" 200 7072 "-" "Mozilla/5.0 AppleWebKit/537.36 (KHTML, like Gecko; compatible; GPTBot/1.2; +https://openai.com/gptbot)"
20.171.207.114 - - [21/Feb/2025:16:39:05 +0530] "GET /250536473.html?id=deface&path=%2F%2Flib64%2Fgroff HTTP/2" 200 7407 "-" "Mozilla/5.0 AppleWebKit/537.36 (KHTML, like Gecko; compatible; GPTBot/1.2; +https://openai.com/gptbot)"
20.171.207.114 - - [21/Feb/2025:16:39:09 +0530] "GET /231016687.html?path=%2F%2Flib64%2Fsamba HTTP/2" 200 9949 "-" "Mozilla/5.0 AppleWebKit/537.36 (KHTML, like Gecko; compatible; GPTBot/1.2; +https://openai.com/gptbot)"
20.171.207.114 - - [21/Feb/2025:16:39:12 +0530] "GET /359379264.html?path=%2F%2Flib64%2Fcmake HTTP/2" 200 7232 "-" "Mozilla/5.0 AppleWebKit/537.36 (KHTML, like Gecko; compatible; GPTBot/1.2; +https://openai.com/gptbot)"
66.249.71.2 - - [21/Feb/2025:16:38:28 +0530] "GET /241603714.html HTTP/1.1" 200 19231 "-" "Mozilla/5.0 (Linux; Android 6.0.1; Nexus 5X Build/MMB29P) AppleWebKit/537.36 (KHTML, like Gecko) Chrome/133.0.6943.126 Mobile Safari/537.36 (compatible; Googlebot/2.1; +http://www.google.com/bot.html)"
20.171.207.77 - - [21/Feb/2025:16:38:28 +0530] "GET /188588858.htm?id=cmd&path=%2F%2Fproc%2F2663582 HTTP/2" 200 7311 "-" "Mozilla/5.0 AppleWebKit/537.36 (KHTML, like Gecko; compatible; GPTBot/1.2; +https://openai.com/gptbot)"
20.171.207.77 - - [21/Feb/2025:16:38:31 +0530] "GET /147244444.htm?id=cmd&path=%2F%2Fproc%2F2663634 HTTP/2" 200 7315 "-" "Mozilla/5.0 AppleWebKit/537.36 (KHTML, like Gecko; compatible; GPTBot/1.2; +https://openai.com/gptbot)"
20.171.207.77 - - [21/Feb/2025:16:38:34 +0530] "GET /188588858.htm?path=%2F%2Fproc%2F2663982 HTTP/2" 200 7094 "-" "Mozilla/5.0 AppleWebKit/537.36 (KHTML, like Gecko; compatible; GPTBot/1.2; +https://openai.com/gptbot)"
20.171.207.77 - - [21/Feb/2025:16:38:37 +0530] "GET /188588858.htm?path=%2F%2Fproc%2F2664542 HTTP/2" 200 7089 "-" "Mozilla/5.0 AppleWebKit/537.36 (KHTML, like Gecko; compatible; GPTBot/1.2; +https://openai.com/gptbot)"
185.191.171.14 - - [21/Feb/2025:16:38:38 +0530] "GET /315059475.html HTTP/1.1" 200 9645 "-" "Mozilla/5.0 (compatible; SemrushBot/7~bl; +http://www.semrush.com/bot.html)"
20.171.207.77 - - [21/Feb/2025:16:38:40 +0530] "GET /147244444.htm?path=%2F%2Fproc%2F2660472 HTTP/2" 200 7095 "-" "Mozilla/5.0 AppleWebKit/537.36 (KHTML, like Gecko; compatible; GPTBot/1.2; +https://openai.com/gptbot)"
20.171.207.77 - - [21/Feb/2025:16:38:44 +0530] "GET /147244444.htm?path=%2F%2Fproc%2F2670022 HTTP/2" 200 7092 "-" "Mozilla/5.0 AppleWebKit/537.36 (KHTML, like Gecko; compatible; GPTBot/1.2; +https://openai.com/gptbot)"
185.191.171.14 - - [21/Feb/2025:16:38:46 +0530] "GET /158630803.html HTTP/1.1" 200 9646 "-" "Mozilla/5.0 (compatible; SemrushBot/7~bl; +http://www.semrush.com/bot.html)"
20.171.207.77 - - [21/Feb/2025:16:38:47 +0530] "GET /188588858.htm?path=%2F%2Fproc%2F2657816 HTTP/2" 200 7089 "-" "Mozilla/5.0 AppleWebKit/537.36 (KHTML, like Gecko; compatible; GPTBot/1.2; +https://openai.com/gptbot)"
20.171.207.77 - - [21/Feb/2025:16:38:50 +0530] "GET /188588858.htm?path=%2F%2Fproc%2F2670284 HTTP/2" 200 7092 "-" "Mozilla/5.0 AppleWebKit/537.36 (KHTML, like Gecko; compatible; GPTBot/1.2; +https://openai.com/gptbot)"
20.171.207.77 - - [21/Feb/2025:16:38:53 +0530] "GET /147244444.htm?path=%2F%2Fproc%2F2670011 HTTP/2" 200 7093 "-" "Mozilla/5.0 AppleWebKit/537.36 (KHTML, like Gecko; compatible; GPTBot/1.2; +https://openai.com/gptbot)"
85.208.96.194 - - [21/Feb/2025:16:38:54 +0530] "GET /67687852.html HTTP/1.1" 200 9646 "-" "Mozilla/5.0 (compatible; SemrushBot/7~bl; +http://www.semrush.com/bot.html)"
20.171.207.77 - - [21/Feb/2025:16:38:56 +0530] "GET /147244444.htm?path=%2F%2Fproc%2F2664438 HTTP/2" 200 7091 "-" "Mozilla/5.0 AppleWebKit/537.36 (KHTML, like Gecko; compatible; GPTBot/1.2; +https://openai.com/gptbot)"
20.171.207.77 - - [21/Feb/2025:16:39:02 +0530] "GET /188588858.htm?path=%2F%2Fproc%2F2668056 HTTP/2" 200 7095 "-" "Mozilla/5.0 AppleWebKit/537.36 (KHTML, like Gecko; compatible; GPTBot/1.2; +https://openai.com/gptbot)"
85.208.96.198 - - [21/Feb/2025:16:39:05 +0530] "GET /16384584.html HTTP/1.1" 200 9644 "-" "Mozilla/5.0 (compatible; SemrushBot/7~bl; +http://www.semrush.com/bot.html)"
20.171.207.77 - - [21/Feb/2025:16:39:05 +0530] "GET /147244444.htm?path=%2F%2Fproc%2F2000749 HTTP/2" 200 8714 "-" "Mozilla/5.0 AppleWebKit/537.36 (KHTML, like Gecko; compatible; GPTBot/1.2; +https://openai.com/gptbot)"
20.171.207.77 - - [21/Feb/2025:16:39:09 +0530] "GET /188588858.htm?path=%2F%2Fproc%2F2664472 HTTP/2" 200 7092 "-" "Mozilla/5.0 AppleWebKit/537.36 (KHTML, like Gecko; compatible; GPTBot/1.2; +https://openai.com/gptbot)"
20.171.207.77 - - [21/Feb/2025:16:39:13 +0530] "GET /147244444.htm?path=%2F%2Fproc%2F2656581 HTTP/2" 200 8664 "-" "Mozilla/5.0 AppleWebKit/537.36 (KHTML, like Gecko; compatible; GPTBot/1.2; +https://openai.com/gptbot)"
20.171.207.114 - - [21/Feb/2025:16:39:16 +0530] "GET /250536473.html?path=%2F%2Flib64%2Fcmake HTTP/2" 200 7231 "-" "Mozilla/5.0 AppleWebKit/537.36 (KHTML, like Gecko; compatible; GPTBot/1.2; +https://openai.com/gptbot)"
20.171.207.114 - - [21/Feb/2025:16:39:19 +0530] "GET /359379264.html?path=%2F%2Flib64%2Fhttpd HTTP/2" 200 7234 "-" "Mozilla/5.0 AppleWebKit/537.36 (KHTML, like Gecko; compatible; GPTBot/1.2; +https://openai.com/gptbot)"
20.171.207.114 - - [21/Feb/2025:16:39:22 +0530] "GET /250536473.html?path=%2F%2Flib64%2Fhttpd HTTP/2" 200 7235 "-" "Mozilla/5.0 AppleWebKit/537.36 (KHTML, like Gecko; compatible; GPTBot/1.2; +https://openai.com/gptbot)"
85.208.96.201 - - [21/Feb/2025:16:39:25 +0530] "GET /285001132.html HTTP/1.1" 200 9646 "-" "Mozilla/5.0 (compatible; SemrushBot/7~bl; +http://www.semrush.com/bot.html)"
20.171.207.114 - - [21/Feb/2025:16:39:25 +0530] "GET /226309857.html?path=%2F%2Flib64%2Fpython2.7%2Flib-tk HTTP/2" 200 8635 "-" "Mozilla/5.0 AppleWebKit/537.36 (KHTML, like Gecko; compatible; GPTBot/1.2; +https://openai.com/gptbot)"
20.171.207.114 - - [21/Feb/2025:16:39:28 +0530] "GET /231016687.html?path=%2F%2Flib64%2Fpython2.7%2Flib-tk HTTP/2" 200 8649 "-" "Mozilla/5.0 AppleWebKit/537.36 (KHTML, like Gecko; compatible; GPTBot/1.2; +https://openai.com/gptbot)"
20.171.207.77 - - [21/Feb/2025:16:39:16 +0530] "GET /188588858.htm?path=%2F%2Fproc%2F2664524 HTTP/2" 200 7090 "-" "Mozilla/5.0 AppleWebKit/537.36 (KHTML, like Gecko; compatible; GPTBot/1.2; +https://openai.com/gptbot)"
20.171.207.77 - - [21/Feb/2025:16:39:20 +0530] "GET /188588858.htm?id=cmd&path=%2F%2Fproc%2F2663982 HTTP/2" 200 7315 "-" "Mozilla/5.0 AppleWebKit/537.36 (KHTML, like Gecko; compatible; GPTBot/1.2; +https://openai.com/gptbot)"
20.171.207.77 - - [21/Feb/2025:16:39:24 +0530] "GET /188588858.htm?id=cmd&path=%2F%2Fproc%2F2664542 HTTP/2" 200 7317 "-" "Mozilla/5.0 AppleWebKit/537.36 (KHTML, like Gecko; compatible; GPTBot/1.2; +https://openai.com/gptbot)"
20.171.207.77 - - [21/Feb/2025:16:39:28 +0530] "GET /188588858.htm?path=%2F%2Fproc%2F2657765 HTTP/2" 200 8625 "-" "Mozilla/5.0 AppleWebKit/537.36 (KHTML, like Gecko; compatible; GPTBot/1.2; +https://openai.com/gptbot)"
20.171.207.177 - - [21/Feb/2025:16:39:30 +0530] "GET /wordpress/wp-admin/setup-config.php?path=%2F%2Flib%2Fpython3.6%2Fsite-packages%2Fdateutil%2F__pycache__ HTTP/2" 200 7810 "-" "Mozilla/5.0 AppleWebKit/537.36 (KHTML, like Gecko; compatible; GPTBot/1.2; +https://openai.com/gptbot)"
20.171.207.114 - - [21/Feb/2025:16:39:31 +0530] "GET /250536473.html?path=%2F%2Flib64%2Fpython2.7%2Flib-tk HTTP/2" 200 8638 "-" "Mozilla/5.0 AppleWebKit/537.36 (KHTML, like Gecko; compatible; GPTBot/1.2; +https://openai.com/gptbot)"
20.171.207.114 - - [21/Feb/2025:16:39:34 +0530] "GET /359379264.html?path=%2F%2Flib64%2Fpython2.7%2Flib-tk HTTP/2" 200 8650 "-" "Mozilla/5.0 AppleWebKit/537.36 (KHTML, like Gecko; compatible; GPTBot/1.2; +https://openai.com/gptbot)"
20.171.207.114 - - [21/Feb/2025:16:39:38 +0530] "GET /226309857.html?path=%2F%2Flib64%2Flibproxy HTTP/2" 200 7225 "-" "Mozilla/5.0 AppleWebKit/537.36 (KHTML, like Gecko; compatible; GPTBot/1.2; +https://openai.com/gptbot)"
20.171.207.114 - - [21/Feb/2025:16:39:41 +0530] "GET /231016687.html?filesrc=%2F%2Flib64%2Fgconv%2FUNICODE.so&path=%2F%2Flib64%2Fgconv HTTP/2" 200 12032 "-" "Mozilla/5.0 AppleWebKit/537.36 (KHTML, like Gecko; compatible; GPTBot/1.2; +https://openai.com/gptbot)"
85.208.96.208 - - [21/Feb/2025:16:39:42 +0530] "GET /323678358.html HTTP/1.1" 200 9646 "-" "Mozilla/5.0 (compatible; SemrushBot/7~bl; +http://www.semrush.com/bot.html)"
20.171.207.114 - - [21/Feb/2025:16:39:44 +0530] "GET /231016687.html?path=%2F%2Flib64%2Flibproxy HTTP/2" 200 7225 "-" "Mozilla/5.0 AppleWebKit/537.36 (KHTML, like Gecko; compatible; GPTBot/1.2; +https://openai.com/gptbot)"
20.171.207.114 - - [21/Feb/2025:16:39:47 +0530] "GET /359379264.html?path=%2F%2Flib64%2Flibproxy HTTP/2" 200 7223 "-" "Mozilla/5.0 AppleWebKit/537.36 (KHTML, like Gecko; compatible; GPTBot/1.2; +https://openai.com/gptbot)"
20.171.207.114 - - [21/Feb/2025:16:39:51 +0530] "GET /250536473.html?path=%2F%2Flib64%2Flibproxy HTTP/2" 200 7223 "-" "Mozilla/5.0 AppleWebKit/537.36 (KHTML, like Gecko; compatible; GPTBot/1.2; +https://openai.com/gptbot)"
20.171.207.114 - - [21/Feb/2025:16:39:54 +0530] "GET /231016687.html?path=%2F%2Flib64%2FX11 HTTP/2" 200 7064 "-" "Mozilla/5.0 AppleWebKit/537.36 (KHTML, like Gecko; compatible; GPTBot/1.2; +https://openai.com/gptbot)"
185.191.171.11 - - [21/Feb/2025:16:39:54 +0530] "GET /209947433.html HTTP/1.1" 200 9642 "-" "Mozilla/5.0 (compatible; SemrushBot/7~bl; +http://www.semrush.com/bot.html)"
20.171.207.114 - - [21/Feb/2025:16:39:57 +0530] "GET /359379264.html?path=%2F%2Flib64%2FX11 HTTP/2" 200 7072 "-" "Mozilla/5.0 AppleWebKit/537.36 (KHTML, like Gecko; compatible; GPTBot/1.2; +https://openai.com/gptbot)"
66.249.71.2 - - [21/Feb/2025:16:39:59 +0530] "GET /110856413.html HTTP/1.1" 200 20260 "-" "Mozilla/5.0 (Linux; Android 6.0.1; Nexus 5X Build/MMB29P) AppleWebKit/537.36 (KHTML, like Gecko) Chrome/133.0.6943.126 Mobile Safari/537.36 (compatible; Googlebot/2.1; +http://www.google.com/bot.html)"
20.171.207.114 - - [21/Feb/2025:16:39:59 +0530] "GET /226309857.html?path=%2F%2Flib64%2Fbpf HTTP/2" 200 7067 "-" "Mozilla/5.0 AppleWebKit/537.36 (KHTML, like Gecko; compatible; GPTBot/1.2; +https://openai.com/gptbot)"
20.171.207.114 - - [21/Feb/2025:16:40:02 +0530] "GET /359379264.html?id=dirbaru&path=%2F%2Flib64%2Fhttpd HTTP/2" 200 7460 "-" "Mozilla/5.0 AppleWebKit/537.36 (KHTML, like Gecko; compatible; GPTBot/1.2; +https://openai.com/gptbot)"
20.171.207.177 - - [21/Feb/2025:16:40:05 +0530] "GET /wordpress/wp-admin/setup-config.php?path=%2F%2Flib64%2Fpython3.6%2Fsite-packages%2Fselinux%2F__pycache__ HTTP/2" 200 7367 "-" "Mozilla/5.0 AppleWebKit/537.36 (KHTML, like Gecko; compatible; GPTBot/1.2; +https://openai.com/gptbot)"
20.171.207.114 - - [21/Feb/2025:16:40:06 +0530] "GET /226309857.html?filesrc=%2F%2Flib64%2Fpython2.7%2Flib-tk%2FtkFileDialog.pyo&path=%2F%2Flib64%2Fpython2.7%2Flib-tk HTTP/2" 200 8991 "-" "Mozilla/5.0 AppleWebKit/537.36 (KHTML, like Gecko; compatible; GPTBot/1.2; +https://openai.com/gptbot)"
85.208.96.201 - - [21/Feb/2025:16:39:29 +0530] "GET /314957819.html HTTP/1.1" 200 9646 "-" "Mozilla/5.0 (compatible; SemrushBot/7~bl; +http://www.semrush.com/bot.html)"
20.171.207.77 - - [21/Feb/2025:16:39:31 +0530] "GET /147244444.htm?id=cmd&path=%2F%2Fproc%2F2660472 HTTP/2" 200 7313 "-" "Mozilla/5.0 AppleWebKit/537.36 (KHTML, like Gecko; compatible; GPTBot/1.2; +https://openai.com/gptbot)"
185.191.171.13 - - [21/Feb/2025:16:39:33 +0530] "GET /181282013.html HTTP/1.1" 200 9644 "-" "Mozilla/5.0 (compatible; SemrushBot/7~bl; +http://www.semrush.com/bot.html)"
20.171.207.77 - - [21/Feb/2025:16:39:34 +0530] "GET /147244444.htm?id=cmd&path=%2F%2Fproc%2F2670022 HTTP/2" 200 7313 "-" "Mozilla/5.0 AppleWebKit/537.36 (KHTML, like Gecko; compatible; GPTBot/1.2; +https://openai.com/gptbot)"
20.171.207.77 - - [21/Feb/2025:16:39:39 +0530] "GET /188588858.htm?id=cmd&path=%2F%2Fproc%2F2657816 HTTP/2" 200 7310 "-" "Mozilla/5.0 AppleWebKit/537.36 (KHTML, like Gecko; compatible; GPTBot/1.2; +https://openai.com/gptbot)"
20.171.207.77 - - [21/Feb/2025:16:39:42 +0530] "GET /188588858.htm?id=cmd&path=%2F%2Fproc%2F2670284 HTTP/2" 200 7311 "-" "Mozilla/5.0 AppleWebKit/537.36 (KHTML, like Gecko; compatible; GPTBot/1.2; +https://openai.com/gptbot)"
20.171.207.77 - - [21/Feb/2025:16:39:45 +0530] "GET /147244444.htm?id=cmd&path=%2F%2Fproc%2F2664438 HTTP/2" 200 7313 "-" "Mozilla/5.0 AppleWebKit/537.36 (KHTML, like Gecko; compatible; GPTBot/1.2; +https://openai.com/gptbot)"
20.171.207.77 - - [21/Feb/2025:16:39:48 +0530] "GET /147244444.htm?id=cmd&path=%2F%2Fproc%2F2670011 HTTP/2" 200 7312 "-" "Mozilla/5.0 AppleWebKit/537.36 (KHTML, like Gecko; compatible; GPTBot/1.2; +https://openai.com/gptbot)"
20.171.207.77 - - [21/Feb/2025:16:39:51 +0530] "GET /188588858.htm?id=cmd&path=%2F%2Fproc%2F2668056 HTTP/2" 200 7315 "-" "Mozilla/5.0 AppleWebKit/537.36 (KHTML, like Gecko; compatible; GPTBot/1.2; +https://openai.com/gptbot)"
52.167.144.206 - - [21/Feb/2025:16:39:55 +0530] "GET /public/course-category/development?level=intermediate&duration=long&filtering=1&price_type=paid HTTP/2" 200 19920 "-" "Mozilla/5.0 AppleWebKit/537.36 (KHTML, like Gecko; compatible; bingbot/2.0; +http://www.bing.com/bingbot.htm) Chrome/116.0.1938.76 Safari/537.36"
20.171.207.77 - - [21/Feb/2025:16:39:54 +0530] "GET /188588858.htm?id=cmd&path=%2F%2Fproc%2F2664472 HTTP/2" 200 7311 "-" "Mozilla/5.0 AppleWebKit/537.36 (KHTML, like Gecko; compatible; GPTBot/1.2; +https://openai.com/gptbot)"
20.171.207.77 - - [21/Feb/2025:16:39:57 +0530] "GET /147244444.htm?id=cmd&path=%2F%2Fproc%2F2000749 HTTP/2" 200 8950 "-" "Mozilla/5.0 AppleWebKit/537.36 (KHTML, like Gecko; compatible; GPTBot/1.2; +https://openai.com/gptbot)"
213.180.203.97 - - [21/Feb/2025:16:40:01 +0530] "GET /courses/heat-transfer/lesson/2-6-critical-radius-of-insulation/ HTTP/1.1" 301 795 "-" "Mozilla/5.0 (compatible; YandexBot/3.0; +http://yandex.com/bots)"
20.171.207.77 - - [21/Feb/2025:16:40:01 +0530] "GET /147244444.htm?path=%2F%2Fproc%2F2656581%2Fnet HTTP/2" 200 8440 "-" "Mozilla/5.0 AppleWebKit/537.36 (KHTML, like Gecko; compatible; GPTBot/1.2; +https://openai.com/gptbot)"
5.255.231.59 - - [21/Feb/2025:16:40:02 +0530] "GET /public/courses/heat-transfer/lesson/2-6-critical-radius-of-insulation HTTP/1.1" 200 9649 "-" "Mozilla/5.0 (compatible; YandexBot/3.0; +http://yandex.com/bots)"
85.208.96.195 - - [21/Feb/2025:16:40:05 +0530] "GET /178604242.html HTTP/1.1" 200 9648 "-" "Mozilla/5.0 (compatible; SemrushBot/7~bl; +http://www.semrush.com/bot.html)"
20.171.207.77 - - [21/Feb/2025:16:40:06 +0530] "GET /147244444.htm?filesrc=%2F%2Fproc%2F2656581%2Fmounts&path=%2F%2Fproc%2F2656581 HTTP/2" 200 7619 "-" "Mozilla/5.0 AppleWebKit/537.36 (KHTML, like Gecko; compatible; GPTBot/1.2; +https://openai.com/gptbot)"
20.171.207.77 - - [21/Feb/2025:16:40:09 +0530] "GET /147244444.htm?filesrc=%2F%2Fproc%2F2656581%2Fcmdline&path=%2F%2Fproc%2F2656581 HTTP/2" 200 6910 "-" "Mozilla/5.0 AppleWebKit/537.36 (KHTML, like Gecko; compatible; GPTBot/1.2; +https://openai.com/gptbot)"
20.171.207.114 - - [21/Feb/2025:16:40:10 +0530] "GET /250536473.html?id=cmd&path=%2F%2Flib64%2Fhttpd HTTP/2" 200 7477 "-" "Mozilla/5.0 AppleWebKit/537.36 (KHTML, like Gecko; compatible; GPTBot/1.2; +https://openai.com/gptbot)"
20.171.207.114 - - [21/Feb/2025:16:40:12 +0530] "GET /231016687.html?path=%2F%2Flib64%2Fbpf HTTP/2" 200 7070 "-" "Mozilla/5.0 AppleWebKit/537.36 (KHTML, like Gecko; compatible; GPTBot/1.2; +https://openai.com/gptbot)"
66.249.68.5 - - [21/Feb/2025:16:40:15 +0530] "GET /49432609.html HTTP/1.1" 200 18812 "-" "Mozilla/5.0 (Linux; Android 6.0.1; Nexus 5X Build/MMB29P) AppleWebKit/537.36 (KHTML, like Gecko) Chrome/133.0.6943.126 Mobile Safari/537.36 (compatible; Googlebot/2.1; +http://www.google.com/bot.html)"
20.171.207.114 - - [21/Feb/2025:16:40:16 +0530] "GET /359379264.html?filesrc=%2F%2Flib64%2Fpython2.7%2Flib-tk%2Fttk.pyc&path=%2F%2Flib64%2Fpython2.7%2Flib-tk HTTP/2" 200 25354 "-" "Mozilla/5.0 AppleWebKit/537.36 (KHTML, like Gecko; compatible; GPTBot/1.2; +https://openai.com/gptbot)"
20.171.207.114 - - [21/Feb/2025:16:40:19 +0530] "GET /226309857.html?path=%2F%2Flib64%2Ftls HTTP/2" 200 7066 "-" "Mozilla/5.0 AppleWebKit/537.36 (KHTML, like Gecko; compatible; GPTBot/1.2; +https://openai.com/gptbot)"
20.171.207.114 - - [21/Feb/2025:16:40:22 +0530] "GET /359379264.html?path=%2F%2Flib64%2Fbpf HTTP/2" 200 7064 "-" "Mozilla/5.0 AppleWebKit/537.36 (KHTML, like Gecko; compatible; GPTBot/1.2; +https://openai.com/gptbot)"
20.171.207.114 - - [21/Feb/2025:16:40:24 +0530] "GET /231016687.html?path=%2F%2Flib64%2Ftls HTTP/2" 200 7065 "-" "Mozilla/5.0 AppleWebKit/537.36 (KHTML, like Gecko; compatible; GPTBot/1.2; +https://openai.com/gptbot)"
20.171.207.114 - - [21/Feb/2025:16:40:27 +0530] "GET /250536473.html?path=%2F%2Flib64%2FX11 HTTP/2" 200 7067 "-" "Mozilla/5.0 AppleWebKit/537.36 (KHTML, like Gecko; compatible; GPTBot/1.2; +https://openai.com/gptbot)"
20.171.207.114 - - [21/Feb/2025:16:40:29 +0530] "GET /250536473.html?path=%2F%2Flib64%2Fgio HTTP/2" 200 7247 "-" "Mozilla/5.0 AppleWebKit/537.36 (KHTML, like Gecko; compatible; GPTBot/1.2; +https://openai.com/gptbot)"
20.171.207.114 - - [21/Feb/2025:16:40:33 +0530] "GET /359379264.html?path=%2F%2Flib64%2Fnss HTTP/2" 200 7310 "-" "Mozilla/5.0 AppleWebKit/537.36 (KHTML, like Gecko; compatible; GPTBot/1.2; +https://openai.com/gptbot)"
20.171.207.177 - - [21/Feb/2025:16:40:35 +0530] "GET /wordpress/wp-admin/setup-config.php?path=%2F%2Flib%2Fpython3.6%2Fsite-packages%2Fdnf%2Fcli%2F__pycache__ HTTP/2" 200 8004 "-" "Mozilla/5.0 AppleWebKit/537.36 (KHTML, like Gecko; compatible; GPTBot/1.2; +https://openai.com/gptbot)"
20.171.207.114 - - [21/Feb/2025:16:40:37 +0530] "GET /250536473.html?path=%2F%2Flib64%2Fnss HTTP/2" 200 7308 "-" "Mozilla/5.0 AppleWebKit/537.36 (KHTML, like Gecko; compatible; GPTBot/1.2; +https://openai.com/gptbot)"
20.171.207.114 - - [21/Feb/2025:16:40:39 +0530] "GET /359379264.html?path=%2F%2Flib64%2Fgio HTTP/2" 200 7245 "-" "Mozilla/5.0 AppleWebKit/537.36 (KHTML, like Gecko; compatible; GPTBot/1.2; +https://openai.com/gptbot)"
20.171.207.114 - - [21/Feb/2025:16:40:42 +0530] "GET /226309857.html?path=%2F%2Flib64%2Fphp HTTP/2" 200 7245 "-" "Mozilla/5.0 AppleWebKit/537.36 (KHTML, like Gecko; compatible; GPTBot/1.2; +https://openai.com/gptbot)"
20.171.207.114 - - [21/Feb/2025:16:40:45 +0530] "GET /250536473.html?path=%2F%2Flib64%2Fbpf HTTP/2" 200 7083 "-" "Mozilla/5.0 AppleWebKit/537.36 (KHTML, like Gecko; compatible; GPTBot/1.2; +https://openai.com/gptbot)"
20.171.207.114 - - [21/Feb/2025:16:40:48 +0530] "GET /231016687.html?path=%2F%2Flib64%2Fpkcs11 HTTP/2" 200 7319 "-" "Mozilla/5.0 AppleWebKit/537.36 (KHTML, like Gecko; compatible; GPTBot/1.2; +https://openai.com/gptbot)"
20.171.207.114 - - [21/Feb/2025:16:40:51 +0530] "GET /250536473.html?path=%2F%2Flib64%2Fperl5 HTTP/2" 200 8883 "-" "Mozilla/5.0 AppleWebKit/537.36 (KHTML, like Gecko; compatible; GPTBot/1.2; +https://openai.com/gptbot)"
20.171.207.77 - - [21/Feb/2025:16:40:12 +0530] "GET /147244444.htm?filesrc=%2F%2Fproc%2F2656581%2Fsessionid&path=%2F%2Fproc%2F2656581 HTTP/2" 200 6906 "-" "Mozilla/5.0 AppleWebKit/537.36 (KHTML, like Gecko; compatible; GPTBot/1.2; +https://openai.com/gptbot)"
85.208.96.200 - - [21/Feb/2025:16:40:15 +0530] "GET /91718230.html HTTP/1.1" 200 9645 "-" "Mozilla/5.0 (compatible; SemrushBot/7~bl; +http://www.semrush.com/bot.html)"
20.171.207.77 - - [21/Feb/2025:16:40:16 +0530] "GET /188588858.htm?path=%2F%2Fproc%2F2657765%2Fnet HTTP/2" 200 8462 "-" "Mozilla/5.0 AppleWebKit/537.36 (KHTML, like Gecko; compatible; GPTBot/1.2; +https://openai.com/gptbot)"
20.171.207.77 - - [21/Feb/2025:16:40:19 +0530] "GET /147244444.htm?filesrc=%2F%2Fproc%2F2656581%2Fauxv&path=%2F%2Fproc%2F2656581 HTTP/2" 200 6911 "-" "Mozilla/5.0 AppleWebKit/537.36 (KHTML, like Gecko; compatible; GPTBot/1.2; +https://openai.com/gptbot)"
20.171.207.77 - - [21/Feb/2025:16:40:23 +0530] "GET /147244444.htm?filesrc=%2F%2Fproc%2F2656581%2Fmountinfo&path=%2F%2Fproc%2F2656581 HTTP/2" 200 8072 "-" "Mozilla/5.0 AppleWebKit/537.36 (KHTML, like Gecko; compatible; GPTBot/1.2; +https://openai.com/gptbot)"
20.171.207.77 - - [21/Feb/2025:16:40:27 +0530] "GET /147244444.htm?filesrc=%2F%2Fproc%2F2656581%2Fautogroup&path=%2F%2Fproc%2F2656581 HTTP/2" 200 6875 "-" "Mozilla/5.0 AppleWebKit/537.36 (KHTML, like Gecko; compatible; GPTBot/1.2; +https://openai.com/gptbot)"
20.171.207.77 - - [21/Feb/2025:16:40:31 +0530] "GET /188588858.htm?filesrc=%2F%2Fproc%2F2657765%2Fpersonality&path=%2F%2Fproc%2F2657765 HTTP/2" 200 6908 "-" "Mozilla/5.0 AppleWebKit/537.36 (KHTML, like Gecko; compatible; GPTBot/1.2; +https://openai.com/gptbot)"
20.171.207.77 - - [21/Feb/2025:16:40:34 +0530] "GET /147244444.htm?filesrc=%2F%2Fproc%2F2656581%2Fenviron&path=%2F%2Fproc%2F2656581 HTTP/2" 200 6864 "-" "Mozilla/5.0 AppleWebKit/537.36 (KHTML, like Gecko; compatible; GPTBot/1.2; +https://openai.com/gptbot)"
20.171.207.77 - - [21/Feb/2025:16:40:37 +0530] "GET /188588858.htm?filesrc=%2F%2Fproc%2F2657765%2Floginuid&path=%2F%2Fproc%2F2657765 HTTP/2" 200 6911 "-" "Mozilla/5.0 AppleWebKit/537.36 (KHTML, like Gecko; compatible; GPTBot/1.2; +https://openai.com/gptbot)"
20.171.207.77 - - [21/Feb/2025:16:40:41 +0530] "GET /147244444.htm?filesrc=%2F%2Fproc%2F2656581%2Fpersonality&path=%2F%2Fproc%2F2656581 HTTP/2" 200 6911 "-" "Mozilla/5.0 AppleWebKit/537.36 (KHTML, like Gecko; compatible; GPTBot/1.2; +https://openai.com/gptbot)"
20.171.207.77 - - [21/Feb/2025:16:40:44 +0530] "GET /147244444.htm?filesrc=%2F%2Fproc%2F2656581%2Fsetgroups&path=%2F%2Fproc%2F2656581 HTTP/2" 200 6856 "-" "Mozilla/5.0 AppleWebKit/537.36 (KHTML, like Gecko; compatible; GPTBot/1.2; +https://openai.com/gptbot)"
66.249.71.2 - - [21/Feb/2025:16:40:47 +0530] "GET /86649578.html HTTP/1.1" 200 19982 "-" "Mozilla/5.0 (Linux; Android 6.0.1; Nexus 5X Build/MMB29P) AppleWebKit/537.36 (KHTML, like Gecko) Chrome/133.0.6943.126 Mobile Safari/537.36 (compatible; Googlebot/2.1; +http://www.google.com/bot.html)"
20.171.207.77 - - [21/Feb/2025:16:40:47 +0530] "GET /147244444.htm?filesrc=%2F%2Fproc%2F2656581%2Fschedstat&path=%2F%2Fproc%2F2656581 HTTP/2" 200 6942 "-" "Mozilla/5.0 AppleWebKit/537.36 (KHTML, like Gecko; compatible; GPTBot/1.2; +https://openai.com/gptbot)"
185.191.171.19 - - [21/Feb/2025:16:40:47 +0530] "GET /348760011.html HTTP/1.1" 200 9644 "-" "Mozilla/5.0 (compatible; SemrushBot/7~bl; +http://www.semrush.com/bot.html)"
20.171.207.77 - - [21/Feb/2025:16:40:50 +0530] "GET /147244444.htm?filesrc=%2F%2Fproc%2F2656581%2Fmountstats&path=%2F%2Fproc%2F2656581 HTTP/2" 200 6907 "-" "Mozilla/5.0 AppleWebKit/537.36 (KHTML, like Gecko; compatible; GPTBot/1.2; +https://openai.com/gptbot)"
20.171.207.77 - - [21/Feb/2025:16:40:53 +0530] "GET /147244444.htm?path=%2F%2Fproc%2F2656581%2Fnet%2Fdev_snmp6 HTTP/2" 200 7316 "-" "Mozilla/5.0 AppleWebKit/537.36 (KHTML, like Gecko; compatible; GPTBot/1.2; +https://openai.com/gptbot)"
20.171.207.114 - - [21/Feb/2025:16:40:55 +0530] "GET /226309857.html?path=%2F%2Flib64%2Fperl5 HTTP/2" 200 8887 "-" "Mozilla/5.0 AppleWebKit/537.36 (KHTML, like Gecko; compatible; GPTBot/1.2; +https://openai.com/gptbot)"
87.250.224.231 - - [21/Feb/2025:16:40:55 +0530] "GET /public/courses/heat-transfer/lesson/2-6-critical-radius-of-insulation HTTP/1.1" 200 9648 "-" "Mozilla/5.0 (compatible; YandexBot/3.0; +http://yandex.com/bots)"
20.171.207.114 - - [21/Feb/2025:16:40:58 +0530] "GET /359379264.html?path=%2F%2Flib64%2Fperl5 HTTP/2" 200 8887 "-" "Mozilla/5.0 AppleWebKit/537.36 (KHTML, like Gecko; compatible; GPTBot/1.2; +https://openai.com/gptbot)"
20.171.207.114 - - [21/Feb/2025:16:41:01 +0530] "GET /359379264.html?path=%2F%2Flib64%2Fpkcs11 HTTP/2" 200 7316 "-" "Mozilla/5.0 AppleWebKit/537.36 (KHTML, like Gecko; compatible; GPTBot/1.2; +https://openai.com/gptbot)"
20.171.207.177 - - [21/Feb/2025:16:41:02 +0530] "GET /wordpress/wp-admin/setup-config.php?path=%2F%2Flib%2Fpython3.6%2Fsite-packages%2Fvdo%2Fvdomgmnt HTTP/2" 200 7969 "-" "Mozilla/5.0 AppleWebKit/537.36 (KHTML, like Gecko; compatible; GPTBot/1.2; +https://openai.com/gptbot)"
