85.208.96.205 - - [21/Feb/2025:18:30:46 +0530] "GET /367613662.html HTTP/1.1" 200 9645 "-" "Mozilla/5.0 (compatible; SemrushBot/7~bl; +http://www.semrush.com/bot.html)"
20.171.207.177 - - [21/Feb/2025:18:30:48 +0530] "GET /wordpress/wp-admin/setup-config.php?path=%2F%2Flib%2FNetworkManager%2Fdispatcher.d%2Fpre-down.d HTTP/2" 200 7117 "-" "Mozilla/5.0 AppleWebKit/537.36 (KHTML, like Gecko; compatible; GPTBot/1.2; +https://openai.com/gptbot)"
65.108.203.133 - - [21/Feb/2025:18:30:48 +0530] "GET /?filesrc=//proc/2545/task/2627/patch_state&path=//proc/2545/task/2627 HTTP/1.1" 200 19806 "-" "Mozilla/5.0 (compatible; MJ12bot/v1.4.8; http://mj12bot.com/)"
20.171.207.177 - - [21/Feb/2025:18:30:51 +0530] "GET /wordpress/wp-admin/setup-config.php?path=%2Fhome%2Fanyleson%2Fpublic_html%2Fvendor%2Flokielse%2Fomnipay-global-alipay%2Fsrc HTTP/2" 200 7625 "-" "Mozilla/5.0 AppleWebKit/537.36 (KHTML, like Gecko; compatible; GPTBot/1.2; +https://openai.com/gptbot)"
65.108.203.133 - - [21/Feb/2025:18:30:52 +0530] "GET /?filesrc=//proc/2545/task/2627/personality&path=//proc/2545/task/2627 HTTP/1.1" 200 20020 "-" "Mozilla/5.0 (compatible; MJ12bot/v1.4.8; http://mj12bot.com/)"
20.171.207.177 - - [21/Feb/2025:18:30:54 +0530] "GET /wordpress/wp-admin/setup-config.php?path=%2Fhome%2Fanyleson%2Fpublic_html%2Fvendor%2Flokielse%2Fomnipay-global-alipay%2Ftests HTTP/2" 200 7620 "-" "Mozilla/5.0 AppleWebKit/537.36 (KHTML, like Gecko; compatible; GPTBot/1.2; +https://openai.com/gptbot)"
20.171.207.177 - - [21/Feb/2025:18:30:58 +0530] "GET /wordpress/wp-admin/setup-config.php?path=%2Fhome%2Fanyleson%2Fpublic_html%2Fvendor%2Fstripe%2Fstripe-php%2Flib%2FFinancialConnections HTTP/2" 200 7554 "-" "Mozilla/5.0 AppleWebKit/537.36 (KHTML, like Gecko; compatible; GPTBot/1.2; +https://openai.com/gptbot)"
65.108.203.133 - - [21/Feb/2025:18:30:57 +0530] "GET /?filesrc=//proc/2545/task/2627/projid_map&path=//proc/2545/task/2627 HTTP/1.1" 200 20123 "-" "Mozilla/5.0 (compatible; MJ12bot/v1.4.8; http://mj12bot.com/)"
20.171.207.177 - - [21/Feb/2025:18:31:02 +0530] "GET /wordpress/wp-admin/setup-config.php?path=%2Fhome%2Fanyleson%2Fpublic_html%2Fvendor%2Fstripe%2Fstripe-php%2Flib%2FSigma HTTP/2" 200 7374 "-" "Mozilla/5.0 AppleWebKit/537.36 (KHTML, like Gecko; compatible; GPTBot/1.2; +https://openai.com/gptbot)"
65.108.203.133 - - [21/Feb/2025:18:31:02 +0530] "GET /?filesrc=//proc/2545/task/2627/sched&path=//proc/2545/task/2627 HTTP/1.1" 200 20413 "-" "Mozilla/5.0 (compatible; MJ12bot/v1.4.8; http://mj12bot.com/)"
20.171.207.177 - - [21/Feb/2025:18:31:06 +0530] "GET /wordpress/wp-admin/setup-config.php?path=%2Fhome%2Fanyleson%2Fpublic_html%2Fvendor%2Fstripe%2Fstripe-php%2Flib%2FCheckout HTTP/2" 200 7362 "-" "Mozilla/5.0 AppleWebKit/537.36 (KHTML, like Gecko; compatible; GPTBot/1.2; +https://openai.com/gptbot)"
65.108.203.133 - - [21/Feb/2025:18:31:07 +0530] "GET /?filesrc=//proc/2545/task/2627/schedstat&path=//proc/2545/task/2627 HTTP/1.1" 200 19837 "-" "Mozilla/5.0 (compatible; MJ12bot/v1.4.8; http://mj12bot.com/)"
20.171.207.114 - - [21/Feb/2025:18:30:40 +0530] "GET /339482067.html?path=%2F%2Flib64%2Fbpf HTTP/2" 200 7065 "-" "Mozilla/5.0 AppleWebKit/537.36 (KHTML, like Gecko; compatible; GPTBot/1.2; +https://openai.com/gptbot)"
20.171.207.114 - - [21/Feb/2025:18:30:43 +0530] "GET /322751140.html?path=%2F%2Flib64%2Fnss HTTP/2" 200 7307 "-" "Mozilla/5.0 AppleWebKit/537.36 (KHTML, like Gecko; compatible; GPTBot/1.2; +https://openai.com/gptbot)"
20.171.207.77 - - [21/Feb/2025:18:30:44 +0530] "GET /147244444.htm?filesrc=%2F%2Fsbin%2Frpcdebug&path=%2F%2Fsbin HTTP/2" 200 12175 "-" "Mozilla/5.0 AppleWebKit/537.36 (KHTML, like Gecko; compatible; GPTBot/1.2; +https://openai.com/gptbot)"
20.171.207.114 - - [21/Feb/2025:18:30:46 +0530] "GET /230759403.html?path=%2F%2Flib64%2Fbpf HTTP/2" 200 7067 "-" "Mozilla/5.0 AppleWebKit/537.36 (KHTML, like Gecko; compatible; GPTBot/1.2; +https://openai.com/gptbot)"
20.171.207.77 - - [21/Feb/2025:18:30:49 +0530] "GET /147244444.htm?filesrc=%2F%2Fsbin%2Flvmpolld&path=%2F%2Fsbin HTTP/2" 200 90400 "-" "Mozilla/5.0 AppleWebKit/537.36 (KHTML, like Gecko; compatible; GPTBot/1.2; +https://openai.com/gptbot)"
20.171.207.114 - - [21/Feb/2025:18:30:50 +0530] "GET /230759403.html?path=%2F%2Flib64%2Fsasl2 HTTP/2" 200 7676 "-" "Mozilla/5.0 AppleWebKit/537.36 (KHTML, like Gecko; compatible; GPTBot/1.2; +https://openai.com/gptbot)"
85.208.96.207 - - [21/Feb/2025:18:30:51 +0530] "GET /228973742.html HTTP/1.1" 200 9645 "-" "Mozilla/5.0 (compatible; SemrushBot/7~bl; +http://www.semrush.com/bot.html)"
20.171.207.114 - - [21/Feb/2025:18:30:52 +0530] "GET /346012679.html?path=%2F%2Flib64%2Fsasl2 HTTP/2" 200 7675 "-" "Mozilla/5.0 AppleWebKit/537.36 (KHTML, like Gecko; compatible; GPTBot/1.2; +https://openai.com/gptbot)"
20.171.207.77 - - [21/Feb/2025:18:30:53 +0530] "GET /147244444.htm?filesrc=%2F%2Fsbin%2Fvgextend&path=%2F%2Fsbin HTTP/2" 200 1014459 "-" "Mozilla/5.0 AppleWebKit/537.36 (KHTML, like Gecko; compatible; GPTBot/1.2; +https://openai.com/gptbot)"
20.171.207.114 - - [21/Feb/2025:18:30:56 +0530] "GET /346012679.html?path=%2F%2Flib64%2Fperl5 HTTP/2" 200 8887 "-" "Mozilla/5.0 AppleWebKit/537.36 (KHTML, like Gecko; compatible; GPTBot/1.2; +https://openai.com/gptbot)"
20.171.207.77 - - [21/Feb/2025:18:30:57 +0530] "GET /147244444.htm?filesrc=%2F%2Fsbin%2Fexiqgrep&path=%2F%2Fsbin HTTP/2" 200 9660 "-" "Mozilla/5.0 AppleWebKit/537.36 (KHTML, like Gecko; compatible; GPTBot/1.2; +https://openai.com/gptbot)"
20.171.207.114 - - [21/Feb/2025:18:30:59 +0530] "GET /339482067.html?path=%2F%2Flib64%2Fpkcs11 HTTP/2" 200 7317 "-" "Mozilla/5.0 AppleWebKit/537.36 (KHTML, like Gecko; compatible; GPTBot/1.2; +https://openai.com/gptbot)"
20.171.207.114 - - [21/Feb/2025:18:31:01 +0530] "GET /230759403.html?path=%2F%2Flib64%2Fpkcs11 HTTP/2" 200 7314 "-" "Mozilla/5.0 AppleWebKit/537.36 (KHTML, like Gecko; compatible; GPTBot/1.2; +https://openai.com/gptbot)"
20.171.207.77 - - [21/Feb/2025:18:31:02 +0530] "GET /147244444.htm?filesrc=%2F%2Fsbin%2Fgssproxy&path=%2F%2Fsbin HTTP/2" 200 58138 "-" "Mozilla/5.0 AppleWebKit/537.36 (KHTML, like Gecko; compatible; GPTBot/1.2; +https://openai.com/gptbot)"
20.171.207.114 - - [21/Feb/2025:18:31:04 +0530] "GET /322751140.html?path=%2F%2Flib64%2Fpkcs11 HTTP/2" 200 7316 "-" "Mozilla/5.0 AppleWebKit/537.36 (KHTML, like Gecko; compatible; GPTBot/1.2; +https://openai.com/gptbot)"
20.171.207.114 - - [21/Feb/2025:18:31:07 +0530] "GET /230759403.html?path=%2F%2Flib64%2Fperl5 HTTP/2" 200 8887 "-" "Mozilla/5.0 AppleWebKit/537.36 (KHTML, like Gecko; compatible; GPTBot/1.2; +https://openai.com/gptbot)"
20.171.207.77 - - [21/Feb/2025:18:31:08 +0530] "GET /147244444.htm?filesrc=%2F%2Fsbin%2Fexportfs&path=%2F%2Fsbin HTTP/2" 200 41802 "-" "Mozilla/5.0 AppleWebKit/537.36 (KHTML, like Gecko; compatible; GPTBot/1.2; +https://openai.com/gptbot)"
20.171.207.77 - - [21/Feb/2025:18:31:11 +0530] "GET /188588858.htm?filesrc=%2F%2Fetc%2Foutgoing_mail_hold_users&path=%2F%2Fetc HTTP/2" 200 6910 "-" "Mozilla/5.0 AppleWebKit/537.36 (KHTML, like Gecko; compatible; GPTBot/1.2; +https://openai.com/gptbot)"
20.171.207.177 - - [21/Feb/2025:18:31:10 +0530] "GET /wordpress/wp-admin/setup-config.php?path=%2Fhome%2Fanyleson%2Fpublic_html%2Fvendor%2Fstripe%2Fstripe-php%2Flib%2FTax HTTP/2" 200 7589 "-" "Mozilla/5.0 AppleWebKit/537.36 (KHTML, like Gecko; compatible; GPTBot/1.2; +https://openai.com/gptbot)"
65.108.203.133 - - [21/Feb/2025:18:31:12 +0530] "GET /?filesrc=//proc/2545/task/2627/sessionid&path=//proc/2545/task/2627 HTTP/1.1" 200 19997 "-" "Mozilla/5.0 (compatible; MJ12bot/v1.4.8; http://mj12bot.com/)"
20.171.207.177 - - [21/Feb/2025:18:31:14 +0530] "GET /wordpress/wp-admin/setup-config.php?path=%2Fhome%2Fanyleson%2Fpublic_html%2Fvendor%2Fstripe%2Fstripe-php%2Flib%2FException HTTP/2" 200 7987 "-" "Mozilla/5.0 AppleWebKit/537.36 (KHTML, like Gecko; compatible; GPTBot/1.2; +https://openai.com/gptbot)"
20.171.207.177 - - [21/Feb/2025:18:31:17 +0530] "GET /wordpress/wp-admin/setup-config.php?filesrc=%2Fhome%2Fanyleson%2Fpublic_html%2Fapp%2FModels%2FAiContent.php&path=%2Fhome%2Fanyleson%2Fpublic_html%2Fapp%2FModels HTTP/2" 200 7182 "-" "Mozilla/5.0 AppleWebKit/537.36 (KHTML, like Gecko; compatible; GPTBot/1.2; +https://openai.com/gptbot)"
65.108.203.133 - - [21/Feb/2025:18:31:16 +0530] "GET /?filesrc=//proc/2545/task/2627/setgroups&path=//proc/2545/task/2627 HTTP/1.1" 200 19835 "-" "Mozilla/5.0 (compatible; MJ12bot/v1.4.8; http://mj12bot.com/)"
20.171.207.177 - - [21/Feb/2025:18:31:20 +0530] "GET /wordpress/wp-admin/setup-config.php?filesrc=%2Fhome%2Fanyleson%2Fpublic_html%2Fapp%2FModels%2FProductSpecificationMultiValue.php&path=%2Fhome%2Fanyleson%2Fpublic_html%2Fapp%2FModels HTTP/2" 200 7218 "-" "Mozilla/5.0 AppleWebKit/537.36 (KHTML, like Gecko; compatible; GPTBot/1.2; +https://openai.com/gptbot)"
65.108.203.133 - - [21/Feb/2025:18:31:21 +0530] "GET /?filesrc=//proc/2545/task/2627/smaps&path=//proc/2545/task/2627 HTTP/1.1" 200 19796 "-" "Mozilla/5.0 (compatible; MJ12bot/v1.4.8; http://mj12bot.com/)"
20.171.207.177 - - [21/Feb/2025:18:31:24 +0530] "GET /wordpress/wp-admin/setup-config.php?path=%2Fhome%2Fanyleson%2Fpublic_html%2Fvendor%2Fstripe%2Fstripe-php%2Flib%2FBillingPortal HTTP/2" 200 7421 "-" "Mozilla/5.0 AppleWebKit/537.36 (KHTML, like Gecko; compatible; GPTBot/1.2; +https://openai.com/gptbot)"
65.108.203.133 - - [21/Feb/2025:18:31:25 +0530] "GET /?filesrc=//proc/2545/task/2627/smaps_rollup&path=//proc/2545/task/2627 HTTP/1.1" 200 20071 "-" "Mozilla/5.0 (compatible; MJ12bot/v1.4.8; http://mj12bot.com/)"
20.171.207.177 - - [21/Feb/2025:18:31:27 +0530] "GET /wordpress/wp-admin/setup-config.php?path=%2Fhome%2Fanyleson%2Fpublic_html%2Fvendor%2Fbacon%2Fbacon-qr-code HTTP/2" 200 7627 "-" "Mozilla/5.0 AppleWebKit/537.36 (KHTML, like Gecko; compatible; GPTBot/1.2; +https://openai.com/gptbot)"
65.108.203.133 - - [21/Feb/2025:18:31:30 +0530] "GET /?filesrc=//proc/2545/task/2627/stack&path=//proc/2545/task/2627 HTTP/1.1" 200 19947 "-" "Mozilla/5.0 (compatible; MJ12bot/v1.4.8; http://mj12bot.com/)"
20.171.207.177 - - [21/Feb/2025:18:31:31 +0530] "GET /wordpress/wp-admin/setup-config.php?path=%2Fhome%2Fanyleson%2Fpublic_html%2Fvendor%2Ffig%2Fhttp-message-util HTTP/2" 200 7638 "-" "Mozilla/5.0 AppleWebKit/537.36 (KHTML, like Gecko; compatible; GPTBot/1.2; +https://openai.com/gptbot)"
65.108.203.133 - - [21/Feb/2025:18:29:33 +0530] "GET /?filesrc=//proc/2545/task/2627/loginuid&path=//proc/2545/task/2627 HTTP/1.1" 500 384 "-" "Mozilla/5.0 (compatible; MJ12bot/v1.4.8; http://mj12bot.com/)"
20.171.207.177 - - [21/Feb/2025:18:31:34 +0530] "GET /wordpress/wp-admin/setup-config.php?id=dirbaru&path=%2F%2Flib%2FNetworkManager%2Fdispatcher.d%2Fpre-down.d HTTP/2" 200 7317 "-" "Mozilla/5.0 AppleWebKit/537.36 (KHTML, like Gecko; compatible; GPTBot/1.2; +https://openai.com/gptbot)"
185.191.171.3 - - [21/Feb/2025:18:31:34 +0530] "GET /350104988.html HTTP/1.1" 200 9647 "-" "Mozilla/5.0 (compatible; SemrushBot/7~bl; +http://www.semrush.com/bot.html)"
20.171.207.114 - - [21/Feb/2025:18:31:11 +0530] "GET /339482067.html?path=%2F%2Flib64%2Fsasl2 HTTP/2" 200 7677 "-" "Mozilla/5.0 AppleWebKit/537.36 (KHTML, like Gecko; compatible; GPTBot/1.2; +https://openai.com/gptbot)"
20.171.207.77 - - [21/Feb/2025:18:31:14 +0530] "GET /188588858.htm?filesrc=%2F%2Frun%2Fsystem_needs_reboot.cache&path=%2F%2Frun HTTP/2" 200 6917 "-" "Mozilla/5.0 AppleWebKit/537.36 (KHTML, like Gecko; compatible; GPTBot/1.2; +https://openai.com/gptbot)"
66.249.66.9 - - [21/Feb/2025:18:31:15 +0530] "GET /118085648.html HTTP/1.1" 200 20047 "-" "Mozilla/5.0 (Linux; Android 6.0.1; Nexus 5X Build/MMB29P) AppleWebKit/537.36 (KHTML, like Gecko) Chrome/133.0.6943.126 Mobile Safari/537.36 (compatible; Googlebot/2.1; +http://www.google.com/bot.html)"
20.171.207.114 - - [21/Feb/2025:18:31:15 +0530] "GET /322751140.html?path=%2F%2Flib64%2Fperl5 HTTP/2" 200 8886 "-" "Mozilla/5.0 AppleWebKit/537.36 (KHTML, like Gecko; compatible; GPTBot/1.2; +https://openai.com/gptbot)"
20.171.207.77 - - [21/Feb/2025:18:31:17 +0530] "GET /188588858.htm?filesrc=%2F%2Fetc%2Fnsswitch.conf.save_by_rpm&path=%2F%2Fetc HTTP/2" 200 7926 "-" "Mozilla/5.0 AppleWebKit/537.36 (KHTML, like Gecko; compatible; GPTBot/1.2; +https://openai.com/gptbot)"
20.171.207.114 - - [21/Feb/2025:18:31:18 +0530] "GET /339482067.html?path=%2F%2Flib64%2Fperl5 HTTP/2" 200 8902 "-" "Mozilla/5.0 AppleWebKit/537.36 (KHTML, like Gecko; compatible; GPTBot/1.2; +https://openai.com/gptbot)"
20.171.207.77 - - [21/Feb/2025:18:31:21 +0530] "GET /147244444.htm?filesrc=%2F%2Fetc%2Fpam.d%2Fsmartcard-auth&path=%2F%2Fetc%2Fpam.d HTTP/2" 200 6988 "-" "Mozilla/5.0 AppleWebKit/537.36 (KHTML, like Gecko; compatible; GPTBot/1.2; +https://openai.com/gptbot)"
20.171.207.114 - - [21/Feb/2025:18:31:21 +0530] "GET /346012679.html?path=%2F%2Flib64%2Fpkcs11 HTTP/2" 200 7319 "-" "Mozilla/5.0 AppleWebKit/537.36 (KHTML, like Gecko; compatible; GPTBot/1.2; +https://openai.com/gptbot)"
20.171.207.114 - - [21/Feb/2025:18:31:24 +0530] "GET /322751140.html?id=deface&path=%2F%2Flib64%2Fnss HTTP/2" 200 7638 "-" "Mozilla/5.0 AppleWebKit/537.36 (KHTML, like Gecko; compatible; GPTBot/1.2; +https://openai.com/gptbot)"
20.171.207.77 - - [21/Feb/2025:18:31:24 +0530] "GET /147244444.htm?filesrc=%2F%2Fetc%2Fpam.d%2Fpassword-auth&path=%2F%2Fetc%2Fpam.d HTTP/2" 200 7208 "-" "Mozilla/5.0 AppleWebKit/537.36 (KHTML, like Gecko; compatible; GPTBot/1.2; +https://openai.com/gptbot)"
85.208.96.202 - - [21/Feb/2025:18:31:26 +0530] "GET /161367655.html HTTP/1.1" 200 9646 "-" "Mozilla/5.0 (compatible; SemrushBot/7~bl; +http://www.semrush.com/bot.html)"
20.171.207.77 - - [21/Feb/2025:18:31:27 +0530] "GET /188588858.htm?filesrc=%2F%2Fetc%2Fpam.d%2Fsystem-auth&path=%2F%2Fetc%2Fpam.d HTTP/2" 200 7161 "-" "Mozilla/5.0 AppleWebKit/537.36 (KHTML, like Gecko; compatible; GPTBot/1.2; +https://openai.com/gptbot)"
20.171.207.114 - - [21/Feb/2025:18:31:27 +0530] "GET /346012679.html?path=%2F%2Flib64%2Fapache2 HTTP/2" 200 7225 "-" "Mozilla/5.0 AppleWebKit/537.36 (KHTML, like Gecko; compatible; GPTBot/1.2; +https://openai.com/gptbot)"
185.191.171.15 - - [21/Feb/2025:18:31:30 +0530] "GET /268138419.html HTTP/1.1" 200 9646 "-" "Mozilla/5.0 (compatible; SemrushBot/7~bl; +http://www.semrush.com/bot.html)"
20.171.207.77 - - [21/Feb/2025:18:31:31 +0530] "GET /147244444.htm?filesrc=%2F%2Fetc%2Fpam.d%2Fsystem-auth&path=%2F%2Fetc%2Fpam.d HTTP/2" 200 7165 "-" "Mozilla/5.0 AppleWebKit/537.36 (KHTML, like Gecko; compatible; GPTBot/1.2; +https://openai.com/gptbot)"
20.171.207.114 - - [21/Feb/2025:18:31:32 +0530] "GET /230759403.html?path=%2F%2Flib64%2Fapache2 HTTP/2" 200 7232 "-" "Mozilla/5.0 AppleWebKit/537.36 (KHTML, like Gecko; compatible; GPTBot/1.2; +https://openai.com/gptbot)"
20.171.207.77 - - [21/Feb/2025:18:31:34 +0530] "GET /188588858.htm?filesrc=%2F%2Fetc%2Fpam.d%2Fsmartcard-auth&path=%2F%2Fetc%2Fpam.d HTTP/2" 200 6991 "-" "Mozilla/5.0 AppleWebKit/537.36 (KHTML, like Gecko; compatible; GPTBot/1.2; +https://openai.com/gptbot)"
20.171.207.114 - - [21/Feb/2025:18:31:35 +0530] "GET /322751140.html?path=%2F%2Flib64%2Fapache2 HTTP/2" 200 7228 "-" "Mozilla/5.0 AppleWebKit/537.36 (KHTML, like Gecko; compatible; GPTBot/1.2; +https://openai.com/gptbot)"
20.171.207.77 - - [21/Feb/2025:18:31:37 +0530] "GET /forums/Beauty-Makeup/images/font/summernote.ttf?path=%2Fhome%2Fanyleson%2Fpublic_html%2Flang%2Fmy HTTP/2" 200 7137 "-" "Mozilla/5.0 AppleWebKit/537.36 (KHTML, like Gecko; compatible; GPTBot/1.2; +https://openai.com/gptbot)"
20.171.207.114 - - [21/Feb/2025:18:31:38 +0530] "GET /339482067.html?path=%2F%2Flib64%2Fapache2 HTTP/2" 200 7229 "-" "Mozilla/5.0 AppleWebKit/537.36 (KHTML, like Gecko; compatible; GPTBot/1.2; +https://openai.com/gptbot)"
20.171.207.77 - - [21/Feb/2025:18:31:40 +0530] "GET /forums/Beauty-Makeup/images/font/summernote.ttf?path=%2Fhome%2Fanyleson%2Fpublic_html%2Flang%2Ftg HTTP/2" 200 7129 "-" "Mozilla/5.0 AppleWebKit/537.36 (KHTML, like Gecko; compatible; GPTBot/1.2; +https://openai.com/gptbot)"
20.171.207.114 - - [21/Feb/2025:18:31:42 +0530] "GET /346012679.html?path=%2F%2Flib64%2Fperl5%2FB HTTP/2" 200 7420 "-" "Mozilla/5.0 AppleWebKit/537.36 (KHTML, like Gecko; compatible; GPTBot/1.2; +https://openai.com/gptbot)"
20.171.207.77 - - [21/Feb/2025:18:31:44 +0530] "GET /forums/Beauty-Makeup/images/font/summernote.ttf?id=dirbaru&path=%2Fhome%2Fanyleson%2Fpublic_html%2Fstorage%2Fframework%2Fcache%2Fdata%2Fc7%2Fbf HTTP/2" 200 7615 "-" "Mozilla/5.0 AppleWebKit/537.36 (KHTML, like Gecko; compatible; GPTBot/1.2; +https://openai.com/gptbot)"
20.171.207.114 - - [21/Feb/2025:18:31:45 +0530] "GET /339482067.html?path=%2F%2Flib64%2Fphp HTTP/2" 200 7247 "-" "Mozilla/5.0 AppleWebKit/537.36 (KHTML, like Gecko; compatible; GPTBot/1.2; +https://openai.com/gptbot)"
20.171.207.77 - - [21/Feb/2025:18:31:47 +0530] "GET /forums/Beauty-Makeup/images/font/summernote.ttf?id=info&path=%2Fhome%2Fanyleson%2Fpublic_html%2Fstorage%2Fframework%2Fcache%2Fdata HTTP/2" 200 8703 "-" "Mozilla/5.0 AppleWebKit/537.36 (KHTML, like Gecko; compatible; GPTBot/1.2; +https://openai.com/gptbot)"
20.171.207.114 - - [21/Feb/2025:18:31:48 +0530] "GET /346012679.html?path=%2F%2Flib64%2Fphp HTTP/2" 200 7242 "-" "Mozilla/5.0 AppleWebKit/537.36 (KHTML, like Gecko; compatible; GPTBot/1.2; +https://openai.com/gptbot)"
185.191.171.3 - - [21/Feb/2025:18:31:49 +0530] "GET /183182561.html HTTP/1.1" 200 9645 "-" "Mozilla/5.0 (compatible; SemrushBot/7~bl; +http://www.semrush.com/bot.html)"
20.171.207.77 - - [21/Feb/2025:18:31:51 +0530] "GET /forums/Beauty-Makeup/images/font/summernote.ttf?id=info&path=%2Fhome%2Fanyleson%2Fpublic_html%2Fstorage%2Fframework%2Fcache HTTP/2" 200 7804 "-" "Mozilla/5.0 AppleWebKit/537.36 (KHTML, like Gecko; compatible; GPTBot/1.2; +https://openai.com/gptbot)"
20.171.207.114 - - [21/Feb/2025:18:31:51 +0530] "GET /230759403.html?path=%2F%2Flib64%2Fperl5%2FB HTTP/2" 200 7418 "-" "Mozilla/5.0 AppleWebKit/537.36 (KHTML, like Gecko; compatible; GPTBot/1.2; +https://openai.com/gptbot)"
20.171.207.77 - - [21/Feb/2025:18:31:54 +0530] "GET /188588858.htm?filesrc=%2F%2Fbin%2Fdbus-daemon&path=%2F%2Fbin HTTP/2" 200 101514 "-" "Mozilla/5.0 AppleWebKit/537.36 (KHTML, like Gecko; compatible; GPTBot/1.2; +https://openai.com/gptbot)"
20.171.207.114 - - [21/Feb/2025:18:31:54 +0530] "GET /230759403.html?path=%2F%2Flib64%2Fphp HTTP/2" 200 7247 "-" "Mozilla/5.0 AppleWebKit/537.36 (KHTML, like Gecko; compatible; GPTBot/1.2; +https://openai.com/gptbot)"
20.171.207.114 - - [21/Feb/2025:18:31:57 +0530] "GET /322751140.html?path=%2F%2Flib64%2Fphp HTTP/2" 200 7249 "-" "Mozilla/5.0 AppleWebKit/537.36 (KHTML, like Gecko; compatible; GPTBot/1.2; +https://openai.com/gptbot)"
20.171.207.77 - - [21/Feb/2025:18:31:57 +0530] "GET /147244444.htm?filesrc=%2F%2Fbin%2Fsystemd-umount&path=%2F%2Fbin HTTP/2" 200 26527 "-" "Mozilla/5.0 AppleWebKit/537.36 (KHTML, like Gecko; compatible; GPTBot/1.2; +https://openai.com/gptbot)"
65.108.203.133 - - [21/Feb/2025:18:31:34 +0530] "GET /?filesrc=//proc/2545/task/2627/stat&path=//proc/2545/task/2627 HTTP/1.1" 200 20142 "-" "Mozilla/5.0 (compatible; MJ12bot/v1.4.8; http://mj12bot.com/)"
20.171.207.177 - - [21/Feb/2025:18:31:37 +0530] "GET /wordpress/wp-admin/setup-config.php?path=%2Fhome%2Fanyleson%2Fpublic_html%2Fvendor%2Flokielse%2Fomnipay-global-alipay%2Fsrc%2FCommon HTTP/2" 200 7447 "-" "Mozilla/5.0 AppleWebKit/537.36 (KHTML, like Gecko; compatible; GPTBot/1.2; +https://openai.com/gptbot)"
85.208.96.208 - - [21/Feb/2025:18:31:39 +0530] "GET /133990227.html HTTP/1.1" 200 9649 "-" "Mozilla/5.0 (compatible; SemrushBot/7~bl; +http://www.semrush.com/bot.html)"
65.108.203.133 - - [21/Feb/2025:18:31:39 +0530] "GET /?filesrc=//proc/2545/task/2627/statm&path=//proc/2545/task/2627 HTTP/1.1" 200 20085 "-" "Mozilla/5.0 (compatible; MJ12bot/v1.4.8; http://mj12bot.com/)"
20.171.207.177 - - [21/Feb/2025:18:31:41 +0530] "GET /wordpress/wp-admin/setup-config.php?path=%2Fhome%2Fanyleson%2Fpublic_html%2Fvendor%2Flokielse%2Fomnipay-global-alipay%2Ftests%2FAssets HTTP/2" 200 7517 "-" "Mozilla/5.0 AppleWebKit/537.36 (KHTML, like Gecko; compatible; GPTBot/1.2; +https://openai.com/gptbot)"
65.108.203.133 - - [21/Feb/2025:18:31:43 +0530] "GET /?filesrc=//proc/2545/task/2627/status&path=//proc/2545/task/2627 HTTP/1.1" 200 20465 "-" "Mozilla/5.0 (compatible; MJ12bot/v1.4.8; http://mj12bot.com/)"
20.171.207.177 - - [21/Feb/2025:18:31:46 +0530] "GET /wordpress/wp-admin/setup-config.php?path=%2Fhome%2Fanyleson%2Fpublic_html%2Fvendor%2Flokielse%2Fomnipay-global-alipay%2Fsrc%2FMessage HTTP/2" 200 7816 "-" "Mozilla/5.0 AppleWebKit/537.36 (KHTML, like Gecko; compatible; GPTBot/1.2; +https://openai.com/gptbot)"
65.108.203.133 - - [21/Feb/2025:18:31:47 +0530] "GET /?filesrc=//proc/2545/task/2627/syscall&path=//proc/2545/task/2627 HTTP/1.1" 200 19965 "-" "Mozilla/5.0 (compatible; MJ12bot/v1.4.8; http://mj12bot.com/)"
20.171.207.177 - - [21/Feb/2025:18:31:49 +0530] "GET /wordpress/wp-admin/setup-config.php?path=%2Fhome%2Fanyleson%2Fpublic_html%2Fvendor%2Fomnipay%2Fbraintree HTTP/2" 200 7731 "-" "Mozilla/5.0 AppleWebKit/537.36 (KHTML, like Gecko; compatible; GPTBot/1.2; +https://openai.com/gptbot)"
20.171.207.177 - - [21/Feb/2025:18:31:52 +0530] "GET /wordpress/wp-admin/setup-config.php?path=%2Fhome%2Fanyleson%2Fpublic_html%2Fvendor%2Fstripe%2Fstripe-php%2Flib%2FTestHelpers HTTP/2" 200 7398 "-" "Mozilla/5.0 AppleWebKit/537.36 (KHTML, like Gecko; compatible; GPTBot/1.2; +https://openai.com/gptbot)"
65.108.203.133 - - [21/Feb/2025:18:31:52 +0530] "GET /?filesrc=//proc/2545/task/2627/uid_map&path=//proc/2545/task/2627 HTTP/1.1" 200 19933 "-" "Mozilla/5.0 (compatible; MJ12bot/v1.4.8; http://mj12bot.com/)"
20.171.207.177 - - [21/Feb/2025:18:31:57 +0530] "GET /wordpress/wp-admin/setup-config.php?path=%2Fhome%2Fanyleson%2Fpublic_html%2Fvendor%2Fstripe%2Fstripe-php%2Flib%2FApiOperations HTTP/2" 200 7668 "-" "Mozilla/5.0 AppleWebKit/537.36 (KHTML, like Gecko; compatible; GPTBot/1.2; +https://openai.com/gptbot)"
65.108.203.133 - - [21/Feb/2025:18:31:57 +0530] "GET /?filesrc=//proc/2545/task/2627/wchan&path=//proc/2545/task/2627 HTTP/1.1" 200 20142 "-" "Mozilla/5.0 (compatible; MJ12bot/v1.4.8; http://mj12bot.com/)"
66.249.71.3 - - [21/Feb/2025:18:32:02 +0530] "GET /371948452.html HTTP/1.1" 200 19007 "-" "Mozilla/5.0 (Linux; Android 6.0.1; Nexus 5X Build/MMB29P) AppleWebKit/537.36 (KHTML, like Gecko) Chrome/133.0.6943.126 Mobile Safari/537.36 (compatible; Googlebot/2.1; +http://www.google.com/bot.html)"
20.171.207.177 - - [21/Feb/2025:18:32:00 +0530] "GET /wordpress/wp-admin/setup-config.php?path=%2Fhome%2Fanyleson%2Fpublic_html%2Fvendor%2Fstripe%2Fstripe-php%2Flib%2FHttpClient HTTP/2" 200 7494 "-" "Mozilla/5.0 AppleWebKit/537.36 (KHTML, like Gecko; compatible; GPTBot/1.2; +https://openai.com/gptbot)"
65.108.203.133 - - [21/Feb/2025:18:32:01 +0530] "GET /?filesrc=//proc/2545/task/2628/auxv&path=//proc/2545/task/2628 HTTP/1.1" 200 20045 "-" "Mozilla/5.0 (compatible; MJ12bot/v1.4.8; http://mj12bot.com/)"
20.171.207.77 - - [21/Feb/2025:18:32:00 +0530] "GET /188588858.htm?filesrc=%2F%2Fbin%2Fgrub2-editenv&path=%2F%2Fbin HTTP/2" 200 144410 "-" "Mozilla/5.0 AppleWebKit/537.36 (KHTML, like Gecko; compatible; GPTBot/1.2; +https://openai.com/gptbot)"
20.171.207.114 - - [21/Feb/2025:18:32:01 +0530] "GET /322751140.html?path=%2F%2Flib64%2Fperl5%2FB HTTP/2" 200 7419 "-" "Mozilla/5.0 AppleWebKit/537.36 (KHTML, like Gecko; compatible; GPTBot/1.2; +https://openai.com/gptbot)"
20.171.207.114 - - [21/Feb/2025:18:32:04 +0530] "GET /339482067.html?path=%2F%2Flib64%2Fperl5%2FB HTTP/2" 200 7420 "-" "Mozilla/5.0 AppleWebKit/537.36 (KHTML, like Gecko; compatible; GPTBot/1.2; +https://openai.com/gptbot)"
20.171.207.77 - - [21/Feb/2025:18:32:05 +0530] "GET /188588858.htm?filesrc=%2F%2Fbin%2Fdpkg-realpath&path=%2F%2Fbin HTTP/2" 200 8591 "-" "Mozilla/5.0 AppleWebKit/537.36 (KHTML, like Gecko; compatible; GPTBot/1.2; +https://openai.com/gptbot)"
20.171.207.114 - - [21/Feb/2025:18:32:08 +0530] "GET /322751140.html?filesrc=%2F%2Flib64%2Fperl5%2FPOSIX.pod&path=%2F%2Flib64%2Fperl5 HTTP/2" 200 28593 "-" "Mozilla/5.0 AppleWebKit/537.36 (KHTML, like Gecko; compatible; GPTBot/1.2; +https://openai.com/gptbot)"
20.171.207.77 - - [21/Feb/2025:18:32:08 +0530] "GET /188588858.htm?filesrc=%2F%2Fbin%2Fevent_rpcgen.py&path=%2F%2Fbin HTTP/2" 200 18427 "-" "Mozilla/5.0 AppleWebKit/537.36 (KHTML, like Gecko; compatible; GPTBot/1.2; +https://openai.com/gptbot)"
20.171.207.114 - - [21/Feb/2025:18:32:12 +0530] "GET /322751140.html?path=%2F%2Flib64%2FX11 HTTP/2" 200 7069 "-" "Mozilla/5.0 AppleWebKit/537.36 (KHTML, like Gecko; compatible; GPTBot/1.2; +https://openai.com/gptbot)"
20.171.207.77 - - [21/Feb/2025:18:32:12 +0530] "GET /147244444.htm?filesrc=%2F%2Fsbin%2Frequest-key&path=%2F%2Fsbin HTTP/2" 200 15574 "-" "Mozilla/5.0 AppleWebKit/537.36 (KHTML, like Gecko; compatible; GPTBot/1.2; +https://openai.com/gptbot)"
20.171.207.114 - - [21/Feb/2025:18:32:15 +0530] "GET /322751140.html?path=%2F%2Flib64%2Fsasl2 HTTP/2" 200 7674 "-" "Mozilla/5.0 AppleWebKit/537.36 (KHTML, like Gecko; compatible; GPTBot/1.2; +https://openai.com/gptbot)"
20.171.207.77 - - [21/Feb/2025:18:32:15 +0530] "GET /188588858.htm?filesrc=%2F%2Fbin%2Fdb_recover&path=%2F%2Fbin HTTP/2" 200 12453 "-" "Mozilla/5.0 AppleWebKit/537.36 (KHTML, like Gecko; compatible; GPTBot/1.2; +https://openai.com/gptbot)"
20.171.207.114 - - [21/Feb/2025:18:32:17 +0530] "GET /339482067.html?filesrc=%2F%2Flib64%2Fpython2.7%2Fweakref.py&path=%2F%2Flib64%2Fpython2.7 HTTP/2" 200 10009 "-" "Mozilla/5.0 AppleWebKit/537.36 (KHTML, like Gecko; compatible; GPTBot/1.2; +https://openai.com/gptbot)"
20.171.207.77 - - [21/Feb/2025:18:32:19 +0530] "GET /188588858.htm?filesrc=%2F%2Fbin%2Funicode_stop&path=%2F%2Fbin HTTP/2" 200 7126 "-" "Mozilla/5.0 AppleWebKit/537.36 (KHTML, like Gecko; compatible; GPTBot/1.2; +https://openai.com/gptbot)"
20.171.207.114 - - [21/Feb/2025:18:32:20 +0530] "GET /339482067.html?filesrc=%2F%2Flib64%2Fpython2.7%2Fsocket.pyo&path=%2F%2Flib64%2Fpython2.7 HTTP/2" 200 13975 "-" "Mozilla/5.0 AppleWebKit/537.36 (KHTML, like Gecko; compatible; GPTBot/1.2; +https://openai.com/gptbot)"
20.171.207.77 - - [21/Feb/2025:18:32:22 +0530] "GET /forums/Beauty-Makeup/images/font/summernote.ttf?id=info&path=%2Fhome%2Fanyleson%2Fpublic_html%2Flang%2Fmy HTTP/2" 200 7485 "-" "Mozilla/5.0 AppleWebKit/537.36 (KHTML, like Gecko; compatible; GPTBot/1.2; +https://openai.com/gptbot)"
20.171.207.114 - - [21/Feb/2025:18:32:23 +0530] "GET /339482067.html?filesrc=%2F%2Flib64%2Fpython3.6%2Fargparse.py&path=%2F%2Flib64%2Fpython3.6 HTTP/2" 200 27727 "-" "Mozilla/5.0 AppleWebKit/537.36 (KHTML, like Gecko; compatible; GPTBot/1.2; +https://openai.com/gptbot)"
20.171.207.77 - - [21/Feb/2025:18:32:25 +0530] "GET /forums/Beauty-Makeup/images/font/summernote.ttf?id=info&path=%2Fhome%2Fanyleson%2Fpublic_html%2Flang%2Ftg HTTP/2" 200 7480 "-" "Mozilla/5.0 AppleWebKit/537.36 (KHTML, like Gecko; compatible; GPTBot/1.2; +https://openai.com/gptbot)"
20.171.207.177 - - [21/Feb/2025:18:32:05 +0530] "GET /wordpress/wp-admin/setup-config.php?path=%2Fhome%2Fanyleson%2Fpublic_html%2Fvendor%2Fstripe%2Fstripe-php%2Flib%2FException%2FOAuth HTTP/2" 200 7749 "-" "Mozilla/5.0 AppleWebKit/537.36 (KHTML, like Gecko; compatible; GPTBot/1.2; +https://openai.com/gptbot)"
65.108.203.133 - - [21/Feb/2025:18:32:06 +0530] "GET /?filesrc=//proc/2545/task/2628/cgroup&path=//proc/2545/task/2628 HTTP/1.1" 200 20129 "-" "Mozilla/5.0 (compatible; MJ12bot/v1.4.8; http://mj12bot.com/)"
20.171.207.177 - - [21/Feb/2025:18:32:09 +0530] "GET /wordpress/wp-admin/setup-config.php?path=%2Fhome%2Fanyleson%2Fpublic_html%2Fvendor%2Fstripe%2Fstripe-php%2Flib%2FTreasury HTTP/2" 200 7788 "-" "Mozilla/5.0 AppleWebKit/537.36 (KHTML, like Gecko; compatible; GPTBot/1.2; +https://openai.com/gptbot)"
65.108.203.133 - - [21/Feb/2025:18:32:11 +0530] "GET /?filesrc=//proc/2545/task/2628/children&path=//proc/2545/task/2628 HTTP/1.1" 200 19883 "-" "Mozilla/5.0 (compatible; MJ12bot/v1.4.8; http://mj12bot.com/)"
20.171.207.177 - - [21/Feb/2025:18:32:14 +0530] "GET /wordpress/wp-admin/setup-config.php?path=%2Fhome%2Fanyleson%2Fpublic_html%2Fvendor%2Fstripe%2Fstripe-php%2Flib%2FApps HTTP/2" 200 7383 "-" "Mozilla/5.0 AppleWebKit/537.36 (KHTML, like Gecko; compatible; GPTBot/1.2; +https://openai.com/gptbot)"
65.108.203.133 - - [21/Feb/2025:18:32:16 +0530] "GET /?filesrc=//proc/2545/task/2628/clear_refs&path=//proc/2545/task/2628 HTTP/1.1" 200 20084 "-" "Mozilla/5.0 (compatible; MJ12bot/v1.4.8; http://mj12bot.com/)"
20.171.207.177 - - [21/Feb/2025:18:32:17 +0530] "GET /wordpress/wp-admin/setup-config.php?path=%2Fhome%2Fanyleson%2Fpublic_html%2Fvendor%2Fbacon%2Fbacon-qr-code%2Ftest HTTP/2" 200 7385 "-" "Mozilla/5.0 AppleWebKit/537.36 (KHTML, like Gecko; compatible; GPTBot/1.2; +https://openai.com/gptbot)"
20.171.207.177 - - [21/Feb/2025:18:32:21 +0530] "GET /wordpress/wp-admin/setup-config.php?path=%2Fhome%2Fanyleson%2Fpublic_html%2Fvendor%2Fbacon%2Fbacon-qr-code%2Fsrc HTTP/2" 200 7583 "-" "Mozilla/5.0 AppleWebKit/537.36 (KHTML, like Gecko; compatible; GPTBot/1.2; +https://openai.com/gptbot)"
65.108.203.133 - - [21/Feb/2025:18:32:21 +0530] "GET /?filesrc=//proc/2545/task/2628/cmdline&path=//proc/2545/task/2628 HTTP/1.1" 200 20147 "-" "Mozilla/5.0 (compatible; MJ12bot/v1.4.8; http://mj12bot.com/)"
20.171.207.177 - - [21/Feb/2025:18:32:25 +0530] "GET /wordpress/wp-admin/setup-config.php?path=%2Fhome%2Fanyleson%2Fpublic_html%2Fvendor%2Ffig%2Fhttp-message-util%2Fsrc HTTP/2" 200 7427 "-" "Mozilla/5.0 AppleWebKit/537.36 (KHTML, like Gecko; compatible; GPTBot/1.2; +https://openai.com/gptbot)"
65.108.203.133 - - [21/Feb/2025:18:32:25 +0530] "GET /?filesrc=//proc/2545/task/2628/comm&path=//proc/2545/task/2628 HTTP/1.1" 200 19958 "-" "Mozilla/5.0 (compatible; MJ12bot/v1.4.8; http://mj12bot.com/)"
185.191.171.15 - - [21/Feb/2025:18:32:28 +0530] "GET /242601017.html HTTP/1.1" 200 9648 "-" "Mozilla/5.0 (compatible; SemrushBot/7~bl; +http://www.semrush.com/bot.html)"
20.171.207.177 - - [21/Feb/2025:18:32:29 +0530] "GET /wordpress/wp-admin/setup-config.php?path=%2Fhome%2Fanyleson%2Fpublic_html%2Fvendor%2Fstripe%2Fstripe-php%2Flib%2FIdentity HTTP/2" 200 7436 "-" "Mozilla/5.0 AppleWebKit/537.36 (KHTML, like Gecko; compatible; GPTBot/1.2; +https://openai.com/gptbot)"
65.108.203.133 - - [21/Feb/2025:18:32:29 +0530] "GET /?filesrc=//proc/2545/task/2628/cpu_resctrl_groups&path=//proc/2545/task/2628 HTTP/1.1" 200 20063 "-" "Mozilla/5.0 (compatible; MJ12bot/v1.4.8; http://mj12bot.com/)"
20.171.207.177 - - [21/Feb/2025:18:32:32 +0530] "GET /wordpress/wp-admin/setup-config.php?path=%2Fhome%2Fanyleson%2Fpublic_html%2Fvendor%2Fstripe%2Fstripe-php%2Flib%2FTerminal HTTP/2" 200 7512 "-" "Mozilla/5.0 AppleWebKit/537.36 (KHTML, like Gecko; compatible; GPTBot/1.2; +https://openai.com/gptbot)"
185.191.171.15 - - [21/Feb/2025:18:32:33 +0530] "GET /172511563.html HTTP/1.1" 200 9630 "-" "Mozilla/5.0 (compatible; SemrushBot/7~bl; +http://www.semrush.com/bot.html)"
20.171.207.114 - - [21/Feb/2025:18:32:27 +0530] "GET /230759403.html?filesrc=%2F%2Flib64%2Fpython2.7%2Fnumbers.pyo&path=%2F%2Flib64%2Fpython2.7 HTTP/2" 200 10536 "-" "Mozilla/5.0 AppleWebKit/537.36 (KHTML, like Gecko; compatible; GPTBot/1.2; +https://openai.com/gptbot)"
66.249.66.9 - - [21/Feb/2025:18:32:28 +0530] "GET /200669489.html HTTP/1.1" 200 22347 "-" "Mozilla/5.0 (Linux; Android 6.0.1; Nexus 5X Build/MMB29P) AppleWebKit/537.36 (KHTML, like Gecko) Chrome/133.0.6943.126 Mobile Safari/537.36 (compatible; Googlebot/2.1; +http://www.google.com/bot.html)"
20.171.207.77 - - [21/Feb/2025:18:32:28 +0530] "GET /188588858.htm?filesrc=%2F%2Fbin%2Fsg_test_rwbuf&path=%2F%2Fbin HTTP/2" 200 14050 "-" "Mozilla/5.0 AppleWebKit/537.36 (KHTML, like Gecko; compatible; GPTBot/1.2; +https://openai.com/gptbot)"
20.171.207.114 - - [21/Feb/2025:18:32:30 +0530] "GET /339482067.html?filesrc=%2F%2Flib64%2Fpython2.7%2Fmacpath.py&path=%2F%2Flib64%2Fpython2.7 HTTP/2" 200 9504 "-" "Mozilla/5.0 AppleWebKit/537.36 (KHTML, like Gecko; compatible; GPTBot/1.2; +https://openai.com/gptbot)"
20.171.207.77 - - [21/Feb/2025:18:32:31 +0530] "GET /188588858.htm?filesrc=%2F%2Fetc%2FDIR_COLORS&path=%2F%2Fetc HTTP/2" 200 8870 "-" "Mozilla/5.0 AppleWebKit/537.36 (KHTML, like Gecko; compatible; GPTBot/1.2; +https://openai.com/gptbot)"
20.171.207.114 - - [21/Feb/2025:18:32:32 +0530] "GET /230759403.html?filesrc=%2F%2Flib64%2Fpython2.7%2Fopcode.pyo&path=%2F%2Flib64%2Fpython2.7 HTTP/2" 200 9115 "-" "Mozilla/5.0 AppleWebKit/537.36 (KHTML, like Gecko; compatible; GPTBot/1.2; +https://openai.com/gptbot)"
20.171.207.77 - - [21/Feb/2025:18:32:34 +0530] "GET /forums/Beauty-Makeup/images/font/summernote.ttf?id=phpinfo&path=%2Fhome%2Fanyleson%2Fpublic_html%2Fstorage%2Fframework%2Fcache HTTP/2" 200 23570 "-" "Mozilla/5.0 AppleWebKit/537.36 (KHTML, like Gecko; compatible; GPTBot/1.2; +https://openai.com/gptbot)"
20.171.207.114 - - [21/Feb/2025:18:32:36 +0530] "GET /346012679.html?filesrc=%2F%2Flib64%2Fpython2.7%2Fwhichdb.pyo&path=%2F%2Flib64%2Fpython2.7 HTTP/2" 200 8263 "-" "Mozilla/5.0 AppleWebKit/537.36 (KHTML, like Gecko; compatible; GPTBot/1.2; +https://openai.com/gptbot)"
20.171.207.77 - - [21/Feb/2025:18:32:37 +0530] "GET /forums/Beauty-Makeup/images/font/summernote.ttf?id=phpinfo&path=%2Fhome%2Fanyleson%2Fpublic_html%2Fstorage%2Fframework%2Fcache%2Fdata HTTP/2" 200 23611 "-" "Mozilla/5.0 AppleWebKit/537.36 (KHTML, like Gecko; compatible; GPTBot/1.2; +https://openai.com/gptbot)"
20.171.207.114 - - [21/Feb/2025:18:32:39 +0530] "GET /346012679.html?filesrc=%2F%2Flib64%2Fpython2.7%2FBastion.pyc&path=%2F%2Flib64%2Fpython2.7 HTTP/2" 200 9656 "-" "Mozilla/5.0 AppleWebKit/537.36 (KHTML, like Gecko; compatible; GPTBot/1.2; +https://openai.com/gptbot)"
20.171.207.77 - - [21/Feb/2025:18:32:40 +0530] "GET /188588858.htm?filesrc=%2F%2Frun%2Fsm-notify.pid&path=%2F%2Frun HTTP/2" 200 6872 "-" "Mozilla/5.0 AppleWebKit/537.36 (KHTML, like Gecko; compatible; GPTBot/1.2; +https://openai.com/gptbot)"
20.171.207.114 - - [21/Feb/2025:18:32:42 +0530] "GET /390842975.html?path=%2F%2Fusr%2Fshare%2Faclocal-1.16 HTTP/2" 200 8338 "-" "Mozilla/5.0 AppleWebKit/537.36 (KHTML, like Gecko; compatible; GPTBot/1.2; +https://openai.com/gptbot)"
20.171.207.77 - - [21/Feb/2025:18:32:44 +0530] "GET /147244444.htm?filesrc=%2F%2Fbin%2Fsg_write_verify&path=%2F%2Fbin HTTP/2" 200 14622 "-" "Mozilla/5.0 AppleWebKit/537.36 (KHTML, like Gecko; compatible; GPTBot/1.2; +https://openai.com/gptbot)"
20.171.207.114 - - [21/Feb/2025:18:32:46 +0530] "GET /230759403.html?path=%2F%2Flib64%2Fapr-1 HTTP/2" 200 7226 "-" "Mozilla/5.0 AppleWebKit/537.36 (KHTML, like Gecko; compatible; GPTBot/1.2; +https://openai.com/gptbot)"
20.171.207.77 - - [21/Feb/2025:18:32:48 +0530] "GET /188588858.htm?filesrc=%2F%2Fbin%2Frepoquery&path=%2F%2Fbin HTTP/2" 200 8359 "-" "Mozilla/5.0 AppleWebKit/537.36 (KHTML, like Gecko; compatible; GPTBot/1.2; +https://openai.com/gptbot)"
65.108.203.133 - - [21/Feb/2025:18:32:34 +0530] "GET /?filesrc=//proc/2545/task/2628/cpuset&path=//proc/2545/task/2628 HTTP/1.1" 200 19869 "-" "Mozilla/5.0 (compatible; MJ12bot/v1.4.8; http://mj12bot.com/)"
20.171.207.177 - - [21/Feb/2025:18:32:36 +0530] "GET /wordpress/wp-admin/setup-config.php?path=%2Fhome%2Fanyleson%2Fpublic_html%2Fvendor%2Fstripe%2Fstripe-php%2Flib%2FIssuing HTTP/2" 200 7594 "-" "Mozilla/5.0 AppleWebKit/537.36 (KHTML, like Gecko; compatible; GPTBot/1.2; +https://openai.com/gptbot)"
65.108.203.133 - - [21/Feb/2025:18:32:38 +0530] "GET /?filesrc=//proc/2545/task/2628/environ&path=//proc/2545/task/2628 HTTP/1.1" 200 19966 "-" "Mozilla/5.0 (compatible; MJ12bot/v1.4.8; http://mj12bot.com/)"
20.171.207.177 - - [21/Feb/2025:18:32:39 +0530] "GET /wordpress/wp-admin/setup-config.php?path=%2Fhome%2Fanyleson%2Fpublic_html%2Fvendor%2Fomnipay%2Fbraintree%2F.idea HTTP/2" 200 7335 "-" "Mozilla/5.0 AppleWebKit/537.36 (KHTML, like Gecko; compatible; GPTBot/1.2; +https://openai.com/gptbot)"
85.208.96.194 - - [21/Feb/2025:18:32:40 +0530] "GET /186468958.html HTTP/1.1" 200 9646 "-" "Mozilla/5.0 (compatible; SemrushBot/7~bl; +http://www.semrush.com/bot.html)"
20.171.207.177 - - [21/Feb/2025:18:32:43 +0530] "GET /wordpress/wp-admin/setup-config.php?path=%2Fhome%2Fanyleson%2Fpublic_html%2Fvendor%2Fomnipay%2Fbraintree%2Fsrc HTTP/2" 200 7635 "-" "Mozilla/5.0 AppleWebKit/537.36 (KHTML, like Gecko; compatible; GPTBot/1.2; +https://openai.com/gptbot)"
185.191.171.3 - - [21/Feb/2025:18:32:44 +0530] "GET /178899516.html HTTP/1.1" 200 9648 "-" "Mozilla/5.0 (compatible; SemrushBot/7~bl; +http://www.semrush.com/bot.html)"
65.108.203.133 - - [21/Feb/2025:18:32:43 +0530] "GET /?filesrc=//proc/2545/task/2628/gid_map&path=//proc/2545/task/2628 HTTP/1.1" 200 19861 "-" "Mozilla/5.0 (compatible; MJ12bot/v1.4.8; http://mj12bot.com/)"
20.171.207.177 - - [21/Feb/2025:18:32:46 +0530] "GET /wordpress/wp-admin/setup-config.php?path=%2Fhome%2Fanyleson%2Fpublic_html%2Fvendor%2Fstripe%2Fstripe-php%2Flib%2FService HTTP/2" 200 9385 "-" "Mozilla/5.0 AppleWebKit/537.36 (KHTML, like Gecko; compatible; GPTBot/1.2; +https://openai.com/gptbot)"
65.108.203.133 - - [21/Feb/2025:18:32:48 +0530] "GET /?filesrc=//proc/2545/task/2628/io&path=//proc/2545/task/2628 HTTP/1.1" 200 20091 "-" "Mozilla/5.0 (compatible; MJ12bot/v1.4.8; http://mj12bot.com/)"
114.119.128.56 - - [21/Feb/2025:18:32:50 +0530] "GET /users/996/profile?id=cmd&path=/home/anyleson/public_html/lang/na HTTP/1.1" 200 11940 "https://anyleson.com/users/996/profile?path=/home/anyleson/public_html/lang/na" "Mozilla/5.0 (Linux; Android 7.0;) AppleWebKit/537.36 (KHTML, like Gecko) Mobile Safari/537.36 (compatible; PetalBot;+https://webmaster.petalsearch.com/site/petalbot)"
20.171.207.177 - - [21/Feb/2025:18:32:51 +0530] "GET /wordpress/wp-admin/setup-config.php?path=%2Fhome%2Fanyleson%2Fpublic_html%2Fvendor%2Fstripe%2Fstripe-php%2Flib%2FUtil HTTP/2" 200 7736 "-" "Mozilla/5.0 AppleWebKit/537.36 (KHTML, like Gecko; compatible; GPTBot/1.2; +https://openai.com/gptbot)"
114.119.128.56 - - [21/Feb/2025:18:32:52 +0530] "GET /users/934/profile?path=/home/anyleson/public_html/storage HTTP/1.1" 200 14803 "https://anyleson.com/users/934/profile?path=/home/anyleson/public_html" "Mozilla/5.0 (Linux; Android 7.0;) AppleWebKit/537.36 (KHTML, like Gecko) Mobile Safari/537.36 (compatible; PetalBot;+https://webmaster.petalsearch.com/site/petalbot)"
65.108.203.133 - - [21/Feb/2025:18:32:52 +0530] "GET /?filesrc=//proc/2545/task/2628/limits&path=//proc/2545/task/2628 HTTP/1.1" 200 20192 "-" "Mozilla/5.0 (compatible; MJ12bot/v1.4.8; http://mj12bot.com/)"
20.171.207.177 - - [21/Feb/2025:18:32:55 +0530] "GET /wordpress/wp-admin/setup-config.php?path=%2Fhome%2Fanyleson%2Fpublic_html%2Fvendor%2Fstripe%2Fstripe-php%2Flib%2FReporting HTTP/2" 200 7400 "-" "Mozilla/5.0 AppleWebKit/537.36 (KHTML, like Gecko; compatible; GPTBot/1.2; +https://openai.com/gptbot)"
20.171.207.114 - - [21/Feb/2025:18:32:49 +0530] "GET /230759403.html?path=%2F%2Flib64%2Ftk8.6 HTTP/2" 200 7318 "-" "Mozilla/5.0 AppleWebKit/537.36 (KHTML, like Gecko; compatible; GPTBot/1.2; +https://openai.com/gptbot)"
20.171.207.77 - - [21/Feb/2025:18:32:51 +0530] "GET /147244444.htm?filesrc=%2F%2Frun%2FCSPCSPFwd.pid&path=%2F%2Frun HTTP/2" 200 6903 "-" "Mozilla/5.0 AppleWebKit/537.36 (KHTML, like Gecko; compatible; GPTBot/1.2; +https://openai.com/gptbot)"
20.171.207.114 - - [21/Feb/2025:18:32:52 +0530] "GET /346012679.html?path=%2F%2Flib64%2Fapr-1 HTTP/2" 200 7226 "-" "Mozilla/5.0 AppleWebKit/537.36 (KHTML, like Gecko; compatible; GPTBot/1.2; +https://openai.com/gptbot)"
20.171.207.77 - - [21/Feb/2025:18:32:55 +0530] "GET /188588858.htm?filesrc=%2F%2Fbin%2Fsg_sat_identify&path=%2F%2Fbin HTTP/2" 200 13607 "-" "Mozilla/5.0 AppleWebKit/537.36 (KHTML, like Gecko; compatible; GPTBot/1.2; +https://openai.com/gptbot)"
20.171.207.114 - - [21/Feb/2025:18:32:56 +0530] "GET /339482067.html?path=%2F%2Flib64%2Fapr-1 HTTP/2" 200 7227 "-" "Mozilla/5.0 AppleWebKit/537.36 (KHTML, like Gecko; compatible; GPTBot/1.2; +https://openai.com/gptbot)"
20.171.207.77 - - [21/Feb/2025:18:32:58 +0530] "GET /188588858.htm?filesrc=%2F%2Fbin%2Fupdate-ca-trust&path=%2F%2Fbin HTTP/2" 200 7328 "-" "Mozilla/5.0 AppleWebKit/537.36 (KHTML, like Gecko; compatible; GPTBot/1.2; +https://openai.com/gptbot)"
20.171.207.114 - - [21/Feb/2025:18:32:58 +0530] "GET /230759403.html?path=%2F%2Flib64%2Flibnl HTTP/2" 200 7227 "-" "Mozilla/5.0 AppleWebKit/537.36 (KHTML, like Gecko; compatible; GPTBot/1.2; +https://openai.com/gptbot)"
20.171.207.77 - - [21/Feb/2025:18:33:01 +0530] "GET /188588858.htm?filesrc=%2F%2Frun%2Fcpanellogd.pid&path=%2F%2Frun HTTP/2" 200 6894 "-" "Mozilla/5.0 AppleWebKit/537.36 (KHTML, like Gecko; compatible; GPTBot/1.2; +https://openai.com/gptbot)"
20.171.207.114 - - [21/Feb/2025:18:33:02 +0530] "GET /346012679.html?path=%2F%2Flib64%2Flibnl HTTP/2" 200 7226 "-" "Mozilla/5.0 AppleWebKit/537.36 (KHTML, like Gecko; compatible; GPTBot/1.2; +https://openai.com/gptbot)"
157.55.39.62 - - [21/Feb/2025:18:33:05 +0530] "GET /course-category/accounting/?filter_course-category=89%2C114%2C121%2C286%2C207%2C76%2C148%2C229&filter_course-language=135&duration=medium HTTP/2" 301 795 "-" "Mozilla/5.0 AppleWebKit/537.36 (KHTML, like Gecko; compatible; bingbot/2.0; +http://www.bing.com/bingbot.htm) Chrome/116.0.1938.76 Safari/537.36"
20.171.207.77 - - [21/Feb/2025:18:33:04 +0530] "GET /147244444.htm?filesrc=%2F%2Fbin%2Fmake-dummy-cert&path=%2F%2Fbin HTTP/2" 200 7221 "-" "Mozilla/5.0 AppleWebKit/537.36 (KHTML, like Gecko; compatible; GPTBot/1.2; +https://openai.com/gptbot)"
20.171.207.114 - - [21/Feb/2025:18:33:05 +0530] "GET /339482067.html?path=%2F%2Flib64%2Flibnl HTTP/2" 200 7225 "-" "Mozilla/5.0 AppleWebKit/537.36 (KHTML, like Gecko; compatible; GPTBot/1.2; +https://openai.com/gptbot)"
20.171.207.77 - - [21/Feb/2025:18:33:08 +0530] "GET /147244444.htm?filesrc=%2F%2Fsbin%2Fvmcore-dmesg&path=%2F%2Fsbin HTTP/2" 200 18123 "-" "Mozilla/5.0 AppleWebKit/537.36 (KHTML, like Gecko; compatible; GPTBot/1.2; +https://openai.com/gptbot)"
20.171.207.114 - - [21/Feb/2025:18:33:09 +0530] "GET /322751140.html?path=%2F%2Flib64%2Flibnl HTTP/2" 200 7227 "-" "Mozilla/5.0 AppleWebKit/537.36 (KHTML, like Gecko; compatible; GPTBot/1.2; +https://openai.com/gptbot)"
20.171.207.77 - - [21/Feb/2025:18:33:11 +0530] "GET /188588858.htm?filesrc=%2F%2Fbin%2Fsystemd-cgls&path=%2F%2Fbin HTTP/2" 200 13190 "-" "Mozilla/5.0 AppleWebKit/537.36 (KHTML, like Gecko; compatible; GPTBot/1.2; +https://openai.com/gptbot)"
20.171.207.114 - - [21/Feb/2025:18:33:12 +0530] "GET /346012679.html?path=%2F%2Flib64%2FImageMagick-6.9.13 HTTP/2" 200 7341 "-" "Mozilla/5.0 AppleWebKit/537.36 (KHTML, like Gecko; compatible; GPTBot/1.2; +https://openai.com/gptbot)"
20.171.207.77 - - [21/Feb/2025:18:33:15 +0530] "GET /188588858.htm?filesrc=%2F%2Fbin%2Fgarb-systemd&path=%2F%2Fbin HTTP/2" 200 7434 "-" "Mozilla/5.0 AppleWebKit/537.36 (KHTML, like Gecko; compatible; GPTBot/1.2; +https://openai.com/gptbot)"
65.108.203.133 - - [21/Feb/2025:18:32:56 +0530] "GET /?filesrc=//proc/2545/task/2628/loginuid&path=//proc/2545/task/2628 HTTP/1.1" 200 20099 "-" "Mozilla/5.0 (compatible; MJ12bot/v1.4.8; http://mj12bot.com/)"
20.171.207.177 - - [21/Feb/2025:18:32:58 +0530] "GET /wordpress/wp-admin/setup-config.php?path=%2Fhome%2Fanyleson%2Fpublic_html%2Fvendor%2Fstripe%2Fstripe-php%2Flib%2FRadar HTTP/2" 200 7494 "-" "Mozilla/5.0 AppleWebKit/537.36 (KHTML, like Gecko; compatible; GPTBot/1.2; +https://openai.com/gptbot)"
20.171.207.177 - - [21/Feb/2025:18:33:01 +0530] "GET /wordpress/wp-admin/setup-config.php?path=%2Fhome%2Fanyleson%2Fpublic_html%2Fapp%2FModels%2FTraits HTTP/2" 200 7414 "-" "Mozilla/5.0 AppleWebKit/537.36 (KHTML, like Gecko; compatible; GPTBot/1.2; +https://openai.com/gptbot)"
65.108.203.133 - - [21/Feb/2025:18:33:01 +0530] "GET /?filesrc=//proc/2545/task/2628/maps&path=//proc/2545/task/2628 HTTP/1.1" 200 20047 "-" "Mozilla/5.0 (compatible; MJ12bot/v1.4.8; http://mj12bot.com/)"
20.171.207.177 - - [21/Feb/2025:18:33:05 +0530] "GET /wordpress/wp-admin/setup-config.php?path=%2Fhome%2Fanyleson%2Fpublic_html%2Fvendor%2Fbacon%2Fbacon-qr-code%2Ftest%2FIntegration HTTP/2" 200 7472 "-" "Mozilla/5.0 AppleWebKit/537.36 (KHTML, like Gecko; compatible; GPTBot/1.2; +https://openai.com/gptbot)"
65.108.203.133 - - [21/Feb/2025:18:33:06 +0530] "GET /?filesrc=//proc/2545/task/2628/mem&path=//proc/2545/task/2628 HTTP/1.1" 200 20004 "-" "Mozilla/5.0 (compatible; MJ12bot/v1.4.8; http://mj12bot.com/)"
85.208.96.209 - - [21/Feb/2025:18:33:08 +0530] "GET /155121313.html HTTP/1.1" 200 9643 "-" "Mozilla/5.0 (compatible; SemrushBot/7~bl; +http://www.semrush.com/bot.html)"
20.171.207.177 - - [21/Feb/2025:18:33:09 +0530] "GET /wordpress/wp-admin/setup-config.php?path=%2Fhome%2Fanyleson%2Fpublic_html%2Fvendor%2Fbacon%2Fbacon-qr-code%2Fsrc%2FException HTTP/2" 200 7647 "-" "Mozilla/5.0 AppleWebKit/537.36 (KHTML, like Gecko; compatible; GPTBot/1.2; +https://openai.com/gptbot)"
65.108.203.133 - - [21/Feb/2025:18:33:11 +0530] "GET /?filesrc=//proc/2545/task/2628/mountinfo&path=//proc/2545/task/2628 HTTP/1.1" 200 20965 "-" "Mozilla/5.0 (compatible; MJ12bot/v1.4.8; http://mj12bot.com/)"
20.171.207.177 - - [21/Feb/2025:18:33:12 +0530] "GET /wordpress/wp-admin/setup-config.php?path=%2Fhome%2Fanyleson%2Fpublic_html%2Fvendor%2Fbacon%2Fbacon-qr-code%2Ftest%2FEncoder HTTP/2" 200 7538 "-" "Mozilla/5.0 AppleWebKit/537.36 (KHTML, like Gecko; compatible; GPTBot/1.2; +https://openai.com/gptbot)"
20.171.207.177 - - [21/Feb/2025:18:33:15 +0530] "GET /wordpress/wp-admin/setup-config.php?path=%2Fhome%2Fanyleson%2Fpublic_html%2Fvendor%2Fbacon%2Fbacon-qr-code%2Fsrc%2FCommon HTTP/2" 200 7806 "-" "Mozilla/5.0 AppleWebKit/537.36 (KHTML, like Gecko; compatible; GPTBot/1.2; +https://openai.com/gptbot)"
65.108.203.133 - - [21/Feb/2025:18:33:15 +0530] "GET /?filesrc=//proc/2545/task/2628/mounts&path=//proc/2545/task/2628 HTTP/1.1" 200 20683 "-" "Mozilla/5.0 (compatible; MJ12bot/v1.4.8; http://mj12bot.com/)"
185.191.171.4 - - [21/Feb/2025:18:33:17 +0530] "GET /176573480.html HTTP/1.1" 200 9643 "-" "Mozilla/5.0 (compatible; SemrushBot/7~bl; +http://www.semrush.com/bot.html)"
20.171.207.177 - - [21/Feb/2025:18:33:19 +0530] "GET /wordpress/wp-admin/setup-config.php?path=%2Fhome%2Fanyleson%2Fpublic_html%2Fvendor%2Fbacon%2Fbacon-qr-code%2Ftest%2FCommon HTTP/2" 200 7681 "-" "Mozilla/5.0 AppleWebKit/537.36 (KHTML, like Gecko; compatible; GPTBot/1.2; +https://openai.com/gptbot)"
65.108.203.133 - - [21/Feb/2025:18:33:20 +0530] "GET /?filesrc=//proc/2545/task/2628/numa_maps&path=//proc/2545/task/2628 HTTP/1.1" 200 19975 "-" "Mozilla/5.0 (compatible; MJ12bot/v1.4.8; http://mj12bot.com/)"
20.171.207.177 - - [21/Feb/2025:18:33:23 +0530] "GET /wordpress/wp-admin/setup-config.php?path=%2Fhome%2Fanyleson%2Fpublic_html%2Fvendor%2Fbacon%2Fbacon-qr-code%2Fsrc%2FRenderer HTTP/2" 200 7743 "-" "Mozilla/5.0 AppleWebKit/537.36 (KHTML, like Gecko; compatible; GPTBot/1.2; +https://openai.com/gptbot)"
20.171.207.114 - - [21/Feb/2025:18:33:15 +0530] "GET /322751140.html?path=%2F%2Flib64%2FImageMagick-6.9.13 HTTP/2" 200 7342 "-" "Mozilla/5.0 AppleWebKit/537.36 (KHTML, like Gecko; compatible; GPTBot/1.2; +https://openai.com/gptbot)"
20.171.207.77 - - [21/Feb/2025:18:33:18 +0530] "GET /188588858.htm?filesrc=%2F%2Fbin%2Fquotasync&path=%2F%2Fbin HTTP/2" 200 38721 "-" "Mozilla/5.0 AppleWebKit/537.36 (KHTML, like Gecko; compatible; GPTBot/1.2; +https://openai.com/gptbot)"
20.171.207.114 - - [21/Feb/2025:18:33:19 +0530] "GET /230759403.html?path=%2F%2Flib64%2FImageMagick-6.9.13 HTTP/2" 200 7342 "-" "Mozilla/5.0 AppleWebKit/537.36 (KHTML, like Gecko; compatible; GPTBot/1.2; +https://openai.com/gptbot)"
20.171.207.114 - - [21/Feb/2025:18:33:22 +0530] "GET /339482067.html?path=%2F%2Flib64%2FImageMagick-6.9.13 HTTP/2" 200 7342 "-" "Mozilla/5.0 AppleWebKit/537.36 (KHTML, like Gecko; compatible; GPTBot/1.2; +https://openai.com/gptbot)"
20.171.207.77 - - [21/Feb/2025:18:33:22 +0530] "GET /147244444.htm?filesrc=%2F%2Fbin%2Fredis-check-aof&path=%2F%2Fbin HTTP/2" 200 715964 "-" "Mozilla/5.0 AppleWebKit/537.36 (KHTML, like Gecko; compatible; GPTBot/1.2; +https://openai.com/gptbot)"
20.171.207.114 - - [21/Feb/2025:18:33:25 +0530] "GET /322751140.html?path=%2F%2Flib64%2Fbind HTTP/2" 200 7070 "-" "Mozilla/5.0 AppleWebKit/537.36 (KHTML, like Gecko; compatible; GPTBot/1.2; +https://openai.com/gptbot)"
20.171.207.77 - - [21/Feb/2025:18:33:26 +0530] "GET /188588858.htm?filesrc=%2F%2Fbin%2Fdpkg-divert&path=%2F%2Fbin HTTP/2" 200 74025 "-" "Mozilla/5.0 AppleWebKit/537.36 (KHTML, like Gecko; compatible; GPTBot/1.2; +https://openai.com/gptbot)"
20.171.207.114 - - [21/Feb/2025:18:33:28 +0530] "GET /230759403.html?path=%2F%2Flib64%2Fpdns HTTP/2" 200 7399 "-" "Mozilla/5.0 AppleWebKit/537.36 (KHTML, like Gecko; compatible; GPTBot/1.2; +https://openai.com/gptbot)"
20.171.207.77 - - [21/Feb/2025:18:33:30 +0530] "GET /147244444.htm?filesrc=%2F%2Fbin%2FCSPUpdate&path=%2F%2Fbin HTTP/2" 200 2457314 "-" "Mozilla/5.0 AppleWebKit/537.36 (KHTML, like Gecko; compatible; GPTBot/1.2; +https://openai.com/gptbot)"
66.249.66.8 - - [21/Feb/2025:18:33:33 +0530] "GET /359107963.html HTTP/1.1" 200 18936 "-" "Mozilla/5.0 (Linux; Android 6.0.1; Nexus 5X Build/MMB29P) AppleWebKit/537.36 (KHTML, like Gecko) Chrome/133.0.6943.126 Mobile Safari/537.36 (compatible; Googlebot/2.1; +http://www.google.com/bot.html)"
20.171.207.114 - - [21/Feb/2025:18:33:32 +0530] "GET /346012679.html?path=%2F%2Flib64%2Fpdns HTTP/2" 200 7397 "-" "Mozilla/5.0 AppleWebKit/537.36 (KHTML, like Gecko; compatible; GPTBot/1.2; +https://openai.com/gptbot)"
20.171.207.77 - - [21/Feb/2025:18:33:34 +0530] "GET /188588858.htm?filesrc=%2F%2Fbin%2Fxslt-config&path=%2F%2Fbin HTTP/2" 200 7890 "-" "Mozilla/5.0 AppleWebKit/537.36 (KHTML, like Gecko; compatible; GPTBot/1.2; +https://openai.com/gptbot)"
20.171.207.114 - - [21/Feb/2025:18:33:35 +0530] "GET /339482067.html?path=%2F%2Flib64%2Fbind HTTP/2" 200 7075 "-" "Mozilla/5.0 AppleWebKit/537.36 (KHTML, like Gecko; compatible; GPTBot/1.2; +https://openai.com/gptbot)"
