66.249.68.7 - - [21/Feb/2025:16:07:44 +0530] "GET /product/edit/FHBRL1035072 HTTP/1.1" 200 19217 "-" "Mozilla/5.0 (Linux; Android 6.0.1; Nexus 5X Build/MMB29P) AppleWebKit/537.36 (KHTML, like Gecko) Chrome/133.0.6943.53 Mobile Safari/537.36 (compatible; Googlebot/2.1; +http://www.google.com/bot.html)"
20.171.207.77 - - [21/Feb/2025:16:07:44 +0530] "GET /147244444.htm?path=%2F%2Fproc%2F2663582 HTTP/2" 200 7092 "-" "Mozilla/5.0 AppleWebKit/537.36 (KHTML, like Gecko; compatible; GPTBot/1.2; +https://openai.com/gptbot)"
66.249.71.3 - - [21/Feb/2025:16:07:45 +0530] "GET /101955880.html HTTP/1.1" 200 19086 "-" "Mozilla/5.0 (Linux; Android 6.0.1; Nexus 5X Build/MMB29P) AppleWebKit/537.36 (KHTML, like Gecko) Chrome/133.0.6943.53 Mobile Safari/537.36 (compatible; Googlebot/2.1; +http://www.google.com/bot.html)"
20.171.207.77 - - [21/Feb/2025:16:07:47 +0530] "GET /147244444.htm?path=%2F%2Fproc%2F2664446 HTTP/2" 200 7090 "-" "Mozilla/5.0 AppleWebKit/537.36 (KHTML, like Gecko; compatible; GPTBot/1.2; +https://openai.com/gptbot)"
20.171.207.77 - - [21/Feb/2025:16:07:50 +0530] "GET /147244444.htm?path=%2F%2Fproc%2F2670051 HTTP/2" 200 7092 "-" "Mozilla/5.0 AppleWebKit/537.36 (KHTML, like Gecko; compatible; GPTBot/1.2; +https://openai.com/gptbot)"
20.171.207.77 - - [21/Feb/2025:16:07:53 +0530] "GET /147244444.htm?path=%2F%2Fproc%2F2663796 HTTP/2" 200 7089 "-" "Mozilla/5.0 AppleWebKit/537.36 (KHTML, like Gecko; compatible; GPTBot/1.2; +https://openai.com/gptbot)"
20.171.207.77 - - [21/Feb/2025:16:07:57 +0530] "GET /188588858.htm?path=%2F%2Fproc%2F2657635%2Fnet HTTP/2" 200 8498 "-" "Mozilla/5.0 AppleWebKit/537.36 (KHTML, like Gecko; compatible; GPTBot/1.2; +https://openai.com/gptbot)"
20.171.207.77 - - [21/Feb/2025:16:08:01 +0530] "GET /188588858.htm?filesrc=%2F%2Fproc%2F2657635%2Fcmdline&path=%2F%2Fproc%2F2657635 HTTP/2" 200 6897 "-" "Mozilla/5.0 AppleWebKit/537.36 (KHTML, like Gecko; compatible; GPTBot/1.2; +https://openai.com/gptbot)"
20.171.207.77 - - [21/Feb/2025:16:08:04 +0530] "GET /188588858.htm?filesrc=%2F%2Fproc%2F2657635%2Fenviron&path=%2F%2Fproc%2F2657635 HTTP/2" 200 6870 "-" "Mozilla/5.0 AppleWebKit/537.36 (KHTML, like Gecko; compatible; GPTBot/1.2; +https://openai.com/gptbot)"
20.171.207.77 - - [21/Feb/2025:16:08:09 +0530] "GET /188588858.htm?path=%2F%2Fproc%2F2657756%2Fnet HTTP/2" 200 8473 "-" "Mozilla/5.0 AppleWebKit/537.36 (KHTML, like Gecko; compatible; GPTBot/1.2; +https://openai.com/gptbot)"
20.171.207.77 - - [21/Feb/2025:16:08:13 +0530] "GET /188588858.htm?filesrc=%2F%2Fproc%2F2657635%2Fsessionid&path=%2F%2Fproc%2F2657635 HTTP/2" 200 6904 "-" "Mozilla/5.0 AppleWebKit/537.36 (KHTML, like Gecko; compatible; GPTBot/1.2; +https://openai.com/gptbot)"
20.171.207.77 - - [21/Feb/2025:16:08:17 +0530] "GET /188588858.htm?filesrc=%2F%2Fproc%2F2657756%2Floginuid&path=%2F%2Fproc%2F2657756 HTTP/2" 200 6909 "-" "Mozilla/5.0 AppleWebKit/537.36 (KHTML, like Gecko; compatible; GPTBot/1.2; +https://openai.com/gptbot)"
20.171.207.77 - - [21/Feb/2025:16:08:20 +0530] "GET /188588858.htm?filesrc=%2F%2Fproc%2F2657635%2Fauxv&path=%2F%2Fproc%2F2657635 HTTP/2" 200 6914 "-" "Mozilla/5.0 AppleWebKit/537.36 (KHTML, like Gecko; compatible; GPTBot/1.2; +https://openai.com/gptbot)"
85.208.96.203 - - [21/Feb/2025:16:08:21 +0530] "GET /11610289.html HTTP/1.1" 200 9642 "-" "Mozilla/5.0 (compatible; SemrushBot/7~bl; +http://www.semrush.com/bot.html)"
85.208.96.194 - - [21/Feb/2025:16:08:23 +0530] "GET /robots.txt HTTP/1.1" 200 24 "-" "Mozilla/5.0 (compatible; SemrushBot/7~bl; +http://www.semrush.com/bot.html)"
20.171.207.77 - - [21/Feb/2025:16:08:23 +0530] "GET /147244444.htm?path=%2F%2Fproc%2F2664446 HTTP/2" 200 7091 "-" "Mozilla/5.0 AppleWebKit/537.36 (KHTML, like Gecko; compatible; GPTBot/1.2; +https://openai.com/gptbot)"
85.208.96.194 - - [21/Feb/2025:16:08:25 +0530] "GET /27657789.html HTTP/1.1" 200 9646 "-" "Mozilla/5.0 (compatible; SemrushBot/7~bl; +http://www.semrush.com/bot.html)"
20.171.207.77 - - [21/Feb/2025:16:08:26 +0530] "GET /188588858.htm?filesrc=%2F%2Fproc%2F2657635%2Fpersonality&path=%2F%2Fproc%2F2657635 HTTP/2" 200 6906 "-" "Mozilla/5.0 AppleWebKit/537.36 (KHTML, like Gecko; compatible; GPTBot/1.2; +https://openai.com/gptbot)"
20.171.207.77 - - [21/Feb/2025:16:08:29 +0530] "GET /188588858.htm?filesrc=%2F%2Fproc%2F2657635%2Fautogroup&path=%2F%2Fproc%2F2657635 HTTP/2" 200 6926 "-" "Mozilla/5.0 AppleWebKit/537.36 (KHTML, like Gecko; compatible; GPTBot/1.2; +https://openai.com/gptbot)"
20.171.207.177 - - [21/Feb/2025:16:07:20 +0530] "GET /wordpress/wp-admin/setup-config.php?path=%2F%2Flib%2Fpython3.6%2Fsite-packages%2Frequests_toolbelt%2Fthreaded%2F__pycache__ HTTP/2" 200 7539 "-" "Mozilla/5.0 AppleWebKit/537.36 (KHTML, like Gecko; compatible; GPTBot/1.2; +https://openai.com/gptbot)"
85.208.96.206 - - [21/Feb/2025:16:07:22 +0530] "GET /79755179.html HTTP/1.1" 200 9645 "-" "Mozilla/5.0 (compatible; SemrushBot/7~bl; +http://www.semrush.com/bot.html)"
20.171.207.114 - - [21/Feb/2025:16:07:22 +0530] "GET /192023489.html?path=%2F%2Flib64%2Flibnl HTTP/2" 200 7225 "-" "Mozilla/5.0 AppleWebKit/537.36 (KHTML, like Gecko; compatible; GPTBot/1.2; +https://openai.com/gptbot)"
185.191.171.2 - - [21/Feb/2025:16:07:31 +0530] "GET /339695204.html HTTP/1.1" 200 9645 "-" "Mozilla/5.0 (compatible; SemrushBot/7~bl; +http://www.semrush.com/bot.html)"
185.191.171.13 - - [21/Feb/2025:16:07:35 +0530] "GET /323192872.html HTTP/1.1" 200 9646 "-" "Mozilla/5.0 (compatible; SemrushBot/7~bl; +http://www.semrush.com/bot.html)"
114.119.156.165 - - [21/Feb/2025:16:07:39 +0530] "GET /users/996/profile?id=filebaru&path=/home/anyleson/public_html/resources/views/admin/users HTTP/1.1" 200 12975 "https://anyleson.com/users/996/profile?path=/home/anyleson/public_html/resources/views/admin/users" "Mozilla/5.0 (Linux; Android 7.0;) AppleWebKit/537.36 (KHTML, like Gecko) Mobile Safari/537.36 (compatible; PetalBot;+https://webmaster.petalsearch.com/site/petalbot)"
20.171.207.114 - - [21/Feb/2025:16:07:49 +0530] "GET /127986235.html?path=%2F%2Flib64%2Flibnl HTTP/2" 200 7227 "-" "Mozilla/5.0 AppleWebKit/537.36 (KHTML, like Gecko; compatible; GPTBot/1.2; +https://openai.com/gptbot)"
20.171.207.177 - - [21/Feb/2025:16:07:50 +0530] "GET /wordpress/wp-admin/setup-config.php?path=%2F%2Flib%2Fpython3.6%2Fsite-packages%2Fpyudev%2F__pycache__ HTTP/2" 200 7806 "-" "Mozilla/5.0 AppleWebKit/537.36 (KHTML, like Gecko; compatible; GPTBot/1.2; +https://openai.com/gptbot)"
85.208.96.205 - - [21/Feb/2025:16:07:57 +0530] "GET /359271320.html HTTP/1.1" 200 9644 "-" "Mozilla/5.0 (compatible; SemrushBot/7~bl; +http://www.semrush.com/bot.html)"
85.208.96.209 - - [21/Feb/2025:16:08:05 +0530] "GET /365456616.html HTTP/1.1" 200 9644 "-" "Mozilla/5.0 (compatible; SemrushBot/7~bl; +http://www.semrush.com/bot.html)"
20.171.207.114 - - [21/Feb/2025:16:08:12 +0530] "GET /313768994.html?path=%2F%2Flib64%2Flibnl HTTP/2" 200 7223 "-" "Mozilla/5.0 AppleWebKit/537.36 (KHTML, like Gecko; compatible; GPTBot/1.2; +https://openai.com/gptbot)"
20.171.207.177 - - [21/Feb/2025:16:08:18 +0530] "GET /wordpress/wp-admin/setup-config.php?path=%2F%2Flib%2Fpython3.6%2Fsite-packages%2Fpyudev%2Fdevice HTTP/2" 200 7571 "-" "Mozilla/5.0 AppleWebKit/537.36 (KHTML, like Gecko; compatible; GPTBot/1.2; +https://openai.com/gptbot)"
20.171.207.114 - - [21/Feb/2025:16:08:33 +0530] "GET /327541286.html?path=%2F%2Flib64%2Flibnl HTTP/2" 200 7227 "-" "Mozilla/5.0 AppleWebKit/537.36 (KHTML, like Gecko; compatible; GPTBot/1.2; +https://openai.com/gptbot)"
20.171.207.177 - - [21/Feb/2025:16:08:43 +0530] "GET /wordpress/wp-admin/setup-config.php?path=%2F%2Flib%2Fpython3.6%2Fsite-packages%2Fptyprocess%2F__pycache__ HTTP/2" 200 7593 "-" "Mozilla/5.0 AppleWebKit/537.36 (KHTML, like Gecko; compatible; GPTBot/1.2; +https://openai.com/gptbot)"
85.208.96.210 - - [21/Feb/2025:16:08:51 +0530] "GET /13834538.html HTTP/1.1" 200 9646 "-" "Mozilla/5.0 (compatible; SemrushBot/7~bl; +http://www.semrush.com/bot.html)"
20.171.207.114 - - [21/Feb/2025:16:08:53 +0530] "GET /251485699.html?path=%2F%2Flib64%2Flibnl HTTP/2" 200 7226 "-" "Mozilla/5.0 AppleWebKit/537.36 (KHTML, like Gecko; compatible; GPTBot/1.2; +https://openai.com/gptbot)"
20.171.207.177 - - [21/Feb/2025:16:09:06 +0530] "GET /wordpress/wp-admin/setup-config.php?path=%2F%2Flib%2Fpython3.6%2Fsite-packages%2Fwebencodings%2F__pycache__ HTTP/2" 200 7701 "-" "Mozilla/5.0 AppleWebKit/537.36 (KHTML, like Gecko; compatible; GPTBot/1.2; +https://openai.com/gptbot)"
85.208.96.200 - - [21/Feb/2025:16:08:32 +0530] "GET /140309536.html HTTP/1.1" 200 9647 "-" "Mozilla/5.0 (compatible; SemrushBot/7~bl; +http://www.semrush.com/bot.html)"
20.171.207.77 - - [21/Feb/2025:16:08:33 +0530] "GET /188588858.htm?filesrc=%2F%2Fproc%2F2657756%2Fpersonality&path=%2F%2Fproc%2F2657756 HTTP/2" 200 6907 "-" "Mozilla/5.0 AppleWebKit/537.36 (KHTML, like Gecko; compatible; GPTBot/1.2; +https://openai.com/gptbot)"
20.171.207.77 - - [21/Feb/2025:16:08:36 +0530] "GET /147244444.htm?id=cmd&path=%2F%2Fproc%2F2664446 HTTP/2" 200 7308 "-" "Mozilla/5.0 AppleWebKit/537.36 (KHTML, like Gecko; compatible; GPTBot/1.2; +https://openai.com/gptbot)"
20.171.207.77 - - [21/Feb/2025:16:08:40 +0530] "GET /188588858.htm?filesrc=%2F%2Fproc%2F2657635%2Fsetgroups&path=%2F%2Fproc%2F2657635 HTTP/2" 200 6858 "-" "Mozilla/5.0 AppleWebKit/537.36 (KHTML, like Gecko; compatible; GPTBot/1.2; +https://openai.com/gptbot)"
20.171.207.77 - - [21/Feb/2025:16:08:43 +0530] "GET /188588858.htm?filesrc=%2F%2Fproc%2F2657635%2Fmountstats&path=%2F%2Fproc%2F2657635 HTTP/2" 200 6904 "-" "Mozilla/5.0 AppleWebKit/537.36 (KHTML, like Gecko; compatible; GPTBot/1.2; +https://openai.com/gptbot)"
20.171.207.77 - - [21/Feb/2025:16:08:46 +0530] "GET /188588858.htm?filesrc=%2F%2Fproc%2F2657635%2Fmounts&path=%2F%2Fproc%2F2657635 HTTP/2" 200 7629 "-" "Mozilla/5.0 AppleWebKit/537.36 (KHTML, like Gecko; compatible; GPTBot/1.2; +https://openai.com/gptbot)"
20.171.207.77 - - [21/Feb/2025:16:08:50 +0530] "GET /188588858.htm?filesrc=%2F%2Fproc%2F2657635%2Fmountinfo&path=%2F%2Fproc%2F2657635 HTTP/2" 200 8017 "-" "Mozilla/5.0 AppleWebKit/537.36 (KHTML, like Gecko; compatible; GPTBot/1.2; +https://openai.com/gptbot)"
20.171.207.77 - - [21/Feb/2025:16:08:54 +0530] "GET /188588858.htm?path=%2F%2Fproc%2F2657635%2Fnet%2Fdev_snmp6 HTTP/2" 200 7316 "-" "Mozilla/5.0 AppleWebKit/537.36 (KHTML, like Gecko; compatible; GPTBot/1.2; +https://openai.com/gptbot)"
20.171.207.77 - - [21/Feb/2025:16:08:57 +0530] "GET /188588858.htm?filesrc=%2F%2Fproc%2F2657635%2Foom_score_adj&path=%2F%2Fproc%2F2657635 HTTP/2" 200 6905 "-" "Mozilla/5.0 AppleWebKit/537.36 (KHTML, like Gecko; compatible; GPTBot/1.2; +https://openai.com/gptbot)"
20.171.207.77 - - [21/Feb/2025:16:09:01 +0530] "GET /188588858.htm?path=%2F%2Fproc%2F2657756%2Fnet%2Fdev_snmp6 HTTP/2" 200 7319 "-" "Mozilla/5.0 AppleWebKit/537.36 (KHTML, like Gecko; compatible; GPTBot/1.2; +https://openai.com/gptbot)"
20.171.207.77 - - [21/Feb/2025:16:09:04 +0530] "GET /188588858.htm?filesrc=%2F%2Fproc%2F2657635%2Fnuma_maps&path=%2F%2Fproc%2F2657635 HTTP/2" 200 6907 "-" "Mozilla/5.0 AppleWebKit/537.36 (KHTML, like Gecko; compatible; GPTBot/1.2; +https://openai.com/gptbot)"
85.208.96.194 - - [21/Feb/2025:16:09:05 +0530] "GET /331063221.html HTTP/1.1" 200 9648 "-" "Mozilla/5.0 (compatible; SemrushBot/7~bl; +http://www.semrush.com/bot.html)"
20.171.207.77 - - [21/Feb/2025:16:09:08 +0530] "GET /188588858.htm?id=info&path=%2F%2Fproc%2F2657635%2Fnet HTTP/2" 200 8855 "-" "Mozilla/5.0 AppleWebKit/537.36 (KHTML, like Gecko; compatible; GPTBot/1.2; +https://openai.com/gptbot)"
20.171.207.77 - - [21/Feb/2025:16:09:12 +0530] "GET /188588858.htm?filesrc=%2F%2Fproc%2F2657756%2Fpagemap&path=%2F%2Fproc%2F2657756 HTTP/2" 200 6869 "-" "Mozilla/5.0 AppleWebKit/537.36 (KHTML, like Gecko; compatible; GPTBot/1.2; +https://openai.com/gptbot)"
185.191.171.4 - - [21/Feb/2025:16:09:14 +0530] "GET /365095449.html HTTP/1.1" 200 9647 "-" "Mozilla/5.0 (compatible; SemrushBot/7~bl; +http://www.semrush.com/bot.html)"
20.171.207.77 - - [21/Feb/2025:16:09:16 +0530] "GET /188588858.htm?filesrc=%2F%2Fproc%2F2657756%2Fstack&path=%2F%2Fproc%2F2657756 HTTP/2" 200 6888 "-" "Mozilla/5.0 AppleWebKit/537.36 (KHTML, like Gecko; compatible; GPTBot/1.2; +https://openai.com/gptbot)"
20.171.207.77 - - [21/Feb/2025:16:09:20 +0530] "GET /188588858.htm?filesrc=%2F%2Fproc%2F2657756%2Ftimers&path=%2F%2Fproc%2F2657756 HTTP/2" 200 6875 "-" "Mozilla/5.0 AppleWebKit/537.36 (KHTML, like Gecko; compatible; GPTBot/1.2; +https://openai.com/gptbot)"
20.171.207.77 - - [21/Feb/2025:16:09:23 +0530] "GET /188588858.htm?filesrc=%2F%2Fproc%2F2657756%2Fsessionid&path=%2F%2Fproc%2F2657756 HTTP/2" 200 6903 "-" "Mozilla/5.0 AppleWebKit/537.36 (KHTML, like Gecko; compatible; GPTBot/1.2; +https://openai.com/gptbot)"
20.171.207.77 - - [21/Feb/2025:16:09:26 +0530] "GET /188588858.htm?filesrc=%2F%2Fproc%2F2657635%2Fsched&path=%2F%2Fproc%2F2657635 HTTP/2" 200 7292 "-" "Mozilla/5.0 AppleWebKit/537.36 (KHTML, like Gecko; compatible; GPTBot/1.2; +https://openai.com/gptbot)"
20.171.207.77 - - [21/Feb/2025:16:09:30 +0530] "GET /188588858.htm?filesrc=%2F%2Fproc%2F2657635%2Fwchan&path=%2F%2Fproc%2F2657635 HTTP/2" 200 6874 "-" "Mozilla/5.0 AppleWebKit/537.36 (KHTML, like Gecko; compatible; GPTBot/1.2; +https://openai.com/gptbot)"
20.171.207.77 - - [21/Feb/2025:16:09:33 +0530] "GET /188588858.htm?filesrc=%2F%2Fproc%2F2657756%2Fschedstat&path=%2F%2Fproc%2F2657756 HTTP/2" 200 6939 "-" "Mozilla/5.0 AppleWebKit/537.36 (KHTML, like Gecko; compatible; GPTBot/1.2; +https://openai.com/gptbot)"
20.171.207.77 - - [21/Feb/2025:16:09:36 +0530] "GET /188588858.htm?id=filebaru&path=%2F%2Fproc%2F2657635%2Fnet%2Fdev_snmp6 HTTP/2" 200 7568 "-" "Mozilla/5.0 AppleWebKit/537.36 (KHTML, like Gecko; compatible; GPTBot/1.2; +https://openai.com/gptbot)"
20.171.207.77 - - [21/Feb/2025:16:09:40 +0530] "GET /188588858.htm?filesrc=%2F%2Fproc%2F2657635%2Fstat&path=%2F%2Fproc%2F2657635 HTTP/2" 200 6972 "-" "Mozilla/5.0 AppleWebKit/537.36 (KHTML, like Gecko; compatible; GPTBot/1.2; +https://openai.com/gptbot)"
20.171.207.77 - - [21/Feb/2025:16:09:43 +0530] "GET /188588858.htm?filesrc=%2F%2Fproc%2F2657635%2Fcomm&path=%2F%2Fproc%2F2657635 HTTP/2" 200 6904 "-" "Mozilla/5.0 AppleWebKit/537.36 (KHTML, like Gecko; compatible; GPTBot/1.2; +https://openai.com/gptbot)"
20.171.207.77 - - [21/Feb/2025:16:09:47 +0530] "GET /188588858.htm?filesrc=%2F%2Fproc%2F2657635%2Fstatm&path=%2F%2Fproc%2F2657635 HTTP/2" 200 6915 "-" "Mozilla/5.0 AppleWebKit/537.36 (KHTML, like Gecko; compatible; GPTBot/1.2; +https://openai.com/gptbot)"
85.208.96.211 - - [21/Feb/2025:16:09:49 +0530] "GET /356747081.html HTTP/1.1" 200 9648 "-" "Mozilla/5.0 (compatible; SemrushBot/7~bl; +http://www.semrush.com/bot.html)"
20.171.207.77 - - [21/Feb/2025:16:09:50 +0530] "GET /188588858.htm?id=filebaru&path=%2F%2Fproc%2F2657756%2Fnet%2Fdev_snmp6 HTTP/2" 200 7569 "-" "Mozilla/5.0 AppleWebKit/537.36 (KHTML, like Gecko; compatible; GPTBot/1.2; +https://openai.com/gptbot)"
20.171.207.77 - - [21/Feb/2025:16:09:53 +0530] "GET /188588858.htm?filesrc=%2F%2Fproc%2F2657756%2Fauxv&path=%2F%2Fproc%2F2657756 HTTP/2" 200 6913 "-" "Mozilla/5.0 AppleWebKit/537.36 (KHTML, like Gecko; compatible; GPTBot/1.2; +https://openai.com/gptbot)"
85.208.96.206 - - [21/Feb/2025:16:09:57 +0530] "GET /219468382.html HTTP/1.1" 200 9645 "-" "Mozilla/5.0 (compatible; SemrushBot/7~bl; +http://www.semrush.com/bot.html)"
20.171.207.77 - - [21/Feb/2025:16:09:57 +0530] "GET /188588858.htm?filesrc=%2F%2Fproc%2F2657756%2Fautogroup&path=%2F%2Fproc%2F2657756 HTTP/2" 200 6928 "-" "Mozilla/5.0 AppleWebKit/537.36 (KHTML, like Gecko; compatible; GPTBot/1.2; +https://openai.com/gptbot)"
20.171.207.77 - - [21/Feb/2025:16:10:01 +0530] "GET /188588858.htm?filesrc=%2F%2Fproc%2F2657756%2Fstatus&path=%2F%2Fproc%2F2657756 HTTP/2" 200 7349 "-" "Mozilla/5.0 AppleWebKit/537.36 (KHTML, like Gecko; compatible; GPTBot/1.2; +https://openai.com/gptbot)"
85.208.96.198 - - [21/Feb/2025:16:10:05 +0530] "GET /222497102.html HTTP/1.1" 200 9647 "-" "Mozilla/5.0 (compatible; SemrushBot/7~bl; +http://www.semrush.com/bot.html)"
20.171.207.77 - - [21/Feb/2025:16:10:05 +0530] "GET /188588858.htm?filesrc=%2F%2Fproc%2F2657635%2Flimits&path=%2F%2Fproc%2F2657635 HTTP/2" 200 7169 "-" "Mozilla/5.0 AppleWebKit/537.36 (KHTML, like Gecko; compatible; GPTBot/1.2; +https://openai.com/gptbot)"
20.171.207.77 - - [21/Feb/2025:16:10:08 +0530] "GET /188588858.htm?filesrc=%2F%2Fproc%2F2657756%2Fmountinfo&path=%2F%2Fproc%2F2657756 HTTP/2" 200 8068 "-" "Mozilla/5.0 AppleWebKit/537.36 (KHTML, like Gecko; compatible; GPTBot/1.2; +https://openai.com/gptbot)"
20.171.207.114 - - [21/Feb/2025:16:09:09 +0530] "GET /251485699.html?path=%2F%2Flib64%2FImageMagick-6.9.13 HTTP/2" 200 7339 "-" "Mozilla/5.0 AppleWebKit/537.36 (KHTML, like Gecko; compatible; GPTBot/1.2; +https://openai.com/gptbot)"
207.46.13.54 - - [21/Feb/2025:16:09:16 +0530] "GET /course-category/art-design/?filter_course-category=76%2C121%2C148&level=all_levels&price_type=paid HTTP/2" 301 795 "-" "Mozilla/5.0 AppleWebKit/537.36 (KHTML, like Gecko; compatible; bingbot/2.0; +http://www.bing.com/bingbot.htm) Chrome/116.0.1938.76 Safari/537.36"
20.171.207.114 - - [21/Feb/2025:16:09:24 +0530] "GET /327541286.html?path=%2F%2Flib64%2FImageMagick-6.9.13 HTTP/2" 200 7339 "-" "Mozilla/5.0 AppleWebKit/537.36 (KHTML, like Gecko; compatible; GPTBot/1.2; +https://openai.com/gptbot)"
66.249.71.2 - - [21/Feb/2025:16:09:24 +0530] "GET /234173132.html HTTP/1.1" 200 19334 "-" "Mozilla/5.0 (Linux; Android 6.0.1; Nexus 5X Build/MMB29P) AppleWebKit/537.36 (KHTML, like Gecko) Chrome/133.0.6943.53 Mobile Safari/537.36 (compatible; Googlebot/2.1; +http://www.google.com/bot.html)"
20.171.207.177 - - [21/Feb/2025:16:09:27 +0530] "GET /wordpress/wp-admin/setup-config.php?path=%2F%2Flib%2Fpython3.6%2Fsite-packages%2Fpyudev%2F_ctypeslib HTTP/2" 200 7652 "-" "Mozilla/5.0 AppleWebKit/537.36 (KHTML, like Gecko; compatible; GPTBot/1.2; +https://openai.com/gptbot)"
95.108.213.102 - - [21/Feb/2025:16:09:31 +0530] "GET /courses/build-enterprise-applications-with-angular-2-and-angular-4/lesson/005-adding-firebase/ HTTP/1.1" 301 795 "-" "Mozilla/5.0 (compatible; YandexBot/3.0; +http://yandex.com/bots)"
185.191.171.7 - - [21/Feb/2025:16:09:31 +0530] "GET /150641637.html HTTP/1.1" 200 9644 "-" "Mozilla/5.0 (compatible; SemrushBot/7~bl; +http://www.semrush.com/bot.html)"
20.171.207.114 - - [21/Feb/2025:16:09:38 +0530] "GET /192023489.html?id=deface&path=%2F%2Flib64%2Fapr-1 HTTP/2" 200 7558 "-" "Mozilla/5.0 AppleWebKit/537.36 (KHTML, like Gecko; compatible; GPTBot/1.2; +https://openai.com/gptbot)"
20.171.207.177 - - [21/Feb/2025:16:09:46 +0530] "GET /wordpress/wp-admin/setup-config.php?filesrc=%2F%2Flib%2Fpython3.6%2Fsite-packages%2Frequests_toolbelt%2Futils%2F__pycache__%2F__init__.cpython-36.pyc&path=%2F%2Flib%2Fpython3.6%2Fsite-packages%2Frequests_toolbelt%2Futils%2F__pycache__ HTTP/2" 200 7101 "-" "Mozilla/5.0 AppleWebKit/537.36 (KHTML, like Gecko; compatible; GPTBot/1.2; +https://openai.com/gptbot)"
20.171.207.114 - - [21/Feb/2025:16:09:50 +0530] "GET /127986235.html?path=%2F%2Flib64%2FImageMagick-6.9.13 HTTP/2" 200 7340 "-" "Mozilla/5.0 AppleWebKit/537.36 (KHTML, like Gecko; compatible; GPTBot/1.2; +https://openai.com/gptbot)"
20.171.207.114 - - [21/Feb/2025:16:10:01 +0530] "GET /313768994.html?path=%2F%2Flib64%2FImageMagick-6.9.13 HTTP/2" 200 7340 "-" "Mozilla/5.0 AppleWebKit/537.36 (KHTML, like Gecko; compatible; GPTBot/1.2; +https://openai.com/gptbot)"
20.171.207.177 - - [21/Feb/2025:16:10:03 +0530] "GET /wordpress/wp-admin/setup-config.php?filesrc=%2F%2Flib%2Fpython3.6%2Fsite-packages%2Frequests%2Fpackages.py&path=%2F%2Flib%2Fpython3.6%2Fsite-packages%2Frequests HTTP/2" 200 7256 "-" "Mozilla/5.0 AppleWebKit/537.36 (KHTML, like Gecko; compatible; GPTBot/1.2; +https://openai.com/gptbot)"
20.171.207.114 - - [21/Feb/2025:16:10:11 +0530] "GET /192023489.html?path=%2F%2Flib64%2FImageMagick-6.9.13 HTTP/2" 200 7339 "-" "Mozilla/5.0 AppleWebKit/537.36 (KHTML, like Gecko; compatible; GPTBot/1.2; +https://openai.com/gptbot)"
20.171.207.177 - - [21/Feb/2025:16:10:18 +0530] "GET /wordpress/wp-admin/setup-config.php?path=%2F%2Flib%2Fpython3.6%2Fsite-packages%2Frequests%2F__pycache__ HTTP/2" 200 8237 "-" "Mozilla/5.0 AppleWebKit/537.36 (KHTML, like Gecko; compatible; GPTBot/1.2; +https://openai.com/gptbot)"
20.171.207.114 - - [21/Feb/2025:16:10:19 +0530] "GET /192023489.html?path=%2F%2Flib64%2Fbind HTTP/2" 200 7077 "-" "Mozilla/5.0 AppleWebKit/537.36 (KHTML, like Gecko; compatible; GPTBot/1.2; +https://openai.com/gptbot)"
20.171.207.77 - - [21/Feb/2025:16:10:13 +0530] "GET /188588858.htm?filesrc=%2F%2Fproc%2F2657635%2Fsmaps&path=%2F%2Fproc%2F2657635 HTTP/2" 200 6889 "-" "Mozilla/5.0 AppleWebKit/537.36 (KHTML, like Gecko; compatible; GPTBot/1.2; +https://openai.com/gptbot)"
20.171.207.77 - - [21/Feb/2025:16:10:16 +0530] "GET /188588858.htm?filesrc=%2F%2Fproc%2F2657756%2Fwchan&path=%2F%2Fproc%2F2657756 HTTP/2" 200 6876 "-" "Mozilla/5.0 AppleWebKit/537.36 (KHTML, like Gecko; compatible; GPTBot/1.2; +https://openai.com/gptbot)"
20.171.207.77 - - [21/Feb/2025:16:10:20 +0530] "GET /188588858.htm?filesrc=%2F%2Fproc%2F2657635%2Fpagemap&path=%2F%2Fproc%2F2657635 HTTP/2" 200 6867 "-" "Mozilla/5.0 AppleWebKit/537.36 (KHTML, like Gecko; compatible; GPTBot/1.2; +https://openai.com/gptbot)"
20.171.207.77 - - [21/Feb/2025:16:10:22 +0530] "GET /188588858.htm?filesrc=%2F%2Fproc%2F2657756%2Fcpuset&path=%2F%2Fproc%2F2657756 HTTP/2" 200 6920 "-" "Mozilla/5.0 AppleWebKit/537.36 (KHTML, like Gecko; compatible; GPTBot/1.2; +https://openai.com/gptbot)"
20.171.207.77 - - [21/Feb/2025:16:10:27 +0530] "GET /188588858.htm?filesrc=%2F%2Fproc%2F2657756%2Fmaps&path=%2F%2Fproc%2F2657756 HTTP/2" 200 6912 "-" "Mozilla/5.0 AppleWebKit/537.36 (KHTML, like Gecko; compatible; GPTBot/1.2; +https://openai.com/gptbot)"
20.171.207.77 - - [21/Feb/2025:16:10:31 +0530] "GET /188588858.htm?filesrc=%2F%2Fproc%2F2657756%2Flimits&path=%2F%2Fproc%2F2657756 HTTP/2" 200 7172 "-" "Mozilla/5.0 AppleWebKit/537.36 (KHTML, like Gecko; compatible; GPTBot/1.2; +https://openai.com/gptbot)"
20.171.207.77 - - [21/Feb/2025:16:10:35 +0530] "GET /188588858.htm?filesrc=%2F%2Fproc%2F2657635%2Fsyscall&path=%2F%2Fproc%2F2657635 HTTP/2" 200 6868 "-" "Mozilla/5.0 AppleWebKit/537.36 (KHTML, like Gecko; compatible; GPTBot/1.2; +https://openai.com/gptbot)"
20.171.207.77 - - [21/Feb/2025:16:10:38 +0530] "GET /188588858.htm?filesrc=%2F%2Fproc%2F2657756%2Fmountstats&path=%2F%2Fproc%2F2657756 HTTP/2" 200 6905 "-" "Mozilla/5.0 AppleWebKit/537.36 (KHTML, like Gecko; compatible; GPTBot/1.2; +https://openai.com/gptbot)"
20.171.207.77 - - [21/Feb/2025:16:10:42 +0530] "GET /188588858.htm?filesrc=%2F%2Fproc%2F2657635%2Fstack&path=%2F%2Fproc%2F2657635 HTTP/2" 200 6892 "-" "Mozilla/5.0 AppleWebKit/537.36 (KHTML, like Gecko; compatible; GPTBot/1.2; +https://openai.com/gptbot)"
20.171.207.77 - - [21/Feb/2025:16:10:45 +0530] "GET /188588858.htm?filesrc=%2F%2Fproc%2F2657756%2Fsyscall&path=%2F%2Fproc%2F2657756 HTTP/2" 200 6867 "-" "Mozilla/5.0 AppleWebKit/537.36 (KHTML, like Gecko; compatible; GPTBot/1.2; +https://openai.com/gptbot)"
20.171.207.77 - - [21/Feb/2025:16:10:49 +0530] "GET /188588858.htm?filesrc=%2F%2Fproc%2F2657635%2Fschedstat&path=%2F%2Fproc%2F2657635 HTTP/2" 200 6922 "-" "Mozilla/5.0 AppleWebKit/537.36 (KHTML, like Gecko; compatible; GPTBot/1.2; +https://openai.com/gptbot)"
20.171.207.77 - - [21/Feb/2025:16:10:53 +0530] "GET /188588858.htm?filesrc=%2F%2Fproc%2F2657756%2Fstatm&path=%2F%2Fproc%2F2657756 HTTP/2" 200 6908 "-" "Mozilla/5.0 AppleWebKit/537.36 (KHTML, like Gecko; compatible; GPTBot/1.2; +https://openai.com/gptbot)"
20.171.207.77 - - [21/Feb/2025:16:10:56 +0530] "GET /188588858.htm?filesrc=%2F%2Fproc%2F2657756%2Fsmaps&path=%2F%2Fproc%2F2657756 HTTP/2" 200 6891 "-" "Mozilla/5.0 AppleWebKit/537.36 (KHTML, like Gecko; compatible; GPTBot/1.2; +https://openai.com/gptbot)"
20.171.207.77 - - [21/Feb/2025:16:11:00 +0530] "GET /188588858.htm?filesrc=%2F%2Fproc%2F2657756%2Fcgroup&path=%2F%2Fproc%2F2657756 HTTP/2" 200 7037 "-" "Mozilla/5.0 AppleWebKit/537.36 (KHTML, like Gecko; compatible; GPTBot/1.2; +https://openai.com/gptbot)"
20.171.207.77 - - [21/Feb/2025:16:11:04 +0530] "GET /188588858.htm?filesrc=%2F%2Fproc%2F2657756%2Fcomm&path=%2F%2Fproc%2F2657756 HTTP/2" 200 6873 "-" "Mozilla/5.0 AppleWebKit/537.36 (KHTML, like Gecko; compatible; GPTBot/1.2; +https://openai.com/gptbot)"
20.171.207.114 - - [21/Feb/2025:16:10:27 +0530] "GET /192023489.html?path=%2F%2Flib64%2Fgawk HTTP/2" 200 7652 "-" "Mozilla/5.0 AppleWebKit/537.36 (KHTML, like Gecko; compatible; GPTBot/1.2; +https://openai.com/gptbot)"
20.171.207.177 - - [21/Feb/2025:16:10:31 +0530] "GET /wordpress/wp-admin/setup-config.php?path=%2F%2Flib%2Fpython3.6%2Fsite-packages%2Fsepolicy%2F__pycache__ HTTP/2" 200 7900 "-" "Mozilla/5.0 AppleWebKit/537.36 (KHTML, like Gecko; compatible; GPTBot/1.2; +https://openai.com/gptbot)"
20.171.207.114 - - [21/Feb/2025:16:10:34 +0530] "GET /251485699.html?path=%2F%2Flib64%2Fpdns HTTP/2" 200 7395 "-" "Mozilla/5.0 AppleWebKit/537.36 (KHTML, like Gecko; compatible; GPTBot/1.2; +https://openai.com/gptbot)"
20.171.207.114 - - [21/Feb/2025:16:10:41 +0530] "GET /192023489.html?path=%2F%2Flib64%2Fpdns HTTP/2" 200 7399 "-" "Mozilla/5.0 AppleWebKit/537.36 (KHTML, like Gecko; compatible; GPTBot/1.2; +https://openai.com/gptbot)"
20.171.207.177 - - [21/Feb/2025:16:10:42 +0530] "GET /wordpress/wp-admin/setup-config.php?path=%2F%2Flib%2Fpython3.6%2Fsite-packages%2Fsepolicy%2Fhelp HTTP/2" 200 9186 "-" "Mozilla/5.0 AppleWebKit/537.36 (KHTML, like Gecko; compatible; GPTBot/1.2; +https://openai.com/gptbot)"
20.171.207.114 - - [21/Feb/2025:16:10:47 +0530] "GET /313768994.html?path=%2F%2Flib64%2Fpdns HTTP/2" 200 7392 "-" "Mozilla/5.0 AppleWebKit/537.36 (KHTML, like Gecko; compatible; GPTBot/1.2; +https://openai.com/gptbot)"
85.208.96.202 - - [21/Feb/2025:16:10:50 +0530] "GET /187659486.html HTTP/1.1" 200 9647 "-" "Mozilla/5.0 (compatible; SemrushBot/7~bl; +http://www.semrush.com/bot.html)"
20.171.207.114 - - [21/Feb/2025:16:10:52 +0530] "GET /251485699.html?id=deface&path=%2F%2Flib64%2FImageMagick-6.9.13 HTTP/2" 200 7635 "-" "Mozilla/5.0 AppleWebKit/537.36 (KHTML, like Gecko; compatible; GPTBot/1.2; +https://openai.com/gptbot)"
20.171.207.177 - - [21/Feb/2025:16:10:54 +0530] "GET /wordpress/wp-admin/setup-config.php?path=%2F%2Flib%2Fpython3.6%2Fsite-packages%2Fsepolicy%2Ftemplates HTTP/2" 200 8014 "-" "Mozilla/5.0 AppleWebKit/537.36 (KHTML, like Gecko; compatible; GPTBot/1.2; +https://openai.com/gptbot)"
20.171.207.114 - - [21/Feb/2025:16:10:57 +0530] "GET /327541286.html?id=deface&path=%2F%2Flib64%2FImageMagick-6.9.13 HTTP/2" 200 7629 "-" "Mozilla/5.0 AppleWebKit/537.36 (KHTML, like Gecko; compatible; GPTBot/1.2; +https://openai.com/gptbot)"
85.208.96.212 - - [21/Feb/2025:16:10:59 +0530] "GET /85985539.html HTTP/1.1" 200 9650 "-" "Mozilla/5.0 (compatible; SemrushBot/7~bl; +http://www.semrush.com/bot.html)"
20.171.207.114 - - [21/Feb/2025:16:11:01 +0530] "GET /251485699.html?id=delete&path=%2F%2Flib64%2FImageMagick-6.9.13 HTTP/2" 200 7525 "-" "Mozilla/5.0 AppleWebKit/537.36 (KHTML, like Gecko; compatible; GPTBot/1.2; +https://openai.com/gptbot)"
20.171.207.177 - - [21/Feb/2025:16:11:04 +0530] "GET /wordpress/wp-admin/setup-config.php?path=%2F%2Flib64%2Fpython3.6%2Fsite-packages%2Fpygtkcompat HTTP/2" 200 7563 "-" "Mozilla/5.0 AppleWebKit/537.36 (KHTML, like Gecko; compatible; GPTBot/1.2; +https://openai.com/gptbot)"
20.171.207.114 - - [21/Feb/2025:16:11:06 +0530] "GET /127986235.html?id=deface&path=%2F%2Flib64%2FImageMagick-6.9.13 HTTP/2" 200 7630 "-" "Mozilla/5.0 AppleWebKit/537.36 (KHTML, like Gecko; compatible; GPTBot/1.2; +https://openai.com/gptbot)"
20.171.207.114 - - [21/Feb/2025:16:11:08 +0530] "GET /313768994.html?id=dirbaru&path=%2F%2Flib64%2FImageMagick-6.9.13 HTTP/2" 200 7494 "-" "Mozilla/5.0 AppleWebKit/537.36 (KHTML, like Gecko; compatible; GPTBot/1.2; +https://openai.com/gptbot)"
18.224.63.20 - - [21/Feb/2025:16:11:09 +0530] "GET /pages/privacy-policy?id=filebaru&path=%2Fhome%2Fanyleson%2Fpublic_html%2Fpublic HTTP/2" 200 9526 "-" "Mozilla/5.0 AppleWebKit/537.36 (KHTML, like Gecko; compatible; ClaudeBot/1.0; +claudebot@anthropic.com)"
20.171.207.114 - - [21/Feb/2025:16:11:12 +0530] "GET /192023489.html?id=dirbaru&path=%2F%2Flib64%2FImageMagick-6.9.13 HTTP/2" 200 7493 "-" "Mozilla/5.0 AppleWebKit/537.36 (KHTML, like Gecko; compatible; GPTBot/1.2; +https://openai.com/gptbot)"
20.171.207.177 - - [21/Feb/2025:16:11:13 +0530] "GET /wordpress/wp-admin/setup-config.php?path=%2F%2Flib%2Fpython3.6%2Fsite-packages%2Fpyudev%2Fdevice%2F__pycache__ HTTP/2" 200 7569 "-" "Mozilla/5.0 AppleWebKit/537.36 (KHTML, like Gecko; compatible; GPTBot/1.2; +https://openai.com/gptbot)"
20.171.207.114 - - [21/Feb/2025:16:11:16 +0530] "GET /127986235.html?id=delete&path=%2F%2Flib64%2FImageMagick-6.9.13 HTTP/2" 200 7521 "-" "Mozilla/5.0 AppleWebKit/537.36 (KHTML, like Gecko; compatible; GPTBot/1.2; +https://openai.com/gptbot)"
20.171.207.114 - - [21/Feb/2025:16:11:19 +0530] "GET /192023489.html?filesrc=%2F%2Flib64%2Fgawk%2Fordchr.so&path=%2F%2Flib64%2Fgawk HTTP/2" 200 10639 "-" "Mozilla/5.0 AppleWebKit/537.36 (KHTML, like Gecko; compatible; GPTBot/1.2; +https://openai.com/gptbot)"
20.171.207.177 - - [21/Feb/2025:16:11:21 +0530] "GET /wordpress/wp-admin/setup-config.php?path=%2F%2Flib%2Fkbd%2Fkeymaps%2Flegacy%2Fatari HTTP/2" 200 7437 "-" "Mozilla/5.0 AppleWebKit/537.36 (KHTML, like Gecko; compatible; GPTBot/1.2; +https://openai.com/gptbot)"
20.171.207.114 - - [21/Feb/2025:16:11:22 +0530] "GET /251485699.html?id=upload&path=%2F%2Flib64%2FImageMagick-6.9.13 HTTP/2" 200 7474 "-" "Mozilla/5.0 AppleWebKit/537.36 (KHTML, like Gecko; compatible; GPTBot/1.2; +https://openai.com/gptbot)"
3.16.66.34 - - [21/Feb/2025:16:11:25 +0530] "GET /pages/privacy-policy?id=info&path=%2Fhome%2Fanyleson%2Fpublic_html%2Fpublic HTTP/2" 200 9685 "-" "Mozilla/5.0 AppleWebKit/537.36 (KHTML, like Gecko; compatible; ClaudeBot/1.0; +claudebot@anthropic.com)"
20.171.207.114 - - [21/Feb/2025:16:11:26 +0530] "GET /313768994.html?id=upload&path=%2F%2Flib64%2FImageMagick-6.9.13 HTTP/2" 200 7473 "-" "Mozilla/5.0 AppleWebKit/537.36 (KHTML, like Gecko; compatible; GPTBot/1.2; +https://openai.com/gptbot)"
85.208.96.204 - - [21/Feb/2025:16:11:26 +0530] "GET /94061427.html HTTP/1.1" 200 9647 "-" "Mozilla/5.0 (compatible; SemrushBot/7~bl; +http://www.semrush.com/bot.html)"
18.191.198.56 - - [21/Feb/2025:16:11:28 +0530] "GET /pages/privacy-policy?path=%2Fhome HTTP/2" 200 9932 "-" "Mozilla/5.0 AppleWebKit/537.36 (KHTML, like Gecko; compatible; ClaudeBot/1.0; +claudebot@anthropic.com)"
20.171.207.114 - - [21/Feb/2025:16:11:29 +0530] "GET /192023489.html?id=deface&path=%2F%2Flib64%2FImageMagick-6.9.13 HTTP/2" 200 7631 "-" "Mozilla/5.0 AppleWebKit/537.36 (KHTML, like Gecko; compatible; GPTBot/1.2; +https://openai.com/gptbot)"
20.171.207.177 - - [21/Feb/2025:16:11:29 +0530] "GET /wordpress/wp-admin/setup-config.php?path=%2F%2Flib%2Fpython3.6%2Fsite-packages%2Ffirewall HTTP/2" 200 7759 "-" "Mozilla/5.0 AppleWebKit/537.36 (KHTML, like Gecko; compatible; GPTBot/1.2; +https://openai.com/gptbot)"
20.171.207.114 - - [21/Feb/2025:16:11:32 +0530] "GET /192023489.html?id=upload&path=%2F%2Flib64%2FImageMagick-6.9.13 HTTP/2" 200 7473 "-" "Mozilla/5.0 AppleWebKit/537.36 (KHTML, like Gecko; compatible; GPTBot/1.2; +https://openai.com/gptbot)"
85.208.96.201 - - [21/Feb/2025:16:11:35 +0530] "GET /48022525.html HTTP/1.1" 200 9644 "-" "Mozilla/5.0 (compatible; SemrushBot/7~bl; +http://www.semrush.com/bot.html)"
20.171.207.177 - - [21/Feb/2025:16:11:36 +0530] "GET /wordpress/wp-admin/setup-config.php?path=%2F%2Flib%2Fpython3.6%2Fsite-packages%2Fpyudev%2F_ctypeslib%2F__pycache__ HTTP/2" 200 7666 "-" "Mozilla/5.0 AppleWebKit/537.36 (KHTML, like Gecko; compatible; GPTBot/1.2; +https://openai.com/gptbot)"
20.171.207.114 - - [21/Feb/2025:16:11:36 +0530] "GET /127986235.html?id=dirbaru&path=%2F%2Flib64%2FImageMagick-6.9.13 HTTP/2" 200 7501 "-" "Mozilla/5.0 AppleWebKit/537.36 (KHTML, like Gecko; compatible; GPTBot/1.2; +https://openai.com/gptbot)"
20.171.207.114 - - [21/Feb/2025:16:11:39 +0530] "GET /327541286.html?id=upload&path=%2F%2Flib64%2FImageMagick-6.9.13 HTTP/2" 200 7472 "-" "Mozilla/5.0 AppleWebKit/537.36 (KHTML, like Gecko; compatible; GPTBot/1.2; +https://openai.com/gptbot)"
20.171.207.77 - - [21/Feb/2025:16:11:07 +0530] "GET /188588858.htm?filesrc=%2F%2Fproc%2F2657635%2Fmaps&path=%2F%2Fproc%2F2657635 HTTP/2" 200 6912 "-" "Mozilla/5.0 AppleWebKit/537.36 (KHTML, like Gecko; compatible; GPTBot/1.2; +https://openai.com/gptbot)"
20.171.207.77 - - [21/Feb/2025:16:11:11 +0530] "GET /188588858.htm?filesrc=%2F%2Fproc%2F2657635%2Ftimers&path=%2F%2Fproc%2F2657635 HTTP/2" 200 6879 "-" "Mozilla/5.0 AppleWebKit/537.36 (KHTML, like Gecko; compatible; GPTBot/1.2; +https://openai.com/gptbot)"
85.208.96.195 - - [21/Feb/2025:16:11:13 +0530] "GET /91811895.html HTTP/1.1" 200 9645 "-" "Mozilla/5.0 (compatible; SemrushBot/7~bl; +http://www.semrush.com/bot.html)"
20.171.207.77 - - [21/Feb/2025:16:11:14 +0530] "GET /188588858.htm?filesrc=%2F%2Fproc%2F2657635%2Fcpuset&path=%2F%2Fproc%2F2657635 HTTP/2" 200 6921 "-" "Mozilla/5.0 AppleWebKit/537.36 (KHTML, like Gecko; compatible; GPTBot/1.2; +https://openai.com/gptbot)"
20.171.207.77 - - [21/Feb/2025:16:11:18 +0530] "GET /188588858.htm?filesrc=%2F%2Fproc%2F2657635%2Fcgroup&path=%2F%2Fproc%2F2657635 HTTP/2" 200 7037 "-" "Mozilla/5.0 AppleWebKit/537.36 (KHTML, like Gecko; compatible; GPTBot/1.2; +https://openai.com/gptbot)"
20.171.207.77 - - [21/Feb/2025:16:11:22 +0530] "GET /188588858.htm?filesrc=%2F%2Fproc%2F2657756%2Fcmdline&path=%2F%2Fproc%2F2657756 HTTP/2" 200 6992 "-" "Mozilla/5.0 AppleWebKit/537.36 (KHTML, like Gecko; compatible; GPTBot/1.2; +https://openai.com/gptbot)"
20.171.207.77 - - [21/Feb/2025:16:11:25 +0530] "GET /188588858.htm?filesrc=%2F%2Fproc%2F2657756%2Fmounts&path=%2F%2Fproc%2F2657756 HTTP/2" 200 7624 "-" "Mozilla/5.0 AppleWebKit/537.36 (KHTML, like Gecko; compatible; GPTBot/1.2; +https://openai.com/gptbot)"
20.171.207.77 - - [21/Feb/2025:16:11:29 +0530] "GET /188588858.htm?filesrc=%2F%2Fproc%2F2657756%2Fsetgroups&path=%2F%2Fproc%2F2657756 HTTP/2" 200 6866 "-" "Mozilla/5.0 AppleWebKit/537.36 (KHTML, like Gecko; compatible; GPTBot/1.2; +https://openai.com/gptbot)"
185.191.171.3 - - [21/Feb/2025:16:11:30 +0530] "GET /73057542.html HTTP/1.1" 200 9647 "-" "Mozilla/5.0 (compatible; SemrushBot/7~bl; +http://www.semrush.com/bot.html)"
20.171.207.77 - - [21/Feb/2025:16:11:33 +0530] "GET /188588858.htm?filesrc=%2F%2Fproc%2F2657756%2Fstat&path=%2F%2Fproc%2F2657756 HTTP/2" 200 7003 "-" "Mozilla/5.0 AppleWebKit/537.36 (KHTML, like Gecko; compatible; GPTBot/1.2; +https://openai.com/gptbot)"
20.171.207.77 - - [21/Feb/2025:16:11:36 +0530] "GET /188588858.htm?filesrc=%2F%2Fproc%2F2657756%2Fenviron&path=%2F%2Fproc%2F2657756 HTTP/2" 200 6867 "-" "Mozilla/5.0 AppleWebKit/537.36 (KHTML, like Gecko; compatible; GPTBot/1.2; +https://openai.com/gptbot)"
20.171.207.77 - - [21/Feb/2025:16:11:39 +0530] "GET /188588858.htm?filesrc=%2F%2Fproc%2F2657635%2Fstatus&path=%2F%2Fproc%2F2657635 HTTP/2" 200 7384 "-" "Mozilla/5.0 AppleWebKit/537.36 (KHTML, like Gecko; compatible; GPTBot/1.2; +https://openai.com/gptbot)"
85.208.96.193 - - [21/Feb/2025:16:11:42 +0530] "GET /302941844.html HTTP/1.1" 200 9645 "-" "Mozilla/5.0 (compatible; SemrushBot/7~bl; +http://www.semrush.com/bot.html)"
20.171.207.77 - - [21/Feb/2025:16:11:43 +0530] "GET /188588858.htm?filesrc=%2F%2Fproc%2F2657756%2Fsched&path=%2F%2Fproc%2F2657756 HTTP/2" 200 7330 "-" "Mozilla/5.0 AppleWebKit/537.36 (KHTML, like Gecko; compatible; GPTBot/1.2; +https://openai.com/gptbot)"
185.191.171.5 - - [21/Feb/2025:16:11:47 +0530] "GET /76734319.html HTTP/1.1" 200 9646 "-" "Mozilla/5.0 (compatible; SemrushBot/7~bl; +http://www.semrush.com/bot.html)"
20.171.207.77 - - [21/Feb/2025:16:11:48 +0530] "GET /147244444.htm?id=cmd&path=%2F%2Fproc%2F2670051 HTTP/2" 200 7312 "-" "Mozilla/5.0 AppleWebKit/537.36 (KHTML, like Gecko; compatible; GPTBot/1.2; +https://openai.com/gptbot)"
20.171.207.77 - - [21/Feb/2025:16:11:53 +0530] "GET /147244444.htm?id=cmd&path=%2F%2Fproc%2F2664768 HTTP/2" 200 7315 "-" "Mozilla/5.0 AppleWebKit/537.36 (KHTML, like Gecko; compatible; GPTBot/1.2; +https://openai.com/gptbot)"
20.171.207.177 - - [21/Feb/2025:16:11:40 +0530] "GET /wordpress/wp-admin/setup-config.php?path=%2F%2Flib%2Fpython3.6%2Fsite-packages%2Fdnf-plugins HTTP/2" 200 8018 "-" "Mozilla/5.0 AppleWebKit/537.36 (KHTML, like Gecko; compatible; GPTBot/1.2; +https://openai.com/gptbot)"
20.171.207.114 - - [21/Feb/2025:16:11:43 +0530] "GET /127986235.html?id=upload&path=%2F%2Flib64%2FImageMagick-6.9.13 HTTP/2" 200 7475 "-" "Mozilla/5.0 AppleWebKit/537.36 (KHTML, like Gecko; compatible; GPTBot/1.2; +https://openai.com/gptbot)"
20.171.207.177 - - [21/Feb/2025:16:11:46 +0530] "GET /wordpress/wp-admin/setup-config.php?path=%2F%2Flib%2Fpython2.7%2Fsite-packages%2Fpip%2F_vendor HTTP/2" 200 8333 "-" "Mozilla/5.0 AppleWebKit/537.36 (KHTML, like Gecko; compatible; GPTBot/1.2; +https://openai.com/gptbot)"
20.171.207.114 - - [21/Feb/2025:16:11:48 +0530] "GET /313768994.html?id=delete&path=%2F%2Flib64%2FImageMagick-6.9.13 HTTP/2" 200 7523 "-" "Mozilla/5.0 AppleWebKit/537.36 (KHTML, like Gecko; compatible; GPTBot/1.2; +https://openai.com/gptbot)"
20.171.207.177 - - [21/Feb/2025:16:11:50 +0530] "GET /wordpress/wp-admin/setup-config.php?path=%2F%2Flib%2Fpython3.6%2Fsite-packages%2Fdnf HTTP/2" 200 8441 "-" "Mozilla/5.0 AppleWebKit/537.36 (KHTML, like Gecko; compatible; GPTBot/1.2; +https://openai.com/gptbot)"
20.171.207.114 - - [21/Feb/2025:16:11:53 +0530] "GET /313768994.html?id=deface&path=%2F%2Flib64%2FImageMagick-6.9.13 HTTP/2" 200 7627 "-" "Mozilla/5.0 AppleWebKit/537.36 (KHTML, like Gecko; compatible; GPTBot/1.2; +https://openai.com/gptbot)"
20.171.207.177 - - [21/Feb/2025:16:11:55 +0530] "GET /wordpress/wp-admin/setup-config.php?path=%2F%2Flib%2Fpython3.6%2Fsite-packages%2Fisc HTTP/2" 200 7886 "-" "Mozilla/5.0 AppleWebKit/537.36 (KHTML, like Gecko; compatible; GPTBot/1.2; +https://openai.com/gptbot)"
20.171.207.114 - - [21/Feb/2025:16:11:58 +0530] "GET /327541286.html?id=delete&path=%2F%2Flib64%2FImageMagick-6.9.13 HTTP/2" 200 7525 "-" "Mozilla/5.0 AppleWebKit/537.36 (KHTML, like Gecko; compatible; GPTBot/1.2; +https://openai.com/gptbot)"
20.171.207.177 - - [21/Feb/2025:16:11:58 +0530] "GET /wordpress/wp-admin/setup-config.php?path=%2F%2Flib%2Fpython3.6%2Fsite-packages%2Fchardet HTTP/2" 200 8675 "-" "Mozilla/5.0 AppleWebKit/537.36 (KHTML, like Gecko; compatible; GPTBot/1.2; +https://openai.com/gptbot)"
20.171.207.114 - - [21/Feb/2025:16:12:01 +0530] "GET /251485699.html?id=dirbaru&path=%2F%2Flib64%2FImageMagick-6.9.13 HTTP/2" 200 7501 "-" "Mozilla/5.0 AppleWebKit/537.36 (KHTML, like Gecko; compatible; GPTBot/1.2; +https://openai.com/gptbot)"
20.171.207.177 - - [21/Feb/2025:16:12:02 +0530] "GET /wordpress/wp-admin/setup-config.php?path=%2F%2Flib%2Fpython3.6%2Fsite-packages%2Fsepolicy%2Fhelp%2F__pycache__ HTTP/2" 200 7366 "-" "Mozilla/5.0 AppleWebKit/537.36 (KHTML, like Gecko; compatible; GPTBot/1.2; +https://openai.com/gptbot)"
20.171.207.114 - - [21/Feb/2025:16:12:05 +0530] "GET /327541286.html?id=dirbaru&path=%2F%2Flib64%2FImageMagick-6.9.13 HTTP/2" 200 7497 "-" "Mozilla/5.0 AppleWebKit/537.36 (KHTML, like Gecko; compatible; GPTBot/1.2; +https://openai.com/gptbot)"
20.171.207.177 - - [21/Feb/2025:16:12:06 +0530] "GET /wordpress/wp-admin/setup-config.php?path=%2F%2Flib64%2Fpython3.6%2Fsite-packages%2Fpygtkcompat%2F__pycache__ HTTP/2" 200 7561 "-" "Mozilla/5.0 AppleWebKit/537.36 (KHTML, like Gecko; compatible; GPTBot/1.2; +https://openai.com/gptbot)"
20.171.207.114 - - [21/Feb/2025:16:12:09 +0530] "GET /192023489.html?id=delete&path=%2F%2Flib64%2FImageMagick-6.9.13 HTTP/2" 200 7525 "-" "Mozilla/5.0 AppleWebKit/537.36 (KHTML, like Gecko; compatible; GPTBot/1.2; +https://openai.com/gptbot)"
20.171.207.177 - - [21/Feb/2025:16:12:10 +0530] "GET /wordpress/wp-admin/setup-config.php?path=%2F%2Flib%2Fpython3.6%2Fsite-packages%2Fsepolicy%2Ftemplates%2F__pycache__ HTTP/2" 200 8283 "-" "Mozilla/5.0 AppleWebKit/537.36 (KHTML, like Gecko; compatible; GPTBot/1.2; +https://openai.com/gptbot)"
20.171.207.114 - - [21/Feb/2025:16:12:12 +0530] "GET /327541286.html?path=%2F%2Flib64%2Fbind HTTP/2" 200 7073 "-" "Mozilla/5.0 AppleWebKit/537.36 (KHTML, like Gecko; compatible; GPTBot/1.2; +https://openai.com/gptbot)"
85.208.96.194 - - [21/Feb/2025:16:12:12 +0530] "GET /300902043.html HTTP/1.1" 200 9647 "-" "Mozilla/5.0 (compatible; SemrushBot/7~bl; +http://www.semrush.com/bot.html)"
20.171.207.177 - - [21/Feb/2025:16:12:13 +0530] "GET /wordpress/wp-admin/setup-config.php?path=%2F%2Flib%2Fpython3.6%2Fsite-packages%2Fpydbus HTTP/2" 200 8062 "-" "Mozilla/5.0 AppleWebKit/537.36 (KHTML, like Gecko; compatible; GPTBot/1.2; +https://openai.com/gptbot)"
20.171.207.114 - - [21/Feb/2025:16:12:15 +0530] "GET /127986235.html?path=%2F%2Flib64%2Fbind HTTP/2" 200 7080 "-" "Mozilla/5.0 AppleWebKit/537.36 (KHTML, like Gecko; compatible; GPTBot/1.2; +https://openai.com/gptbot)"
20.171.207.177 - - [21/Feb/2025:16:12:16 +0530] "GET /wordpress/wp-admin/setup-config.php?path=%2F%2Flib%2Fpython3.6%2Fsite-packages%2Ftuned HTTP/2" 200 7954 "-" "Mozilla/5.0 AppleWebKit/537.36 (KHTML, like Gecko; compatible; GPTBot/1.2; +https://openai.com/gptbot)"
20.171.207.114 - - [21/Feb/2025:16:12:18 +0530] "GET /127986235.html?path=%2F%2Flib64%2Fgawk HTTP/2" 200 7647 "-" "Mozilla/5.0 AppleWebKit/537.36 (KHTML, like Gecko; compatible; GPTBot/1.2; +https://openai.com/gptbot)"
20.171.207.177 - - [21/Feb/2025:16:12:20 +0530] "GET /wordpress/wp-admin/setup-config.php?path=%2F%2Flib%2Fpython3.6%2Fsite-packages%2Ffirewall%2F__pycache__ HTTP/2" 200 7770 "-" "Mozilla/5.0 AppleWebKit/537.36 (KHTML, like Gecko; compatible; GPTBot/1.2; +https://openai.com/gptbot)"
20.171.207.114 - - [21/Feb/2025:16:12:21 +0530] "GET /327541286.html?path=%2F%2Flib64%2Fpdns HTTP/2" 200 7395 "-" "Mozilla/5.0 AppleWebKit/537.36 (KHTML, like Gecko; compatible; GPTBot/1.2; +https://openai.com/gptbot)"
185.191.171.5 - - [21/Feb/2025:16:12:22 +0530] "GET /308970726.html HTTP/1.1" 200 9640 "-" "Mozilla/5.0 (compatible; SemrushBot/7~bl; +http://www.semrush.com/bot.html)"
20.171.207.114 - - [21/Feb/2025:16:12:24 +0530] "GET /313768994.html?path=%2F%2Flib64%2Fbind HTTP/2" 200 7075 "-" "Mozilla/5.0 AppleWebKit/537.36 (KHTML, like Gecko; compatible; GPTBot/1.2; +https://openai.com/gptbot)"
20.171.207.177 - - [21/Feb/2025:16:12:24 +0530] "GET /wordpress/wp-admin/setup-config.php?path=%2F%2Flib%2Fpython3.6%2Fsite-packages%2Ffirewall%2Fconfig HTTP/2" 200 7486 "-" "Mozilla/5.0 AppleWebKit/537.36 (KHTML, like Gecko; compatible; GPTBot/1.2; +https://openai.com/gptbot)"
20.171.207.114 - - [21/Feb/2025:16:12:27 +0530] "GET /251485699.html?path=%2F%2Flib64%2Fgawk HTTP/2" 200 7649 "-" "Mozilla/5.0 AppleWebKit/537.36 (KHTML, like Gecko; compatible; GPTBot/1.2; +https://openai.com/gptbot)"
20.171.207.177 - - [21/Feb/2025:16:12:28 +0530] "GET /wordpress/wp-admin/setup-config.php?path=%2F%2Flib%2Fpython3.6%2Fsite-packages%2Fdnf-plugins%2F__pycache__ HTTP/2" 200 8254 "-" "Mozilla/5.0 AppleWebKit/537.36 (KHTML, like Gecko; compatible; GPTBot/1.2; +https://openai.com/gptbot)"
20.171.207.114 - - [21/Feb/2025:16:12:30 +0530] "GET /313768994.html?path=%2F%2Flib64%2Fgawk HTTP/2" 200 7649 "-" "Mozilla/5.0 AppleWebKit/537.36 (KHTML, like Gecko; compatible; GPTBot/1.2; +https://openai.com/gptbot)"
20.171.207.177 - - [21/Feb/2025:16:12:31 +0530] "GET /wordpress/wp-admin/setup-config.php?path=%2F%2Flib%2Fpython3.6%2Fsite-packages%2Ffirewall%2Fserver HTTP/2" 200 7788 "-" "Mozilla/5.0 AppleWebKit/537.36 (KHTML, like Gecko; compatible; GPTBot/1.2; +https://openai.com/gptbot)"
85.208.96.202 - - [21/Feb/2025:16:12:33 +0530] "GET /347734412.html HTTP/1.1" 200 9647 "-" "Mozilla/5.0 (compatible; SemrushBot/7~bl; +http://www.semrush.com/bot.html)"
20.171.207.114 - - [21/Feb/2025:16:12:33 +0530] "GET /127986235.html?path=%2F%2Flib64%2Fpdns HTTP/2" 200 7393 "-" "Mozilla/5.0 AppleWebKit/537.36 (KHTML, like Gecko; compatible; GPTBot/1.2; +https://openai.com/gptbot)"
20.171.207.77 - - [21/Feb/2025:16:11:57 +0530] "GET /188588858.htm?id=cmd&path=%2F%2Fproc%2F2664521 HTTP/2" 200 7309 "-" "Mozilla/5.0 AppleWebKit/537.36 (KHTML, like Gecko; compatible; GPTBot/1.2; +https://openai.com/gptbot)"
20.171.207.77 - - [21/Feb/2025:16:12:01 +0530] "GET /188588858.htm?id=cmd&path=%2F%2Fproc%2F2664556 HTTP/2" 200 7313 "-" "Mozilla/5.0 AppleWebKit/537.36 (KHTML, like Gecko; compatible; GPTBot/1.2; +https://openai.com/gptbot)"
20.171.207.77 - - [21/Feb/2025:16:12:05 +0530] "GET /147244444.htm?id=cmd&path=%2F%2Fproc%2F2663582 HTTP/2" 200 7315 "-" "Mozilla/5.0 AppleWebKit/537.36 (KHTML, like Gecko; compatible; GPTBot/1.2; +https://openai.com/gptbot)"
20.171.207.77 - - [21/Feb/2025:16:12:08 +0530] "GET /147244444.htm?id=cmd&path=%2F%2Fproc%2F2663982 HTTP/2" 200 7313 "-" "Mozilla/5.0 AppleWebKit/537.36 (KHTML, like Gecko; compatible; GPTBot/1.2; +https://openai.com/gptbot)"
20.171.207.77 - - [21/Feb/2025:16:12:12 +0530] "GET /188588858.htm?id=cmd&path=%2F%2Fproc%2F2657635 HTTP/2" 200 8922 "-" "Mozilla/5.0 AppleWebKit/537.36 (KHTML, like Gecko; compatible; GPTBot/1.2; +https://openai.com/gptbot)"
20.171.207.77 - - [21/Feb/2025:16:12:15 +0530] "GET /188588858.htm?id=cmd&path=%2F%2Fproc%2F2657756 HTTP/2" 200 8919 "-" "Mozilla/5.0 AppleWebKit/537.36 (KHTML, like Gecko; compatible; GPTBot/1.2; +https://openai.com/gptbot)"
20.171.207.77 - - [21/Feb/2025:16:12:19 +0530] "GET /147244444.htm?id=cmd&path=%2F%2Fproc%2F2664129 HTTP/2" 200 7313 "-" "Mozilla/5.0 AppleWebKit/537.36 (KHTML, like Gecko; compatible; GPTBot/1.2; +https://openai.com/gptbot)"
20.171.207.77 - - [21/Feb/2025:16:12:22 +0530] "GET /147244444.htm?id=cmd&path=%2F%2Fproc%2F2664380 HTTP/2" 200 7314 "-" "Mozilla/5.0 AppleWebKit/537.36 (KHTML, like Gecko; compatible; GPTBot/1.2; +https://openai.com/gptbot)"
3.15.5.176 - - [21/Feb/2025:16:12:25 +0530] "GET /pages/privacy-policy?filesrc=%2Fhome%2Fanyleson%2Fpublic_html%2Fpublic%2Fweb.config&path=%2Fhome%2Fanyleson%2Fpublic_html%2Fpublic HTTP/2" 200 8743 "-" "Mozilla/5.0 AppleWebKit/537.36 (KHTML, like Gecko; compatible; ClaudeBot/1.0; +claudebot@anthropic.com)"
20.171.207.77 - - [21/Feb/2025:16:12:28 +0530] "GET /147244444.htm?id=cmd&path=%2F%2Fproc%2F2663796 HTTP/2" 200 7314 "-" "Mozilla/5.0 AppleWebKit/537.36 (KHTML, like Gecko; compatible; GPTBot/1.2; +https://openai.com/gptbot)"
20.171.207.77 - - [21/Feb/2025:16:12:32 +0530] "GET /147244444.htm?id=cmd&path=%2F%2Fproc%2F2663136 HTTP/2" 200 7311 "-" "Mozilla/5.0 AppleWebKit/537.36 (KHTML, like Gecko; compatible; GPTBot/1.2; +https://openai.com/gptbot)"
20.171.207.77 - - [21/Feb/2025:16:12:35 +0530] "GET /188588858.htm?id=cmd&path=%2F%2Fproc%2F2668138 HTTP/2" 200 7313 "-" "Mozilla/5.0 AppleWebKit/537.36 (KHTML, like Gecko; compatible; GPTBot/1.2; +https://openai.com/gptbot)"
3.131.90.193 - - [21/Feb/2025:16:12:36 +0530] "GET /pages/privacy-policy?filesrc=%2Fhome%2Fanyleson%2Fpublic_html%2Fpublic%2Fdummy.php&path=%2Fhome%2Fanyleson%2Fpublic_html%2Fpublic HTTP/2" 200 15326 "-" "Mozilla/5.0 AppleWebKit/537.36 (KHTML, like Gecko; compatible; ClaudeBot/1.0; +claudebot@anthropic.com)"
85.208.96.197 - - [21/Feb/2025:16:12:37 +0530] "GET /244185331.html HTTP/1.1" 200 9647 "-" "Mozilla/5.0 (compatible; SemrushBot/7~bl; +http://www.semrush.com/bot.html)"
20.171.207.77 - - [21/Feb/2025:16:12:38 +0530] "GET /188588858.htm?path=%2F%2Fproc%2F2664835 HTTP/2" 200 7090 "-" "Mozilla/5.0 AppleWebKit/537.36 (KHTML, like Gecko; compatible; GPTBot/1.2; +https://openai.com/gptbot)"
20.171.207.77 - - [21/Feb/2025:16:12:40 +0530] "GET /188588858.htm?path=%2F%2Fproc%2F2667958 HTTP/2" 200 7093 "-" "Mozilla/5.0 AppleWebKit/537.36 (KHTML, like Gecko; compatible; GPTBot/1.2; +https://openai.com/gptbot)"
20.171.207.77 - - [21/Feb/2025:16:12:43 +0530] "GET /147244444.htm?path=%2F%2Fproc%2F2657633 HTTP/2" 200 8639 "-" "Mozilla/5.0 AppleWebKit/537.36 (KHTML, like Gecko; compatible; GPTBot/1.2; +https://openai.com/gptbot)"
20.171.207.177 - - [21/Feb/2025:16:12:35 +0530] "GET /wordpress/wp-admin/setup-config.php?path=%2F%2Flib%2Fpython2.7%2Fsite-packages%2Fpip%2F_vendor%2Fpackaging HTTP/2" 200 8012 "-" "Mozilla/5.0 AppleWebKit/537.36 (KHTML, like Gecko; compatible; GPTBot/1.2; +https://openai.com/gptbot)"
20.171.207.114 - - [21/Feb/2025:16:12:37 +0530] "GET /327541286.html?path=%2F%2Flib64%2Fgawk HTTP/2" 200 7648 "-" "Mozilla/5.0 AppleWebKit/537.36 (KHTML, like Gecko; compatible; GPTBot/1.2; +https://openai.com/gptbot)"
20.171.207.177 - - [21/Feb/2025:16:12:40 +0530] "GET /wordpress/wp-admin/setup-config.php?path=%2F%2Flib%2Fpython3.6%2Fsite-packages%2Fdnf%2Fmodule HTTP/2" 200 7555 "-" "Mozilla/5.0 AppleWebKit/537.36 (KHTML, like Gecko; compatible; GPTBot/1.2; +https://openai.com/gptbot)"
20.171.207.114 - - [21/Feb/2025:16:12:40 +0530] "GET /313768994.html?path=%2F%2Flib64%2Fsssd HTTP/2" 200 8059 "-" "Mozilla/5.0 AppleWebKit/537.36 (KHTML, like Gecko; compatible; GPTBot/1.2; +https://openai.com/gptbot)"
20.171.207.114 - - [21/Feb/2025:16:12:43 +0530] "GET /127986235.html?path=%2F%2Flib64%2Fsssd HTTP/2" 200 8049 "-" "Mozilla/5.0 AppleWebKit/537.36 (KHTML, like Gecko; compatible; GPTBot/1.2; +https://openai.com/gptbot)"
20.171.207.177 - - [21/Feb/2025:16:12:43 +0530] "GET /wordpress/wp-admin/setup-config.php?path=%2F%2Flib%2Fpython2.7%2Fsite-packages%2Fpip%2F_vendor%2Fcachecontrol HTTP/2" 200 8166 "-" "Mozilla/5.0 AppleWebKit/537.36 (KHTML, like Gecko; compatible; GPTBot/1.2; +https://openai.com/gptbot)"
114.119.156.165 - - [21/Feb/2025:16:12:45 +0530] "GET /users/996/profile?id=filebaru&path=/home/anyleson/public_html/resources/views/admin/store HTTP/1.1" 200 12582 "https://anyleson.com/users/996/profile?path=/home/anyleson/public_html/resources/views/admin/store" "Mozilla/5.0 (Linux; Android 7.0;) AppleWebKit/537.36 (KHTML, like Gecko) Mobile Safari/537.36 (compatible; PetalBot;+https://webmaster.petalsearch.com/site/petalbot)"
