20.171.207.77 - - [21/Feb/2025:17:13:41 +0530] "GET /188588858.htm?filesrc=%2F%2Fproc%2F2554845%2Fmountinfo&path=%2F%2Fproc%2F2554845 HTTP/2" 200 8013 "-" "Mozilla/5.0 AppleWebKit/537.36 (KHTML, like Gecko; compatible; GPTBot/1.2; +https://openai.com/gptbot)"
20.171.207.114 - - [21/Feb/2025:17:13:43 +0530] "GET /260710981.html?path=%2F%2Flib64%2Fphp HTTP/2" 200 7244 "-" "Mozilla/5.0 AppleWebKit/537.36 (KHTML, like Gecko; compatible; GPTBot/1.2; +https://openai.com/gptbot)"
20.171.207.77 - - [21/Feb/2025:17:13:45 +0530] "GET /188588858.htm?filesrc=%2F%2Fproc%2F2554845%2Fschedstat&path=%2F%2Fproc%2F2554845 HTTP/2" 200 6898 "-" "Mozilla/5.0 AppleWebKit/537.36 (KHTML, like Gecko; compatible; GPTBot/1.2; +https://openai.com/gptbot)"
20.171.207.114 - - [21/Feb/2025:17:13:47 +0530] "GET /267438879.html?path=%2F%2Flib64%2Fphp HTTP/2" 200 7246 "-" "Mozilla/5.0 AppleWebKit/537.36 (KHTML, like Gecko; compatible; GPTBot/1.2; +https://openai.com/gptbot)"
20.171.207.77 - - [21/Feb/2025:17:13:48 +0530] "GET /188588858.htm?filesrc=%2F%2Fproc%2F2554845%2Fsetgroups&path=%2F%2Fproc%2F2554845 HTTP/2" 200 6856 "-" "Mozilla/5.0 AppleWebKit/537.36 (KHTML, like Gecko; compatible; GPTBot/1.2; +https://openai.com/gptbot)"
20.171.207.114 - - [21/Feb/2025:17:13:50 +0530] "GET /267438879.html?path=%2F%2Flib64%2Fsasl2 HTTP/2" 200 7677 "-" "Mozilla/5.0 AppleWebKit/537.36 (KHTML, like Gecko; compatible; GPTBot/1.2; +https://openai.com/gptbot)"
20.171.207.77 - - [21/Feb/2025:17:13:51 +0530] "GET /188588858.htm?filesrc=%2F%2Fproc%2F2554845%2Fmounts&path=%2F%2Fproc%2F2554845 HTTP/2" 200 7626 "-" "Mozilla/5.0 AppleWebKit/537.36 (KHTML, like Gecko; compatible; GPTBot/1.2; +https://openai.com/gptbot)"
185.191.171.7 - - [21/Feb/2025:17:11:36 +0530] "GET /135260927.html HTTP/1.1" 200 9647 "-" "Mozilla/5.0 (compatible; SemrushBot/7~bl; +http://www.semrush.com/bot.html)"
20.171.207.177 - - [21/Feb/2025:17:11:48 +0530] "GET /wordpress/wp-admin/setup-config.php?path=%2F%2Flib%2Ffirmware%2Frtl_bt HTTP/2" 200 8343 "-" "Mozilla/5.0 AppleWebKit/537.36 (KHTML, like Gecko; compatible; GPTBot/1.2; +https://openai.com/gptbot)"
85.208.96.202 - - [21/Feb/2025:17:12:03 +0530] "GET /80616635.html HTTP/1.1" 200 9647 "-" "Mozilla/5.0 (compatible; SemrushBot/7~bl; +http://www.semrush.com/bot.html)"
20.171.207.177 - - [21/Feb/2025:17:12:08 +0530] "GET /wordpress/wp-admin/setup-config.php?path=%2F%2Flib%2Ffirmware%2Fath10k%2FQCA9888 HTTP/2" 200 7260 "-" "Mozilla/5.0 AppleWebKit/537.36 (KHTML, like Gecko; compatible; GPTBot/1.2; +https://openai.com/gptbot)"
20.171.207.177 - - [21/Feb/2025:17:12:25 +0530] "GET /wordpress/wp-admin/setup-config.php?path=%2Fhome%2Fanyleson%2Fpublic_html%2Flang HTTP/2" 200 8466 "-" "Mozilla/5.0 AppleWebKit/537.36 (KHTML, like Gecko; compatible; GPTBot/1.2; +https://openai.com/gptbot)"
20.171.207.177 - - [21/Feb/2025:17:12:43 +0530] "GET /wordpress/wp-admin/setup-config.php?path=%2Fhome%2Fanyleson%2Fpublic_html%2Ftests HTTP/2" 200 7469 "-" "Mozilla/5.0 AppleWebKit/537.36 (KHTML, like Gecko; compatible; GPTBot/1.2; +https://openai.com/gptbot)"
185.191.171.3 - - [21/Feb/2025:17:12:51 +0530] "GET /179994021.html HTTP/1.1" 200 9645 "-" "Mozilla/5.0 (compatible; SemrushBot/7~bl; +http://www.semrush.com/bot.html)"
185.191.171.8 - - [21/Feb/2025:17:12:55 +0530] "GET /104613477.html HTTP/1.1" 200 9643 "-" "Mozilla/5.0 (compatible; SemrushBot/7~bl; +http://www.semrush.com/bot.html)"
20.171.207.177 - - [21/Feb/2025:17:12:58 +0530] "GET /wordpress/wp-admin/setup-config.php?path=%2F%2Flib%2Fnode_modules%2Fcorepack HTTP/2" 200 7611 "-" "Mozilla/5.0 AppleWebKit/537.36 (KHTML, like Gecko; compatible; GPTBot/1.2; +https://openai.com/gptbot)"
185.191.171.14 - - [21/Feb/2025:17:12:59 +0530] "GET /137374219.html HTTP/1.1" 200 9648 "-" "Mozilla/5.0 (compatible; SemrushBot/7~bl; +http://www.semrush.com/bot.html)"
20.171.207.177 - - [21/Feb/2025:17:13:12 +0530] "GET /wordpress/wp-admin/setup-config.php?filesrc=%2F%2Flib64%2Fopen-vm-tools%2Fplugins%2Fvmsvc%2Flibvmbackup.so&path=%2F%2Flib64%2Fopen-vm-tools%2Fplugins%2Fvmsvc HTTP/2" 200 22837 "-" "Mozilla/5.0 AppleWebKit/537.36 (KHTML, like Gecko; compatible; GPTBot/1.2; +https://openai.com/gptbot)"
20.171.207.177 - - [21/Feb/2025:17:13:24 +0530] "GET /wordpress/wp-admin/setup-config.php?path=%2F%2Flib%2Ffirmware%2Frtl_nic HTTP/2" 200 8116 "-" "Mozilla/5.0 AppleWebKit/537.36 (KHTML, like Gecko; compatible; GPTBot/1.2; +https://openai.com/gptbot)"
185.191.171.3 - - [21/Feb/2025:17:13:29 +0530] "GET /363574932.html HTTP/1.1" 200 9644 "-" "Mozilla/5.0 (compatible; SemrushBot/7~bl; +http://www.semrush.com/bot.html)"
20.171.207.177 - - [21/Feb/2025:17:13:34 +0530] "GET /wordpress/wp-admin/setup-config.php?path=%2Fhome%2Fanyleson%2Fpublic_html%2Fapp HTTP/2" 200 7970 "-" "Mozilla/5.0 AppleWebKit/537.36 (KHTML, like Gecko; compatible; GPTBot/1.2; +https://openai.com/gptbot)"
20.171.207.177 - - [21/Feb/2025:17:13:45 +0530] "GET /wordpress/wp-admin/setup-config.php?path=%2F%2Flib%2Ffirmware%2Fkeyspan_pda HTTP/2" 200 7374 "-" "Mozilla/5.0 AppleWebKit/537.36 (KHTML, like Gecko; compatible; GPTBot/1.2; +https://openai.com/gptbot)"
20.171.207.177 - - [21/Feb/2025:17:13:54 +0530] "GET /wordpress/wp-admin/setup-config.php?path=%2F%2Flib%2FNetworkManager%2Fdispatcher.d HTTP/2" 200 7339 "-" "Mozilla/5.0 AppleWebKit/537.36 (KHTML, like Gecko; compatible; GPTBot/1.2; +https://openai.com/gptbot)"
20.171.207.177 - - [21/Feb/2025:17:14:01 +0530] "GET /wordpress/wp-admin/setup-config.php?path=%2Fhome%2Fanyleson%2Fpublic_html%2Fvendor HTTP/2" 200 10679 "-" "Mozilla/5.0 AppleWebKit/537.36 (KHTML, like Gecko; compatible; GPTBot/1.2; +https://openai.com/gptbot)"
20.171.207.114 - - [21/Feb/2025:17:13:53 +0530] "GET /291567376.html?path=%2F%2Flib64%2Fperl5%2FFile HTTP/2" 200 7347 "-" "Mozilla/5.0 AppleWebKit/537.36 (KHTML, like Gecko; compatible; GPTBot/1.2; +https://openai.com/gptbot)"
157.55.39.48 - - [21/Feb/2025:17:13:56 +0530] "GET /course-category/art-design/?filter_course-language=135&filtering=1&filter_course-category=207,114 HTTP/2" 301 795 "-" "Mozilla/5.0 AppleWebKit/537.36 (KHTML, like Gecko; compatible; bingbot/2.0; +http://www.bing.com/bingbot.htm) Chrome/116.0.1938.76 Safari/537.36"
85.208.96.200 - - [21/Feb/2025:17:13:55 +0530] "GET /67751649.html HTTP/1.1" 200 9646 "-" "Mozilla/5.0 (compatible; SemrushBot/7~bl; +http://www.semrush.com/bot.html)"
20.171.207.114 - - [21/Feb/2025:17:13:56 +0530] "GET /291567376.html?path=%2F%2Flib64%2Fperl5%2FB HTTP/2" 200 7420 "-" "Mozilla/5.0 AppleWebKit/537.36 (KHTML, like Gecko; compatible; GPTBot/1.2; +https://openai.com/gptbot)"
20.171.207.77 - - [21/Feb/2025:17:13:57 +0530] "GET /188588858.htm?filesrc=%2F%2Fproc%2F2554845%2Fsmaps&path=%2F%2Fproc%2F2554845 HTTP/2" 200 6887 "-" "Mozilla/5.0 AppleWebKit/537.36 (KHTML, like Gecko; compatible; GPTBot/1.2; +https://openai.com/gptbot)"
66.249.71.4 - - [21/Feb/2025:17:14:01 +0530] "GET /52158850.html HTTP/1.1" 200 19269 "-" "Mozilla/5.0 (Linux; Android 6.0.1; Nexus 5X Build/MMB29P) AppleWebKit/537.36 (KHTML, like Gecko) Chrome/133.0.6943.126 Mobile Safari/537.36 (compatible; Googlebot/2.1; +http://www.google.com/bot.html)"
20.171.207.114 - - [21/Feb/2025:17:14:00 +0530] "GET /267438879.html?filesrc=%2F%2Flib64%2Fpython2.7%2Fdoctest.pyo&path=%2F%2Flib64%2Fpython2.7 HTTP/2" 200 35292 "-" "Mozilla/5.0 AppleWebKit/537.36 (KHTML, like Gecko; compatible; GPTBot/1.2; +https://openai.com/gptbot)"
20.171.207.77 - - [21/Feb/2025:17:14:01 +0530] "GET /188588858.htm?filesrc=%2F%2Fproc%2F2554845%2Fpersonality&path=%2F%2Fproc%2F2554845 HTTP/2" 200 6903 "-" "Mozilla/5.0 AppleWebKit/537.36 (KHTML, like Gecko; compatible; GPTBot/1.2; +https://openai.com/gptbot)"
20.171.207.114 - - [21/Feb/2025:17:14:03 +0530] "GET /267438879.html?filesrc=%2F%2Flib64%2Fpython3.6%2Foperator.py&path=%2F%2Flib64%2Fpython3.6 HTTP/2" 200 10094 "-" "Mozilla/5.0 AppleWebKit/537.36 (KHTML, like Gecko; compatible; GPTBot/1.2; +https://openai.com/gptbot)"
20.171.207.77 - - [21/Feb/2025:17:14:05 +0530] "GET /188588858.htm?filesrc=%2F%2Fproc%2F2554845%2Fpagemap&path=%2F%2Fproc%2F2554845 HTTP/2" 200 6866 "-" "Mozilla/5.0 AppleWebKit/537.36 (KHTML, like Gecko; compatible; GPTBot/1.2; +https://openai.com/gptbot)"
20.171.207.114 - - [21/Feb/2025:17:14:07 +0530] "GET /267438879.html?filesrc=%2F%2Flib64%2Fperl5%2FSDBM_File.pm&path=%2F%2Flib64%2Fperl5 HTTP/2" 200 8639 "-" "Mozilla/5.0 AppleWebKit/537.36 (KHTML, like Gecko; compatible; GPTBot/1.2; +https://openai.com/gptbot)"
20.171.207.77 - - [21/Feb/2025:17:14:10 +0530] "GET /188588858.htm?filesrc=%2F%2Fproc%2F2554845%2Fenviron&path=%2F%2Fproc%2F2554845 HTTP/2" 200 6865 "-" "Mozilla/5.0 AppleWebKit/537.36 (KHTML, like Gecko; compatible; GPTBot/1.2; +https://openai.com/gptbot)"
20.171.207.114 - - [21/Feb/2025:17:14:10 +0530] "GET /260710981.html?id=delete&path=%2F%2Flib64%2Fapache2 HTTP/2" 200 7456 "-" "Mozilla/5.0 AppleWebKit/537.36 (KHTML, like Gecko; compatible; GPTBot/1.2; +https://openai.com/gptbot)"
20.171.207.77 - - [21/Feb/2025:17:14:13 +0530] "GET /188588858.htm?filesrc=%2F%2Fproc%2F2554845%2Fmaps&path=%2F%2Fproc%2F2554845 HTTP/2" 200 6915 "-" "Mozilla/5.0 AppleWebKit/537.36 (KHTML, like Gecko; compatible; GPTBot/1.2; +https://openai.com/gptbot)"
20.171.207.114 - - [21/Feb/2025:17:14:13 +0530] "GET /267438879.html?path=%2F%2Flib64%2Fperl5%2FCORE HTTP/2" 200 9522 "-" "Mozilla/5.0 AppleWebKit/537.36 (KHTML, like Gecko; compatible; GPTBot/1.2; +https://openai.com/gptbot)"
20.171.207.77 - - [21/Feb/2025:17:14:16 +0530] "GET /188588858.htm?filesrc=%2F%2Fproc%2F2554845%2Flimits&path=%2F%2Fproc%2F2554845 HTTP/2" 200 7153 "-" "Mozilla/5.0 AppleWebKit/537.36 (KHTML, like Gecko; compatible; GPTBot/1.2; +https://openai.com/gptbot)"
20.171.207.114 - - [21/Feb/2025:17:14:17 +0530] "GET /260710981.html?filesrc=%2F%2Flib64%2Fperl5%2FB.pm&path=%2F%2Flib64%2Fperl5 HTTP/2" 200 18081 "-" "Mozilla/5.0 AppleWebKit/537.36 (KHTML, like Gecko; compatible; GPTBot/1.2; +https://openai.com/gptbot)"
20.171.207.77 - - [21/Feb/2025:17:14:20 +0530] "GET /188588858.htm?filesrc=%2F%2Fproc%2F2554845%2Fsyscall&path=%2F%2Fproc%2F2554845 HTTP/2" 200 6866 "-" "Mozilla/5.0 AppleWebKit/537.36 (KHTML, like Gecko; compatible; GPTBot/1.2; +https://openai.com/gptbot)"
20.171.207.114 - - [21/Feb/2025:17:14:20 +0530] "GET /267438879.html?path=%2F%2Flib64%2Fperl5%2FB HTTP/2" 200 7416 "-" "Mozilla/5.0 AppleWebKit/537.36 (KHTML, like Gecko; compatible; GPTBot/1.2; +https://openai.com/gptbot)"
207.46.13.7 - - [21/Feb/2025:17:14:23 +0530] "GET /public/course-category/art-design?filter_course-language=135&level=all_levels&price_type=paid&filtering=1&filter_course-category=76,114,148 HTTP/2" 200 20810 "-" "Mozilla/5.0 AppleWebKit/537.36 (KHTML, like Gecko; compatible; bingbot/2.0; +http://www.bing.com/bingbot.htm) Chrome/116.0.1938.76 Safari/537.36"
20.171.207.77 - - [21/Feb/2025:17:14:23 +0530] "GET /188588858.htm?filesrc=%2F%2Fproc%2F2554845%2Floginuid&path=%2F%2Fproc%2F2554845 HTTP/2" 200 6909 "-" "Mozilla/5.0 AppleWebKit/537.36 (KHTML, like Gecko; compatible; GPTBot/1.2; +https://openai.com/gptbot)"
20.171.207.114 - - [21/Feb/2025:17:14:24 +0530] "GET /260710981.html?path=%2F%2Flib64%2Fperl5%2FB HTTP/2" 200 7419 "-" "Mozilla/5.0 AppleWebKit/537.36 (KHTML, like Gecko; compatible; GPTBot/1.2; +https://openai.com/gptbot)"
157.55.39.48 - - [21/Feb/2025:17:14:28 +0530] "GET /course-category/data-analysis/?level=all_levels%2Cbeginner&instructor=31&price_type=paid&filtering=1&filter_course-category=121 HTTP/2" 301 795 "-" "Mozilla/5.0 AppleWebKit/537.36 (KHTML, like Gecko; compatible; bingbot/2.0; +http://www.bing.com/bingbot.htm) Chrome/116.0.1938.76 Safari/537.36"
20.171.207.77 - - [21/Feb/2025:17:14:26 +0530] "GET /188588858.htm?filesrc=%2F%2Fproc%2F2554845%2Fcpuset&path=%2F%2Fproc%2F2554845 HTTP/2" 200 6921 "-" "Mozilla/5.0 AppleWebKit/537.36 (KHTML, like Gecko; compatible; GPTBot/1.2; +https://openai.com/gptbot)"
20.171.207.114 - - [21/Feb/2025:17:14:27 +0530] "GET /291567376.html?path=%2F%2Flib64%2Fapr-1 HTTP/2" 200 7225 "-" "Mozilla/5.0 AppleWebKit/537.36 (KHTML, like Gecko; compatible; GPTBot/1.2; +https://openai.com/gptbot)"
20.171.207.77 - - [21/Feb/2025:17:14:29 +0530] "GET /188588858.htm?filesrc=%2F%2Fproc%2F2554845%2Fmountstats&path=%2F%2Fproc%2F2554845 HTTP/2" 200 6905 "-" "Mozilla/5.0 AppleWebKit/537.36 (KHTML, like Gecko; compatible; GPTBot/1.2; +https://openai.com/gptbot)"
20.171.207.114 - - [21/Feb/2025:17:14:31 +0530] "GET /260710981.html?path=%2F%2Flib64%2Fapr-1 HTTP/2" 200 7226 "-" "Mozilla/5.0 AppleWebKit/537.36 (KHTML, like Gecko; compatible; GPTBot/1.2; +https://openai.com/gptbot)"
20.171.207.77 - - [21/Feb/2025:17:14:32 +0530] "GET /188588858.htm?filesrc=%2F%2Fproc%2F2554845%2Fautogroup&path=%2F%2Fproc%2F2554845 HTTP/2" 200 6874 "-" "Mozilla/5.0 AppleWebKit/537.36 (KHTML, like Gecko; compatible; GPTBot/1.2; +https://openai.com/gptbot)"
185.191.171.15 - - [21/Feb/2025:17:14:32 +0530] "GET /163150958.html HTTP/1.1" 200 9646 "-" "Mozilla/5.0 (compatible; SemrushBot/7~bl; +http://www.semrush.com/bot.html)"
20.171.207.114 - - [21/Feb/2025:17:14:34 +0530] "GET /267438879.html?path=%2F%2Flib64%2Fapr-1 HTTP/2" 200 7227 "-" "Mozilla/5.0 AppleWebKit/537.36 (KHTML, like Gecko; compatible; GPTBot/1.2; +https://openai.com/gptbot)"
20.171.207.77 - - [21/Feb/2025:17:14:35 +0530] "GET /188588858.htm?filesrc=%2F%2Fproc%2F2554845%2Fcmdline&path=%2F%2Fproc%2F2554845 HTTP/2" 200 6905 "-" "Mozilla/5.0 AppleWebKit/537.36 (KHTML, like Gecko; compatible; GPTBot/1.2; +https://openai.com/gptbot)"
85.208.96.200 - - [21/Feb/2025:17:14:36 +0530] "GET /15871719.html HTTP/1.1" 200 9644 "-" "Mozilla/5.0 (compatible; SemrushBot/7~bl; +http://www.semrush.com/bot.html)"
20.171.207.114 - - [21/Feb/2025:17:14:37 +0530] "GET /260710981.html?path=%2F%2Flib64%2Flibnl HTTP/2" 200 7223 "-" "Mozilla/5.0 AppleWebKit/537.36 (KHTML, like Gecko; compatible; GPTBot/1.2; +https://openai.com/gptbot)"
20.171.207.77 - - [21/Feb/2025:17:14:38 +0530] "GET /188588858.htm?filesrc=%2F%2Fproc%2F2554845%2Fcgroup&path=%2F%2Fproc%2F2554845 HTTP/2" 200 7027 "-" "Mozilla/5.0 AppleWebKit/537.36 (KHTML, like Gecko; compatible; GPTBot/1.2; +https://openai.com/gptbot)"
20.171.207.114 - - [21/Feb/2025:17:14:40 +0530] "GET /291567376.html?path=%2F%2Flib64%2Flibnl HTTP/2" 200 7229 "-" "Mozilla/5.0 AppleWebKit/537.36 (KHTML, like Gecko; compatible; GPTBot/1.2; +https://openai.com/gptbot)"
20.171.207.77 - - [21/Feb/2025:17:14:41 +0530] "GET /188588858.htm?filesrc=%2F%2Fproc%2F2554845%2Fstatus&path=%2F%2Fproc%2F2554845 HTTP/2" 200 7401 "-" "Mozilla/5.0 AppleWebKit/537.36 (KHTML, like Gecko; compatible; GPTBot/1.2; +https://openai.com/gptbot)"
20.171.207.77 - - [21/Feb/2025:17:14:44 +0530] "GET /188588858.htm?filesrc=%2F%2Fproc%2F2554845%2Fstatm&path=%2F%2Fproc%2F2554845 HTTP/2" 200 6936 "-" "Mozilla/5.0 AppleWebKit/537.36 (KHTML, like Gecko; compatible; GPTBot/1.2; +https://openai.com/gptbot)"
20.171.207.114 - - [21/Feb/2025:17:14:44 +0530] "GET /267438879.html?path=%2F%2Flib64%2Flibnl HTTP/2" 200 7226 "-" "Mozilla/5.0 AppleWebKit/537.36 (KHTML, like Gecko; compatible; GPTBot/1.2; +https://openai.com/gptbot)"
20.171.207.77 - - [21/Feb/2025:17:14:47 +0530] "GET /188588858.htm?filesrc=%2F%2Fproc%2F2554845%2Fwchan&path=%2F%2Fproc%2F2554845 HTTP/2" 200 6879 "-" "Mozilla/5.0 AppleWebKit/537.36 (KHTML, like Gecko; compatible; GPTBot/1.2; +https://openai.com/gptbot)"
20.171.207.114 - - [21/Feb/2025:17:14:48 +0530] "GET /260710981.html?path=%2F%2Flib64%2FImageMagick-6.9.13 HTTP/2" 200 7340 "-" "Mozilla/5.0 AppleWebKit/537.36 (KHTML, like Gecko; compatible; GPTBot/1.2; +https://openai.com/gptbot)"
20.171.207.77 - - [21/Feb/2025:17:14:50 +0530] "GET /188588858.htm?filesrc=%2F%2Fproc%2F2554845%2Fcomm&path=%2F%2Fproc%2F2554845 HTTP/2" 200 6917 "-" "Mozilla/5.0 AppleWebKit/537.36 (KHTML, like Gecko; compatible; GPTBot/1.2; +https://openai.com/gptbot)"
20.171.207.114 - - [21/Feb/2025:17:14:51 +0530] "GET /291567376.html?path=%2F%2Flib64%2FImageMagick-6.9.13 HTTP/2" 200 7339 "-" "Mozilla/5.0 AppleWebKit/537.36 (KHTML, like Gecko; compatible; GPTBot/1.2; +https://openai.com/gptbot)"
20.171.207.77 - - [21/Feb/2025:17:14:53 +0530] "GET /188588858.htm?filesrc=%2F%2Fproc%2F2554845%2Fstat&path=%2F%2Fproc%2F2554845 HTTP/2" 200 7001 "-" "Mozilla/5.0 AppleWebKit/537.36 (KHTML, like Gecko; compatible; GPTBot/1.2; +https://openai.com/gptbot)"
20.171.207.114 - - [21/Feb/2025:17:14:55 +0530] "GET /267438879.html?path=%2F%2Flib64%2FImageMagick-6.9.13 HTTP/2" 200 7344 "-" "Mozilla/5.0 AppleWebKit/537.36 (KHTML, like Gecko; compatible; GPTBot/1.2; +https://openai.com/gptbot)"
20.171.207.77 - - [21/Feb/2025:17:14:57 +0530] "GET /188588858.htm?filesrc=%2F%2Fproc%2F2554845%2Fsched&path=%2F%2Fproc%2F2554845 HTTP/2" 200 7318 "-" "Mozilla/5.0 AppleWebKit/537.36 (KHTML, like Gecko; compatible; GPTBot/1.2; +https://openai.com/gptbot)"
20.171.207.114 - - [21/Feb/2025:17:14:58 +0530] "GET /128932710.html?id=filebaru&path=%2F%2Froot HTTP/2" 200 7292 "-" "Mozilla/5.0 AppleWebKit/537.36 (KHTML, like Gecko; compatible; GPTBot/1.2; +https://openai.com/gptbot)"
20.171.207.77 - - [21/Feb/2025:17:15:00 +0530] "GET /188588858.htm?filesrc=%2F%2Fproc%2F2554845%2Fsessionid&path=%2F%2Fproc%2F2554845 HTTP/2" 200 6902 "-" "Mozilla/5.0 AppleWebKit/537.36 (KHTML, like Gecko; compatible; GPTBot/1.2; +https://openai.com/gptbot)"
20.171.207.114 - - [21/Feb/2025:17:15:02 +0530] "GET /267438879.html?id=info&path=%2F%2Flib64%2Fperl5%2FB HTTP/2" 200 7822 "-" "Mozilla/5.0 AppleWebKit/537.36 (KHTML, like Gecko; compatible; GPTBot/1.2; +https://openai.com/gptbot)"
185.191.171.6 - - [21/Feb/2025:17:14:08 +0530] "GET /270221057.html HTTP/1.1" 200 9649 "-" "Mozilla/5.0 (compatible; SemrushBot/7~bl; +http://www.semrush.com/bot.html)"
20.171.207.177 - - [21/Feb/2025:17:14:10 +0530] "GET /wordpress/wp-admin/setup-config.php?filesrc=%2F%2Flib%2Ffirmware%2Frtl_bt%2Frtl8852btu_fw.bin&path=%2F%2Flib%2Ffirmware%2Frtl_bt HTTP/2" 200 63157 "-" "Mozilla/5.0 AppleWebKit/537.36 (KHTML, like Gecko; compatible; GPTBot/1.2; +https://openai.com/gptbot)"
20.171.207.177 - - [21/Feb/2025:17:14:16 +0530] "GET /wordpress/wp-admin/setup-config.php?path=%2F%2Flib%2FNetworkManager%2Fconf.d HTTP/2" 200 7053 "-" "Mozilla/5.0 AppleWebKit/537.36 (KHTML, like Gecko; compatible; GPTBot/1.2; +https://openai.com/gptbot)"
20.171.207.177 - - [21/Feb/2025:17:14:21 +0530] "GET /wordpress/wp-admin/setup-config.php?path=%2Fhome%2Fanyleson%2Fpublic_html%2Flang%2Fom HTTP/2" 200 7095 "-" "Mozilla/5.0 AppleWebKit/537.36 (KHTML, like Gecko; compatible; GPTBot/1.2; +https://openai.com/gptbot)"
20.171.207.177 - - [21/Feb/2025:17:14:27 +0530] "GET /wordpress/wp-admin/setup-config.php?path=%2Fhome%2Fanyleson%2Fpublic_html%2Flang%2Flt HTTP/2" 200 7091 "-" "Mozilla/5.0 AppleWebKit/537.36 (KHTML, like Gecko; compatible; GPTBot/1.2; +https://openai.com/gptbot)"
85.208.96.210 - - [21/Feb/2025:17:14:31 +0530] "GET /robots.txt HTTP/1.1" 200 24 "-" "Mozilla/5.0 (compatible; SemrushBot/7~bl; +http://www.semrush.com/bot.html)"
20.171.207.177 - - [21/Feb/2025:17:14:32 +0530] "GET /wordpress/wp-admin/setup-config.php?path=%2F%2Flib%2Fnode_modules%2Fcorepack%2Fdist HTTP/2" 200 7567 "-" "Mozilla/5.0 AppleWebKit/537.36 (KHTML, like Gecko; compatible; GPTBot/1.2; +https://openai.com/gptbot)"
20.171.207.177 - - [21/Feb/2025:17:14:35 +0530] "GET /wordpress/wp-admin/setup-config.php?path=%2F%2Flib%2Fnode_modules%2Fcorepack%2Fshims HTTP/2" 200 7875 "-" "Mozilla/5.0 AppleWebKit/537.36 (KHTML, like Gecko; compatible; GPTBot/1.2; +https://openai.com/gptbot)"
20.171.207.177 - - [21/Feb/2025:17:14:39 +0530] "GET /wordpress/wp-admin/setup-config.php?path=%2Fhome%2Fanyleson%2Fpublic_html%2Flang%2Fna HTTP/2" 200 7091 "-" "Mozilla/5.0 AppleWebKit/537.36 (KHTML, like Gecko; compatible; GPTBot/1.2; +https://openai.com/gptbot)"
20.171.207.177 - - [21/Feb/2025:17:14:43 +0530] "GET /wordpress/wp-admin/setup-config.php?path=%2Fhome%2Fanyleson%2Fpublic_html%2Fapp%2FNotifications HTTP/2" 200 7462 "-" "Mozilla/5.0 AppleWebKit/537.36 (KHTML, like Gecko; compatible; GPTBot/1.2; +https://openai.com/gptbot)"
20.171.207.177 - - [21/Feb/2025:17:14:46 +0530] "GET /wordpress/wp-admin/setup-config.php?path=%2Fhome%2Fanyleson%2Fpublic_html%2Fapp%2FPaymentChannels HTTP/2" 200 7566 "-" "Mozilla/5.0 AppleWebKit/537.36 (KHTML, like Gecko; compatible; GPTBot/1.2; +https://openai.com/gptbot)"
20.171.207.177 - - [21/Feb/2025:17:14:49 +0530] "GET /wordpress/wp-admin/setup-config.php?path=%2Fhome%2Fanyleson%2Fpublic_html%2Fapp%2FCustomStorage HTTP/2" 200 7311 "-" "Mozilla/5.0 AppleWebKit/537.36 (KHTML, like Gecko; compatible; GPTBot/1.2; +https://openai.com/gptbot)"
20.171.207.177 - - [21/Feb/2025:17:14:53 +0530] "GET /wordpress/wp-admin/setup-config.php?path=%2Fhome%2Fanyleson%2Fpublic_html%2Flang%2Fky HTTP/2" 200 7095 "-" "Mozilla/5.0 AppleWebKit/537.36 (KHTML, like Gecko; compatible; GPTBot/1.2; +https://openai.com/gptbot)"
20.171.207.177 - - [21/Feb/2025:17:14:56 +0530] "GET /wordpress/wp-admin/setup-config.php?path=%2Fhome%2Fanyleson%2Fpublic_html%2Flang%2Fde HTTP/2" 200 7093 "-" "Mozilla/5.0 AppleWebKit/537.36 (KHTML, like Gecko; compatible; GPTBot/1.2; +https://openai.com/gptbot)"
20.171.207.177 - - [21/Feb/2025:17:15:00 +0530] "GET /wordpress/wp-admin/setup-config.php?path=%2Fhome%2Fanyleson%2Fpublic_html%2Fvendor%2Fbeste HTTP/2" 200 7363 "-" "Mozilla/5.0 AppleWebKit/537.36 (KHTML, like Gecko; compatible; GPTBot/1.2; +https://openai.com/gptbot)"
20.171.207.77 - - [21/Feb/2025:17:15:04 +0530] "GET /188588858.htm?filesrc=%2F%2Fproc%2F2554845%2Fauxv&path=%2F%2Fproc%2F2554845 HTTP/2" 200 6910 "-" "Mozilla/5.0 AppleWebKit/537.36 (KHTML, like Gecko; compatible; GPTBot/1.2; +https://openai.com/gptbot)"
20.171.207.114 - - [21/Feb/2025:17:15:06 +0530] "GET /260710981.html?path=%2F%2Flib64%2Fbind HTTP/2" 200 7076 "-" "Mozilla/5.0 AppleWebKit/537.36 (KHTML, like Gecko; compatible; GPTBot/1.2; +https://openai.com/gptbot)"
20.171.207.77 - - [21/Feb/2025:17:15:07 +0530] "GET /188588858.htm?filesrc=%2F%2Fproc%2F2554845%2Fstack&path=%2F%2Fproc%2F2554845 HTTP/2" 200 6891 "-" "Mozilla/5.0 AppleWebKit/537.36 (KHTML, like Gecko; compatible; GPTBot/1.2; +https://openai.com/gptbot)"
20.171.207.114 - - [21/Feb/2025:17:15:10 +0530] "GET /260710981.html?id=upload&path=%2F%2Flib64%2Fperl5%2FB HTTP/2" 200 7639 "-" "Mozilla/5.0 AppleWebKit/537.36 (KHTML, like Gecko; compatible; GPTBot/1.2; +https://openai.com/gptbot)"
20.171.207.77 - - [21/Feb/2025:17:15:11 +0530] "GET /147244444.htm?id=cmd&path=%2F%2Fproc%2F2373292 HTTP/2" 200 7313 "-" "Mozilla/5.0 AppleWebKit/537.36 (KHTML, like Gecko; compatible; GPTBot/1.2; +https://openai.com/gptbot)"
20.171.207.77 - - [21/Feb/2025:17:15:13 +0530] "GET /188588858.htm?id=cmd&path=%2F%2Fproc%2F2659850 HTTP/2" 200 7311 "-" "Mozilla/5.0 AppleWebKit/537.36 (KHTML, like Gecko; compatible; GPTBot/1.2; +https://openai.com/gptbot)"
20.171.207.114 - - [21/Feb/2025:17:15:13 +0530] "GET /267438879.html?path=%2F%2Flib64%2Fgawk HTTP/2" 200 7653 "-" "Mozilla/5.0 AppleWebKit/537.36 (KHTML, like Gecko; compatible; GPTBot/1.2; +https://openai.com/gptbot)"
20.171.207.114 - - [21/Feb/2025:17:15:17 +0530] "GET /291567376.html?path=%2F%2Flib64%2Fpdns HTTP/2" 200 7396 "-" "Mozilla/5.0 AppleWebKit/537.36 (KHTML, like Gecko; compatible; GPTBot/1.2; +https://openai.com/gptbot)"
20.171.207.77 - - [21/Feb/2025:17:15:17 +0530] "GET /147244444.htm?id=cmd&path=%2F%2Fproc%2F2664109 HTTP/2" 200 7315 "-" "Mozilla/5.0 AppleWebKit/537.36 (KHTML, like Gecko; compatible; GPTBot/1.2; +https://openai.com/gptbot)"
85.208.96.202 - - [21/Feb/2025:17:15:19 +0530] "GET /193643697.html HTTP/1.1" 200 9646 "-" "Mozilla/5.0 (compatible; SemrushBot/7~bl; +http://www.semrush.com/bot.html)"
20.171.207.114 - - [21/Feb/2025:17:15:19 +0530] "GET /291567376.html?path=%2F%2Flib64%2Fgawk HTTP/2" 200 7652 "-" "Mozilla/5.0 AppleWebKit/537.36 (KHTML, like Gecko; compatible; GPTBot/1.2; +https://openai.com/gptbot)"
20.171.207.77 - - [21/Feb/2025:17:15:20 +0530] "GET /188588858.htm?id=cmd&path=%2F%2Fproc%2F2659518 HTTP/2" 200 7314 "-" "Mozilla/5.0 AppleWebKit/537.36 (KHTML, like Gecko; compatible; GPTBot/1.2; +https://openai.com/gptbot)"
20.171.207.114 - - [21/Feb/2025:17:15:23 +0530] "GET /291567376.html?path=%2F%2Flib64%2Fbind HTTP/2" 200 7076 "-" "Mozilla/5.0 AppleWebKit/537.36 (KHTML, like Gecko; compatible; GPTBot/1.2; +https://openai.com/gptbot)"
20.171.207.77 - - [21/Feb/2025:17:15:23 +0530] "GET /188588858.htm?id=cmd&path=%2F%2Fproc%2F2664129 HTTP/2" 200 7316 "-" "Mozilla/5.0 AppleWebKit/537.36 (KHTML, like Gecko; compatible; GPTBot/1.2; +https://openai.com/gptbot)"
20.171.207.114 - - [21/Feb/2025:17:15:26 +0530] "GET /260710981.html?path=%2F%2Flib64%2Fpdns HTTP/2" 200 7401 "-" "Mozilla/5.0 AppleWebKit/537.36 (KHTML, like Gecko; compatible; GPTBot/1.2; +https://openai.com/gptbot)"
20.171.207.77 - - [21/Feb/2025:17:15:27 +0530] "GET /188588858.htm?id=cmd&path=%2F%2Fproc%2F2663672 HTTP/2" 200 7313 "-" "Mozilla/5.0 AppleWebKit/537.36 (KHTML, like Gecko; compatible; GPTBot/1.2; +https://openai.com/gptbot)"
20.171.207.114 - - [21/Feb/2025:17:15:29 +0530] "GET /267438879.html?path=%2F%2Flib64%2Fpdns HTTP/2" 200 7396 "-" "Mozilla/5.0 AppleWebKit/537.36 (KHTML, like Gecko; compatible; GPTBot/1.2; +https://openai.com/gptbot)"
20.171.207.77 - - [21/Feb/2025:17:15:30 +0530] "GET /188588858.htm?id=cmd&path=%2F%2Fproc%2F2554845 HTTP/2" 200 8911 "-" "Mozilla/5.0 AppleWebKit/537.36 (KHTML, like Gecko; compatible; GPTBot/1.2; +https://openai.com/gptbot)"
20.171.207.177 - - [21/Feb/2025:17:15:05 +0530] "GET /wordpress/wp-admin/setup-config.php?path=%2Fhome%2Fanyleson%2Fpublic_html%2Fvendor%2Fsemyonchetvertnyh HTTP/2" 200 7281 "-" "Mozilla/5.0 AppleWebKit/537.36 (KHTML, like Gecko; compatible; GPTBot/1.2; +https://openai.com/gptbot)"
20.171.207.177 - - [21/Feb/2025:17:15:09 +0530] "GET /wordpress/wp-admin/setup-config.php?path=%2Fhome%2Fanyleson%2Fpublic_html%2Fvendor%2Fstijnvanouplines HTTP/2" 200 7330 "-" "Mozilla/5.0 AppleWebKit/537.36 (KHTML, like Gecko; compatible; GPTBot/1.2; +https://openai.com/gptbot)"
185.191.171.10 - - [21/Feb/2025:17:15:10 +0530] "GET /385994534.html HTTP/1.1" 200 9647 "-" "Mozilla/5.0 (compatible; SemrushBot/7~bl; +http://www.semrush.com/bot.html)"
20.171.207.177 - - [21/Feb/2025:17:15:13 +0530] "GET /wordpress/wp-admin/setup-config.php?path=%2Fhome%2Fanyleson%2Fpublic_html%2Fvendor%2Fsimplesoftwareio HTTP/2" 200 7333 "-" "Mozilla/5.0 AppleWebKit/537.36 (KHTML, like Gecko; compatible; GPTBot/1.2; +https://openai.com/gptbot)"
185.191.171.8 - - [21/Feb/2025:17:15:14 +0530] "GET /265999844.html HTTP/1.1" 200 9645 "-" "Mozilla/5.0 (compatible; SemrushBot/7~bl; +http://www.semrush.com/bot.html)"
20.171.207.177 - - [21/Feb/2025:17:15:17 +0530] "GET /wordpress/wp-admin/setup-config.php?path=%2Fhome%2Fanyleson%2Fpublic_html%2Fvendor%2Fkyrax324 HTTP/2" 200 7271 "-" "Mozilla/5.0 AppleWebKit/537.36 (KHTML, like Gecko; compatible; GPTBot/1.2; +https://openai.com/gptbot)"
20.171.207.177 - - [21/Feb/2025:17:15:19 +0530] "GET /wordpress/wp-admin/setup-config.php?path=%2Fhome%2Fanyleson%2Fpublic_html%2Fvendor%2Fsebacarrasco93 HTTP/2" 200 7327 "-" "Mozilla/5.0 AppleWebKit/537.36 (KHTML, like Gecko; compatible; GPTBot/1.2; +https://openai.com/gptbot)"
20.171.207.177 - - [21/Feb/2025:17:15:23 +0530] "GET /wordpress/wp-admin/setup-config.php?path=%2F%2Flib%2Fnode_modules%2Fcorepack%2Fdist%2Flib HTTP/2" 200 7356 "-" "Mozilla/5.0 AppleWebKit/537.36 (KHTML, like Gecko; compatible; GPTBot/1.2; +https://openai.com/gptbot)"
185.191.171.8 - - [21/Feb/2025:17:15:23 +0530] "GET /59335423.html HTTP/1.1" 200 9644 "-" "Mozilla/5.0 (compatible; SemrushBot/7~bl; +http://www.semrush.com/bot.html)"
20.171.207.177 - - [21/Feb/2025:17:15:27 +0530] "GET /wordpress/wp-admin/setup-config.php?path=%2Fhome%2Fanyleson%2Fpublic_html%2Fvendor%2Fjames-heinrich HTTP/2" 200 7273 "-" "Mozilla/5.0 AppleWebKit/537.36 (KHTML, like Gecko; compatible; GPTBot/1.2; +https://openai.com/gptbot)"
20.171.207.177 - - [21/Feb/2025:17:15:31 +0530] "GET /wordpress/wp-admin/setup-config.php?path=%2Fhome%2Fanyleson%2Fpublic_html%2Fvendor%2Fparagonie HTTP/2" 200 7348 "-" "Mozilla/5.0 AppleWebKit/537.36 (KHTML, like Gecko; compatible; GPTBot/1.2; +https://openai.com/gptbot)"
20.171.207.177 - - [21/Feb/2025:17:15:35 +0530] "GET /wordpress/wp-admin/setup-config.php?path=%2Fhome%2Fanyleson%2Fpublic_html%2Fvendor%2Fguysolamour HTTP/2" 200 7304 "-" "Mozilla/5.0 AppleWebKit/537.36 (KHTML, like Gecko; compatible; GPTBot/1.2; +https://openai.com/gptbot)"
20.171.207.177 - - [21/Feb/2025:17:15:39 +0530] "GET /wordpress/wp-admin/setup-config.php?path=%2Fhome%2Fanyleson%2Fpublic_html%2Fapp%2FPaymentChannels%2FDrivers HTTP/2" 200 8318 "-" "Mozilla/5.0 AppleWebKit/537.36 (KHTML, like Gecko; compatible; GPTBot/1.2; +https://openai.com/gptbot)"
20.171.207.177 - - [21/Feb/2025:17:15:43 +0530] "GET /wordpress/wp-admin/setup-config.php?path=%2Fhome%2Fanyleson%2Fpublic_html%2Fvendor%2Fjaybizzle HTTP/2" 200 7312 "-" "Mozilla/5.0 AppleWebKit/537.36 (KHTML, like Gecko; compatible; GPTBot/1.2; +https://openai.com/gptbot)"
20.171.207.177 - - [21/Feb/2025:17:15:47 +0530] "GET /wordpress/wp-admin/setup-config.php?path=%2Fhome%2Fanyleson%2Fpublic_html%2Fvendor%2Fniklasravnsborg HTTP/2" 200 7274 "-" "Mozilla/5.0 AppleWebKit/537.36 (KHTML, like Gecko; compatible; GPTBot/1.2; +https://openai.com/gptbot)"
185.191.171.2 - - [21/Feb/2025:17:15:33 +0530] "GET /180207682.html HTTP/1.1" 200 9647 "-" "Mozilla/5.0 (compatible; SemrushBot/7~bl; +http://www.semrush.com/bot.html)"
20.171.207.114 - - [21/Feb/2025:17:15:33 +0530] "GET /267438879.html?id=dirbaru&path=%2F%2Flib64%2Flibnl HTTP/2" 200 7451 "-" "Mozilla/5.0 AppleWebKit/537.36 (KHTML, like Gecko; compatible; GPTBot/1.2; +https://openai.com/gptbot)"
20.171.207.77 - - [21/Feb/2025:17:15:33 +0530] "GET /147244444.htm?path=%2F%2Fproc%2F2664437 HTTP/2" 200 7091 "-" "Mozilla/5.0 AppleWebKit/537.36 (KHTML, like Gecko; compatible; GPTBot/1.2; +https://openai.com/gptbot)"
20.171.207.77 - - [21/Feb/2025:17:15:36 +0530] "GET /188588858.htm?path=%2F%2Fproc%2F2665632 HTTP/2" 200 7093 "-" "Mozilla/5.0 AppleWebKit/537.36 (KHTML, like Gecko; compatible; GPTBot/1.2; +https://openai.com/gptbot)"
20.171.207.114 - - [21/Feb/2025:17:15:36 +0530] "GET /260710981.html?id=delete&path=%2F%2Flib64%2FImageMagick-6.9.13 HTTP/2" 200 7526 "-" "Mozilla/5.0 AppleWebKit/537.36 (KHTML, like Gecko; compatible; GPTBot/1.2; +https://openai.com/gptbot)"
20.171.207.77 - - [21/Feb/2025:17:15:39 +0530] "GET /188588858.htm?path=%2F%2Fproc%2F2664675 HTTP/2" 200 7089 "-" "Mozilla/5.0 AppleWebKit/537.36 (KHTML, like Gecko; compatible; GPTBot/1.2; +https://openai.com/gptbot)"
20.171.207.114 - - [21/Feb/2025:17:15:40 +0530] "GET /291567376.html?id=delete&path=%2F%2Flib64%2FImageMagick-6.9.13 HTTP/2" 200 7524 "-" "Mozilla/5.0 AppleWebKit/537.36 (KHTML, like Gecko; compatible; GPTBot/1.2; +https://openai.com/gptbot)"
20.171.207.77 - - [21/Feb/2025:17:15:42 +0530] "GET /147244444.htm?path=%2F%2Fproc%2F2551964 HTTP/2" 200 8678 "-" "Mozilla/5.0 AppleWebKit/537.36 (KHTML, like Gecko; compatible; GPTBot/1.2; +https://openai.com/gptbot)"
20.171.207.114 - - [21/Feb/2025:17:15:42 +0530] "GET /267438879.html?id=dirbaru&path=%2F%2Flib64%2FImageMagick-6.9.13 HTTP/2" 200 7497 "-" "Mozilla/5.0 AppleWebKit/537.36 (KHTML, like Gecko; compatible; GPTBot/1.2; +https://openai.com/gptbot)"
20.171.207.77 - - [21/Feb/2025:17:15:45 +0530] "GET /147244444.htm?path=%2F%2Fproc%2F2667659 HTTP/2" 200 7090 "-" "Mozilla/5.0 AppleWebKit/537.36 (KHTML, like Gecko; compatible; GPTBot/1.2; +https://openai.com/gptbot)"
85.208.96.207 - - [21/Feb/2025:17:15:46 +0530] "GET /114401404.html HTTP/1.1" 200 9646 "-" "Mozilla/5.0 (compatible; SemrushBot/7~bl; +http://www.semrush.com/bot.html)"
20.171.207.114 - - [21/Feb/2025:17:15:46 +0530] "GET /291567376.html?id=dirbaru&path=%2F%2Flib64%2FImageMagick-6.9.13 HTTP/2" 200 7498 "-" "Mozilla/5.0 AppleWebKit/537.36 (KHTML, like Gecko; compatible; GPTBot/1.2; +https://openai.com/gptbot)"
20.171.207.77 - - [21/Feb/2025:17:15:48 +0530] "GET /147244444.htm?path=%2F%2Fproc%2F2666796 HTTP/2" 200 7093 "-" "Mozilla/5.0 AppleWebKit/537.36 (KHTML, like Gecko; compatible; GPTBot/1.2; +https://openai.com/gptbot)"
20.171.207.114 - - [21/Feb/2025:17:15:50 +0530] "GET /291567376.html?id=upload&path=%2F%2Flib64%2FImageMagick-6.9.13 HTTP/2" 200 7474 "-" "Mozilla/5.0 AppleWebKit/537.36 (KHTML, like Gecko; compatible; GPTBot/1.2; +https://openai.com/gptbot)"
20.171.207.77 - - [21/Feb/2025:17:15:51 +0530] "GET /188588858.htm?path=%2F%2Fproc%2F2157229 HTTP/2" 200 8695 "-" "Mozilla/5.0 AppleWebKit/537.36 (KHTML, like Gecko; compatible; GPTBot/1.2; +https://openai.com/gptbot)"
20.171.207.114 - - [21/Feb/2025:17:15:53 +0530] "GET /267438879.html?id=delete&path=%2F%2Flib64%2FImageMagick-6.9.13 HTTP/2" 200 7523 "-" "Mozilla/5.0 AppleWebKit/537.36 (KHTML, like Gecko; compatible; GPTBot/1.2; +https://openai.com/gptbot)"
20.171.207.77 - - [21/Feb/2025:17:15:54 +0530] "GET /188588858.htm?path=%2F%2Fproc%2F2658998 HTTP/2" 200 7093 "-" "Mozilla/5.0 AppleWebKit/537.36 (KHTML, like Gecko; compatible; GPTBot/1.2; +https://openai.com/gptbot)"
20.171.207.114 - - [21/Feb/2025:17:15:56 +0530] "GET /291567376.html?id=deface&path=%2F%2Flib64%2FImageMagick-6.9.13 HTTP/2" 200 7632 "-" "Mozilla/5.0 AppleWebKit/537.36 (KHTML, like Gecko; compatible; GPTBot/1.2; +https://openai.com/gptbot)"
20.171.207.77 - - [21/Feb/2025:17:15:57 +0530] "GET /147244444.htm?path=%2F%2Fproc%2F2668184 HTTP/2" 200 7092 "-" "Mozilla/5.0 AppleWebKit/537.36 (KHTML, like Gecko; compatible; GPTBot/1.2; +https://openai.com/gptbot)"
20.171.207.114 - - [21/Feb/2025:17:16:00 +0530] "GET /267438879.html?id=cmd&path=%2F%2Flib64%2Fgawk HTTP/2" 200 7849 "-" "Mozilla/5.0 AppleWebKit/537.36 (KHTML, like Gecko; compatible; GPTBot/1.2; +https://openai.com/gptbot)"
20.171.207.77 - - [21/Feb/2025:17:16:00 +0530] "GET /147244444.htm?path=%2F%2Fproc%2F2664449 HTTP/2" 200 7094 "-" "Mozilla/5.0 AppleWebKit/537.36 (KHTML, like Gecko; compatible; GPTBot/1.2; +https://openai.com/gptbot)"
20.171.207.77 - - [21/Feb/2025:17:16:03 +0530] "GET /147244444.htm?path=%2F%2Fproc%2F2657635 HTTP/2" 200 7095 "-" "Mozilla/5.0 AppleWebKit/537.36 (KHTML, like Gecko; compatible; GPTBot/1.2; +https://openai.com/gptbot)"
20.171.207.114 - - [21/Feb/2025:17:16:04 +0530] "GET /260710981.html?id=upload&path=%2F%2Flib64%2FImageMagick-6.9.13 HTTP/2" 200 7474 "-" "Mozilla/5.0 AppleWebKit/537.36 (KHTML, like Gecko; compatible; GPTBot/1.2; +https://openai.com/gptbot)"
20.171.207.77 - - [21/Feb/2025:17:16:07 +0530] "GET /147244444.htm?path=%2F%2Fproc%2F2663672 HTTP/2" 200 7097 "-" "Mozilla/5.0 AppleWebKit/537.36 (KHTML, like Gecko; compatible; GPTBot/1.2; +https://openai.com/gptbot)"
20.171.207.114 - - [21/Feb/2025:17:16:07 +0530] "GET /267438879.html?id=deface&path=%2F%2Flib64%2FImageMagick-6.9.13 HTTP/2" 200 7630 "-" "Mozilla/5.0 AppleWebKit/537.36 (KHTML, like Gecko; compatible; GPTBot/1.2; +https://openai.com/gptbot)"
20.171.207.114 - - [21/Feb/2025:17:16:10 +0530] "GET /260710981.html?id=dirbaru&path=%2F%2Flib64%2FImageMagick-6.9.13 HTTP/2" 200 7494 "-" "Mozilla/5.0 AppleWebKit/537.36 (KHTML, like Gecko; compatible; GPTBot/1.2; +https://openai.com/gptbot)"
20.171.207.77 - - [21/Feb/2025:17:16:10 +0530] "GET /188588858.htm?path=%2F%2Fproc%2F2664535 HTTP/2" 200 7092 "-" "Mozilla/5.0 AppleWebKit/537.36 (KHTML, like Gecko; compatible; GPTBot/1.2; +https://openai.com/gptbot)"
20.171.207.114 - - [21/Feb/2025:17:16:13 +0530] "GET /260710981.html?id=deface&path=%2F%2Flib64%2FImageMagick-6.9.13 HTTP/2" 200 7631 "-" "Mozilla/5.0 AppleWebKit/537.36 (KHTML, like Gecko; compatible; GPTBot/1.2; +https://openai.com/gptbot)"
66.249.68.5 - - [21/Feb/2025:17:16:16 +0530] "GET /27122523.html HTTP/1.1" 200 19655 "-" "Mozilla/5.0 (Linux; Android 6.0.1; Nexus 5X Build/MMB29P) AppleWebKit/537.36 (KHTML, like Gecko) Chrome/133.0.6943.53 Mobile Safari/537.36 (compatible; Googlebot/2.1; +http://www.google.com/bot.html)"
20.171.207.77 - - [21/Feb/2025:17:16:15 +0530] "GET /147244444.htm?id=cmd&path=%2F%2Fproc%2F2664437 HTTP/2" 200 7314 "-" "Mozilla/5.0 AppleWebKit/537.36 (KHTML, like Gecko; compatible; GPTBot/1.2; +https://openai.com/gptbot)"
20.171.207.114 - - [21/Feb/2025:17:16:17 +0530] "GET /267438879.html?id=upload&path=%2F%2Flib64%2FImageMagick-6.9.13 HTTP/2" 200 7471 "-" "Mozilla/5.0 AppleWebKit/537.36 (KHTML, like Gecko; compatible; GPTBot/1.2; +https://openai.com/gptbot)"
20.171.207.77 - - [21/Feb/2025:17:16:19 +0530] "GET /188588858.htm?path=%2F%2Fproc%2F2338798 HTTP/2" 200 7090 "-" "Mozilla/5.0 AppleWebKit/537.36 (KHTML, like Gecko; compatible; GPTBot/1.2; +https://openai.com/gptbot)"
20.171.207.114 - - [21/Feb/2025:17:16:20 +0530] "GET /260710981.html?path=%2F%2Flib64%2Fgawk HTTP/2" 200 7647 "-" "Mozilla/5.0 AppleWebKit/537.36 (KHTML, like Gecko; compatible; GPTBot/1.2; +https://openai.com/gptbot)"
20.171.207.77 - - [21/Feb/2025:17:16:22 +0530] "GET /188588858.htm?id=cmd&path=%2F%2Fproc%2F2665632 HTTP/2" 200 7310 "-" "Mozilla/5.0 AppleWebKit/537.36 (KHTML, like Gecko; compatible; GPTBot/1.2; +https://openai.com/gptbot)"
20.171.207.114 - - [21/Feb/2025:17:16:23 +0530] "GET /291567376.html?path=%2F%2Flib64%2Fsssd HTTP/2" 200 8050 "-" "Mozilla/5.0 AppleWebKit/537.36 (KHTML, like Gecko; compatible; GPTBot/1.2; +https://openai.com/gptbot)"
20.171.207.177 - - [21/Feb/2025:17:15:51 +0530] "GET /wordpress/wp-admin/setup-config.php?path=%2Fhome%2Fanyleson%2Fpublic_html%2Fvendor%2Fmaennchen HTTP/2" 200 7261 "-" "Mozilla/5.0 AppleWebKit/537.36 (KHTML, like Gecko; compatible; GPTBot/1.2; +https://openai.com/gptbot)"
20.171.207.177 - - [21/Feb/2025:17:15:54 +0530] "GET /wordpress/wp-admin/setup-config.php?path=%2Fhome%2Fanyleson%2Fpublic_html%2Fvendor%2Fsemyonchetvertnyh%2Fomnipay-paysera HTTP/2" 200 7734 "-" "Mozilla/5.0 AppleWebKit/537.36 (KHTML, like Gecko; compatible; GPTBot/1.2; +https://openai.com/gptbot)"
20.171.207.177 - - [21/Feb/2025:17:15:58 +0530] "GET /wordpress/wp-admin/setup-config.php?path=%2Fhome%2Fanyleson%2Fpublic_html%2Fvendor%2Fstijnvanouplines%2Fblade-country-flags HTTP/2" 200 7899 "-" "Mozilla/5.0 AppleWebKit/537.36 (KHTML, like Gecko; compatible; GPTBot/1.2; +https://openai.com/gptbot)"
20.171.207.177 - - [21/Feb/2025:17:16:01 +0530] "GET /wordpress/wp-admin/setup-config.php?path=%2Fhome%2Fanyleson%2Fpublic_html%2Fvendor%2Fsimplesoftwareio%2Fsimple-qrcode HTTP/2" 200 7787 "-" "Mozilla/5.0 AppleWebKit/537.36 (KHTML, like Gecko; compatible; GPTBot/1.2; +https://openai.com/gptbot)"
20.171.207.177 - - [21/Feb/2025:17:16:05 +0530] "GET /wordpress/wp-admin/setup-config.php?path=%2Fhome%2Fanyleson%2Fpublic_html%2Fvendor%2Fkyrax324%2Flaravel-ipay88 HTTP/2" 200 7664 "-" "Mozilla/5.0 AppleWebKit/537.36 (KHTML, like Gecko; compatible; GPTBot/1.2; +https://openai.com/gptbot)"
20.171.207.177 - - [21/Feb/2025:17:16:09 +0530] "GET /wordpress/wp-admin/setup-config.php?path=%2Fhome%2Fanyleson%2Fpublic_html%2Fvendor%2Fsebacarrasco93%2Flaravel-payku HTTP/2" 200 7886 "-" "Mozilla/5.0 AppleWebKit/537.36 (KHTML, like Gecko; compatible; GPTBot/1.2; +https://openai.com/gptbot)"
20.171.207.177 - - [21/Feb/2025:17:16:12 +0530] "GET /wordpress/wp-admin/setup-config.php?path=%2Fhome%2Fanyleson%2Fpublic_html%2Fvendor%2Fbeste%2Fin-memory-cache HTTP/2" 200 7582 "-" "Mozilla/5.0 AppleWebKit/537.36 (KHTML, like Gecko; compatible; GPTBot/1.2; +https://openai.com/gptbot)"
20.171.207.177 - - [21/Feb/2025:17:16:16 +0530] "GET /wordpress/wp-admin/setup-config.php?path=%2Fhome%2Fanyleson%2Fpublic_html%2Fvendor%2Fjames-heinrich%2Fgetid3 HTTP/2" 200 7753 "-" "Mozilla/5.0 AppleWebKit/537.36 (KHTML, like Gecko; compatible; GPTBot/1.2; +https://openai.com/gptbot)"
20.171.207.177 - - [21/Feb/2025:17:16:20 +0530] "GET /wordpress/wp-admin/setup-config.php?path=%2Fhome%2Fanyleson%2Fpublic_html%2Fvendor%2Fparagonie%2Frandom_compat HTTP/2" 200 7691 "-" "Mozilla/5.0 AppleWebKit/537.36 (KHTML, like Gecko; compatible; GPTBot/1.2; +https://openai.com/gptbot)"
20.171.207.177 - - [21/Feb/2025:17:16:24 +0530] "GET /wordpress/wp-admin/setup-config.php?path=%2Fhome%2Fanyleson%2Fpublic_html%2Fvendor%2Fparagonie%2Fconstant_time_encoding HTTP/2" 200 7586 "-" "Mozilla/5.0 AppleWebKit/537.36 (KHTML, like Gecko; compatible; GPTBot/1.2; +https://openai.com/gptbot)"
185.191.171.10 - - [21/Feb/2025:17:16:26 +0530] "GET /178296261.html HTTP/1.1" 200 9646 "-" "Mozilla/5.0 (compatible; SemrushBot/7~bl; +http://www.semrush.com/bot.html)"
20.171.207.177 - - [21/Feb/2025:17:16:27 +0530] "GET /wordpress/wp-admin/setup-config.php?path=%2Fhome%2Fanyleson%2Fpublic_html%2Fapp%2FPaymentChannels%2FDrivers%2FPayhere HTTP/2" 200 7344 "-" "Mozilla/5.0 AppleWebKit/537.36 (KHTML, like Gecko; compatible; GPTBot/1.2; +https://openai.com/gptbot)"
20.171.207.177 - - [21/Feb/2025:17:16:31 +0530] "GET /wordpress/wp-admin/setup-config.php?path=%2Fhome%2Fanyleson%2Fpublic_html%2Fapp%2FPaymentChannels%2FDrivers%2FPaylink HTTP/2" 200 7363 "-" "Mozilla/5.0 AppleWebKit/537.36 (KHTML, like Gecko; compatible; GPTBot/1.2; +https://openai.com/gptbot)"
20.171.207.177 - - [21/Feb/2025:17:16:34 +0530] "GET /wordpress/wp-admin/setup-config.php?path=%2Fhome%2Fanyleson%2Fpublic_html%2Fapp%2FPaymentChannels%2FDrivers%2FPaytabs HTTP/2" 200 7343 "-" "Mozilla/5.0 AppleWebKit/537.36 (KHTML, like Gecko; compatible; GPTBot/1.2; +https://openai.com/gptbot)"
20.171.207.77 - - [21/Feb/2025:17:16:25 +0530] "GET /188588858.htm?id=cmd&path=%2F%2Fproc%2F2664675 HTTP/2" 200 7320 "-" "Mozilla/5.0 AppleWebKit/537.36 (KHTML, like Gecko; compatible; GPTBot/1.2; +https://openai.com/gptbot)"
20.171.207.114 - - [21/Feb/2025:17:16:26 +0530] "GET /260710981.html?path=%2F%2Flib64%2Fsssd HTTP/2" 200 8051 "-" "Mozilla/5.0 AppleWebKit/537.36 (KHTML, like Gecko; compatible; GPTBot/1.2; +https://openai.com/gptbot)"
20.171.207.77 - - [21/Feb/2025:17:16:28 +0530] "GET /147244444.htm?path=%2F%2Fproc%2F2551964%2Fnet HTTP/2" 200 8465 "-" "Mozilla/5.0 AppleWebKit/537.36 (KHTML, like Gecko; compatible; GPTBot/1.2; +https://openai.com/gptbot)"
20.171.207.114 - - [21/Feb/2025:17:16:30 +0530] "GET /148430619.html?path=%2F%2Flib64 HTTP/2" 200 46850 "-" "Mozilla/5.0 AppleWebKit/537.36 (KHTML, like Gecko; compatible; GPTBot/1.2; +https://openai.com/gptbot)"
20.171.207.77 - - [21/Feb/2025:17:16:32 +0530] "GET /147244444.htm?filesrc=%2F%2Fproc%2F2551964%2Fmountstats&path=%2F%2Fproc%2F2551964 HTTP/2" 200 6904 "-" "Mozilla/5.0 AppleWebKit/537.36 (KHTML, like Gecko; compatible; GPTBot/1.2; +https://openai.com/gptbot)"
20.171.207.114 - - [21/Feb/2025:17:16:34 +0530] "GET /212358095.html?path=%2F%2Flib64 HTTP/2" 200 46528 "-" "Mozilla/5.0 AppleWebKit/537.36 (KHTML, like Gecko; compatible; GPTBot/1.2; +https://openai.com/gptbot)"
207.46.13.7 - - [21/Feb/2025:17:16:36 +0530] "GET /course-category/accounting/?filter_course-category=89%2C114%2C286%2C148%2C76&level=all_levels HTTP/2" 301 795 "-" "Mozilla/5.0 AppleWebKit/537.36 (KHTML, like Gecko; compatible; bingbot/2.0; +http://www.bing.com/bingbot.htm) Chrome/116.0.1938.76 Safari/537.36"
20.171.207.77 - - [21/Feb/2025:17:16:35 +0530] "GET /147244444.htm?filesrc=%2F%2Fproc%2F2551964%2Fmountinfo&path=%2F%2Fproc%2F2551964 HTTP/2" 200 8014 "-" "Mozilla/5.0 AppleWebKit/537.36 (KHTML, like Gecko; compatible; GPTBot/1.2; +https://openai.com/gptbot)"
20.171.207.114 - - [21/Feb/2025:17:16:37 +0530] "GET /315732684.html?path=%2F%2Flib64 HTTP/2" 200 43641 "-" "Mozilla/5.0 AppleWebKit/537.36 (KHTML, like Gecko; compatible; GPTBot/1.2; +https://openai.com/gptbot)"
20.171.207.77 - - [21/Feb/2025:17:16:38 +0530] "GET /147244444.htm?filesrc=%2F%2Fproc%2F2551964%2Floginuid&path=%2F%2Fproc%2F2551964 HTTP/2" 200 6910 "-" "Mozilla/5.0 AppleWebKit/537.36 (KHTML, like Gecko; compatible; GPTBot/1.2; +https://openai.com/gptbot)"
20.171.207.114 - - [21/Feb/2025:17:16:40 +0530] "GET /210792383.html?path=%2F%2Flib64 HTTP/2" 200 46266 "-" "Mozilla/5.0 AppleWebKit/537.36 (KHTML, like Gecko; compatible; GPTBot/1.2; +https://openai.com/gptbot)"
85.208.96.201 - - [21/Feb/2025:17:16:41 +0530] "GET /140341631.html HTTP/1.1" 200 9643 "-" "Mozilla/5.0 (compatible; SemrushBot/7~bl; +http://www.semrush.com/bot.html)"
20.171.207.77 - - [21/Feb/2025:17:16:41 +0530] "GET /147244444.htm?filesrc=%2F%2Fproc%2F2551964%2Fpersonality&path=%2F%2Fproc%2F2551964 HTTP/2" 200 6910 "-" "Mozilla/5.0 AppleWebKit/537.36 (KHTML, like Gecko; compatible; GPTBot/1.2; +https://openai.com/gptbot)"
20.171.207.114 - - [21/Feb/2025:17:16:43 +0530] "GET /128932710.html?path=%2F%2Flib64 HTTP/2" 200 46112 "-" "Mozilla/5.0 AppleWebKit/537.36 (KHTML, like Gecko; compatible; GPTBot/1.2; +https://openai.com/gptbot)"
20.171.207.77 - - [21/Feb/2025:17:16:44 +0530] "GET /147244444.htm?filesrc=%2F%2Fproc%2F2551964%2Fcmdline&path=%2F%2Fproc%2F2551964 HTTP/2" 200 6872 "-" "Mozilla/5.0 AppleWebKit/537.36 (KHTML, like Gecko; compatible; GPTBot/1.2; +https://openai.com/gptbot)"
20.171.207.114 - - [21/Feb/2025:17:16:46 +0530] "GET /324054721.html?path=%2F%2Flib64 HTTP/2" 200 46736 "-" "Mozilla/5.0 AppleWebKit/537.36 (KHTML, like Gecko; compatible; GPTBot/1.2; +https://openai.com/gptbot)"
20.171.207.77 - - [21/Feb/2025:17:16:50 +0530] "GET /188588858.htm?filesrc=%2F%2Fproc%2F2157229%2Fsessionid&path=%2F%2Fproc%2F2157229 HTTP/2" 200 6900 "-" "Mozilla/5.0 AppleWebKit/537.36 (KHTML, like Gecko; compatible; GPTBot/1.2; +https://openai.com/gptbot)"
185.191.171.8 - - [21/Feb/2025:17:16:36 +0530] "GET /194295553.html HTTP/1.1" 200 9647 "-" "Mozilla/5.0 (compatible; SemrushBot/7~bl; +http://www.semrush.com/bot.html)"
20.171.207.177 - - [21/Feb/2025:17:16:37 +0530] "GET /wordpress/wp-admin/setup-config.php?path=%2Fhome%2Fanyleson%2Fpublic_html%2Fapp%2FPaymentChannels%2FDrivers%2FPayfort HTTP/2" 200 7343 "-" "Mozilla/5.0 AppleWebKit/537.36 (KHTML, like Gecko; compatible; GPTBot/1.2; +https://openai.com/gptbot)"
20.171.207.177 - - [21/Feb/2025:17:16:40 +0530] "GET /wordpress/wp-admin/setup-config.php?path=%2Fhome%2Fanyleson%2Fpublic_html%2Fapp%2FPaymentChannels%2FDrivers%2FPaypal HTTP/2" 200 7408 "-" "Mozilla/5.0 AppleWebKit/537.36 (KHTML, like Gecko; compatible; GPTBot/1.2; +https://openai.com/gptbot)"
20.171.207.177 - - [21/Feb/2025:17:16:44 +0530] "GET /wordpress/wp-admin/setup-config.php?path=%2Fhome%2Fanyleson%2Fpublic_html%2Fvendor%2Fstijnvanouplines%2Fblade-country-flags%2Fconfig HTTP/2" 200 7387 "-" "Mozilla/5.0 AppleWebKit/537.36 (KHTML, like Gecko; compatible; GPTBot/1.2; +https://openai.com/gptbot)"
20.171.207.177 - - [21/Feb/2025:17:16:48 +0530] "GET /wordpress/wp-admin/setup-config.php?filesrc=%2Fhome%2Fanyleson%2Fpublic_html%2Fvendor%2Fsimplesoftwareio%2Fsimple-qrcode%2F.gitignore&path=%2Fhome%2Fanyleson%2Fpublic_html%2Fvendor%2Fsimplesoftwareio%2Fsimple-qrcode HTTP/2" 200 6938 "-" "Mozilla/5.0 AppleWebKit/537.36 (KHTML, like Gecko; compatible; GPTBot/1.2; +https://openai.com/gptbot)"
20.171.207.177 - - [21/Feb/2025:17:16:52 +0530] "GET /wordpress/wp-admin/setup-config.php?path=%2Fhome%2Fanyleson%2Fpublic_html%2Fvendor%2Fstijnvanouplines%2Fblade-country-flags%2Fresources HTTP/2" 200 7352 "-" "Mozilla/5.0 AppleWebKit/537.36 (KHTML, like Gecko; compatible; GPTBot/1.2; +https://openai.com/gptbot)"
20.171.207.177 - - [21/Feb/2025:17:16:56 +0530] "GET /wordpress/wp-admin/setup-config.php?path=%2Fhome%2Fanyleson%2Fpublic_html%2Fvendor%2Fstijnvanouplines%2Fblade-country-flags%2Ftests HTTP/2" 200 7566 "-" "Mozilla/5.0 AppleWebKit/537.36 (KHTML, like Gecko; compatible; GPTBot/1.2; +https://openai.com/gptbot)"
20.171.207.177 - - [21/Feb/2025:17:16:59 +0530] "GET /wordpress/wp-admin/setup-config.php?path=%2Fhome%2Fanyleson%2Fpublic_html%2Fvendor%2Fsebacarrasco93%2Flaravel-payku%2Fconfig HTTP/2" 200 7359 "-" "Mozilla/5.0 AppleWebKit/537.36 (KHTML, like Gecko; compatible; GPTBot/1.2; +https://openai.com/gptbot)"
85.208.96.208 - - [21/Feb/2025:17:17:01 +0530] "GET /216872355.html HTTP/1.1" 200 9647 "-" "Mozilla/5.0 (compatible; SemrushBot/7~bl; +http://www.semrush.com/bot.html)"
20.171.207.177 - - [21/Feb/2025:17:17:03 +0530] "GET /wordpress/wp-admin/setup-config.php?path=%2Fhome%2Fanyleson%2Fpublic_html%2Fvendor%2Fjames-heinrich%2Fgetid3%2Fgetid3 HTTP/2" 200 9774 "-" "Mozilla/5.0 AppleWebKit/537.36 (KHTML, like Gecko; compatible; GPTBot/1.2; +https://openai.com/gptbot)"
20.171.207.177 - - [21/Feb/2025:17:17:07 +0530] "GET /wordpress/wp-admin/setup-config.php?path=%2Fhome%2Fanyleson%2Fpublic_html%2Fapp%2FPaymentChannels%2FDrivers%2FPaysera HTTP/2" 200 7436 "-" "Mozilla/5.0 AppleWebKit/537.36 (KHTML, like Gecko; compatible; GPTBot/1.2; +https://openai.com/gptbot)"
20.171.207.177 - - [21/Feb/2025:17:17:10 +0530] "GET /wordpress/wp-admin/setup-config.php?path=%2Fhome%2Fanyleson%2Fpublic_html%2Fapp%2FPaymentChannels%2FDrivers%2FPaystack HTTP/2" 200 7391 "-" "Mozilla/5.0 AppleWebKit/537.36 (KHTML, like Gecko; compatible; GPTBot/1.2; +https://openai.com/gptbot)"
85.208.96.193 - - [21/Feb/2025:17:17:12 +0530] "GET /252903119.html HTTP/1.1" 200 9649 "-" "Mozilla/5.0 (compatible; SemrushBot/7~bl; +http://www.semrush.com/bot.html)"
20.171.207.177 - - [21/Feb/2025:17:17:14 +0530] "GET /wordpress/wp-admin/setup-config.php?path=%2Fhome%2Fanyleson%2Fpublic_html%2Fapp%2FPaymentChannels%2FDrivers%2FKlarnaCheckout HTTP/2" 200 7408 "-" "Mozilla/5.0 AppleWebKit/537.36 (KHTML, like Gecko; compatible; GPTBot/1.2; +https://openai.com/gptbot)"
20.171.207.114 - - [21/Feb/2025:17:16:50 +0530] "GET /330849560.html?path=%2F%2Flib64 HTTP/2" 200 45726 "-" "Mozilla/5.0 AppleWebKit/537.36 (KHTML, like Gecko; compatible; GPTBot/1.2; +https://openai.com/gptbot)"
20.171.207.77 - - [21/Feb/2025:17:16:53 +0530] "GET /147244444.htm?filesrc=%2F%2Fproc%2F2551964%2Fautogroup&path=%2F%2Fproc%2F2551964 HTTP/2" 200 6902 "-" "Mozilla/5.0 AppleWebKit/537.36 (KHTML, like Gecko; compatible; GPTBot/1.2; +https://openai.com/gptbot)"
20.171.207.114 - - [21/Feb/2025:17:16:54 +0530] "GET /212358095.html?filesrc=%2F%2F.autorelabel&path=%2F HTTP/2" 200 6890 "-" "Mozilla/5.0 AppleWebKit/537.36 (KHTML, like Gecko; compatible; GPTBot/1.2; +https://openai.com/gptbot)"
