185.191.171.12 - - [21/Feb/2025:17:16:54 +0530] "GET /255647700.html HTTP/1.1" 200 9647 "-" "Mozilla/5.0 (compatible; SemrushBot/7~bl; +http://www.semrush.com/bot.html)"
20.171.207.77 - - [21/Feb/2025:17:16:56 +0530] "GET /147244444.htm?filesrc=%2F%2Fproc%2F2551964%2Fwchan&path=%2F%2Fproc%2F2551964 HTTP/2" 200 6876 "-" "Mozilla/5.0 AppleWebKit/537.36 (KHTML, like Gecko; compatible; GPTBot/1.2; +https://openai.com/gptbot)"
20.171.207.114 - - [21/Feb/2025:17:16:57 +0530] "GET /324054721.html?filesrc=%2F%2F.autorelabel&path=%2F HTTP/2" 200 6894 "-" "Mozilla/5.0 AppleWebKit/537.36 (KHTML, like Gecko; compatible; GPTBot/1.2; +https://openai.com/gptbot)"
20.171.207.77 - - [21/Feb/2025:17:16:59 +0530] "GET /147244444.htm?filesrc=%2F%2Fproc%2F2551964%2Fcpuset&path=%2F%2Fproc%2F2551964 HTTP/2" 200 6920 "-" "Mozilla/5.0 AppleWebKit/537.36 (KHTML, like Gecko; compatible; GPTBot/1.2; +https://openai.com/gptbot)"
20.171.207.114 - - [21/Feb/2025:17:17:01 +0530] "GET /210792383.html?filesrc=%2F%2F.autorelabel&path=%2F HTTP/2" 200 6892 "-" "Mozilla/5.0 AppleWebKit/537.36 (KHTML, like Gecko; compatible; GPTBot/1.2; +https://openai.com/gptbot)"
20.171.207.77 - - [21/Feb/2025:17:17:02 +0530] "GET /147244444.htm?filesrc=%2F%2Fproc%2F2551964%2Fenviron&path=%2F%2Fproc%2F2551964 HTTP/2" 200 6863 "-" "Mozilla/5.0 AppleWebKit/537.36 (KHTML, like Gecko; compatible; GPTBot/1.2; +https://openai.com/gptbot)"
20.171.207.114 - - [21/Feb/2025:17:17:04 +0530] "GET /128932710.html?filesrc=%2F%2F.autorelabel&path=%2F HTTP/2" 200 6895 "-" "Mozilla/5.0 AppleWebKit/537.36 (KHTML, like Gecko; compatible; GPTBot/1.2; +https://openai.com/gptbot)"
20.171.207.77 - - [21/Feb/2025:17:17:06 +0530] "GET /188588858.htm?filesrc=%2F%2Fproc%2F2157229%2Fpagemap&path=%2F%2Fproc%2F2157229 HTTP/2" 200 6862 "-" "Mozilla/5.0 AppleWebKit/537.36 (KHTML, like Gecko; compatible; GPTBot/1.2; +https://openai.com/gptbot)"
20.171.207.114 - - [21/Feb/2025:17:17:08 +0530] "GET /337499251.html?path=%2F HTTP/2" 200 8171 "-" "Mozilla/5.0 AppleWebKit/537.36 (KHTML, like Gecko; compatible; GPTBot/1.2; +https://openai.com/gptbot)"
20.171.207.77 - - [21/Feb/2025:17:17:09 +0530] "GET /188588858.htm?filesrc=%2F%2Fproc%2F2157229%2Fcgroup&path=%2F%2Fproc%2F2157229 HTTP/2" 200 7030 "-" "Mozilla/5.0 AppleWebKit/537.36 (KHTML, like Gecko; compatible; GPTBot/1.2; +https://openai.com/gptbot)"
20.171.207.114 - - [21/Feb/2025:17:17:11 +0530] "GET /260710981.html?filesrc=%2F%2Flib64%2Fsssd%2Flibsss_debug.so&path=%2F%2Flib64%2Fsssd HTTP/2" 200 16092 "-" "Mozilla/5.0 AppleWebKit/537.36 (KHTML, like Gecko; compatible; GPTBot/1.2; +https://openai.com/gptbot)"
20.171.207.114 - - [21/Feb/2025:17:17:14 +0530] "GET /223791644.html?path=%2F HTTP/2" 200 8173 "-" "Mozilla/5.0 AppleWebKit/537.36 (KHTML, like Gecko; compatible; GPTBot/1.2; +https://openai.com/gptbot)"
20.171.207.114 - - [21/Feb/2025:17:17:17 +0530] "GET /148430619.html?filesrc=%2F%2Flib64%2Flibicuuc.so.60&path=%2F%2Flib64 HTTP/2" 200 692133 "-" "Mozilla/5.0 AppleWebKit/537.36 (KHTML, like Gecko; compatible; GPTBot/1.2; +https://openai.com/gptbot)"
85.208.96.204 - - [21/Feb/2025:17:17:19 +0530] "GET /165091330.html HTTP/1.1" 200 9648 "-" "Mozilla/5.0 (compatible; SemrushBot/7~bl; +http://www.semrush.com/bot.html)"
20.171.207.177 - - [21/Feb/2025:17:17:17 +0530] "GET /wordpress/wp-admin/setup-config.php?path=%2Fhome%2Fanyleson%2Fpublic_html%2Fapp%2FPaymentChannels%2FDrivers%2FAuthorizenet HTTP/2" 200 7404 "-" "Mozilla/5.0 AppleWebKit/537.36 (KHTML, like Gecko; compatible; GPTBot/1.2; +https://openai.com/gptbot)"
20.171.207.177 - - [21/Feb/2025:17:17:22 +0530] "GET /wordpress/wp-admin/setup-config.php?path=%2Fhome%2Fanyleson%2Fpublic_html%2Fapp%2FPaymentChannels%2FDrivers%2FYandexCheckout HTTP/2" 200 7393 "-" "Mozilla/5.0 AppleWebKit/537.36 (KHTML, like Gecko; compatible; GPTBot/1.2; +https://openai.com/gptbot)"
20.171.207.177 - - [21/Feb/2025:17:17:26 +0530] "GET /wordpress/wp-admin/setup-config.php?path=%2Fhome%2Fanyleson%2Fpublic_html%2Fvendor%2Fstijnvanouplines%2Fblade-country-flags%2Fsrc HTTP/2" 200 7515 "-" "Mozilla/5.0 AppleWebKit/537.36 (KHTML, like Gecko; compatible; GPTBot/1.2; +https://openai.com/gptbot)"
20.171.207.177 - - [21/Feb/2025:17:17:30 +0530] "GET /wordpress/wp-admin/setup-config.php?path=%2Fhome%2Fanyleson%2Fpublic_html%2Fvendor%2Fstijnvanouplines%2Fblade-country-flags%2Fbin HTTP/2" 200 7403 "-" "Mozilla/5.0 AppleWebKit/537.36 (KHTML, like Gecko; compatible; GPTBot/1.2; +https://openai.com/gptbot)"
20.171.207.177 - - [21/Feb/2025:17:17:33 +0530] "GET /wordpress/wp-admin/setup-config.php?path=%2Fhome%2Fanyleson%2Fpublic_html%2Fvendor%2Fstijnvanouplines%2Fblade-country-flags%2F.github HTTP/2" 200 7352 "-" "Mozilla/5.0 AppleWebKit/537.36 (KHTML, like Gecko; compatible; GPTBot/1.2; +https://openai.com/gptbot)"
20.171.207.177 - - [21/Feb/2025:17:17:37 +0530] "GET /wordpress/wp-admin/setup-config.php?path=%2Fhome%2Fanyleson%2Fpublic_html%2Fvendor%2Fsebacarrasco93%2Flaravel-payku%2Fdatabase HTTP/2" 200 7352 "-" "Mozilla/5.0 AppleWebKit/537.36 (KHTML, like Gecko; compatible; GPTBot/1.2; +https://openai.com/gptbot)"
20.171.207.177 - - [21/Feb/2025:17:17:40 +0530] "GET /wordpress/wp-admin/setup-config.php?id=dirbaru&path=%2Fhome%2Fanyleson%2Fpublic_html%2Fvendor%2Fstijnvanouplines%2Fblade-country-flags%2Fresources HTTP/2" 200 7532 "-" "Mozilla/5.0 AppleWebKit/537.36 (KHTML, like Gecko; compatible; GPTBot/1.2; +https://openai.com/gptbot)"
20.171.207.177 - - [21/Feb/2025:17:17:44 +0530] "GET /wordpress/wp-admin/setup-config.php?path=%2Fhome%2Fanyleson%2Fpublic_html%2Fvendor%2Fstijnvanouplines%2Fblade-country-flags%2Fresources%2Fsvg HTTP/2" 200 16578 "-" "Mozilla/5.0 AppleWebKit/537.36 (KHTML, like Gecko; compatible; GPTBot/1.2; +https://openai.com/gptbot)"
114.119.128.56 - - [21/Feb/2025:17:17:47 +0530] "GET /users/929/profile?path=/home/anyleson/www/vendor/psy HTTP/1.1" 200 14987 "https://anyleson.com/users/929/profile?id=info&path=/home/anyleson/www/vendor" "Mozilla/5.0 (Linux; Android 7.0;) AppleWebKit/537.36 (KHTML, like Gecko) Mobile Safari/537.36 (compatible; PetalBot;+https://webmaster.petalsearch.com/site/petalbot)"
20.171.207.177 - - [21/Feb/2025:17:17:47 +0530] "GET /wordpress/wp-admin/setup-config.php?path=%2Fhome%2Fanyleson%2Fpublic_html%2Fvendor%2Fstijnvanouplines%2Fblade-country-flags%2Ftests%2F__snapshots__ HTTP/2" 200 7590 "-" "Mozilla/5.0 AppleWebKit/537.36 (KHTML, like Gecko; compatible; GPTBot/1.2; +https://openai.com/gptbot)"
114.119.155.83 - - [21/Feb/2025:17:17:48 +0530] "GET /users/996/profile?id=delete&path=/home/anyleson/public_html/resources/views/admin/advertising_modal HTTP/1.1" 200 12251 "https://anyleson.com/users/996/profile?path=/home/anyleson/public_html/resources/views/admin/advertising_modal" "Mozilla/5.0 (Linux; Android 7.0;) AppleWebKit/537.36 (KHTML, like Gecko) Mobile Safari/537.36 (compatible; PetalBot;+https://webmaster.petalsearch.com/site/petalbot)"
20.171.207.177 - - [21/Feb/2025:17:17:51 +0530] "GET /wordpress/wp-admin/setup-config.php?path=%2Fhome%2Fanyleson%2Fpublic_html%2Fvendor%2Fsebacarrasco93%2Flaravel-payku%2Ftests HTTP/2" 200 7668 "-" "Mozilla/5.0 AppleWebKit/537.36 (KHTML, like Gecko; compatible; GPTBot/1.2; +https://openai.com/gptbot)"
20.171.207.114 - - [21/Feb/2025:17:17:21 +0530] "GET /212358095.html?filesrc=%2F%2Flib64%2Flibdcerpc-server-core.so.0.0.1&path=%2F%2Flib64 HTTP/2" 200 36310 "-" "Mozilla/5.0 AppleWebKit/537.36 (KHTML, like Gecko; compatible; GPTBot/1.2; +https://openai.com/gptbot)"
20.171.207.114 - - [21/Feb/2025:17:17:24 +0530] "GET /212358095.html?path=%2F%2Flib64%2Fpackagekit-backend HTTP/2" 200 7558 "-" "Mozilla/5.0 AppleWebKit/537.36 (KHTML, like Gecko; compatible; GPTBot/1.2; +https://openai.com/gptbot)"
20.171.207.114 - - [21/Feb/2025:17:17:28 +0530] "GET /210792383.html?filesrc=%2F%2Flib64%2Flibsamba-hostconfig.so.0.0.1&path=%2F%2Flib64 HTTP/2" 200 66162 "-" "Mozilla/5.0 AppleWebKit/537.36 (KHTML, like Gecko; compatible; GPTBot/1.2; +https://openai.com/gptbot)"
20.171.207.114 - - [21/Feb/2025:17:17:31 +0530] "GET /128932710.html?filesrc=%2F%2Flib64%2Flibudev.so.1.6.11&path=%2F%2Flib64 HTTP/2" 200 272721 "-" "Mozilla/5.0 AppleWebKit/537.36 (KHTML, like Gecko; compatible; GPTBot/1.2; +https://openai.com/gptbot)"
85.208.96.197 - - [21/Feb/2025:17:17:32 +0530] "GET /175955684.html HTTP/1.1" 200 9645 "-" "Mozilla/5.0 (compatible; SemrushBot/7~bl; +http://www.semrush.com/bot.html)"
20.171.207.114 - - [21/Feb/2025:17:17:34 +0530] "GET /324054721.html?filesrc=%2F%2Flib64%2Flibtss2-tctildr.so.0&path=%2F%2Flib64 HTTP/2" 200 19063 "-" "Mozilla/5.0 AppleWebKit/537.36 (KHTML, like Gecko; compatible; GPTBot/1.2; +https://openai.com/gptbot)"
85.208.96.201 - - [21/Feb/2025:17:17:36 +0530] "GET /361915293.html HTTP/1.1" 200 9644 "-" "Mozilla/5.0 (compatible; SemrushBot/7~bl; +http://www.semrush.com/bot.html)"
20.171.207.114 - - [21/Feb/2025:17:17:38 +0530] "GET /210792383.html?filesrc=%2F%2Flib64%2Flibndr-nbt.so.0.0.1&path=%2F%2Flib64 HTTP/2" 200 63568 "-" "Mozilla/5.0 AppleWebKit/537.36 (KHTML, like Gecko; compatible; GPTBot/1.2; +https://openai.com/gptbot)"
20.171.207.77 - - [21/Feb/2025:17:17:12 +0530] "GET /188588858.htm?filesrc=%2F%2Fproc%2F2157229%2Flimits&path=%2F%2Fproc%2F2157229 HTTP/2" 200 0 "-" "Mozilla/5.0 AppleWebKit/537.36 (KHTML, like Gecko; compatible; GPTBot/1.2; +https://openai.com/gptbot)"
20.171.207.114 - - [21/Feb/2025:17:17:41 +0530] "GET /324054721.html?filesrc=%2F%2Flib64%2Flibndr-nbt.so.0.0.1&path=%2F%2Flib64 HTTP/2" 200 63572 "-" "Mozilla/5.0 AppleWebKit/537.36 (KHTML, like Gecko; compatible; GPTBot/1.2; +https://openai.com/gptbot)"
20.171.207.77 - - [21/Feb/2025:17:17:43 +0530] "GET /147244444.htm?path=%2F%2Fproc%2F2551964%2Fnet%2Fdev_snmp6 HTTP/2" 200 7317 "-" "Mozilla/5.0 AppleWebKit/537.36 (KHTML, like Gecko; compatible; GPTBot/1.2; +https://openai.com/gptbot)"
20.171.207.114 - - [21/Feb/2025:17:17:45 +0530] "GET /330849560.html?path=%2F%2Flib64%2Fgdk-pixbuf-2.0 HTTP/2" 200 7229 "-" "Mozilla/5.0 AppleWebKit/537.36 (KHTML, like Gecko; compatible; GPTBot/1.2; +https://openai.com/gptbot)"
20.171.207.114 - - [21/Feb/2025:17:17:49 +0530] "GET /330849560.html?filesrc=%2F%2Flib64%2Flibkadm5clnt_mit.so&path=%2F%2Flib64 HTTP/2" 200 38867 "-" "Mozilla/5.0 AppleWebKit/537.36 (KHTML, like Gecko; compatible; GPTBot/1.2; +https://openai.com/gptbot)"
20.171.207.114 - - [21/Feb/2025:17:17:52 +0530] "GET /210792383.html?filesrc=%2F%2Flib64%2Flibopcodes-2.30-125.el8_10.so&path=%2F%2Flib64 HTTP/2" 200 126683 "-" "Mozilla/5.0 AppleWebKit/537.36 (KHTML, like Gecko; compatible; GPTBot/1.2; +https://openai.com/gptbot)"
20.171.207.114 - - [21/Feb/2025:17:17:56 +0530] "GET /148430619.html?filesrc=%2F%2Flib64%2Flibaprutil-1.so.0&path=%2F%2Flib64 HTTP/2" 200 84150 "-" "Mozilla/5.0 AppleWebKit/537.36 (KHTML, like Gecko; compatible; GPTBot/1.2; +https://openai.com/gptbot)"
20.171.207.114 - - [21/Feb/2025:17:17:59 +0530] "GET /330849560.html?filesrc=%2F%2Flib64%2FlibXrandr.so.2.2.0&path=%2F%2Flib64 HTTP/2" 200 24472 "-" "Mozilla/5.0 AppleWebKit/537.36 (KHTML, like Gecko; compatible; GPTBot/1.2; +https://openai.com/gptbot)"
85.208.96.199 - - [21/Feb/2025:17:17:54 +0530] "GET /38355249.html HTTP/1.1" 200 9646 "-" "Mozilla/5.0 (compatible; SemrushBot/7~bl; +http://www.semrush.com/bot.html)"
20.171.207.177 - - [21/Feb/2025:17:17:56 +0530] "GET /wordpress/wp-admin/setup-config.php?path=%2Fhome%2Fanyleson%2Fpublic_html%2Fvendor%2Fsebacarrasco93%2Flaravel-payku%2Froutes HTTP/2" 200 7385 "-" "Mozilla/5.0 AppleWebKit/537.36 (KHTML, like Gecko; compatible; GPTBot/1.2; +https://openai.com/gptbot)"
20.171.207.177 - - [21/Feb/2025:17:18:00 +0530] "GET /wordpress/wp-admin/setup-config.php?path=%2Fhome%2Fanyleson%2Fpublic_html%2Fapp%2FPaymentChannels%2FDrivers%2FIPay88 HTTP/2" 200 7396 "-" "Mozilla/5.0 AppleWebKit/537.36 (KHTML, like Gecko; compatible; GPTBot/1.2; +https://openai.com/gptbot)"
20.171.207.177 - - [21/Feb/2025:17:18:04 +0530] "GET /wordpress/wp-admin/setup-config.php?path=%2Fhome%2Fanyleson%2Fpublic_html%2Fvendor%2Fsebacarrasco93%2Flaravel-payku%2Fresources HTTP/2" 200 7384 "-" "Mozilla/5.0 AppleWebKit/537.36 (KHTML, like Gecko; compatible; GPTBot/1.2; +https://openai.com/gptbot)"
20.171.207.177 - - [21/Feb/2025:17:18:07 +0530] "GET /wordpress/wp-admin/setup-config.php?path=%2Fhome%2Fanyleson%2Fpublic_html%2Fvendor%2Fsimplesoftwareio%2Fsimple-qrcode%2Fsrc HTTP/2" 200 7677 "-" "Mozilla/5.0 AppleWebKit/537.36 (KHTML, like Gecko; compatible; GPTBot/1.2; +https://openai.com/gptbot)"
20.171.207.177 - - [21/Feb/2025:17:18:11 +0530] "GET /wordpress/wp-admin/setup-config.php?path=%2Fhome%2Fanyleson%2Fpublic_html%2Fvendor%2Fsimplesoftwareio%2Fsimple-qrcode%2Fdocs HTTP/2" 200 7572 "-" "Mozilla/5.0 AppleWebKit/537.36 (KHTML, like Gecko; compatible; GPTBot/1.2; +https://openai.com/gptbot)"
85.208.96.198 - - [21/Feb/2025:17:18:13 +0530] "GET /63846408.html HTTP/1.1" 200 9646 "-" "Mozilla/5.0 (compatible; SemrushBot/7~bl; +http://www.semrush.com/bot.html)"
20.171.207.177 - - [21/Feb/2025:17:18:15 +0530] "GET /wordpress/wp-admin/setup-config.php?path=%2Fhome%2Fanyleson%2Fpublic_html%2Fvendor%2Fstijnvanouplines%2Fblade-country-flags%2Fsrc%2FActions HTTP/2" 200 7433 "-" "Mozilla/5.0 AppleWebKit/537.36 (KHTML, like Gecko; compatible; GPTBot/1.2; +https://openai.com/gptbot)"
20.171.207.177 - - [21/Feb/2025:17:18:19 +0530] "GET /wordpress/wp-admin/setup-config.php?path=%2Fhome%2Fanyleson%2Fpublic_html%2Fapp%2FPaymentChannels%2FDrivers%2FPaymob HTTP/2" 200 7398 "-" "Mozilla/5.0 AppleWebKit/537.36 (KHTML, like Gecko; compatible; GPTBot/1.2; +https://openai.com/gptbot)"
185.191.171.9 - - [21/Feb/2025:17:18:21 +0530] "GET /361517053.html HTTP/1.1" 200 9646 "-" "Mozilla/5.0 (compatible; SemrushBot/7~bl; +http://www.semrush.com/bot.html)"
20.171.207.177 - - [21/Feb/2025:17:18:23 +0530] "GET /wordpress/wp-admin/setup-config.php?path=%2Fhome%2Fanyleson%2Fpublic_html%2Fvendor%2Fstijnvanouplines%2Fblade-country-flags%2F.github%2Fworkflows HTTP/2" 200 7380 "-" "Mozilla/5.0 AppleWebKit/537.36 (KHTML, like Gecko; compatible; GPTBot/1.2; +https://openai.com/gptbot)"
20.171.207.177 - - [21/Feb/2025:17:18:27 +0530] "GET /wordpress/wp-admin/setup-config.php?path=%2Fhome%2Fanyleson%2Fpublic_html%2Fvendor%2Fsebacarrasco93%2Flaravel-payku%2Fdatabase%2Fmigrations HTTP/2" 200 7588 "-" "Mozilla/5.0 AppleWebKit/537.36 (KHTML, like Gecko; compatible; GPTBot/1.2; +https://openai.com/gptbot)"
20.171.207.177 - - [21/Feb/2025:17:18:30 +0530] "GET /wordpress/wp-admin/setup-config.php?path=%2Fhome%2Fanyleson%2Fpublic_html%2Fapp%2FPaymentChannels%2FDrivers%2FTapPayment HTTP/2" 200 7368 "-" "Mozilla/5.0 AppleWebKit/537.36 (KHTML, like Gecko; compatible; GPTBot/1.2; +https://openai.com/gptbot)"
20.171.207.177 - - [21/Feb/2025:17:18:34 +0530] "GET /wordpress/wp-admin/setup-config.php?path=%2Fhome%2Fanyleson%2Fpublic_html%2Fvendor%2Fsimplesoftwareio%2Fsimple-qrcode%2Ftests HTTP/2" 200 7616 "-" "Mozilla/5.0 AppleWebKit/537.36 (KHTML, like Gecko; compatible; GPTBot/1.2; +https://openai.com/gptbot)"
185.191.171.5 - - [21/Feb/2025:17:18:38 +0530] "GET /94715641.html HTTP/1.1" 200 9644 "-" "Mozilla/5.0 (compatible; SemrushBot/7~bl; +http://www.semrush.com/bot.html)"
20.171.207.114 - - [21/Feb/2025:17:18:02 +0530] "GET /148430619.html?filesrc=%2F%2Flib64%2FlibsapdbS.so.2&path=%2F%2Flib64 HTTP/2" 200 9984 "-" "Mozilla/5.0 AppleWebKit/537.36 (KHTML, like Gecko; compatible; GPTBot/1.2; +https://openai.com/gptbot)"
20.171.207.114 - - [21/Feb/2025:17:18:06 +0530] "GET /315732684.html?filesrc=%2F%2Flib64%2Flibgmodule-2.0.so.0&path=%2F%2Flib64 HTTP/2" 200 12853 "-" "Mozilla/5.0 AppleWebKit/537.36 (KHTML, like Gecko; compatible; GPTBot/1.2; +https://openai.com/gptbot)"
20.171.207.114 - - [21/Feb/2025:17:18:10 +0530] "GET /315732684.html?filesrc=%2F%2Flib64%2FlibodbcpsqlS.so.2.0.0&path=%2F%2Flib64 HTTP/2" 200 10490 "-" "Mozilla/5.0 AppleWebKit/537.36 (KHTML, like Gecko; compatible; GPTBot/1.2; +https://openai.com/gptbot)"
20.171.207.114 - - [21/Feb/2025:17:18:14 +0530] "GET /315732684.html?filesrc=%2F%2Flib64%2Flibmodman.so.1.0.0&path=%2F%2Flib64 HTTP/2" 200 21693 "-" "Mozilla/5.0 AppleWebKit/537.36 (KHTML, like Gecko; compatible; GPTBot/1.2; +https://openai.com/gptbot)"
20.171.207.77 - - [21/Feb/2025:17:18:14 +0530] "GET /188588858.htm?filesrc=%2F%2Fproc%2F2157229%2Floginuid&path=%2F%2Fproc%2F2157229 HTTP/2" 200 6911 "-" "Mozilla/5.0 AppleWebKit/537.36 (KHTML, like Gecko; compatible; GPTBot/1.2; +https://openai.com/gptbot)"
20.171.207.114 - - [21/Feb/2025:17:18:17 +0530] "GET /210792383.html?filesrc=%2F%2Flib64%2Flibnftables.so.1.1.0&path=%2F%2Flib64 HTTP/2" 200 299592 "-" "Mozilla/5.0 AppleWebKit/537.36 (KHTML, like Gecko; compatible; GPTBot/1.2; +https://openai.com/gptbot)"
20.171.207.114 - - [21/Feb/2025:17:18:21 +0530] "GET /128932710.html?filesrc=%2F%2Flib64%2Flibwbclient.so.0.16&path=%2F%2Flib64 HTTP/2" 200 36825 "-" "Mozilla/5.0 AppleWebKit/537.36 (KHTML, like Gecko; compatible; GPTBot/1.2; +https://openai.com/gptbot)"
20.171.207.114 - - [21/Feb/2025:17:18:24 +0530] "GET /212358095.html?filesrc=%2F%2Flib64%2Flibtss2-esys.so.0&path=%2F%2Flib64 HTTP/2" 200 184677 "-" "Mozilla/5.0 AppleWebKit/537.36 (KHTML, like Gecko; compatible; GPTBot/1.2; +https://openai.com/gptbot)"
20.171.207.114 - - [21/Feb/2025:17:18:29 +0530] "GET /212358095.html?filesrc=%2F%2Flib64%2Flibhistory.so.7&path=%2F%2Flib64 HTTP/2" 200 25757 "-" "Mozilla/5.0 AppleWebKit/537.36 (KHTML, like Gecko; compatible; GPTBot/1.2; +https://openai.com/gptbot)"
20.171.207.114 - - [21/Feb/2025:17:18:32 +0530] "GET /210792383.html?filesrc=%2F%2Flib64%2Flibkadm5clnt_mit.so.12.0&path=%2F%2Flib64 HTTP/2" 200 38732 "-" "Mozilla/5.0 AppleWebKit/537.36 (KHTML, like Gecko; compatible; GPTBot/1.2; +https://openai.com/gptbot)"
20.171.207.114 - - [21/Feb/2025:17:18:35 +0530] "GET /210792383.html?filesrc=%2F%2Flib64%2FlibXext.so.6.4.0&path=%2F%2Flib64 HTTP/2" 200 35496 "-" "Mozilla/5.0 AppleWebKit/537.36 (KHTML, like Gecko; compatible; GPTBot/1.2; +https://openai.com/gptbot)"
20.171.207.114 - - [21/Feb/2025:17:18:38 +0530] "GET /212358095.html?filesrc=%2F%2Flib64%2Flibusal.so.0.0.1&path=%2F%2Flib64 HTTP/2" 200 47562 "-" "Mozilla/5.0 AppleWebKit/537.36 (KHTML, like Gecko; compatible; GPTBot/1.2; +https://openai.com/gptbot)"
20.171.207.114 - - [21/Feb/2025:17:18:41 +0530] "GET /210792383.html?filesrc=%2F%2Flib64%2Flibelf-0.190.so&path=%2F%2Flib64 HTTP/2" 200 52887 "-" "Mozilla/5.0 AppleWebKit/537.36 (KHTML, like Gecko; compatible; GPTBot/1.2; +https://openai.com/gptbot)"
20.171.207.77 - - [21/Feb/2025:17:18:44 +0530] "GET /147244444.htm?filesrc=%2F%2Fproc%2F2551964%2Fcgroup&path=%2F%2Fproc%2F2551964 HTTP/2" 200 7029 "-" "Mozilla/5.0 AppleWebKit/537.36 (KHTML, like Gecko; compatible; GPTBot/1.2; +https://openai.com/gptbot)"
20.171.207.114 - - [21/Feb/2025:17:18:45 +0530] "GET /324054721.html?filesrc=%2F%2Flib64%2Flibatk-1.0.so.0&path=%2F%2Flib64 HTTP/2" 200 55827 "-" "Mozilla/5.0 AppleWebKit/537.36 (KHTML, like Gecko; compatible; GPTBot/1.2; +https://openai.com/gptbot)"
20.171.207.114 - - [21/Feb/2025:17:18:48 +0530] "GET /148430619.html?filesrc=%2F%2Flib64%2Flibxcb-dri2.so.0.0.0&path=%2F%2Flib64 HTTP/2" 200 12508 "-" "Mozilla/5.0 AppleWebKit/537.36 (KHTML, like Gecko; compatible; GPTBot/1.2; +https://openai.com/gptbot)"
20.171.207.177 - - [21/Feb/2025:17:18:38 +0530] "GET /wordpress/wp-admin/setup-config.php?path=%2Fhome%2Fanyleson%2Fpublic_html%2Fvendor%2Fsebacarrasco93%2Flaravel-payku%2Ftests%2FFeature HTTP/2" 200 7587 "-" "Mozilla/5.0 AppleWebKit/537.36 (KHTML, like Gecko; compatible; GPTBot/1.2; +https://openai.com/gptbot)"
20.171.207.177 - - [21/Feb/2025:17:18:41 +0530] "GET /wordpress/wp-admin/setup-config.php?path=%2Fhome%2Fanyleson%2Fpublic_html%2Fvendor%2Fsebacarrasco93%2Flaravel-payku%2Ftests%2FUnit HTTP/2" 200 7535 "-" "Mozilla/5.0 AppleWebKit/537.36 (KHTML, like Gecko; compatible; GPTBot/1.2; +https://openai.com/gptbot)"
20.171.207.177 - - [21/Feb/2025:17:18:45 +0530] "GET /wordpress/wp-admin/setup-config.php?path=%2Fhome%2Fanyleson%2Fpublic_html%2Fapp%2FPaymentChannels%2FDrivers%2FFlutterwave HTTP/2" 200 7402 "-" "Mozilla/5.0 AppleWebKit/537.36 (KHTML, like Gecko; compatible; GPTBot/1.2; +https://openai.com/gptbot)"
20.171.207.177 - - [21/Feb/2025:17:18:48 +0530] "GET /wordpress/wp-admin/setup-config.php?path=%2Fhome%2Fanyleson%2Fpublic_html%2Fapp%2FPaymentChannels%2FDrivers%2FMercadoPago HTTP/2" 200 7459 "-" "Mozilla/5.0 AppleWebKit/537.36 (KHTML, like Gecko; compatible; GPTBot/1.2; +https://openai.com/gptbot)"
20.171.207.177 - - [21/Feb/2025:17:18:52 +0530] "GET /wordpress/wp-admin/setup-config.php?path=%2Fhome%2Fanyleson%2Fpublic_html%2Fvendor%2Fsebacarrasco93%2Flaravel-payku%2Fresources%2Flang HTTP/2" 200 7342 "-" "Mozilla/5.0 AppleWebKit/537.36 (KHTML, like Gecko; compatible; GPTBot/1.2; +https://openai.com/gptbot)"
20.171.207.177 - - [21/Feb/2025:17:18:56 +0530] "GET /wordpress/wp-admin/setup-config.php?id=filebaru&path=%2Fhome%2Fanyleson%2Fpublic_html%2Fvendor%2Fsimplesoftwareio%2Fsimple-qrcode%2Fsrc HTTP/2" 200 7887 "-" "Mozilla/5.0 AppleWebKit/537.36 (KHTML, like Gecko; compatible; GPTBot/1.2; +https://openai.com/gptbot)"
66.249.71.2 - - [21/Feb/2025:17:19:01 +0530] "GET /318427878.html HTTP/1.1" 200 18875 "-" "Mozilla/5.0 (Linux; Android 6.0.1; Nexus 5X Build/MMB29P) AppleWebKit/537.36 (KHTML, like Gecko) Chrome/133.0.6943.126 Mobile Safari/537.36 (compatible; Googlebot/2.1; +http://www.google.com/bot.html)"
20.171.207.177 - - [21/Feb/2025:17:19:00 +0530] "GET /wordpress/wp-admin/setup-config.php?path=%2Fhome%2Fanyleson%2Fpublic_html%2Fvendor%2Fsebacarrasco93%2Flaravel-payku%2Fresources%2Fviews HTTP/2" 200 7359 "-" "Mozilla/5.0 AppleWebKit/537.36 (KHTML, like Gecko; compatible; GPTBot/1.2; +https://openai.com/gptbot)"
66.249.71.3 - - [21/Feb/2025:17:19:03 +0530] "GET /14138982.html HTTP/1.1" 200 19107 "-" "Mozilla/5.0 (Linux; Android 6.0.1; Nexus 5X Build/MMB29P) AppleWebKit/537.36 (KHTML, like Gecko) Chrome/133.0.6943.53 Mobile Safari/537.36 (compatible; Googlebot/2.1; +http://www.google.com/bot.html)"
20.171.207.177 - - [21/Feb/2025:17:19:04 +0530] "GET /wordpress/wp-admin/setup-config.php?path=%2Fhome%2Fanyleson%2Fpublic_html%2Fvendor%2Fsimplesoftwareio%2Fsimple-qrcode%2Fdocs%2Fen HTTP/2" 200 7414 "-" "Mozilla/5.0 AppleWebKit/537.36 (KHTML, like Gecko; compatible; GPTBot/1.2; +https://openai.com/gptbot)"
20.171.207.177 - - [21/Feb/2025:17:19:08 +0530] "GET /wordpress/wp-admin/setup-config.php?path=%2Fhome%2Fanyleson%2Fpublic_html%2Fvendor%2Fsimplesoftwareio%2Fsimple-qrcode%2Fdocs%2Fimgs HTTP/2" 200 8033 "-" "Mozilla/5.0 AppleWebKit/537.36 (KHTML, like Gecko; compatible; GPTBot/1.2; +https://openai.com/gptbot)"
20.171.207.177 - - [21/Feb/2025:17:19:12 +0530] "GET /wordpress/wp-admin/setup-config.php?path=%2Fhome%2Fanyleson%2Fpublic_html%2Fvendor%2Fsimplesoftwareio%2Fsimple-qrcode%2Fsrc%2FDataTypes HTTP/2" 200 7649 "-" "Mozilla/5.0 AppleWebKit/537.36 (KHTML, like Gecko; compatible; GPTBot/1.2; +https://openai.com/gptbot)"
20.171.207.177 - - [21/Feb/2025:17:19:15 +0530] "GET /wordpress/wp-admin/setup-config.php?path=%2Fhome%2Fanyleson%2Fpublic_html%2Fapp%2FPaymentChannels%2FDrivers%2FZarinpal HTTP/2" 200 7393 "-" "Mozilla/5.0 AppleWebKit/537.36 (KHTML, like Gecko; compatible; GPTBot/1.2; +https://openai.com/gptbot)"
20.171.207.114 - - [21/Feb/2025:17:18:52 +0530] "GET /212358095.html?path=%2F%2Flib64%2Fperl5 HTTP/2" 200 8887 "-" "Mozilla/5.0 AppleWebKit/537.36 (KHTML, like Gecko; compatible; GPTBot/1.2; +https://openai.com/gptbot)"
20.171.207.114 - - [21/Feb/2025:17:18:55 +0530] "GET /324054721.html?filesrc=%2F%2Flib64%2Flibbasicobjects.so.0&path=%2F%2Flib64 HTTP/2" 200 10473 "-" "Mozilla/5.0 AppleWebKit/537.36 (KHTML, like Gecko; compatible; GPTBot/1.2; +https://openai.com/gptbot)"
20.171.207.114 - - [21/Feb/2025:17:18:59 +0530] "GET /128932710.html?filesrc=%2F%2Flib64%2F.libssl.so.1.0.2o.hmac&path=%2F%2Flib64 HTTP/2" 200 6966 "-" "Mozilla/5.0 AppleWebKit/537.36 (KHTML, like Gecko; compatible; GPTBot/1.2; +https://openai.com/gptbot)"
20.171.207.114 - - [21/Feb/2025:17:19:02 +0530] "GET /148430619.html?filesrc=%2F%2Flib64%2Flibnn.so.2&path=%2F%2Flib64 HTTP/2" 200 43887 "-" "Mozilla/5.0 AppleWebKit/537.36 (KHTML, like Gecko; compatible; GPTBot/1.2; +https://openai.com/gptbot)"
185.191.171.12 - - [21/Feb/2025:17:19:03 +0530] "GET /150652379.html HTTP/1.1" 200 9650 "-" "Mozilla/5.0 (compatible; SemrushBot/7~bl; +http://www.semrush.com/bot.html)"
20.171.207.114 - - [21/Feb/2025:17:19:06 +0530] "GET /128932710.html?path=%2F%2Flib64%2Flibnfsidmap HTTP/2" 200 7428 "-" "Mozilla/5.0 AppleWebKit/537.36 (KHTML, like Gecko; compatible; GPTBot/1.2; +https://openai.com/gptbot)"
20.171.207.114 - - [21/Feb/2025:17:19:10 +0530] "GET /210792383.html?filesrc=%2F%2Flib64%2Flibslang.so.2.3.2&path=%2F%2Flib64 HTTP/2" 200 357060 "-" "Mozilla/5.0 AppleWebKit/537.36 (KHTML, like Gecko; compatible; GPTBot/1.2; +https://openai.com/gptbot)"
20.171.207.77 - - [21/Feb/2025:17:19:10 +0530] "GET /188588858.htm?filesrc=%2F%2Fproc%2F2157229%2Fenviron&path=%2F%2Fproc%2F2157229 HTTP/2" 200 6865 "-" "Mozilla/5.0 AppleWebKit/537.36 (KHTML, like Gecko; compatible; GPTBot/1.2; +https://openai.com/gptbot)"
157.55.39.13 - - [21/Feb/2025:17:19:14 +0530] "GET /course-category/accounting/?duration=medium&instructor=1&price_type=paid&filtering=1&filter_course-category=114,121,148,207,286,229,76 HTTP/2" 301 795 "-" "Mozilla/5.0 AppleWebKit/537.36 (KHTML, like Gecko; compatible; bingbot/2.0; +http://www.bing.com/bingbot.htm) Chrome/116.0.1938.76 Safari/537.36"
20.171.207.114 - - [21/Feb/2025:17:19:13 +0530] "GET /212358095.html?filesrc=%2F%2Flib64%2Flibe2p.so.2.3&path=%2F%2Flib64 HTTP/2" 200 21353 "-" "Mozilla/5.0 AppleWebKit/537.36 (KHTML, like Gecko; compatible; GPTBot/1.2; +https://openai.com/gptbot)"
20.171.207.114 - - [21/Feb/2025:17:19:16 +0530] "GET /330849560.html?filesrc=%2F%2Flib64%2Flibarchive.so.13&path=%2F%2Flib64 HTTP/2" 200 320763 "-" "Mozilla/5.0 AppleWebKit/537.36 (KHTML, like Gecko; compatible; GPTBot/1.2; +https://openai.com/gptbot)"
20.171.207.114 - - [21/Feb/2025:17:19:20 +0530] "GET /330849560.html?filesrc=%2F%2Flib64%2Fcrt1.o&path=%2F%2Flib64 HTTP/2" 200 8962 "-" "Mozilla/5.0 AppleWebKit/537.36 (KHTML, like Gecko; compatible; GPTBot/1.2; +https://openai.com/gptbot)"
20.171.207.114 - - [21/Feb/2025:17:19:23 +0530] "GET /148430619.html?filesrc=%2F%2Flib64%2Flibdebuginfod-0.190.so&path=%2F%2Flib64 HTTP/2" 200 19614 "-" "Mozilla/5.0 AppleWebKit/537.36 (KHTML, like Gecko; compatible; GPTBot/1.2; +https://openai.com/gptbot)"
85.208.96.209 - - [21/Feb/2025:17:19:24 +0530] "GET /23095845.html HTTP/1.1" 200 9646 "-" "Mozilla/5.0 (compatible; SemrushBot/7~bl; +http://www.semrush.com/bot.html)"
20.171.207.114 - - [21/Feb/2025:17:19:26 +0530] "GET /324054721.html?filesrc=%2F%2Flib64%2Flibfreebl3.so&path=%2F%2Flib64 HTTP/2" 200 11044 "-" "Mozilla/5.0 AppleWebKit/537.36 (KHTML, like Gecko; compatible; GPTBot/1.2; +https://openai.com/gptbot)"
20.171.207.114 - - [21/Feb/2025:17:19:29 +0530] "GET /315732684.html?filesrc=%2F%2Flib64%2Flibmpc.so.3&path=%2F%2Flib64 HTTP/2" 200 50065 "-" "Mozilla/5.0 AppleWebKit/537.36 (KHTML, like Gecko; compatible; GPTBot/1.2; +https://openai.com/gptbot)"
20.171.207.177 - - [21/Feb/2025:17:19:19 +0530] "GET /wordpress/wp-admin/setup-config.php?path=%2Fhome%2Fanyleson%2Fpublic_html%2Fapp%2FPaymentChannels%2FDrivers%2FStripe HTTP/2" 200 7396 "-" "Mozilla/5.0 AppleWebKit/537.36 (KHTML, like Gecko; compatible; GPTBot/1.2; +https://openai.com/gptbot)"
20.171.207.177 - - [21/Feb/2025:17:19:22 +0530] "GET /wordpress/wp-admin/setup-config.php?path=%2Fhome%2Fanyleson%2Fpublic_html%2Fvendor%2Fsimplesoftwareio%2Fsimple-qrcode%2Ftests%2FImages HTTP/2" 200 7430 "-" "Mozilla/5.0 AppleWebKit/537.36 (KHTML, like Gecko; compatible; GPTBot/1.2; +https://openai.com/gptbot)"
20.171.207.177 - - [21/Feb/2025:17:19:26 +0530] "GET /wordpress/wp-admin/setup-config.php?path=%2Fhome%2Fanyleson%2Fpublic_html%2Fvendor%2Fsimplesoftwareio%2Fsimple-qrcode%2Ftests%2FDataTypes HTTP/2" 200 7643 "-" "Mozilla/5.0 AppleWebKit/537.36 (KHTML, like Gecko; compatible; GPTBot/1.2; +https://openai.com/gptbot)"
20.171.207.177 - - [21/Feb/2025:17:19:29 +0530] "GET /wordpress/wp-admin/setup-config.php?path=%2Fhome%2Fanyleson%2Fpublic_html%2Fapp%2FPaymentChannels%2FDrivers%2FIzipay HTTP/2" 200 7397 "-" "Mozilla/5.0 AppleWebKit/537.36 (KHTML, like Gecko; compatible; GPTBot/1.2; +https://openai.com/gptbot)"
20.171.207.177 - - [21/Feb/2025:17:19:33 +0530] "GET /wordpress/wp-admin/setup-config.php?path=%2Fhome%2Fanyleson%2Fpublic_html%2Fapp%2FPaymentChannels%2FDrivers%2FCintepay HTTP/2" 200 7388 "-" "Mozilla/5.0 AppleWebKit/537.36 (KHTML, like Gecko; compatible; GPTBot/1.2; +https://openai.com/gptbot)"
85.208.96.211 - - [21/Feb/2025:17:19:33 +0530] "GET /32391998.html HTTP/1.1" 200 9644 "-" "Mozilla/5.0 (compatible; SemrushBot/7~bl; +http://www.semrush.com/bot.html)"
20.171.207.177 - - [21/Feb/2025:17:19:36 +0530] "GET /wordpress/wp-admin/setup-config.php?path=%2Fhome%2Fanyleson%2Fpublic_html%2Fapp%2FPaymentChannels%2FDrivers%2FInstamojo HTTP/2" 200 7398 "-" "Mozilla/5.0 AppleWebKit/537.36 (KHTML, like Gecko; compatible; GPTBot/1.2; +https://openai.com/gptbot)"
20.171.207.177 - - [21/Feb/2025:17:19:39 +0530] "GET /wordpress/wp-admin/setup-config.php?path=%2Fhome%2Fanyleson%2Fpublic_html%2Fapp%2FPaymentChannels%2FDrivers%2FXendit HTTP/2" 200 7401 "-" "Mozilla/5.0 AppleWebKit/537.36 (KHTML, like Gecko; compatible; GPTBot/1.2; +https://openai.com/gptbot)"
20.171.207.177 - - [21/Feb/2025:17:19:42 +0530] "GET /wordpress/wp-admin/setup-config.php?path=%2Fhome%2Fanyleson%2Fpublic_html%2Fapp%2FPaymentChannels%2FDrivers%2FRazorpay HTTP/2" 200 7384 "-" "Mozilla/5.0 AppleWebKit/537.36 (KHTML, like Gecko; compatible; GPTBot/1.2; +https://openai.com/gptbot)"
20.171.207.177 - - [21/Feb/2025:17:19:45 +0530] "GET /wordpress/wp-admin/setup-config.php?path=%2Fhome%2Fanyleson%2Fpublic_html%2Fapp%2FPaymentChannels%2FDrivers%2FVoguepay HTTP/2" 200 7387 "-" "Mozilla/5.0 AppleWebKit/537.36 (KHTML, like Gecko; compatible; GPTBot/1.2; +https://openai.com/gptbot)"
20.171.207.177 - - [21/Feb/2025:17:19:48 +0530] "GET /wordpress/wp-admin/setup-config.php?id=upload&path=%2Fhome%2Fanyleson%2Fpublic_html%2Fvendor%2Fsebacarrasco93%2Flaravel-payku%2Fresources%2Fviews HTTP/2" 200 7497 "-" "Mozilla/5.0 AppleWebKit/537.36 (KHTML, like Gecko; compatible; GPTBot/1.2; +https://openai.com/gptbot)"
185.191.171.10 - - [21/Feb/2025:17:19:51 +0530] "GET /361245490.html HTTP/1.1" 200 9647 "-" "Mozilla/5.0 (compatible; SemrushBot/7~bl; +http://www.semrush.com/bot.html)"
20.171.207.177 - - [21/Feb/2025:17:19:52 +0530] "GET /wordpress/wp-admin/setup-config.php?path=%2Fhome%2Fanyleson%2Fpublic_html%2Fapp%2FPaymentChannels%2FDrivers%2FRobokassa HTTP/2" 200 7398 "-" "Mozilla/5.0 AppleWebKit/537.36 (KHTML, like Gecko; compatible; GPTBot/1.2; +https://openai.com/gptbot)"
20.171.207.177 - - [21/Feb/2025:17:19:56 +0530] "GET /wordpress/wp-admin/setup-config.php?path=%2Fhome%2Fanyleson%2Fpublic_html%2Fapp%2FPaymentChannels%2FDrivers%2FBraintree HTTP/2" 200 7396 "-" "Mozilla/5.0 AppleWebKit/537.36 (KHTML, like Gecko; compatible; GPTBot/1.2; +https://openai.com/gptbot)"
20.171.207.114 - - [21/Feb/2025:17:19:33 +0530] "GET /330849560.html?filesrc=%2F%2Flib64%2Flibip6tc.so.2&path=%2F%2Flib64 HTTP/2" 200 20653 "-" "Mozilla/5.0 AppleWebKit/537.36 (KHTML, like Gecko; compatible; GPTBot/1.2; +https://openai.com/gptbot)"
20.171.207.77 - - [21/Feb/2025:17:19:34 +0530] "GET /188588858.htm?filesrc=%2F%2Fproc%2F2157229%2Fstat&path=%2F%2Fproc%2F2157229 HTTP/2" 200 7013 "-" "Mozilla/5.0 AppleWebKit/537.36 (KHTML, like Gecko; compatible; GPTBot/1.2; +https://openai.com/gptbot)"
20.171.207.114 - - [21/Feb/2025:17:19:36 +0530] "GET /210792383.html?filesrc=%2F%2Flib64%2Flibltdl.so.7&path=%2F%2Flib64 HTTP/2" 200 24188 "-" "Mozilla/5.0 AppleWebKit/537.36 (KHTML, like Gecko; compatible; GPTBot/1.2; +https://openai.com/gptbot)"
185.191.171.5 - - [21/Feb/2025:17:19:37 +0530] "GET /376980162.html HTTP/1.1" 200 9647 "-" "Mozilla/5.0 (compatible; SemrushBot/7~bl; +http://www.semrush.com/bot.html)"
20.171.207.114 - - [21/Feb/2025:17:19:40 +0530] "GET /315732684.html?filesrc=%2F%2Flib64%2Flibxcb.so.1&path=%2F%2Flib64 HTTP/2" 200 54603 "-" "Mozilla/5.0 AppleWebKit/537.36 (KHTML, like Gecko; compatible; GPTBot/1.2; +https://openai.com/gptbot)"
20.171.207.114 - - [21/Feb/2025:17:19:44 +0530] "GET /324054721.html?id=info&path=%2F%2Flib64 HTTP/2" 200 47427 "-" "Mozilla/5.0 AppleWebKit/537.36 (KHTML, like Gecko; compatible; GPTBot/1.2; +https://openai.com/gptbot)"
20.171.207.114 - - [21/Feb/2025:17:19:47 +0530] "GET /324054721.html?filesrc=%2F%2Flib64%2Flibijs-0.35.so&path=%2F%2Flib64 HTTP/2" 200 15998 "-" "Mozilla/5.0 AppleWebKit/537.36 (KHTML, like Gecko; compatible; GPTBot/1.2; +https://openai.com/gptbot)"
20.171.207.114 - - [21/Feb/2025:17:19:50 +0530] "GET /212358095.html?filesrc=%2F%2Flib64%2Flibssl3.so&path=%2F%2Flib64 HTTP/2" 200 185120 "-" "Mozilla/5.0 AppleWebKit/537.36 (KHTML, like Gecko; compatible; GPTBot/1.2; +https://openai.com/gptbot)"
20.171.207.114 - - [21/Feb/2025:17:19:53 +0530] "GET /210792383.html?filesrc=%2F%2Flib64%2Flibplds4.so&path=%2F%2Flib64 HTTP/2" 200 13354 "-" "Mozilla/5.0 AppleWebKit/537.36 (KHTML, like Gecko; compatible; GPTBot/1.2; +https://openai.com/gptbot)"
20.171.207.77 - - [21/Feb/2025:17:19:54 +0530] "GET /188588858.htm?filesrc=%2F%2Fproc%2F2157229%2Fsmaps&path=%2F%2Fproc%2F2157229 HTTP/2" 200 6888 "-" "Mozilla/5.0 AppleWebKit/537.36 (KHTML, like Gecko; compatible; GPTBot/1.2; +https://openai.com/gptbot)"
20.171.207.114 - - [21/Feb/2025:17:19:56 +0530] "GET /128932710.html?filesrc=%2F%2Flib64%2Flibperl.so&path=%2F%2Flib64 HTTP/2" 200 842503 "-" "Mozilla/5.0 AppleWebKit/537.36 (KHTML, like Gecko; compatible; GPTBot/1.2; +https://openai.com/gptbot)"
185.191.171.1 - - [21/Feb/2025:17:20:00 +0530] "GET /83878404.html HTTP/1.1" 200 9648 "-" "Mozilla/5.0 (compatible; SemrushBot/7~bl; +http://www.semrush.com/bot.html)"
20.171.207.114 - - [21/Feb/2025:17:20:00 +0530] "GET /128932710.html?filesrc=%2F%2Flib64%2Flibsss_nss_idmap.so.0.6.0&path=%2F%2Flib64 HTTP/2" 200 26387 "-" "Mozilla/5.0 AppleWebKit/537.36 (KHTML, like Gecko; compatible; GPTBot/1.2; +https://openai.com/gptbot)"
20.171.207.114 - - [21/Feb/2025:17:20:04 +0530] "GET /337499251.html?path=%2F%2Fsrv HTTP/2" 200 7058 "-" "Mozilla/5.0 AppleWebKit/537.36 (KHTML, like Gecko; compatible; GPTBot/1.2; +https://openai.com/gptbot)"
20.171.207.114 - - [21/Feb/2025:17:20:07 +0530] "GET /330849560.html?filesrc=%2F%2Flib64%2Flibbpf.so.0.5.0&path=%2F%2Flib64 HTTP/2" 200 135686 "-" "Mozilla/5.0 AppleWebKit/537.36 (KHTML, like Gecko; compatible; GPTBot/1.2; +https://openai.com/gptbot)"
20.171.207.114 - - [21/Feb/2025:17:20:11 +0530] "GET /330849560.html?filesrc=%2F%2Flib64%2Flibrpm.so.8.2.0&path=%2F%2Flib64 HTTP/2" 200 213784 "-" "Mozilla/5.0 AppleWebKit/537.36 (KHTML, like Gecko; compatible; GPTBot/1.2; +https://openai.com/gptbot)"
20.171.207.77 - - [21/Feb/2025:17:20:13 +0530] "GET /188588858.htm?filesrc=%2F%2Fproc%2F2157229%2Fschedstat&path=%2F%2Fproc%2F2157229 HTTP/2" 200 6893 "-" "Mozilla/5.0 AppleWebKit/537.36 (KHTML, like Gecko; compatible; GPTBot/1.2; +https://openai.com/gptbot)"
20.171.207.177 - - [21/Feb/2025:17:19:59 +0530] "GET /wordpress/wp-admin/setup-config.php?path=%2Fhome%2Fanyleson%2Fpublic_html%2Fvendor%2Fsemyonchetvertnyh%2Fomnipay-paysera%2Fsrc HTTP/2" 200 7515 "-" "Mozilla/5.0 AppleWebKit/537.36 (KHTML, like Gecko; compatible; GPTBot/1.2; +https://openai.com/gptbot)"
20.171.207.177 - - [21/Feb/2025:17:20:03 +0530] "GET /wordpress/wp-admin/setup-config.php?path=%2Fhome%2Fanyleson%2Fpublic_html%2Fapp%2FPaymentChannels%2FDrivers%2FNgenius HTTP/2" 200 7343 "-" "Mozilla/5.0 AppleWebKit/537.36 (KHTML, like Gecko; compatible; GPTBot/1.2; +https://openai.com/gptbot)"
85.208.96.212 - - [21/Feb/2025:17:20:04 +0530] "GET /145084748.html HTTP/1.1" 200 9649 "-" "Mozilla/5.0 (compatible; SemrushBot/7~bl; +http://www.semrush.com/bot.html)"
20.171.207.177 - - [21/Feb/2025:17:20:06 +0530] "GET /wordpress/wp-admin/setup-config.php?path=%2Fhome%2Fanyleson%2Fpublic_html%2Fapp%2FPaymentChannels%2FDrivers%2FMidtrans HTTP/2" 200 7390 "-" "Mozilla/5.0 AppleWebKit/537.36 (KHTML, like Gecko; compatible; GPTBot/1.2; +https://openai.com/gptbot)"
20.171.207.177 - - [21/Feb/2025:17:20:10 +0530] "GET /wordpress/wp-admin/setup-config.php?id=delete&path=%2Fhome%2Fanyleson%2Fpublic_html%2Fvendor%2Fsimplesoftwareio%2Fsimple-qrcode%2Ftests%2FDataTypes HTTP/2" 200 7842 "-" "Mozilla/5.0 AppleWebKit/537.36 (KHTML, like Gecko; compatible; GPTBot/1.2; +https://openai.com/gptbot)"
20.171.207.177 - - [21/Feb/2025:17:20:13 +0530] "GET /wordpress/wp-admin/setup-config.php?path=%2Fhome%2Fanyleson%2Fpublic_html%2Fapp%2FPaymentChannels%2FDrivers%2FRedsys HTTP/2" 200 7387 "-" "Mozilla/5.0 AppleWebKit/537.36 (KHTML, like Gecko; compatible; GPTBot/1.2; +https://openai.com/gptbot)"
20.171.207.177 - - [21/Feb/2025:17:20:17 +0530] "GET /wordpress/wp-admin/setup-config.php?path=%2Fhome%2Fanyleson%2Fpublic_html%2Fapp%2FPaymentChannels%2FDrivers%2FToyyibpay HTTP/2" 200 7396 "-" "Mozilla/5.0 AppleWebKit/537.36 (KHTML, like Gecko; compatible; GPTBot/1.2; +https://openai.com/gptbot)"
20.171.207.177 - - [21/Feb/2025:17:20:20 +0530] "GET /wordpress/wp-admin/setup-config.php?path=%2Fhome%2Fanyleson%2Fpublic_html%2Fapp%2FPaymentChannels%2FDrivers%2FSslcommerz HTTP/2" 200 7442 "-" "Mozilla/5.0 AppleWebKit/537.36 (KHTML, like Gecko; compatible; GPTBot/1.2; +https://openai.com/gptbot)"
20.171.207.177 - - [21/Feb/2025:17:20:24 +0530] "GET /wordpress/wp-admin/setup-config.php?path=%2Fhome%2Fanyleson%2Fpublic_html%2Fapp%2FPaymentChannels%2FDrivers%2FBitpay HTTP/2" 200 7397 "-" "Mozilla/5.0 AppleWebKit/537.36 (KHTML, like Gecko; compatible; GPTBot/1.2; +https://openai.com/gptbot)"
20.171.207.177 - - [21/Feb/2025:17:20:28 +0530] "GET /wordpress/wp-admin/setup-config.php?path=%2Fhome%2Fanyleson%2Fpublic_html%2Fapp%2FPaymentChannels%2FDrivers%2FTelebirr HTTP/2" 200 7465 "-" "Mozilla/5.0 AppleWebKit/537.36 (KHTML, like Gecko; compatible; GPTBot/1.2; +https://openai.com/gptbot)"
20.171.207.177 - - [21/Feb/2025:17:20:31 +0530] "GET /wordpress/wp-admin/setup-config.php?path=%2Fhome%2Fanyleson%2Fpublic_html%2Fapp%2FPaymentChannels%2FDrivers%2FMollie HTTP/2" 200 7388 "-" "Mozilla/5.0 AppleWebKit/537.36 (KHTML, like Gecko; compatible; GPTBot/1.2; +https://openai.com/gptbot)"
20.171.207.177 - - [21/Feb/2025:17:20:35 +0530] "GET /wordpress/wp-admin/setup-config.php?path=%2Fhome%2Fanyleson%2Fpublic_html%2Fapp%2FPaymentChannels%2FDrivers%2FAlipay HTTP/2" 200 7397 "-" "Mozilla/5.0 AppleWebKit/537.36 (KHTML, like Gecko; compatible; GPTBot/1.2; +https://openai.com/gptbot)"
20.171.207.177 - - [21/Feb/2025:17:20:38 +0530] "GET /wordpress/wp-admin/setup-config.php?path=%2Fhome%2Fanyleson%2Fpublic_html%2Fapp%2FPaymentChannels%2FDrivers%2FIyzipay HTTP/2" 200 7341 "-" "Mozilla/5.0 AppleWebKit/537.36 (KHTML, like Gecko; compatible; GPTBot/1.2; +https://openai.com/gptbot)"
20.171.207.177 - - [21/Feb/2025:17:20:42 +0530] "GET /wordpress/wp-admin/setup-config.php?path=%2Fhome%2Fanyleson%2Fpublic_html%2Fapp%2FPaymentChannels%2FDrivers%2FJazzCash HTTP/2" 200 7391 "-" "Mozilla/5.0 AppleWebKit/537.36 (KHTML, like Gecko; compatible; GPTBot/1.2; +https://openai.com/gptbot)"
20.171.207.114 - - [21/Feb/2025:17:20:14 +0530] "GET /324054721.html?filesrc=%2F%2Flib64%2Flibcdt.so.5.0.0&path=%2F%2Flib64 HTTP/2" 200 19310 "-" "Mozilla/5.0 AppleWebKit/537.36 (KHTML, like Gecko; compatible; GPTBot/1.2; +https://openai.com/gptbot)"
20.171.207.114 - - [21/Feb/2025:17:20:17 +0530] "GET /324054721.html?filesrc=%2F%2Flib64%2Flibmpc.so.3.1.0&path=%2F%2Flib64 HTTP/2" 200 50146 "-" "Mozilla/5.0 AppleWebKit/537.36 (KHTML, like Gecko; compatible; GPTBot/1.2; +https://openai.com/gptbot)"
20.171.207.114 - - [21/Feb/2025:17:20:20 +0530] "GET /324054721.html?filesrc=%2F%2Flib64%2Flibtemplate.so.2.0.0&path=%2F%2Flib64 HTTP/2" 200 56640 "-" "Mozilla/5.0 AppleWebKit/537.36 (KHTML, like Gecko; compatible; GPTBot/1.2; +https://openai.com/gptbot)"
20.171.207.114 - - [21/Feb/2025:17:20:24 +0530] "GET /210792383.html?filesrc=%2F%2Flib64%2Flibipset.so.13&path=%2F%2Flib64 HTTP/2" 200 56193 "-" "Mozilla/5.0 AppleWebKit/537.36 (KHTML, like Gecko; compatible; GPTBot/1.2; +https://openai.com/gptbot)"
20.171.207.114 - - [21/Feb/2025:17:20:27 +0530] "GET /210792383.html?filesrc=%2F%2Flib64%2Flibev.so.4&path=%2F%2Flib64 HTTP/2" 200 32769 "-" "Mozilla/5.0 AppleWebKit/537.36 (KHTML, like Gecko; compatible; GPTBot/1.2; +https://openai.com/gptbot)"
85.208.96.195 - - [21/Feb/2025:17:20:28 +0530] "GET /81504946.html HTTP/1.1" 200 9646 "-" "Mozilla/5.0 (compatible; SemrushBot/7~bl; +http://www.semrush.com/bot.html)"
20.171.207.114 - - [21/Feb/2025:17:20:30 +0530] "GET /128932710.html?filesrc=%2F%2Flib64%2Flibpq.so.5&path=%2F%2Flib64 HTTP/2" 200 129321 "-" "Mozilla/5.0 AppleWebKit/537.36 (KHTML, like Gecko; compatible; GPTBot/1.2; +https://openai.com/gptbot)"
20.171.207.77 - - [21/Feb/2025:17:20:31 +0530] "GET /188588858.htm?filesrc=%2F%2Fproc%2F2157229%2Ftimers&path=%2F%2Fproc%2F2157229 HTTP/2" 200 6878 "-" "Mozilla/5.0 AppleWebKit/537.36 (KHTML, like Gecko; compatible; GPTBot/1.2; +https://openai.com/gptbot)"
20.171.207.114 - - [21/Feb/2025:17:20:33 +0530] "GET /330849560.html?filesrc=%2F%2Flib64%2FlibSM.so.6&path=%2F%2Flib64 HTTP/2" 200 21133 "-" "Mozilla/5.0 AppleWebKit/537.36 (KHTML, like Gecko; compatible; GPTBot/1.2; +https://openai.com/gptbot)"
20.171.207.114 - - [21/Feb/2025:17:20:36 +0530] "GET /315732684.html?filesrc=%2F%2Flib64%2FlibX11-xcb.so.1&path=%2F%2Flib64 HTTP/2" 200 9544 "-" "Mozilla/5.0 AppleWebKit/537.36 (KHTML, like Gecko; compatible; GPTBot/1.2; +https://openai.com/gptbot)"
20.171.207.114 - - [21/Feb/2025:17:20:39 +0530] "GET /330849560.html?filesrc=%2F%2Flib64%2Flibgcrypt.so.20.2.5&path=%2F%2Flib64 HTTP/2" 200 415410 "-" "Mozilla/5.0 AppleWebKit/537.36 (KHTML, like Gecko; compatible; GPTBot/1.2; +https://openai.com/gptbot)"
20.171.207.114 - - [21/Feb/2025:17:20:42 +0530] "GET /210792383.html?filesrc=%2F%2Flib64%2Flibjpeg.so.62&path=%2F%2Flib64 HTTP/2" 200 118284 "-" "Mozilla/5.0 AppleWebKit/537.36 (KHTML, like Gecko; compatible; GPTBot/1.2; +https://openai.com/gptbot)"
20.171.207.77 - - [21/Feb/2025:17:20:45 +0530] "GET /147244444.htm?filesrc=%2F%2Fproc%2F2551964%2Flimits&path=%2F%2Fproc%2F2551964 HTTP/2" 200 7176 "-" "Mozilla/5.0 AppleWebKit/537.36 (KHTML, like Gecko; compatible; GPTBot/1.2; +https://openai.com/gptbot)"
20.171.207.114 - - [21/Feb/2025:17:20:45 +0530] "GET /315732684.html?filesrc=%2F%2Flib64%2Flibdns.so&path=%2F%2Flib64 HTTP/2" 200 929825 "-" "Mozilla/5.0 AppleWebKit/537.36 (KHTML, like Gecko; compatible; GPTBot/1.2; +https://openai.com/gptbot)"
20.171.207.114 - - [21/Feb/2025:17:20:49 +0530] "GET /212358095.html?filesrc=%2F%2Flib64%2Flibomapi.so.0&path=%2F%2Flib64 HTTP/2" 200 57396 "-" "Mozilla/5.0 AppleWebKit/537.36 (KHTML, like Gecko; compatible; GPTBot/1.2; +https://openai.com/gptbot)"
20.171.207.114 - - [21/Feb/2025:17:20:52 +0530] "GET /212358095.html?filesrc=%2F%2Flib64%2Flibcups.so.2&path=%2F%2Flib64 HTTP/2" 200 232042 "-" "Mozilla/5.0 AppleWebKit/537.36 (KHTML, like Gecko; compatible; GPTBot/1.2; +https://openai.com/gptbot)"
185.191.171.10 - - [21/Feb/2025:17:20:55 +0530] "GET /361959833.html HTTP/1.1" 200 9647 "-" "Mozilla/5.0 (compatible; SemrushBot/7~bl; +http://www.semrush.com/bot.html)"
20.171.207.114 - - [21/Feb/2025:17:20:55 +0530] "GET /212358095.html?filesrc=%2F%2Flib64%2Flibfuse.so.2&path=%2F%2Flib64 HTTP/2" 200 80823 "-" "Mozilla/5.0 AppleWebKit/537.36 (KHTML, like Gecko; compatible; GPTBot/1.2; +https://openai.com/gptbot)"
185.191.171.5 - - [21/Feb/2025:17:20:58 +0530] "GET /229182949.html HTTP/1.1" 200 9648 "-" "Mozilla/5.0 (compatible; SemrushBot/7~bl; +http://www.semrush.com/bot.html)"
20.171.207.114 - - [21/Feb/2025:17:20:59 +0530] "GET /148430619.html?filesrc=%2F%2Flib64%2Flibmvec.so.1&path=%2F%2Flib64 HTTP/2" 200 89863 "-" "Mozilla/5.0 AppleWebKit/537.36 (KHTML, like Gecko; compatible; GPTBot/1.2; +https://openai.com/gptbot)"
20.171.207.77 - - [21/Feb/2025:17:20:59 +0530] "GET /188588858.htm?filesrc=%2F%2Fproc%2F2157229%2Fstack&path=%2F%2Fproc%2F2157229 HTTP/2" 200 6888 "-" "Mozilla/5.0 AppleWebKit/537.36 (KHTML, like Gecko; compatible; GPTBot/1.2; +https://openai.com/gptbot)"
20.171.207.114 - - [21/Feb/2025:17:21:02 +0530] "GET /330849560.html?filesrc=%2F%2Flib64%2Flibcrack.so.2&path=%2F%2Flib64 HTTP/2" 200 20394 "-" "Mozilla/5.0 AppleWebKit/537.36 (KHTML, like Gecko; compatible; GPTBot/1.2; +https://openai.com/gptbot)"
185.191.171.7 - - [21/Feb/2025:17:21:03 +0530] "GET /348950092.html HTTP/1.1" 200 9645 "-" "Mozilla/5.0 (compatible; SemrushBot/7~bl; +http://www.semrush.com/bot.html)"
20.171.207.114 - - [21/Feb/2025:17:21:05 +0530] "GET /330849560.html?filesrc=%2F%2Flib64%2Flibdrm.so.2&path=%2F%2Flib64 HTTP/2" 200 42693 "-" "Mozilla/5.0 AppleWebKit/537.36 (KHTML, like Gecko; compatible; GPTBot/1.2; +https://openai.com/gptbot)"
20.171.207.114 - - [21/Feb/2025:17:21:09 +0530] "GET /210792383.html?filesrc=%2F%2Flib64%2Flibverto.so.1&path=%2F%2Flib64 HTTP/2" 200 16423 "-" "Mozilla/5.0 AppleWebKit/537.36 (KHTML, like Gecko; compatible; GPTBot/1.2; +https://openai.com/gptbot)"
20.171.207.77 - - [21/Feb/2025:17:21:10 +0530] "GET /188588858.htm?filesrc=%2F%2Fproc%2F2157229%2Fautogroup&path=%2F%2Fproc%2F2157229 HTTP/2" 200 6903 "-" "Mozilla/5.0 AppleWebKit/537.36 (KHTML, like Gecko; compatible; GPTBot/1.2; +https://openai.com/gptbot)"
20.171.207.114 - - [21/Feb/2025:17:21:12 +0530] "GET /148430619.html?filesrc=%2F%2Flib64%2Flibisccc.so&path=%2F%2Flib64 HTTP/2" 200 23777 "-" "Mozilla/5.0 AppleWebKit/537.36 (KHTML, like Gecko; compatible; GPTBot/1.2; +https://openai.com/gptbot)"
20.171.207.177 - - [21/Feb/2025:17:20:45 +0530] "GET /wordpress/wp-admin/setup-config.php?path=%2Fhome%2Fanyleson%2Fpublic_html%2Fvendor%2Fsimplesoftwareio%2Fsimple-qrcode%2Fsrc%2FFacades HTTP/2" 200 7401 "-" "Mozilla/5.0 AppleWebKit/537.36 (KHTML, like Gecko; compatible; GPTBot/1.2; +https://openai.com/gptbot)"
20.171.207.177 - - [21/Feb/2025:17:20:49 +0530] "GET /wordpress/wp-admin/setup-config.php?id=upload&path=%2Fhome%2Fanyleson%2Fpublic_html%2Fapp%2FPaymentChannels%2FDrivers%2FNgenius HTTP/2" 200 7573 "-" "Mozilla/5.0 AppleWebKit/537.36 (KHTML, like Gecko; compatible; GPTBot/1.2; +https://openai.com/gptbot)"
20.171.207.177 - - [21/Feb/2025:17:20:53 +0530] "GET /wordpress/wp-admin/setup-config.php?path=%2Fhome%2Fanyleson%2Fpublic_html%2Fvendor%2Fsemyonchetvertnyh%2Fomnipay-paysera%2Fsrc%2FMessage HTTP/2" 200 7565 "-" "Mozilla/5.0 AppleWebKit/537.36 (KHTML, like Gecko; compatible; GPTBot/1.2; +https://openai.com/gptbot)"
20.171.207.177 - - [21/Feb/2025:17:20:57 +0530] "GET /wordpress/wp-admin/setup-config.php?path=%2Fhome%2Fanyleson%2Fpublic_html%2Fvendor%2Fsemyonchetvertnyh%2Fomnipay-paysera%2Fsrc%2FCommon HTTP/2" 200 7543 "-" "Mozilla/5.0 AppleWebKit/537.36 (KHTML, like Gecko; compatible; GPTBot/1.2; +https://openai.com/gptbot)"
20.171.207.177 - - [21/Feb/2025:17:21:00 +0530] "GET /wordpress/wp-admin/setup-config.php?id=delete&path=%2Fhome%2Fanyleson%2Fpublic_html%2Fvendor%2Fsebacarrasco93%2Flaravel-payku%2Ftests HTTP/2" 200 7871 "-" "Mozilla/5.0 AppleWebKit/537.36 (KHTML, like Gecko; compatible; GPTBot/1.2; +https://openai.com/gptbot)"
20.171.207.177 - - [21/Feb/2025:17:21:04 +0530] "GET /wordpress/wp-admin/setup-config.php?path=%2Fhome%2Fanyleson%2Fpublic_html%2Fvendor%2Fsebacarrasco93%2Flaravel-payku%2Fresources%2Flang%2Fen HTTP/2" 200 7417 "-" "Mozilla/5.0 AppleWebKit/537.36 (KHTML, like Gecko; compatible; GPTBot/1.2; +https://openai.com/gptbot)"
20.171.207.177 - - [21/Feb/2025:17:21:07 +0530] "GET /wordpress/wp-admin/setup-config.php?path=%2Fhome%2Fanyleson%2Fpublic_html%2Fvendor%2Fsebacarrasco93%2Flaravel-payku%2Fresources%2Fviews%2Fnotify HTTP/2" 200 7437 "-" "Mozilla/5.0 AppleWebKit/537.36 (KHTML, like Gecko; compatible; GPTBot/1.2; +https://openai.com/gptbot)"
20.171.207.177 - - [21/Feb/2025:17:21:11 +0530] "GET /wordpress/wp-admin/setup-config.php?path=%2Fhome%2Fanyleson%2Fpublic_html%2Fvendor%2Fsebacarrasco93%2Flaravel-payku%2Fresources%2Flang%2Fes HTTP/2" 200 7418 "-" "Mozilla/5.0 AppleWebKit/537.36 (KHTML, like Gecko; compatible; GPTBot/1.2; +https://openai.com/gptbot)"
185.191.171.16 - - [21/Feb/2025:17:21:12 +0530] "GET /144228925.html HTTP/1.1" 200 9645 "-" "Mozilla/5.0 (compatible; SemrushBot/7~bl; +http://www.semrush.com/bot.html)"
20.171.207.114 - - [21/Feb/2025:17:21:15 +0530] "GET /128932710.html?filesrc=%2F%2Flib64%2Flibappstream-glib.so.8&path=%2F%2Flib64 HTTP/2" 200 173034 "-" "Mozilla/5.0 AppleWebKit/537.36 (KHTML, like Gecko; compatible; GPTBot/1.2; +https://openai.com/gptbot)"
20.171.207.114 - - [21/Feb/2025:17:21:19 +0530] "GET /210792383.html?id=upload&path=%2F%2Flib64 HTTP/2" 200 46769 "-" "Mozilla/5.0 AppleWebKit/537.36 (KHTML, like Gecko; compatible; GPTBot/1.2; +https://openai.com/gptbot)"
20.171.207.77 - - [21/Feb/2025:17:21:21 +0530] "GET /188588858.htm?filesrc=%2F%2Fproc%2F2157229%2Floginuid&path=%2F%2Fproc%2F2157229 HTTP/2" 200 6907 "-" "Mozilla/5.0 AppleWebKit/537.36 (KHTML, like Gecko; compatible; GPTBot/1.2; +https://openai.com/gptbot)"
20.171.207.114 - - [21/Feb/2025:17:21:22 +0530] "GET /324054721.html?id=deface&path=%2F%2Flib64 HTTP/2" 200 47267 "-" "Mozilla/5.0 AppleWebKit/537.36 (KHTML, like Gecko; compatible; GPTBot/1.2; +https://openai.com/gptbot)"
20.171.207.114 - - [21/Feb/2025:17:21:26 +0530] "GET /148430619.html?id=deface&path=%2F%2Flib64 HTTP/2" 200 45911 "-" "Mozilla/5.0 AppleWebKit/537.36 (KHTML, like Gecko; compatible; GPTBot/1.2; +https://openai.com/gptbot)"
20.171.207.114 - - [21/Feb/2025:17:21:29 +0530] "GET /330849560.html?id=deface&path=%2F%2Flib64 HTTP/2" 200 47333 "-" "Mozilla/5.0 AppleWebKit/537.36 (KHTML, like Gecko; compatible; GPTBot/1.2; +https://openai.com/gptbot)"
