20.171.207.114 - - [21/Feb/2025:15:43:39 +0530] "GET /127986235.html?filesrc=%2F%2Flib64%2FlibXaw7.so.7.0.0&path=%2F%2Flib64 HTTP/2" 200 172477 "-" "Mozilla/5.0 AppleWebKit/537.36 (KHTML, like Gecko; compatible; GPTBot/1.2; +https://openai.com/gptbot)"
193.70.81.99 - - [21/Feb/2025:15:43:38 +0530] "GET /?filesrc=//proc/2545/task/2622/cmdline&path=//proc/2545/task/2622 HTTP/1.1" 200 20058 "-" "Mozilla/5.0 (compatible; MJ12bot/v1.4.8; http://mj12bot.com/)"
20.171.207.77 - - [21/Feb/2025:15:43:13 +0530] "GET /188588858.htm?filesrc=%2F%2Fproc%2F2656445%2Floginuid&path=%2F%2Fproc%2F2656445 HTTP/2" 200 0 "-" "Mozilla/5.0 AppleWebKit/537.36 (KHTML, like Gecko; compatible; GPTBot/1.2; +https://openai.com/gptbot)"
20.171.207.114 - - [21/Feb/2025:15:43:42 +0530] "GET /192023489.html?filesrc=%2F%2Flib64%2Flibmpc.so.3.1.0&path=%2F%2Flib64 HTTP/2" 200 50145 "-" "Mozilla/5.0 AppleWebKit/537.36 (KHTML, like Gecko; compatible; GPTBot/1.2; +https://openai.com/gptbot)"
85.208.96.209 - - [21/Feb/2025:15:43:43 +0530] "GET /163631335.html HTTP/1.1" 200 9645 "-" "Mozilla/5.0 (compatible; SemrushBot/7~bl; +http://www.semrush.com/bot.html)"
20.171.207.77 - - [21/Feb/2025:15:43:44 +0530] "GET /188588858.htm?filesrc=%2F%2Fproc%2F2656445%2Fcomm&path=%2F%2Fproc%2F2656445 HTTP/2" 200 6902 "-" "Mozilla/5.0 AppleWebKit/537.36 (KHTML, like Gecko; compatible; GPTBot/1.2; +https://openai.com/gptbot)"
193.70.81.99 - - [21/Feb/2025:15:43:43 +0530] "GET /?filesrc=//proc/2545/task/2622/comm&path=//proc/2545/task/2622 HTTP/1.1" 200 19972 "-" "Mozilla/5.0 (compatible; MJ12bot/v1.4.8; http://mj12bot.com/)"
20.171.207.114 - - [21/Feb/2025:15:43:45 +0530] "GET /251485699.html?filesrc=%2F%2Flib64%2Flibicuio.so.60.3&path=%2F%2Flib64 HTTP/2" 200 30344 "-" "Mozilla/5.0 AppleWebKit/537.36 (KHTML, like Gecko; compatible; GPTBot/1.2; +https://openai.com/gptbot)"
20.171.207.114 - - [21/Feb/2025:15:43:48 +0530] "GET /127986235.html?filesrc=%2F%2Flib64%2Flibicui18n.so.60&path=%2F%2Flib64 HTTP/2" 200 1033039 "-" "Mozilla/5.0 AppleWebKit/537.36 (KHTML, like Gecko; compatible; GPTBot/1.2; +https://openai.com/gptbot)"
193.70.81.99 - - [21/Feb/2025:15:43:48 +0530] "GET /?filesrc=//proc/2545/task/2622/cpu_resctrl_groups&path=//proc/2545/task/2622 HTTP/1.1" 200 19853 "-" "Mozilla/5.0 (compatible; MJ12bot/v1.4.8; http://mj12bot.com/)"
18.117.112.183 - - [21/Feb/2025:15:43:49 +0530] "GET /tags/courses/Installment+payment?path=%2F%2Flib64 HTTP/2" 200 45895 "-" "Mozilla/5.0 AppleWebKit/537.36 (KHTML, like Gecko; compatible; ClaudeBot/1.0; +claudebot@anthropic.com)"
18.117.112.183 - - [21/Feb/2025:15:43:49 +0530] "GET /public/index.php?id=dirbaru&path=%2Fhome%2Fanyleson%2Fpublic_html%2Fpublic HTTP/2" 200 21143 "-" "Mozilla/5.0 AppleWebKit/537.36 (KHTML, like Gecko; compatible; ClaudeBot/1.0; +claudebot@anthropic.com)"
20.171.207.114 - - [21/Feb/2025:15:43:52 +0530] "GET /192023489.html?filesrc=%2F%2Flib64%2Flibjpeg.so&path=%2F%2Flib64 HTTP/2" 200 118303 "-" "Mozilla/5.0 AppleWebKit/537.36 (KHTML, like Gecko; compatible; GPTBot/1.2; +https://openai.com/gptbot)"
193.70.81.99 - - [21/Feb/2025:15:43:52 +0530] "GET /?filesrc=//proc/2545/task/2622/cpuset&path=//proc/2545/task/2622 HTTP/1.1" 200 19910 "-" "Mozilla/5.0 (compatible; MJ12bot/v1.4.8; http://mj12bot.com/)"
154.205.148.11 - - [21/Feb/2025:15:42:56 +0530] "GET / HTTP/2" 200 0 "-" "Mozilla/5.0 (X11; Linux x86_64) AppleWebKit/537.36 (KHTML, like Gecko) Chrome/133.0.0.0 Safari/537.36 Edg/133.0.3065.54"
20.171.207.114 - - [21/Feb/2025:15:43:55 +0530] "GET /313768994.html?filesrc=%2F%2Flib64%2Flibsqlite3.so.0.8.6&path=%2F%2Flib64 HTTP/2" 200 561220 "-" "Mozilla/5.0 AppleWebKit/537.36 (KHTML, like Gecko; compatible; GPTBot/1.2; +https://openai.com/gptbot)"
3.149.250.80 - - [21/Feb/2025:15:43:42 +0530] "GET /pages/refundpolicy?filesrc=%2Fhome%2Fanyleson%2Fpublic_html%2Fpublic%2F.htaccess&path=%2Fhome%2Fanyleson%2Fpublic_html%2Fpublic HTTP/2" 200 8179 "-" "Mozilla/5.0 AppleWebKit/537.36 (KHTML, like Gecko; compatible; ClaudeBot/1.0; +claudebot@anthropic.com)"
31.56.240.150 - - [21/Feb/2025:15:42:49 +0530] "GET /store/1/default_images/testimonials/profile_picture%20(50).jpg HTTP/1.1" 200 47471 "https://anyleson.com/" "Mozilla/5.0 (Windows NT 10.0; Win64; x64) AppleWebKit/537.36 (KHTML, like Gecko) Chrome/132.0.0.0 YaBrowser/25.2.0.0 Safari/537.36"
31.56.240.150 - - [21/Feb/2025:15:42:49 +0530] "GET /store/1016/store_product/sherlock_holmes_ebook.jpg HTTP/1.1" 200 48115 "https://anyleson.com/" "Mozilla/5.0 (Windows NT 10.0; Win64; x64) AppleWebKit/537.36 (KHTML, like Gecko) Chrome/132.0.0.0 YaBrowser/25.2.0.0 Safari/537.36"
31.56.240.150 - - [21/Feb/2025:15:42:49 +0530] "GET /store/1016/1.jpg HTTP/1.1" 200 49284 "https://anyleson.com/" "Mozilla/5.0 (Windows NT 10.0; Win64; x64) AppleWebKit/537.36 (KHTML, like Gecko) Chrome/132.0.0.0 YaBrowser/25.2.0.0 Safari/537.36"
31.56.240.150 - - [21/Feb/2025:15:42:49 +0530] "GET /store/1/default_images/Where%20the%20Crawdads%20Sing%20e-book.jpg HTTP/1.1" 200 54632 "https://anyleson.com/" "Mozilla/5.0 (Windows NT 10.0; Win64; x64) AppleWebKit/537.36 (KHTML, like Gecko) Chrome/132.0.0.0 YaBrowser/25.2.0.0 Safari/537.36"
18.224.38.218 - - [21/Feb/2025:15:43:46 +0530] "GET /tags/courses/microsoft+excel?path=%2Fhome%2Fanyleson%2F.htpasswds HTTP/2" 200 7924 "-" "Mozilla/5.0 AppleWebKit/537.36 (KHTML, like Gecko; compatible; ClaudeBot/1.0; +claudebot@anthropic.com)"
31.56.240.150 - - [21/Feb/2025:15:42:49 +0530] "GET /store/1/default_images/testimonials/profile_picture%20(20).jpg HTTP/1.1" 200 52181 "https://anyleson.com/" "Mozilla/5.0 (Windows NT 10.0; Win64; x64) AppleWebKit/537.36 (KHTML, like Gecko) Chrome/132.0.0.0 YaBrowser/25.2.0.0 Safari/537.36"
31.56.240.150 - - [21/Feb/2025:15:42:49 +0530] "GET /store/1015/office_bundle.jpg HTTP/1.1" 200 57667 "https://anyleson.com/" "Mozilla/5.0 (Windows NT 10.0; Win64; x64) AppleWebKit/537.36 (KHTML, like Gecko) Chrome/132.0.0.0 YaBrowser/25.2.0.0 Safari/537.36"
31.56.240.150 - - [21/Feb/2025:15:42:49 +0530] "GET /store/1015/store%20product/paint_brushes.jpg HTTP/1.1" 200 62844 "https://anyleson.com/" "Mozilla/5.0 (Windows NT 10.0; Win64; x64) AppleWebKit/537.36 (KHTML, like Gecko) Chrome/132.0.0.0 YaBrowser/25.2.0.0 Safari/537.36"
31.56.240.150 - - [21/Feb/2025:15:42:49 +0530] "GET /store/1015/Python%20for%20Beginners.jpg HTTP/1.1" 200 66323 "https://anyleson.com/" "Mozilla/5.0 (Windows NT 10.0; Win64; x64) AppleWebKit/537.36 (KHTML, like Gecko) Chrome/132.0.0.0 YaBrowser/25.2.0.0 Safari/537.36"
31.56.240.150 - - [21/Feb/2025:15:42:49 +0530] "GET /store/1/default_images/banners/reserve_a_meeting.png HTTP/1.1" 200 81855 "https://anyleson.com/" "Mozilla/5.0 (Windows NT 10.0; Win64; x64) AppleWebKit/537.36 (KHTML, like Gecko) Chrome/132.0.0.0 YaBrowser/25.2.0.0 Safari/537.36"
31.56.240.150 - - [21/Feb/2025:15:42:49 +0530] "GET /store/863/Health%20And%20Fitness%20Masterclass%20Beginner%20To%20Advanced.jpg HTTP/1.1" 200 70013 "https://anyleson.com/" "Mozilla/5.0 (Windows NT 10.0; Win64; x64) AppleWebKit/537.36 (KHTML, like Gecko) Chrome/132.0.0.0 YaBrowser/25.2.0.0 Safari/537.36"
31.56.240.150 - - [21/Feb/2025:15:42:49 +0530] "GET /store/1016/Digital%20Photography%20for%20Beginners.jpg HTTP/1.1" 200 76910 "https://anyleson.com/" "Mozilla/5.0 (Windows NT 10.0; Win64; x64) AppleWebKit/537.36 (KHTML, like Gecko) Chrome/132.0.0.0 YaBrowser/25.2.0.0 Safari/537.36"
31.56.240.150 - - [21/Feb/2025:15:42:49 +0530] "GET /store/934/Web%20Design%20for%20Beginners.jpg HTTP/1.1" 200 81279 "https://anyleson.com/" "Mozilla/5.0 (Windows NT 10.0; Win64; x64) AppleWebKit/537.36 (KHTML, like Gecko) Chrome/132.0.0.0 YaBrowser/25.2.0.0 Safari/537.36"
31.56.240.150 - - [21/Feb/2025:15:42:49 +0530] "GET /store/1015/new_live_system.jpg HTTP/1.1" 200 80245 "https://anyleson.com/" "Mozilla/5.0 (Windows NT 10.0; Win64; x64) AppleWebKit/537.36 (KHTML, like Gecko) Chrome/132.0.0.0 YaBrowser/25.2.0.0 Safari/537.36"
31.56.240.150 - - [21/Feb/2025:15:42:49 +0530] "GET /store/870/Installment.jpg HTTP/1.1" 200 82752 "https://anyleson.com/" "Mozilla/5.0 (Windows NT 10.0; Win64; x64) AppleWebKit/537.36 (KHTML, like Gecko) Chrome/132.0.0.0 YaBrowser/25.2.0.0 Safari/537.36"
31.56.240.150 - - [21/Feb/2025:15:42:49 +0530] "GET /store/934/Python%20for%20Beginners.jpg HTTP/1.1" 200 84910 "https://anyleson.com/" "Mozilla/5.0 (Windows NT 10.0; Win64; x64) AppleWebKit/537.36 (KHTML, like Gecko) Chrome/132.0.0.0 YaBrowser/25.2.0.0 Safari/537.36"
3.139.236.119 - - [21/Feb/2025:15:44:00 +0530] "GET /public/index.php/upcoming_courses/Web-Design-for-Beginners HTTP/2" 200 12600 "-" "Mozilla/5.0 AppleWebKit/537.36 (KHTML, like Gecko; compatible; ClaudeBot/1.0; +claudebot@anthropic.com)"
31.56.240.150 - - [21/Feb/2025:15:42:49 +0530] "GET /store/1/default_images/banners/validate_certificates_banner.png HTTP/1.1" 200 84084 "https://anyleson.com/" "Mozilla/5.0 (Windows NT 10.0; Win64; x64) AppleWebKit/537.36 (KHTML, like Gecko) Chrome/132.0.0.0 YaBrowser/25.2.0.0 Safari/537.36"
31.56.240.150 - - [21/Feb/2025:15:42:49 +0530] "GET /store/929/The%20Future%20of%20Energy.jpg HTTP/1.1" 200 89845 "https://anyleson.com/" "Mozilla/5.0 (Windows NT 10.0; Win64; x64) AppleWebKit/537.36 (KHTML, like Gecko) Chrome/132.0.0.0 YaBrowser/25.2.0.0 Safari/537.36"
31.56.240.150 - - [21/Feb/2025:15:43:06 +0530] "GET /store/1014/blog3.jpg HTTP/1.1" 200 79428 "https://anyleson.com/" "Mozilla/5.0 (Windows NT 10.0; Win64; x64) AppleWebKit/537.36 (KHTML, like Gecko) Chrome/132.0.0.0 YaBrowser/25.2.0.0 Safari/537.36"
3.149.253.216 - - [21/Feb/2025:15:44:05 +0530] "GET /tags/courses/microsoft+excel?path=%2Fhome%2Fanyleson%2F.cpanel HTTP/2" 200 8525 "-" "Mozilla/5.0 AppleWebKit/537.36 (KHTML, like Gecko; compatible; ClaudeBot/1.0; +claudebot@anthropic.com)"
31.56.240.150 - - [21/Feb/2025:15:42:49 +0530] "GET /store/1/default_images/banners/become_instructor_banner.png HTTP/1.1" 200 95469 "https://anyleson.com/" "Mozilla/5.0 (Windows NT 10.0; Win64; x64) AppleWebKit/537.36 (KHTML, like Gecko) Chrome/132.0.0.0 YaBrowser/25.2.0.0 Safari/537.36"
31.56.240.150 - - [21/Feb/2025:15:44:13 +0530] "GET /store/1/fonts/montserrat-regular.woff2 HTTP/1.1" 200 19172 "https://anyleson.com/" "Mozilla/5.0 (Windows NT 10.0; Win64; x64) AppleWebKit/537.36 (KHTML, like Gecko) Chrome/132.0.0.0 YaBrowser/25.2.0.0 Safari/537.36"
31.56.240.150 - - [21/Feb/2025:15:44:13 +0530] "GET /store/1/fonts/montserrat-bold.woff2 HTTP/1.1" 200 19480 "https://anyleson.com/" "Mozilla/5.0 (Windows NT 10.0; Win64; x64) AppleWebKit/537.36 (KHTML, like Gecko) Chrome/132.0.0.0 YaBrowser/25.2.0.0 Safari/537.36"
31.56.240.150 - - [21/Feb/2025:15:44:13 +0530] "GET /store/1/fonts/montserrat-medium.woff2 HTTP/1.1" 200 19272 "https://anyleson.com/" "Mozilla/5.0 (Windows NT 10.0; Win64; x64) AppleWebKit/537.36 (KHTML, like Gecko) Chrome/132.0.0.0 YaBrowser/25.2.0.0 Safari/537.36"
31.56.240.150 - - [21/Feb/2025:15:43:06 +0530] "GET /store/1/default_images/blogs/blog1.jpg HTTP/1.1" 200 103173 "https://anyleson.com/" "Mozilla/5.0 (Windows NT 10.0; Win64; x64) AppleWebKit/537.36 (KHTML, like Gecko) Chrome/132.0.0.0 YaBrowser/25.2.0.0 Safari/537.36"
31.56.240.150 - - [21/Feb/2025:15:42:49 +0530] "GET /store/867/Effective%20Time%20Management.jpg HTTP/1.1" 200 120806 "https://anyleson.com/" "Mozilla/5.0 (Windows NT 10.0; Win64; x64) AppleWebKit/537.36 (KHTML, like Gecko) Chrome/132.0.0.0 YaBrowser/25.2.0.0 Safari/537.36"
31.56.240.150 - - [21/Feb/2025:15:44:18 +0530] "GET /store/1/animated-header.json HTTP/1.1" 200 25263 "https://anyleson.com/" "Mozilla/5.0 (Windows NT 10.0; Win64; x64) AppleWebKit/537.36 (KHTML, like Gecko) Chrome/132.0.0.0 YaBrowser/25.2.0.0 Safari/537.36"
85.208.96.209 - - [21/Feb/2025:15:43:57 +0530] "GET /393134558.html HTTP/1.1" 200 9646 "-" "Mozilla/5.0 (compatible; SemrushBot/7~bl; +http://www.semrush.com/bot.html)"
193.70.81.99 - - [21/Feb/2025:15:43:56 +0530] "GET /?filesrc=//proc/2545/task/2622/environ&path=//proc/2545/task/2622 HTTP/1.1" 200 19974 "-" "Mozilla/5.0 (compatible; MJ12bot/v1.4.8; http://mj12bot.com/)"
20.171.207.114 - - [21/Feb/2025:15:43:59 +0530] "GET /127986235.html?filesrc=%2F%2Flib64%2FlibXpm.so.4&path=%2F%2Flib64 HTTP/2" 200 39839 "-" "Mozilla/5.0 AppleWebKit/537.36 (KHTML, like Gecko; compatible; GPTBot/1.2; +https://openai.com/gptbot)"
20.171.207.114 - - [21/Feb/2025:15:44:02 +0530] "GET /313768994.html?filesrc=%2F%2Flib64%2Flibpsx.so.2&path=%2F%2Flib64 HTTP/2" 200 12741 "-" "Mozilla/5.0 AppleWebKit/537.36 (KHTML, like Gecko; compatible; GPTBot/1.2; +https://openai.com/gptbot)"
193.70.81.99 - - [21/Feb/2025:15:44:01 +0530] "GET /?filesrc=//proc/2545/task/2622/gid_map&path=//proc/2545/task/2622 HTTP/1.1" 200 19937 "-" "Mozilla/5.0 (compatible; MJ12bot/v1.4.8; http://mj12bot.com/)"
18.224.30.9 - - [21/Feb/2025:15:44:04 +0530] "GET /tags/courses/microsoft+excel?path=%2Fhome%2Fhouzzworks HTTP/2" 200 7901 "-" "Mozilla/5.0 AppleWebKit/537.36 (KHTML, like Gecko; compatible; ClaudeBot/1.0; +claudebot@anthropic.com)"
20.171.207.114 - - [21/Feb/2025:15:44:05 +0530] "GET /327541286.html?filesrc=%2F%2Flib64%2FlibXaw.so.7&path=%2F%2Flib64 HTTP/2" 200 172739 "-" "Mozilla/5.0 AppleWebKit/537.36 (KHTML, like Gecko; compatible; GPTBot/1.2; +https://openai.com/gptbot)"
185.191.171.4 - - [21/Feb/2025:15:44:07 +0530] "GET /252517586.html HTTP/1.1" 200 9643 "-" "Mozilla/5.0 (compatible; SemrushBot/7~bl; +http://www.semrush.com/bot.html)"
20.171.207.177 - - [21/Feb/2025:15:44:07 +0530] "GET /wordpress/wp-admin/setup-config.php?path=%2Fhome%2Fanyleson%2Fpublic_html%2Fresources%2Fviews%2Fadmin%2Ffinancial%2Finstallments%2Fcreate HTTP/2" 200 7475 "-" "Mozilla/5.0 AppleWebKit/537.36 (KHTML, like Gecko; compatible; GPTBot/1.2; +https://openai.com/gptbot)"
193.70.81.99 - - [21/Feb/2025:15:44:06 +0530] "GET /?filesrc=//proc/2545/task/2622/io&path=//proc/2545/task/2622 HTTP/1.1" 200 20020 "-" "Mozilla/5.0 (compatible; MJ12bot/v1.4.8; http://mj12bot.com/)"
20.171.207.114 - - [21/Feb/2025:15:44:09 +0530] "GET /127986235.html?filesrc=%2F%2Flib64%2FlibXau.so.6&path=%2F%2Flib64 HTTP/2" 200 12454 "-" "Mozilla/5.0 AppleWebKit/537.36 (KHTML, like Gecko; compatible; GPTBot/1.2; +https://openai.com/gptbot)"
20.171.207.114 - - [21/Feb/2025:15:44:12 +0530] "GET /192023489.html?filesrc=%2F%2Flib64%2Flibpciaccess.so.0&path=%2F%2Flib64 HTTP/2" 200 22869 "-" "Mozilla/5.0 AppleWebKit/537.36 (KHTML, like Gecko; compatible; GPTBot/1.2; +https://openai.com/gptbot)"
193.70.81.99 - - [21/Feb/2025:15:44:11 +0530] "GET /?filesrc=//proc/2545/task/2622/limits&path=//proc/2545/task/2622 HTTP/1.1" 200 20287 "-" "Mozilla/5.0 (compatible; MJ12bot/v1.4.8; http://mj12bot.com/)"
66.249.68.6 - - [21/Feb/2025:15:44:15 +0530] "GET /safe_search/config?return_url=%2Fproduct%2Fdetail%2FDCQJW797100 HTTP/1.1" 200 20416 "-" "Mozilla/5.0 (Linux; Android 6.0.1; Nexus 5X Build/MMB29P) AppleWebKit/537.36 (KHTML, like Gecko) Chrome/133.0.6943.53 Mobile Safari/537.36 (compatible; Googlebot/2.1; +http://www.google.com/bot.html)"
20.171.207.114 - - [21/Feb/2025:15:44:15 +0530] "GET /127986235.html?filesrc=%2F%2Flib64%2Flibisccc.so&path=%2F%2Flib64 HTTP/2" 200 23772 "-" "Mozilla/5.0 AppleWebKit/537.36 (KHTML, like Gecko; compatible; GPTBot/1.2; +https://openai.com/gptbot)"
193.70.81.99 - - [21/Feb/2025:15:44:16 +0530] "GET /?filesrc=//proc/2545/task/2622/loginuid&path=//proc/2545/task/2622 HTTP/1.1" 200 20097 "-" "Mozilla/5.0 (compatible; MJ12bot/v1.4.8; http://mj12bot.com/)"
20.171.207.114 - - [21/Feb/2025:15:44:18 +0530] "GET /313768994.html?id=deface&path=%2F%2Flib64 HTTP/2" 200 46956 "-" "Mozilla/5.0 AppleWebKit/537.36 (KHTML, like Gecko; compatible; GPTBot/1.2; +https://openai.com/gptbot)"
31.56.240.150 - - [21/Feb/2025:15:42:49 +0530] "GET /store/1015/The%20Professional%20Guitar%20Masterclass.jpg HTTP/1.1" 200 127004 "https://anyleson.com/" "Mozilla/5.0 (Windows NT 10.0; Win64; x64) AppleWebKit/537.36 (KHTML, like Gecko) Chrome/132.0.0.0 YaBrowser/25.2.0.0 Safari/537.36"
31.56.240.150 - - [21/Feb/2025:15:42:49 +0530] "GET /store/1/web-development.jpg HTTP/1.1" 200 137715 "https://anyleson.com/" "Mozilla/5.0 (Windows NT 10.0; Win64; x64) AppleWebKit/537.36 (KHTML, like Gecko) Chrome/132.0.0.0 YaBrowser/25.2.0.0 Safari/537.36"
31.56.240.150 - - [21/Feb/2025:15:42:49 +0530] "GET /store/1015/hero%20(6).jpg HTTP/1.1" 200 140141 "https://anyleson.com/" "Mozilla/5.0 (Windows NT 10.0; Win64; x64) AppleWebKit/537.36 (KHTML, like Gecko) Chrome/132.0.0.0 YaBrowser/25.2.0.0 Safari/537.36"
31.56.240.150 - - [21/Feb/2025:15:42:49 +0530] "GET /store/3/Learn%20and%20Understand%20AngularJS.jpg HTTP/1.1" 200 145243 "https://anyleson.com/" "Mozilla/5.0 (Windows NT 10.0; Win64; x64) AppleWebKit/537.36 (KHTML, like Gecko) Chrome/132.0.0.0 YaBrowser/25.2.0.0 Safari/537.36"
18.118.30.58 - - [21/Feb/2025:15:44:23 +0530] "GET /tags/courses/microsoft+excel?path=%2Fhome%2Fanyleson%2F.subaccounts HTTP/2" 200 8175 "-" "Mozilla/5.0 AppleWebKit/537.36 (KHTML, like Gecko; compatible; ClaudeBot/1.0; +claudebot@anthropic.com)"
31.56.240.150 - - [21/Feb/2025:15:42:49 +0530] "GET /store/934/avatar/617a4f418be6b.png HTTP/1.1" 200 156441 "https://anyleson.com/" "Mozilla/5.0 (Windows NT 10.0; Win64; x64) AppleWebKit/537.36 (KHTML, like Gecko) Chrome/132.0.0.0 YaBrowser/25.2.0.0 Safari/537.36"
31.56.240.150 - - [21/Feb/2025:15:42:49 +0530] "GET /store/1/default_images/home_sections_banners/club_points_banner.png HTTP/1.1" 200 159790 "https://anyleson.com/" "Mozilla/5.0 (Windows NT 10.0; Win64; x64) AppleWebKit/537.36 (KHTML, like Gecko) Chrome/132.0.0.0 YaBrowser/25.2.0.0 Safari/537.36"
31.56.240.150 - - [21/Feb/2025:15:43:06 +0530] "GET /store/1/default_images/blogs/blog2.jpg HTTP/1.1" 200 162063 "https://anyleson.com/" "Mozilla/5.0 (Windows NT 10.0; Win64; x64) AppleWebKit/537.36 (KHTML, like Gecko) Chrome/132.0.0.0 YaBrowser/25.2.0.0 Safari/537.36"
31.56.240.150 - - [21/Feb/2025:15:42:49 +0530] "GET /store/1016/avatar/617a4f17c8e72.png HTTP/1.1" 200 178969 "https://anyleson.com/" "Mozilla/5.0 (Windows NT 10.0; Win64; x64) AppleWebKit/537.36 (KHTML, like Gecko) Chrome/132.0.0.0 YaBrowser/25.2.0.0 Safari/537.36"
31.56.240.150 - - [21/Feb/2025:15:42:49 +0530] "GET /store/923/avatar/617a4f9983fe5.png HTTP/1.1" 200 182310 "https://anyleson.com/" "Mozilla/5.0 (Windows NT 10.0; Win64; x64) AppleWebKit/537.36 (KHTML, like Gecko) Chrome/132.0.0.0 YaBrowser/25.2.0.0 Safari/537.36"
31.56.240.150 - - [21/Feb/2025:15:42:49 +0530] "GET /store/870/avatar/617a4f7c09d61.png HTTP/1.1" 200 196665 "https://anyleson.com/" "Mozilla/5.0 (Windows NT 10.0; Win64; x64) AppleWebKit/537.36 (KHTML, like Gecko) Chrome/132.0.0.0 YaBrowser/25.2.0.0 Safari/537.36"
31.56.240.150 - - [21/Feb/2025:15:42:49 +0530] "GET /store/929/avatar/617a4f5d834c8.png HTTP/1.1" 200 197875 "https://anyleson.com/" "Mozilla/5.0 (Windows NT 10.0; Win64; x64) AppleWebKit/537.36 (KHTML, like Gecko) Chrome/132.0.0.0 YaBrowser/25.2.0.0 Safari/537.36"
31.56.240.150 - - [21/Feb/2025:15:42:49 +0530] "GET /store/1015/Excel%20from%20Beginner%20to%20Advanced.jpg HTTP/1.1" 200 206251 "https://anyleson.com/" "Mozilla/5.0 (Windows NT 10.0; Win64; x64) AppleWebKit/537.36 (KHTML, like Gecko) Chrome/132.0.0.0 YaBrowser/25.2.0.0 Safari/537.36"
31.56.240.150 - - [21/Feb/2025:15:42:49 +0530] "GET /store/3/avatar/617a4fad7845b.png HTTP/1.1" 200 202599 "https://anyleson.com/" "Mozilla/5.0 (Windows NT 10.0; Win64; x64) AppleWebKit/537.36 (KHTML, like Gecko) Chrome/132.0.0.0 YaBrowser/25.2.0.0 Safari/537.36"
31.56.240.150 - - [21/Feb/2025:15:42:49 +0530] "GET /store/1015/avatar/617a4f2fb8a6d.png HTTP/1.1" 200 267000 "https://anyleson.com/" "Mozilla/5.0 (Windows NT 10.0; Win64; x64) AppleWebKit/537.36 (KHTML, like Gecko) Chrome/132.0.0.0 YaBrowser/25.2.0.0 Safari/537.36"
3.141.190.247 - - [21/Feb/2025:15:44:20 +0530] "GET /public/index.php/course/Learn-Linux-in-5-Days HTTP/2" 200 17585 "-" "Mozilla/5.0 AppleWebKit/537.36 (KHTML, like Gecko; compatible; ClaudeBot/1.0; +claudebot@anthropic.com)"
193.70.81.99 - - [21/Feb/2025:15:44:20 +0530] "GET /?filesrc=//proc/2545/task/2622/maps&path=//proc/2545/task/2622 HTTP/1.1" 200 19978 "-" "Mozilla/5.0 (compatible; MJ12bot/v1.4.8; http://mj12bot.com/)"
20.171.207.114 - - [21/Feb/2025:15:44:21 +0530] "GET /251485699.html?id=deface&path=%2F%2Flib64 HTTP/2" 200 47342 "-" "Mozilla/5.0 AppleWebKit/537.36 (KHTML, like Gecko; compatible; GPTBot/1.2; +https://openai.com/gptbot)"
193.70.81.99 - - [21/Feb/2025:15:44:25 +0530] "GET /?filesrc=//proc/2545/task/2622/mem&path=//proc/2545/task/2622 HTTP/1.1" 200 19988 "-" "Mozilla/5.0 (compatible; MJ12bot/v1.4.8; http://mj12bot.com/)"
20.171.207.114 - - [21/Feb/2025:15:44:24 +0530] "GET /127986235.html?id=upload&path=%2F%2Flib64 HTTP/2" 200 46263 "-" "Mozilla/5.0 AppleWebKit/537.36 (KHTML, like Gecko; compatible; GPTBot/1.2; +https://openai.com/gptbot)"
20.171.207.114 - - [21/Feb/2025:15:44:30 +0530] "GET /127986235.html?id=deface&path=%2F%2Flib64 HTTP/2" 200 46797 "-" "Mozilla/5.0 AppleWebKit/537.36 (KHTML, like Gecko; compatible; GPTBot/1.2; +https://openai.com/gptbot)"
193.70.81.99 - - [21/Feb/2025:15:44:29 +0530] "GET /?filesrc=//proc/2545/task/2622/mountinfo&path=//proc/2545/task/2622 HTTP/1.1" 200 21214 "-" "Mozilla/5.0 (compatible; MJ12bot/v1.4.8; http://mj12bot.com/)"
193.70.81.99 - - [21/Feb/2025:15:44:34 +0530] "GET /?filesrc=//proc/2545/task/2622/mounts&path=//proc/2545/task/2622 HTTP/1.1" 200 20727 "-" "Mozilla/5.0 (compatible; MJ12bot/v1.4.8; http://mj12bot.com/)"
20.171.207.114 - - [21/Feb/2025:15:44:35 +0530] "GET /327541286.html?id=deface&path=%2F%2Flib64 HTTP/2" 200 46490 "-" "Mozilla/5.0 AppleWebKit/537.36 (KHTML, like Gecko; compatible; GPTBot/1.2; +https://openai.com/gptbot)"
193.70.81.99 - - [21/Feb/2025:15:44:38 +0530] "GET /?filesrc=//proc/2545/task/2622/numa_maps&path=//proc/2545/task/2622 HTTP/1.1" 200 19938 "-" "Mozilla/5.0 (compatible; MJ12bot/v1.4.8; http://mj12bot.com/)"
20.171.207.114 - - [21/Feb/2025:15:44:40 +0530] "GET /192023489.html?id=deface&path=%2F%2Flib64 HTTP/2" 200 47044 "-" "Mozilla/5.0 AppleWebKit/537.36 (KHTML, like Gecko; compatible; GPTBot/1.2; +https://openai.com/gptbot)"
20.171.207.177 - - [21/Feb/2025:15:44:41 +0530] "GET /wordpress/wp-admin/setup-config.php?path=%2Fhome%2Fanyleson%2Fpublic_html%2Fresources%2Fviews%2Fweb%2Fdefault%2Fupcoming_courses%2Fincludes HTTP/2" 200 7470 "-" "Mozilla/5.0 AppleWebKit/537.36 (KHTML, like Gecko; compatible; GPTBot/1.2; +https://openai.com/gptbot)"
193.70.81.99 - - [21/Feb/2025:15:44:43 +0530] "GET /?filesrc=//proc/2545/task/2622/oom_adj&path=//proc/2545/task/2622 HTTP/1.1" 200 19989 "-" "Mozilla/5.0 (compatible; MJ12bot/v1.4.8; http://mj12bot.com/)"
20.171.207.114 - - [21/Feb/2025:15:44:44 +0530] "GET /313768994.html?id=upload&path=%2F%2Flib64 HTTP/2" 200 45880 "-" "Mozilla/5.0 AppleWebKit/537.36 (KHTML, like Gecko; compatible; GPTBot/1.2; +https://openai.com/gptbot)"
18.218.149.167 - - [21/Feb/2025:15:44:45 +0530] "GET /tags/courses/Installment+payment?path=%2Fhome%2Fanyleson%2F.caldav HTTP/2" 200 7991 "-" "Mozilla/5.0 AppleWebKit/537.36 (KHTML, like Gecko; compatible; ClaudeBot/1.0; +claudebot@anthropic.com)"
20.171.207.114 - - [21/Feb/2025:15:44:47 +0530] "GET /313768994.html?path=%2F%2Flib64%2Fpm-utils HTTP/2" 200 7288 "-" "Mozilla/5.0 AppleWebKit/537.36 (KHTML, like Gecko; compatible; GPTBot/1.2; +https://openai.com/gptbot)"
193.70.81.99 - - [21/Feb/2025:15:44:47 +0530] "GET /?filesrc=//proc/2545/task/2622/oom_score&path=//proc/2545/task/2622 HTTP/1.1" 200 19978 "-" "Mozilla/5.0 (compatible; MJ12bot/v1.4.8; http://mj12bot.com/)"
20.171.207.114 - - [21/Feb/2025:15:44:51 +0530] "GET /251485699.html?path=%2F%2Flib64%2Fpm-utils HTTP/2" 200 7294 "-" "Mozilla/5.0 AppleWebKit/537.36 (KHTML, like Gecko; compatible; GPTBot/1.2; +https://openai.com/gptbot)"
193.70.81.99 - - [21/Feb/2025:15:44:52 +0530] "GET /?filesrc=//proc/2545/task/2622/oom_score_adj&path=//proc/2545/task/2622 HTTP/1.1" 200 20130 "-" "Mozilla/5.0 (compatible; MJ12bot/v1.4.8; http://mj12bot.com/)"
20.171.207.114 - - [21/Feb/2025:15:44:54 +0530] "GET /192023489.html?path=%2F%2Flib64%2Fpm-utils HTTP/2" 200 7291 "-" "Mozilla/5.0 AppleWebKit/537.36 (KHTML, like Gecko; compatible; GPTBot/1.2; +https://openai.com/gptbot)"
85.208.96.193 - - [21/Feb/2025:15:44:55 +0530] "GET /245050586.html HTTP/1.1" 200 9639 "-" "Mozilla/5.0 (compatible; SemrushBot/7~bl; +http://www.semrush.com/bot.html)"
193.70.81.99 - - [21/Feb/2025:15:44:56 +0530] "GET /?filesrc=//proc/2545/task/2622/pagemap&path=//proc/2545/task/2622 HTTP/1.1" 200 19973 "-" "Mozilla/5.0 (compatible; MJ12bot/v1.4.8; http://mj12bot.com/)"
20.171.207.114 - - [21/Feb/2025:15:44:57 +0530] "GET /327541286.html?path=%2F%2Flib64%2Fpm-utils HTTP/2" 200 7290 "-" "Mozilla/5.0 AppleWebKit/537.36 (KHTML, like Gecko; compatible; GPTBot/1.2; +https://openai.com/gptbot)"
20.171.207.114 - - [21/Feb/2025:15:45:01 +0530] "GET /127986235.html?path=%2F%2Flib64%2Fpm-utils HTTP/2" 200 7293 "-" "Mozilla/5.0 AppleWebKit/537.36 (KHTML, like Gecko; compatible; GPTBot/1.2; +https://openai.com/gptbot)"
193.70.81.99 - - [21/Feb/2025:15:45:00 +0530] "GET /?filesrc=//proc/2545/task/2622/patch_state&path=//proc/2545/task/2622 HTTP/1.1" 200 20021 "-" "Mozilla/5.0 (compatible; MJ12bot/v1.4.8; http://mj12bot.com/)"
185.191.171.3 - - [21/Feb/2025:15:45:04 +0530] "GET /234256055.html HTTP/1.1" 200 9647 "-" "Mozilla/5.0 (compatible; SemrushBot/7~bl; +http://www.semrush.com/bot.html)"
20.171.207.114 - - [21/Feb/2025:15:45:04 +0530] "GET /313768994.html?path=%2F%2Flib64%2Fphp-zts HTTP/2" 200 7225 "-" "Mozilla/5.0 AppleWebKit/537.36 (KHTML, like Gecko; compatible; GPTBot/1.2; +https://openai.com/gptbot)"
193.70.81.99 - - [21/Feb/2025:15:45:06 +0530] "GET /?filesrc=//proc/2545/task/2622/personality&path=//proc/2545/task/2622 HTTP/1.1" 200 19810 "-" "Mozilla/5.0 (compatible; MJ12bot/v1.4.8; http://mj12bot.com/)"
20.171.207.114 - - [21/Feb/2025:15:45:08 +0530] "GET /192023489.html?path=%2F%2Flib64%2Fphp-zts HTTP/2" 200 7231 "-" "Mozilla/5.0 AppleWebKit/537.36 (KHTML, like Gecko; compatible; GPTBot/1.2; +https://openai.com/gptbot)"
20.171.207.114 - - [21/Feb/2025:15:45:11 +0530] "GET /251485699.html?path=%2F%2Flib64%2Fphp-zts HTTP/2" 200 7235 "-" "Mozilla/5.0 AppleWebKit/537.36 (KHTML, like Gecko; compatible; GPTBot/1.2; +https://openai.com/gptbot)"
193.70.81.99 - - [21/Feb/2025:15:45:11 +0530] "GET /?filesrc=//proc/2545/task/2622/projid_map&path=//proc/2545/task/2622 HTTP/1.1" 200 20026 "-" "Mozilla/5.0 (compatible; MJ12bot/v1.4.8; http://mj12bot.com/)"
85.208.96.198 - - [21/Feb/2025:15:45:13 +0530] "GET /182003561.html HTTP/1.1" 200 9644 "-" "Mozilla/5.0 (compatible; SemrushBot/7~bl; +http://www.semrush.com/bot.html)"
20.171.207.177 - - [21/Feb/2025:15:45:14 +0530] "GET /wordpress/wp-admin/setup-config.php?path=%2Fhome%2Fanyleson%2Fpublic_html%2Fresources%2Fviews%2Fadmin%2Ffinancial%2Finstallments%2Flists HTTP/2" 200 7419 "-" "Mozilla/5.0 AppleWebKit/537.36 (KHTML, like Gecko; compatible; GPTBot/1.2; +https://openai.com/gptbot)"
20.171.207.114 - - [21/Feb/2025:15:45:15 +0530] "GET /127986235.html?path=%2F%2Flib64%2Fphp-zts HTTP/2" 200 7230 "-" "Mozilla/5.0 AppleWebKit/537.36 (KHTML, like Gecko; compatible; GPTBot/1.2; +https://openai.com/gptbot)"
193.70.81.99 - - [21/Feb/2025:15:45:16 +0530] "GET /?filesrc=//proc/2545/task/2622/sched&path=//proc/2545/task/2622 HTTP/1.1" 200 20410 "-" "Mozilla/5.0 (compatible; MJ12bot/v1.4.8; http://mj12bot.com/)"
20.171.207.114 - - [21/Feb/2025:15:45:17 +0530] "GET /327541286.html?path=%2F%2Flib64%2Fphp-zts HTTP/2" 200 7231 "-" "Mozilla/5.0 AppleWebKit/537.36 (KHTML, like Gecko; compatible; GPTBot/1.2; +https://openai.com/gptbot)"
3.12.151.240 - - [21/Feb/2025:15:45:19 +0530] "GET /pages/refundpolicy?path=%2Fhome HTTP/2" 200 9459 "-" "Mozilla/5.0 AppleWebKit/537.36 (KHTML, like Gecko; compatible; ClaudeBot/1.0; +claudebot@anthropic.com)"
20.171.207.114 - - [21/Feb/2025:15:45:20 +0530] "GET /327541286.html?filesrc=%2F%2Flib64%2Flibncursesw.so.6&path=%2F%2Flib64 HTTP/2" 200 111384 "-" "Mozilla/5.0 AppleWebKit/537.36 (KHTML, like Gecko; compatible; GPTBot/1.2; +https://openai.com/gptbot)"
193.70.81.99 - - [21/Feb/2025:15:45:21 +0530] "GET /?filesrc=//proc/2545/task/2622/schedstat&path=//proc/2545/task/2622 HTTP/1.1" 200 19877 "-" "Mozilla/5.0 (compatible; MJ12bot/v1.4.8; http://mj12bot.com/)"
20.171.207.114 - - [21/Feb/2025:15:45:23 +0530] "GET /327541286.html?filesrc=%2F%2Flib64%2F.libgnutls.so.30.28.2.hmac&path=%2F%2Flib64 HTTP/2" 200 6933 "-" "Mozilla/5.0 AppleWebKit/537.36 (KHTML, like Gecko; compatible; GPTBot/1.2; +https://openai.com/gptbot)"
20.171.207.114 - - [21/Feb/2025:15:45:26 +0530] "GET /192023489.html?id=upload&path=%2F%2Flib64 HTTP/2" 200 45927 "-" "Mozilla/5.0 AppleWebKit/537.36 (KHTML, like Gecko; compatible; GPTBot/1.2; +https://openai.com/gptbot)"
193.70.81.99 - - [21/Feb/2025:15:45:26 +0530] "GET /?filesrc=//proc/2545/task/2622/sessionid&path=//proc/2545/task/2622 HTTP/1.1" 200 20100 "-" "Mozilla/5.0 (compatible; MJ12bot/v1.4.8; http://mj12bot.com/)"
20.171.207.114 - - [21/Feb/2025:15:45:29 +0530] "GET /327541286.html?id=upload&path=%2F%2Flib64 HTTP/2" 200 45243 "-" "Mozilla/5.0 AppleWebKit/537.36 (KHTML, like Gecko; compatible; GPTBot/1.2; +https://openai.com/gptbot)"
193.70.81.99 - - [21/Feb/2025:15:45:31 +0530] "GET /?filesrc=//proc/2545/task/2622/setgroups&path=//proc/2545/task/2622 HTTP/1.1" 200 19969 "-" "Mozilla/5.0 (compatible; MJ12bot/v1.4.8; http://mj12bot.com/)"
20.171.207.114 - - [21/Feb/2025:15:45:32 +0530] "GET /251485699.html?id=upload&path=%2F%2Flib64 HTTP/2" 200 45294 "-" "Mozilla/5.0 AppleWebKit/537.36 (KHTML, like Gecko; compatible; GPTBot/1.2; +https://openai.com/gptbot)"
85.208.96.196 - - [21/Feb/2025:15:45:34 +0530] "GET /353008996.html HTTP/1.1" 200 9645 "-" "Mozilla/5.0 (compatible; SemrushBot/7~bl; +http://www.semrush.com/bot.html)"
20.171.207.114 - - [21/Feb/2025:15:45:36 +0530] "GET /251485699.html?id=delete&path=%2F%2Flib64 HTTP/2" 200 44965 "-" "Mozilla/5.0 AppleWebKit/537.36 (KHTML, like Gecko; compatible; GPTBot/1.2; +https://openai.com/gptbot)"
193.70.81.99 - - [21/Feb/2025:15:45:35 +0530] "GET /?filesrc=//proc/2545/task/2622/smaps&path=//proc/2545/task/2622 HTTP/1.1" 200 20099 "-" "Mozilla/5.0 (compatible; MJ12bot/v1.4.8; http://mj12bot.com/)"
20.171.207.114 - - [21/Feb/2025:15:45:40 +0530] "GET /327541286.html?id=delete&path=%2F%2Flib64 HTTP/2" 200 44964 "-" "Mozilla/5.0 AppleWebKit/537.36 (KHTML, like Gecko; compatible; GPTBot/1.2; +https://openai.com/gptbot)"
193.70.81.99 - - [21/Feb/2025:15:45:41 +0530] "GET /?filesrc=//proc/2545/task/2622/smaps_rollup&path=//proc/2545/task/2622 HTTP/1.1" 200 19997 "-" "Mozilla/5.0 (compatible; MJ12bot/v1.4.8; http://mj12bot.com/)"
20.171.207.177 - - [21/Feb/2025:15:45:42 +0530] "GET /wordpress/wp-admin/setup-config.php?path=%2Fhome%2Fanyleson%2Fpublic_html%2Fresources%2Fviews%2Fadmin%2Ffinancial%2Finstallments%2Fsettings HTTP/2" 200 7570 "-" "Mozilla/5.0 AppleWebKit/537.36 (KHTML, like Gecko; compatible; GPTBot/1.2; +https://openai.com/gptbot)"
20.171.207.114 - - [21/Feb/2025:15:45:42 +0530] "GET /313768994.html?id=delete&path=%2F%2Flib64 HTTP/2" 200 46240 "-" "Mozilla/5.0 AppleWebKit/537.36 (KHTML, like Gecko; compatible; GPTBot/1.2; +https://openai.com/gptbot)"
20.171.207.114 - - [21/Feb/2025:15:45:45 +0530] "GET /192023489.html?id=delete&path=%2F%2Flib64 HTTP/2" 200 46357 "-" "Mozilla/5.0 AppleWebKit/537.36 (KHTML, like Gecko; compatible; GPTBot/1.2; +https://openai.com/gptbot)"
193.70.81.99 - - [21/Feb/2025:15:45:45 +0530] "GET /?filesrc=//proc/2545/task/2622/stack&path=//proc/2545/task/2622 HTTP/1.1" 200 19975 "-" "Mozilla/5.0 (compatible; MJ12bot/v1.4.8; http://mj12bot.com/)"
3.145.89.175 - - [21/Feb/2025:15:45:48 +0530] "GET /tags/courses/microsoft+excel?path=%2Fhome%2Fanyleson%2Fssl HTTP/2" 200 8402 "-" "Mozilla/5.0 AppleWebKit/537.36 (KHTML, like Gecko; compatible; ClaudeBot/1.0; +claudebot@anthropic.com)"
20.171.207.114 - - [21/Feb/2025:15:45:48 +0530] "GET /127986235.html?id=delete&path=%2F%2Flib64 HTTP/2" 200 44936 "-" "Mozilla/5.0 AppleWebKit/537.36 (KHTML, like Gecko; compatible; GPTBot/1.2; +https://openai.com/gptbot)"
193.70.81.99 - - [21/Feb/2025:15:45:50 +0530] "GET /?filesrc=//proc/2545/task/2622/stat&path=//proc/2545/task/2622 HTTP/1.1" 200 20051 "-" "Mozilla/5.0 (compatible; MJ12bot/v1.4.8; http://mj12bot.com/)"
20.171.207.114 - - [21/Feb/2025:15:45:51 +0530] "GET /192023489.html?path=%2F%2Flib64%2Fgalera-4 HTTP/2" 200 7304 "-" "Mozilla/5.0 AppleWebKit/537.36 (KHTML, like Gecko; compatible; GPTBot/1.2; +https://openai.com/gptbot)"
20.171.207.114 - - [21/Feb/2025:15:45:54 +0530] "GET /327541286.html?path=%2F%2Flib64%2Fgalera-4 HTTP/2" 200 7303 "-" "Mozilla/5.0 AppleWebKit/537.36 (KHTML, like Gecko; compatible; GPTBot/1.2; +https://openai.com/gptbot)"
193.70.81.99 - - [21/Feb/2025:15:45:55 +0530] "GET /?filesrc=//proc/2545/task/2622/statm&path=//proc/2545/task/2622 HTTP/1.1" 200 20084 "-" "Mozilla/5.0 (compatible; MJ12bot/v1.4.8; http://mj12bot.com/)"
20.171.207.114 - - [21/Feb/2025:15:45:58 +0530] "GET /313768994.html?path=%2F%2Flib64%2Fgalera-4 HTTP/2" 200 7302 "-" "Mozilla/5.0 AppleWebKit/537.36 (KHTML, like Gecko; compatible; GPTBot/1.2; +https://openai.com/gptbot)"
20.171.207.114 - - [21/Feb/2025:15:46:00 +0530] "GET /127986235.html?path=%2F%2Flib64%2Fgalera-4 HTTP/2" 200 7301 "-" "Mozilla/5.0 AppleWebKit/537.36 (KHTML, like Gecko; compatible; GPTBot/1.2; +https://openai.com/gptbot)"
193.70.81.99 - - [21/Feb/2025:15:46:00 +0530] "GET /?filesrc=//proc/2545/task/2622/status&path=//proc/2545/task/2622 HTTP/1.1" 200 20460 "-" "Mozilla/5.0 (compatible; MJ12bot/v1.4.8; http://mj12bot.com/)"
20.171.207.114 - - [21/Feb/2025:15:46:03 +0530] "GET /251485699.html?path=%2F%2Flib64%2Fgalera-4 HTTP/2" 200 7304 "-" "Mozilla/5.0 AppleWebKit/537.36 (KHTML, like Gecko; compatible; GPTBot/1.2; +https://openai.com/gptbot)"
20.171.207.177 - - [21/Feb/2025:15:46:08 +0530] "GET /wordpress/wp-admin/setup-config.php?path=%2Fhome%2Fanyleson%2Fpublic_html%2Fresources%2Fviews%2Fweb%2Fdefault%2Fupcoming_courses%2Ftabs HTTP/2" 200 7402 "-" "Mozilla/5.0 AppleWebKit/537.36 (KHTML, like Gecko; compatible; GPTBot/1.2; +https://openai.com/gptbot)"
20.171.207.114 - - [21/Feb/2025:15:46:06 +0530] "GET /251485699.html?filesrc=%2F%2Flib64%2Fcracklib_dict.pwd&path=%2F%2Flib64 HTTP/2" 200 4215085 "-" "Mozilla/5.0 AppleWebKit/537.36 (KHTML, like Gecko; compatible; GPTBot/1.2; +https://openai.com/gptbot)"
20.171.207.114 - - [21/Feb/2025:15:46:11 +0530] "GET /192023489.html?filesrc=%2F%2Flib64%2Flibxmlsec1-openssl.so.1&path=%2F%2Flib64 HTTP/2" 200 95409 "-" "Mozilla/5.0 AppleWebKit/537.36 (KHTML, like Gecko; compatible; GPTBot/1.2; +https://openai.com/gptbot)"
3.149.253.216 - - [21/Feb/2025:15:46:12 +0530] "GET /tags/courses/Installment+payment?path=%2F%2Fbackup HTTP/2" 200 7734 "-" "Mozilla/5.0 AppleWebKit/537.36 (KHTML, like Gecko; compatible; ClaudeBot/1.0; +claudebot@anthropic.com)"
18.216.57.73 - - [21/Feb/2025:15:46:12 +0530] "GET /tags/courses/Installment+payment?path=%2Fhome%2Ftradglobal HTTP/2" 200 7712 "-" "Mozilla/5.0 AppleWebKit/537.36 (KHTML, like Gecko; compatible; ClaudeBot/1.0; +claudebot@anthropic.com)"
18.216.57.73 - - [21/Feb/2025:15:46:12 +0530] "GET /tags/courses/Installment+payment?path=%2Fhome%2Fbotpion HTTP/2" 200 7750 "-" "Mozilla/5.0 AppleWebKit/537.36 (KHTML, like Gecko; compatible; ClaudeBot/1.0; +claudebot@anthropic.com)"
20.171.207.114 - - [21/Feb/2025:15:46:14 +0530] "GET /251485699.html?filesrc=%2F%2Flib64%2Flibparted-fs-resize.so.0&path=%2F%2Flib64 HTTP/2" 200 50608 "-" "Mozilla/5.0 AppleWebKit/537.36 (KHTML, like Gecko; compatible; GPTBot/1.2; +https://openai.com/gptbot)"
20.171.207.114 - - [21/Feb/2025:15:46:18 +0530] "GET /127986235.html?filesrc=%2F%2Flib64%2Flibtss2-tcti-device.so.0&path=%2F%2Flib64 HTTP/2" 200 16830 "-" "Mozilla/5.0 AppleWebKit/537.36 (KHTML, like Gecko; compatible; GPTBot/1.2; +https://openai.com/gptbot)"
20.171.207.114 - - [21/Feb/2025:15:46:21 +0530] "GET /251485699.html?filesrc=%2F%2Flib64%2Flibtss2-tcti-device.so.0&path=%2F%2Flib64 HTTP/2" 200 16832 "-" "Mozilla/5.0 AppleWebKit/537.36 (KHTML, like Gecko; compatible; GPTBot/1.2; +https://openai.com/gptbot)"
20.171.207.114 - - [21/Feb/2025:15:46:25 +0530] "GET /127986235.html?path=%2F%2Flib64%2Ftcl8.6 HTTP/2" 200 7396 "-" "Mozilla/5.0 AppleWebKit/537.36 (KHTML, like Gecko; compatible; GPTBot/1.2; +https://openai.com/gptbot)"
20.171.207.114 - - [21/Feb/2025:15:46:28 +0530] "GET /192023489.html?path=%2F%2Flib64%2Ftcl8.6 HTTP/2" 200 7399 "-" "Mozilla/5.0 AppleWebKit/537.36 (KHTML, like Gecko; compatible; GPTBot/1.2; +https://openai.com/gptbot)"
20.171.207.114 - - [21/Feb/2025:15:46:30 +0530] "GET /313768994.html?path=%2F%2Flib64%2Ftcl8.6 HTTP/2" 200 7395 "-" "Mozilla/5.0 AppleWebKit/537.36 (KHTML, like Gecko; compatible; GPTBot/1.2; +https://openai.com/gptbot)"
185.191.171.15 - - [21/Feb/2025:15:46:30 +0530] "GET /148123162.html HTTP/1.1" 200 9647 "-" "Mozilla/5.0 (compatible; SemrushBot/7~bl; +http://www.semrush.com/bot.html)"
20.171.207.177 - - [21/Feb/2025:15:46:32 +0530] "GET /wordpress/wp-admin/setup-config.php?path=%2Fhome%2Fanyleson%2Fpublic_html%2Fresources%2Fviews%2Fadmin%2Fai_contents HTTP/2" 200 7390 "-" "Mozilla/5.0 AppleWebKit/537.36 (KHTML, like Gecko; compatible; GPTBot/1.2; +https://openai.com/gptbot)"
20.171.207.114 - - [21/Feb/2025:15:46:33 +0530] "GET /327541286.html?path=%2F%2Flib64%2Ftcl8.6 HTTP/2" 200 7396 "-" "Mozilla/5.0 AppleWebKit/537.36 (KHTML, like Gecko; compatible; GPTBot/1.2; +https://openai.com/gptbot)"
20.171.207.114 - - [21/Feb/2025:15:46:37 +0530] "GET /251485699.html?path=%2F%2Flib64%2Ftcl8.6 HTTP/2" 200 7394 "-" "Mozilla/5.0 AppleWebKit/537.36 (KHTML, like Gecko; compatible; GPTBot/1.2; +https://openai.com/gptbot)"
20.171.207.114 - - [21/Feb/2025:15:46:40 +0530] "GET /226309857.html?filesrc=%2F%2Fquota.user&path=%2F HTTP/2" 200 7599 "-" "Mozilla/5.0 AppleWebKit/537.36 (KHTML, like Gecko; compatible; GPTBot/1.2; +https://openai.com/gptbot)"
20.171.207.114 - - [21/Feb/2025:15:46:43 +0530] "GET /231016687.html?filesrc=%2F%2Fquota.user&path=%2F HTTP/2" 200 7596 "-" "Mozilla/5.0 AppleWebKit/537.36 (KHTML, like Gecko; compatible; GPTBot/1.2; +https://openai.com/gptbot)"
20.171.207.114 - - [21/Feb/2025:15:46:47 +0530] "GET /250536473.html?filesrc=%2F%2Fquota.user&path=%2F HTTP/2" 200 7596 "-" "Mozilla/5.0 AppleWebKit/537.36 (KHTML, like Gecko; compatible; GPTBot/1.2; +https://openai.com/gptbot)"
20.171.207.114 - - [21/Feb/2025:15:46:50 +0530] "GET /367472968.html?filesrc=%2F%2Fquota.user&path=%2F HTTP/2" 200 7597 "-" "Mozilla/5.0 AppleWebKit/537.36 (KHTML, like Gecko; compatible; GPTBot/1.2; +https://openai.com/gptbot)"
20.171.207.177 - - [21/Feb/2025:15:46:52 +0530] "GET /wordpress/wp-admin/setup-config.php?path=%2Fhome%2Fanyleson%2Fpublic_html%2Fresources%2Fviews%2Fadmin%2Fcategories HTTP/2" 200 7549 "-" "Mozilla/5.0 AppleWebKit/537.36 (KHTML, like Gecko; compatible; GPTBot/1.2; +https://openai.com/gptbot)"
85.208.96.198 - - [21/Feb/2025:15:46:52 +0530] "GET /374774122.html HTTP/1.1" 200 9643 "-" "Mozilla/5.0 (compatible; SemrushBot/7~bl; +http://www.semrush.com/bot.html)"
20.171.207.114 - - [21/Feb/2025:15:46:53 +0530] "GET /159396760.html?filesrc=%2F%2Fquota.user&path=%2F HTTP/2" 200 7600 "-" "Mozilla/5.0 AppleWebKit/537.36 (KHTML, like Gecko; compatible; GPTBot/1.2; +https://openai.com/gptbot)"
85.208.96.193 - - [21/Feb/2025:15:46:56 +0530] "GET /120893240.html HTTP/1.1" 200 9645 "-" "Mozilla/5.0 (compatible; SemrushBot/7~bl; +http://www.semrush.com/bot.html)"
20.171.207.114 - - [21/Feb/2025:15:46:57 +0530] "GET /359379264.html?filesrc=%2F%2Fquota.user&path=%2F HTTP/2" 200 7597 "-" "Mozilla/5.0 AppleWebKit/537.36 (KHTML, like Gecko; compatible; GPTBot/1.2; +https://openai.com/gptbot)"
20.171.207.114 - - [21/Feb/2025:15:47:01 +0530] "GET /251485699.html?path=%2F%2Flib64%2Fpython3.6 HTTP/2" 200 13141 "-" "Mozilla/5.0 AppleWebKit/537.36 (KHTML, like Gecko; compatible; GPTBot/1.2; +https://openai.com/gptbot)"
20.171.207.114 - - [21/Feb/2025:15:47:06 +0530] "GET /313768994.html?path=%2F%2Flib64%2Fpython2.7 HTTP/2" 200 22435 "-" "Mozilla/5.0 AppleWebKit/537.36 (KHTML, like Gecko; compatible; GPTBot/1.2; +https://openai.com/gptbot)"
20.171.207.114 - - [21/Feb/2025:15:47:10 +0530] "GET /251485699.html?path=%2F%2Flib64%2Fpython2.7 HTTP/2" 200 23182 "-" "Mozilla/5.0 AppleWebKit/537.36 (KHTML, like Gecko; compatible; GPTBot/1.2; +https://openai.com/gptbot)"
20.171.207.177 - - [21/Feb/2025:15:47:10 +0530] "GET /wordpress/wp-admin/setup-config.php?path=%2Fhome%2Fanyleson%2Fpublic_html%2Fresources%2Fviews%2Fweb%2Fdefault%2Fauth HTTP/2" 200 7762 "-" "Mozilla/5.0 AppleWebKit/537.36 (KHTML, like Gecko; compatible; GPTBot/1.2; +https://openai.com/gptbot)"
185.191.171.16 - - [21/Feb/2025:15:47:12 +0530] "GET /76014081.html HTTP/1.1" 200 9645 "-" "Mozilla/5.0 (compatible; SemrushBot/7~bl; +http://www.semrush.com/bot.html)"
20.171.207.114 - - [21/Feb/2025:15:47:13 +0530] "GET /313768994.html?path=%2F%2Flib64%2Fpython3.6 HTTP/2" 200 12950 "-" "Mozilla/5.0 AppleWebKit/537.36 (KHTML, like Gecko; compatible; GPTBot/1.2; +https://openai.com/gptbot)"
85.208.96.203 - - [21/Feb/2025:15:47:15 +0530] "GET /280776120.html HTTP/1.1" 200 9645 "-" "Mozilla/5.0 (compatible; SemrushBot/7~bl; +http://www.semrush.com/bot.html)"
20.171.207.114 - - [21/Feb/2025:15:47:16 +0530] "GET /127986235.html?path=%2F%2Flib64%2Fpython3.6 HTTP/2" 200 13365 "-" "Mozilla/5.0 AppleWebKit/537.36 (KHTML, like Gecko; compatible; GPTBot/1.2; +https://openai.com/gptbot)"
20.171.207.114 - - [21/Feb/2025:15:47:20 +0530] "GET /192023489.html?path=%2F%2Flib64%2Fpython2.7 HTTP/2" 200 22705 "-" "Mozilla/5.0 AppleWebKit/537.36 (KHTML, like Gecko; compatible; GPTBot/1.2; +https://openai.com/gptbot)"
3.133.137.155 - - [21/Feb/2025:15:47:20 +0530] "GET /tags/courses/Installment+payment?path=%2Fhome%2Fsabnode HTTP/2" 200 7748 "-" "Mozilla/5.0 AppleWebKit/537.36 (KHTML, like Gecko; compatible; ClaudeBot/1.0; +claudebot@anthropic.com)"
20.171.207.114 - - [21/Feb/2025:15:47:23 +0530] "GET /127986235.html?path=%2F%2Flib64%2Fpython2.7 HTTP/2" 200 24075 "-" "Mozilla/5.0 AppleWebKit/537.36 (KHTML, like Gecko; compatible; GPTBot/1.2; +https://openai.com/gptbot)"
85.208.96.196 - - [21/Feb/2025:15:47:23 +0530] "GET /108969489.html HTTP/1.1" 200 9646 "-" "Mozilla/5.0 (compatible; SemrushBot/7~bl; +http://www.semrush.com/bot.html)"
20.171.207.114 - - [21/Feb/2025:15:47:26 +0530] "GET /327541286.html?path=%2F%2Flib64%2Fpython3.6 HTTP/2" 200 13002 "-" "Mozilla/5.0 AppleWebKit/537.36 (KHTML, like Gecko; compatible; GPTBot/1.2; +https://openai.com/gptbot)"
20.171.207.177 - - [21/Feb/2025:15:47:26 +0530] "GET /wordpress/wp-admin/setup-config.php?path=%2Fhome%2Fanyleson%2Fpublic_html%2Fresources%2Fviews%2Fadmin%2Fadditional_pages HTTP/2" 200 7559 "-" "Mozilla/5.0 AppleWebKit/537.36 (KHTML, like Gecko; compatible; GPTBot/1.2; +https://openai.com/gptbot)"
20.171.207.114 - - [21/Feb/2025:15:47:28 +0530] "GET /192023489.html?path=%2F%2Flib64%2Fpython3.6 HTTP/2" 200 12955 "-" "Mozilla/5.0 AppleWebKit/537.36 (KHTML, like Gecko; compatible; GPTBot/1.2; +https://openai.com/gptbot)"
85.208.96.193 - - [21/Feb/2025:15:47:29 +0530] "GET /289966425.html HTTP/1.1" 200 9645 "-" "Mozilla/5.0 (compatible; SemrushBot/7~bl; +http://www.semrush.com/bot.html)"
20.171.207.114 - - [21/Feb/2025:15:47:31 +0530] "GET /327541286.html?path=%2F%2Flib64%2Fpython2.7 HTTP/2" 200 23673 "-" "Mozilla/5.0 AppleWebKit/537.36 (KHTML, like Gecko; compatible; GPTBot/1.2; +https://openai.com/gptbot)"
20.171.207.114 - - [21/Feb/2025:15:47:35 +0530] "GET /192023489.html?path=%2F%2Flib64%2Fxtables HTTP/2" 200 10448 "-" "Mozilla/5.0 AppleWebKit/537.36 (KHTML, like Gecko; compatible; GPTBot/1.2; +https://openai.com/gptbot)"
31.56.240.150 - - [21/Feb/2025:15:44:31 +0530] "GET /assets/default/vendors/flagstrap/css/flags.png HTTP/1.1" 200 78853 "https://anyleson.com/assets/default/vendors/flagstrap/css/flags.css" "Mozilla/5.0 (Windows NT 10.0; Win64; x64) AppleWebKit/537.36 (KHTML, like Gecko) Chrome/132.0.0.0 YaBrowser/25.2.0.0 Safari/537.36"
31.56.240.150 - - [21/Feb/2025:15:44:29 +0530] "GET /assets/default/img/home/world.png HTTP/1.1" 200 153954 "https://anyleson.com/" "Mozilla/5.0 (Windows NT 10.0; Win64; x64) AppleWebKit/537.36 (KHTML, like Gecko) Chrome/132.0.0.0 YaBrowser/25.2.0.0 Safari/537.36"
31.56.240.150 - - [21/Feb/2025:15:44:30 +0530] "GET /assets/default/img/footer/pattern.png HTTP/1.1" 200 101146 "https://anyleson.com/assets/default/css/app.css" "Mozilla/5.0 (Windows NT 10.0; Win64; x64) AppleWebKit/537.36 (KHTML, like Gecko) Chrome/132.0.0.0 YaBrowser/25.2.0.0 Safari/537.36"
31.56.240.150 - - [21/Feb/2025:15:44:30 +0530] "GET /store/1/default_images/home_video_section.png HTTP/1.1" 200 135928 "https://anyleson.com/" "Mozilla/5.0 (Windows NT 10.0; Win64; x64) AppleWebKit/537.36 (KHTML, like Gecko) Chrome/132.0.0.0 YaBrowser/25.2.0.0 Safari/537.36"
20.171.207.77 - - [21/Feb/2025:15:44:50 +0530] "GET /188588858.htm?filesrc=%2F%2Fproc%2F2656445%2Fenviron&path=%2F%2Fproc%2F2656445 HTTP/2" 200 6867 "-" "Mozilla/5.0 AppleWebKit/537.36 (KHTML, like Gecko; compatible; GPTBot/1.2; +https://openai.com/gptbot)"
185.191.171.11 - - [21/Feb/2025:15:45:18 +0530] "GET /46129706.html HTTP/1.1" 200 9648 "-" "Mozilla/5.0 (compatible; SemrushBot/7~bl; +http://www.semrush.com/bot.html)"
20.171.207.77 - - [21/Feb/2025:15:45:47 +0530] "GET /147244444.htm?id=cmd&path=%2F%2Fproc%2F2664441 HTTP/2" 200 7312 "-" "Mozilla/5.0 AppleWebKit/537.36 (KHTML, like Gecko; compatible; GPTBot/1.2; +https://openai.com/gptbot)"
185.191.171.15 - - [21/Feb/2025:15:46:35 +0530] "GET /321222894.html HTTP/1.1" 200 9645 "-" "Mozilla/5.0 (compatible; SemrushBot/7~bl; +http://www.semrush.com/bot.html)"
85.208.96.197 - - [21/Feb/2025:15:46:39 +0530] "GET /396728674.html HTTP/1.1" 200 9640 "-" "Mozilla/5.0 (compatible; SemrushBot/7~bl; +http://www.semrush.com/bot.html)"
20.171.207.77 - - [21/Feb/2025:15:46:40 +0530] "GET /188588858.htm?filesrc=%2F%2Fproc%2F2656445%2Fcgroup&path=%2F%2Fproc%2F2656445 HTTP/2" 200 6996 "-" "Mozilla/5.0 AppleWebKit/537.36 (KHTML, like Gecko; compatible; GPTBot/1.2; +https://openai.com/gptbot)"
85.208.96.198 - - [21/Feb/2025:15:46:44 +0530] "GET /135320270.html HTTP/1.1" 200 9644 "-" "Mozilla/5.0 (compatible; SemrushBot/7~bl; +http://www.semrush.com/bot.html)"
3.137.166.244 - - [21/Feb/2025:15:46:46 +0530] "GET /public/index.php/store/1/271083207_340823607883317_7955482328255183823_n.jpg HTTP/2" 200 7902 "-" "Mozilla/5.0 AppleWebKit/537.36 (KHTML, like Gecko; compatible; ClaudeBot/1.0; +claudebot@anthropic.com)"
3.129.67.120 - - [21/Feb/2025:15:47:12 +0530] "GET /tags/courses/Installment+payment?path=%2F%2Flost+found HTTP/2" 200 7724 "-" "Mozilla/5.0 AppleWebKit/537.36 (KHTML, like Gecko; compatible; ClaudeBot/1.0; +claudebot@anthropic.com)"
20.171.207.77 - - [21/Feb/2025:15:47:25 +0530] "GET /188588858.htm?filesrc=%2F%2Fproc%2F2656445%2Fsmaps&path=%2F%2Fproc%2F2656445 HTTP/2" 200 6889 "-" "Mozilla/5.0 AppleWebKit/537.36 (KHTML, like Gecko; compatible; GPTBot/1.2; +https://openai.com/gptbot)"
85.208.96.193 - - [21/Feb/2025:15:47:28 +0530] "GET /robots.txt HTTP/1.1" 200 24 "-" "Mozilla/5.0 (compatible; SemrushBot/7~bl; +http://www.semrush.com/bot.html)"
18.223.156.172 - - [21/Feb/2025:15:47:40 +0530] "GET /tags/courses/Installment+payment?path=%2F%2Fboot HTTP/2" 200 8965 "-" "Mozilla/5.0 AppleWebKit/537.36 (KHTML, like Gecko; compatible; ClaudeBot/1.0; +claudebot@anthropic.com)"
185.191.171.19 - - [21/Feb/2025:15:47:53 +0530] "GET /85012340.html HTTP/1.1" 200 9643 "-" "Mozilla/5.0 (compatible; SemrushBot/7~bl; +http://www.semrush.com/bot.html)"
114.119.139.115 - - [21/Feb/2025:15:47:38 +0530] "GET /users/996/profile?id=upload&path=/home/anyleson/public_html/lang/fr HTTP/1.1" 200 11885 "https://anyleson.com/users/996/profile?id=dirbaru&path=/home/anyleson/public_html/lang/fr" "Mozilla/5.0 (Linux; Android 7.0;) AppleWebKit/537.36 (KHTML, like Gecko) Mobile Safari/537.36 (compatible; PetalBot;+https://webmaster.petalsearch.com/site/petalbot)"
20.171.207.114 - - [21/Feb/2025:15:47:38 +0530] "GET /327541286.html?path=%2F%2Flib64%2Fxtables HTTP/2" 200 10445 "-" "Mozilla/5.0 AppleWebKit/537.36 (KHTML, like Gecko; compatible; GPTBot/1.2; +https://openai.com/gptbot)"
185.191.171.14 - - [21/Feb/2025:15:47:39 +0530] "GET /354261618.html HTTP/1.1" 200 9646 "-" "Mozilla/5.0 (compatible; SemrushBot/7~bl; +http://www.semrush.com/bot.html)"
20.171.207.177 - - [21/Feb/2025:15:47:41 +0530] "GET /wordpress/wp-admin/setup-config.php?path=%2Fhome%2Fanyleson%2Fpublic_html%2Fresources%2Fviews%2Fadmin%2Ffloating_bar HTTP/2" 200 7410 "-" "Mozilla/5.0 AppleWebKit/537.36 (KHTML, like Gecko; compatible; GPTBot/1.2; +https://openai.com/gptbot)"
3.17.61.124 - - [21/Feb/2025:15:47:42 +0530] "GET /tags/courses/Installment+payment?path=%2F%2Fdev HTTP/2" 200 8624 "-" "Mozilla/5.0 AppleWebKit/537.36 (KHTML, like Gecko; compatible; ClaudeBot/1.0; +claudebot@anthropic.com)"
20.171.207.114 - - [21/Feb/2025:15:47:42 +0530] "GET /313768994.html?path=%2F%2Flib64%2Fgettext HTTP/2" 200 7480 "-" "Mozilla/5.0 AppleWebKit/537.36 (KHTML, like Gecko; compatible; GPTBot/1.2; +https://openai.com/gptbot)"
3.17.61.124 - - [21/Feb/2025:15:47:42 +0530] "GET /public/index.php/course/Become-a-Product-Manager HTTP/2" 200 17946 "-" "Mozilla/5.0 AppleWebKit/537.36 (KHTML, like Gecko; compatible; ClaudeBot/1.0; +claudebot@anthropic.com)"
3.17.61.124 - - [21/Feb/2025:15:47:42 +0530] "GET /tags/courses/microsoft+excel?path=%2F%2Froot HTTP/2" 200 7923 "-" "Mozilla/5.0 AppleWebKit/537.36 (KHTML, like Gecko; compatible; ClaudeBot/1.0; +claudebot@anthropic.com)"
20.171.207.114 - - [21/Feb/2025:15:47:46 +0530] "GET /313768994.html?path=%2F%2Flib64%2Fxtables HTTP/2" 200 10474 "-" "Mozilla/5.0 AppleWebKit/537.36 (KHTML, like Gecko; compatible; GPTBot/1.2; +https://openai.com/gptbot)"
20.171.207.114 - - [21/Feb/2025:15:47:49 +0530] "GET /251485699.html?filesrc=%2F%2Flib64%2Fpython3.6%2Fgetopt.py&path=%2F%2Flib64%2Fpython3.6 HTTP/2" 200 9606 "-" "Mozilla/5.0 AppleWebKit/537.36 (KHTML, like Gecko; compatible; GPTBot/1.2; +https://openai.com/gptbot)"
