20.171.207.77 - - [21/Feb/2025:16:29:14 +0530] "GET /188588858.htm?id=cmd&path=%2F%2Fproc%2F2667259 HTTP/2" 200 7314 "-" "Mozilla/5.0 AppleWebKit/537.36 (KHTML, like Gecko; compatible; GPTBot/1.2; +https://openai.com/gptbot)"
20.171.207.77 - - [21/Feb/2025:16:29:18 +0530] "GET /147244444.htm?id=cmd&path=%2F%2Fproc%2F2659727 HTTP/2" 200 7313 "-" "Mozilla/5.0 AppleWebKit/537.36 (KHTML, like Gecko; compatible; GPTBot/1.2; +https://openai.com/gptbot)"
85.208.96.208 - - [21/Feb/2025:16:29:20 +0530] "GET /74709321.html HTTP/1.1" 200 9644 "-" "Mozilla/5.0 (compatible; SemrushBot/7~bl; +http://www.semrush.com/bot.html)"
20.171.207.77 - - [21/Feb/2025:16:29:22 +0530] "GET /147244444.htm?id=cmd&path=%2F%2Fproc%2F2662563 HTTP/2" 200 7313 "-" "Mozilla/5.0 AppleWebKit/537.36 (KHTML, like Gecko; compatible; GPTBot/1.2; +https://openai.com/gptbot)"
20.171.207.114 - - [21/Feb/2025:16:29:16 +0530] "GET /250536473.html?path=%2F%2Flib64%2Ftk8.6 HTTP/2" 200 7316 "-" "Mozilla/5.0 AppleWebKit/537.36 (KHTML, like Gecko; compatible; GPTBot/1.2; +https://openai.com/gptbot)"
20.171.207.177 - - [21/Feb/2025:16:29:16 +0530] "GET /wordpress/wp-admin/setup-config.php?path=%2F%2Flib%2Fpython3.6%2Fsite-packages%2Fpip%2F_vendor%2Fcachecontrol HTTP/2" 200 7812 "-" "Mozilla/5.0 AppleWebKit/537.36 (KHTML, like Gecko; compatible; GPTBot/1.2; +https://openai.com/gptbot)"
66.249.71.3 - - [21/Feb/2025:16:29:18 +0530] "GET /388096429.html HTTP/1.1" 200 18600 "-" "Mozilla/5.0 (Linux; Android 6.0.1; Nexus 5X Build/MMB29P) AppleWebKit/537.36 (KHTML, like Gecko) Chrome/133.0.6943.126 Mobile Safari/537.36 (compatible; Googlebot/2.1; +http://www.google.com/bot.html)"
20.171.207.177 - - [21/Feb/2025:16:29:20 +0530] "GET /wordpress/wp-admin/setup-config.php?path=%2F%2Flib%2Fpython3.6%2Fsite-packages%2Fpip%2F_vendor%2Fchardet HTTP/2" 200 8581 "-" "Mozilla/5.0 AppleWebKit/537.36 (KHTML, like Gecko; compatible; GPTBot/1.2; +https://openai.com/gptbot)"
20.171.207.177 - - [21/Feb/2025:16:29:24 +0530] "GET /wordpress/wp-admin/setup-config.php?path=%2F%2Flib%2Fpython3.6%2Fsite-packages%2Fpip%2Futils%2F__pycache__ HTTP/2" 200 8072 "-" "Mozilla/5.0 AppleWebKit/537.36 (KHTML, like Gecko; compatible; GPTBot/1.2; +https://openai.com/gptbot)"
20.171.207.114 - - [21/Feb/2025:16:29:26 +0530] "GET /226309857.html?path=%2F%2Flib64%2Ftk8.6 HTTP/2" 200 7320 "-" "Mozilla/5.0 AppleWebKit/537.36 (KHTML, like Gecko; compatible; GPTBot/1.2; +https://openai.com/gptbot)"
20.171.207.177 - - [21/Feb/2025:16:29:28 +0530] "GET /wordpress/wp-admin/setup-config.php?path=%2F%2Flib%2Fpython3.6%2Fsite-packages%2Fpip%2Fvcs%2F__pycache__ HTTP/2" 200 7662 "-" "Mozilla/5.0 AppleWebKit/537.36 (KHTML, like Gecko; compatible; GPTBot/1.2; +https://openai.com/gptbot)"
20.171.207.177 - - [21/Feb/2025:16:29:32 +0530] "GET /wordpress/wp-admin/setup-config.php?path=%2F%2Flib%2Fpython3.6%2Fsite-packages%2Fpip%2F_vendor%2Furllib3 HTTP/2" 200 7885 "-" "Mozilla/5.0 AppleWebKit/537.36 (KHTML, like Gecko; compatible; GPTBot/1.2; +https://openai.com/gptbot)"
20.171.207.114 - - [21/Feb/2025:16:29:35 +0530] "GET /231016687.html?path=%2F%2Flib64%2Ftk8.6 HTTP/2" 200 7314 "-" "Mozilla/5.0 AppleWebKit/537.36 (KHTML, like Gecko; compatible; GPTBot/1.2; +https://openai.com/gptbot)"
20.171.207.177 - - [21/Feb/2025:16:29:36 +0530] "GET /wordpress/wp-admin/setup-config.php?path=%2F%2Flib%2Fpython3.6%2Fsite-packages%2Fpip%2F_vendor%2Fpkg_resources HTTP/2" 200 7473 "-" "Mozilla/5.0 AppleWebKit/537.36 (KHTML, like Gecko; compatible; GPTBot/1.2; +https://openai.com/gptbot)"
20.171.207.177 - - [21/Feb/2025:16:29:39 +0530] "GET /wordpress/wp-admin/setup-config.php?path=%2F%2Flib%2Fpython3.6%2Fsite-packages%2Fpip%2F_vendor%2Fcertifi HTTP/2" 200 7566 "-" "Mozilla/5.0 AppleWebKit/537.36 (KHTML, like Gecko; compatible; GPTBot/1.2; +https://openai.com/gptbot)"
20.171.207.114 - - [21/Feb/2025:16:29:42 +0530] "GET /359379264.html?filesrc=%2F%2Flib64%2Fdovecot%2Flib11_trash_plugin.so&path=%2F%2Flib64%2Fdovecot HTTP/2" 200 13708 "-" "Mozilla/5.0 AppleWebKit/537.36 (KHTML, like Gecko; compatible; GPTBot/1.2; +https://openai.com/gptbot)"
20.171.207.177 - - [21/Feb/2025:16:29:43 +0530] "GET /wordpress/wp-admin/setup-config.php?path=%2F%2Flib%2Fpython3.6%2Fsite-packages%2Fpkg_resources%2F_vendor%2Fpackaging%2F__pycache__ HTTP/2" 200 7864 "-" "Mozilla/5.0 AppleWebKit/537.36 (KHTML, like Gecko; compatible; GPTBot/1.2; +https://openai.com/gptbot)"
20.171.207.177 - - [21/Feb/2025:16:29:46 +0530] "GET /wordpress/wp-admin/setup-config.php?path=%2F%2Flib%2Fpython3.6%2Fsite-packages%2Fpip%2F_vendor%2Fpackaging%2F__pycache__ HTTP/2" 200 7895 "-" "Mozilla/5.0 AppleWebKit/537.36 (KHTML, like Gecko; compatible; GPTBot/1.2; +https://openai.com/gptbot)"
20.171.207.114 - - [21/Feb/2025:16:29:50 +0530] "GET /231016687.html?path=%2F%2Flib64%2Fman-db HTTP/2" 200 7370 "-" "Mozilla/5.0 AppleWebKit/537.36 (KHTML, like Gecko; compatible; GPTBot/1.2; +https://openai.com/gptbot)"
20.171.207.77 - - [21/Feb/2025:16:29:25 +0530] "GET /188588858.htm?id=cmd&path=%2F%2Fproc%2F2664332 HTTP/2" 200 7314 "-" "Mozilla/5.0 AppleWebKit/537.36 (KHTML, like Gecko; compatible; GPTBot/1.2; +https://openai.com/gptbot)"
20.171.207.77 - - [21/Feb/2025:16:29:29 +0530] "GET /188588858.htm?id=cmd&path=%2F%2Fproc%2F2664891 HTTP/2" 200 7313 "-" "Mozilla/5.0 AppleWebKit/537.36 (KHTML, like Gecko; compatible; GPTBot/1.2; +https://openai.com/gptbot)"
20.171.207.77 - - [21/Feb/2025:16:29:32 +0530] "GET /147244444.htm?path=%2F%2Fproc%2F2664133 HTTP/2" 200 7089 "-" "Mozilla/5.0 AppleWebKit/537.36 (KHTML, like Gecko; compatible; GPTBot/1.2; +https://openai.com/gptbot)"
20.171.207.77 - - [21/Feb/2025:16:29:36 +0530] "GET /147244444.htm?id=cmd&path=%2F%2Fproc%2F2669942 HTTP/2" 200 7311 "-" "Mozilla/5.0 AppleWebKit/537.36 (KHTML, like Gecko; compatible; GPTBot/1.2; +https://openai.com/gptbot)"
185.191.171.12 - - [21/Feb/2025:16:29:40 +0530] "GET /90977032.html HTTP/1.1" 200 9644 "-" "Mozilla/5.0 (compatible; SemrushBot/7~bl; +http://www.semrush.com/bot.html)"
20.171.207.77 - - [21/Feb/2025:16:29:39 +0530] "GET /147244444.htm?filesrc=%2F%2Fproc%2F2657714%2Floginuid&path=%2F%2Fproc%2F2657714 HTTP/2" 200 6909 "-" "Mozilla/5.0 AppleWebKit/537.36 (KHTML, like Gecko; compatible; GPTBot/1.2; +https://openai.com/gptbot)"
20.171.207.77 - - [21/Feb/2025:16:29:45 +0530] "GET /147244444.htm?filesrc=%2F%2Fproc%2F2657714%2Fsyscall&path=%2F%2Fproc%2F2657714 HTTP/2" 200 6866 "-" "Mozilla/5.0 AppleWebKit/537.36 (KHTML, like Gecko; compatible; GPTBot/1.2; +https://openai.com/gptbot)"
20.171.207.77 - - [21/Feb/2025:16:29:49 +0530] "GET /147244444.htm?filesrc=%2F%2Fproc%2F2657714%2Flimits&path=%2F%2Fproc%2F2657714 HTTP/2" 200 7167 "-" "Mozilla/5.0 AppleWebKit/537.36 (KHTML, like Gecko; compatible; GPTBot/1.2; +https://openai.com/gptbot)"
85.208.96.194 - - [21/Feb/2025:16:29:52 +0530] "GET /134563745.html HTTP/1.1" 200 9646 "-" "Mozilla/5.0 (compatible; SemrushBot/7~bl; +http://www.semrush.com/bot.html)"
20.171.207.77 - - [21/Feb/2025:16:29:52 +0530] "GET /147244444.htm?filesrc=%2F%2Fproc%2F2657714%2Fstat&path=%2F%2Fproc%2F2657714 HTTP/2" 200 7005 "-" "Mozilla/5.0 AppleWebKit/537.36 (KHTML, like Gecko; compatible; GPTBot/1.2; +https://openai.com/gptbot)"
85.208.96.212 - - [21/Feb/2025:16:29:56 +0530] "GET /robots.txt HTTP/1.1" 200 24 "-" "Mozilla/5.0 (compatible; SemrushBot/7~bl; +http://www.semrush.com/bot.html)"
20.171.207.77 - - [21/Feb/2025:16:29:56 +0530] "GET /147244444.htm?filesrc=%2F%2Fproc%2F2657714%2Fstatus&path=%2F%2Fproc%2F2657714 HTTP/2" 200 7435 "-" "Mozilla/5.0 AppleWebKit/537.36 (KHTML, like Gecko; compatible; GPTBot/1.2; +https://openai.com/gptbot)"
185.191.171.8 - - [21/Feb/2025:16:29:57 +0530] "GET /369638791.html HTTP/1.1" 200 9645 "-" "Mozilla/5.0 (compatible; SemrushBot/7~bl; +http://www.semrush.com/bot.html)"
20.171.207.77 - - [21/Feb/2025:16:30:00 +0530] "GET /147244444.htm?filesrc=%2F%2Fproc%2F2657714%2Fsmaps&path=%2F%2Fproc%2F2657714 HTTP/2" 200 6888 "-" "Mozilla/5.0 AppleWebKit/537.36 (KHTML, like Gecko; compatible; GPTBot/1.2; +https://openai.com/gptbot)"
20.171.207.77 - - [21/Feb/2025:16:30:07 +0530] "GET /147244444.htm?filesrc=%2F%2Fproc%2F2657714%2Fmounts&path=%2F%2Fproc%2F2657714 HTTP/2" 200 7622 "-" "Mozilla/5.0 AppleWebKit/537.36 (KHTML, like Gecko; compatible; GPTBot/1.2; +https://openai.com/gptbot)"
20.171.207.77 - - [21/Feb/2025:16:30:11 +0530] "GET /147244444.htm?filesrc=%2F%2Fproc%2F2657714%2Fauxv&path=%2F%2Fproc%2F2657714 HTTP/2" 200 6910 "-" "Mozilla/5.0 AppleWebKit/537.36 (KHTML, like Gecko; compatible; GPTBot/1.2; +https://openai.com/gptbot)"
85.208.96.205 - - [21/Feb/2025:16:30:13 +0530] "GET /215699905.html HTTP/1.1" 200 9647 "-" "Mozilla/5.0 (compatible; SemrushBot/7~bl; +http://www.semrush.com/bot.html)"
20.171.207.77 - - [21/Feb/2025:16:30:15 +0530] "GET /147244444.htm?filesrc=%2F%2Fproc%2F2657714%2Fcpuset&path=%2F%2Fproc%2F2657714 HTTP/2" 200 6920 "-" "Mozilla/5.0 AppleWebKit/537.36 (KHTML, like Gecko; compatible; GPTBot/1.2; +https://openai.com/gptbot)"
20.171.207.177 - - [21/Feb/2025:16:29:50 +0530] "GET /wordpress/wp-admin/setup-config.php?path=%2F%2Flib%2Fpython3.6%2Fsite-packages%2Fpip%2F_vendor%2Fprogress HTTP/2" 200 7639 "-" "Mozilla/5.0 AppleWebKit/537.36 (KHTML, like Gecko; compatible; GPTBot/1.2; +https://openai.com/gptbot)"
20.171.207.177 - - [21/Feb/2025:16:29:54 +0530] "GET /wordpress/wp-admin/setup-config.php?path=%2F%2Flib%2Fpython3.6%2Fsite-packages%2Furllib3%2Fcontrib%2F_securetransport HTTP/2" 200 7564 "-" "Mozilla/5.0 AppleWebKit/537.36 (KHTML, like Gecko; compatible; GPTBot/1.2; +https://openai.com/gptbot)"
20.171.207.114 - - [21/Feb/2025:16:29:57 +0530] "GET /250536473.html?filesrc=%2F%2Flib64%2Fxtables%2Flibipt_icmp.so&path=%2F%2Flib64%2Fxtables HTTP/2" 200 12168 "-" "Mozilla/5.0 AppleWebKit/537.36 (KHTML, like Gecko; compatible; GPTBot/1.2; +https://openai.com/gptbot)"
20.171.207.177 - - [21/Feb/2025:16:29:58 +0530] "GET /wordpress/wp-admin/setup-config.php?path=%2F%2Flib%2Fpython3.6%2Fsite-packages%2Fpip%2F_vendor%2Frequests HTTP/2" 200 7979 "-" "Mozilla/5.0 AppleWebKit/537.36 (KHTML, like Gecko; compatible; GPTBot/1.2; +https://openai.com/gptbot)"
20.171.207.177 - - [21/Feb/2025:16:30:01 +0530] "GET /wordpress/wp-admin/setup-config.php?path=%2F%2Flib%2Fpython3.6%2Fsite-packages%2Fpip%2F_vendor%2Fcolorama HTTP/2" 200 7657 "-" "Mozilla/5.0 AppleWebKit/537.36 (KHTML, like Gecko; compatible; GPTBot/1.2; +https://openai.com/gptbot)"
20.171.207.114 - - [21/Feb/2025:16:30:02 +0530] "GET /359379264.html?filesrc=%2F%2Flib64%2Fgettext%2Furlget&path=%2F%2Flib64%2Fgettext HTTP/2" 200 12582 "-" "Mozilla/5.0 AppleWebKit/537.36 (KHTML, like Gecko; compatible; GPTBot/1.2; +https://openai.com/gptbot)"
20.171.207.177 - - [21/Feb/2025:16:30:06 +0530] "GET /wordpress/wp-admin/setup-config.php?path=%2F%2Flib%2Fpython3.6%2Fsite-packages%2Fpip%2F_vendor%2Fdistlib HTTP/2" 200 7888 "-" "Mozilla/5.0 AppleWebKit/537.36 (KHTML, like Gecko; compatible; GPTBot/1.2; +https://openai.com/gptbot)"
20.171.207.114 - - [21/Feb/2025:16:30:07 +0530] "GET /250536473.html?filesrc=%2F%2Flib64%2Fxtables%2Flibxt_RATEEST.so&path=%2F%2Flib64%2Fxtables HTTP/2" 200 11082 "-" "Mozilla/5.0 AppleWebKit/537.36 (KHTML, like Gecko; compatible; GPTBot/1.2; +https://openai.com/gptbot)"
20.171.207.177 - - [21/Feb/2025:16:30:10 +0530] "GET /wordpress/wp-admin/setup-config.php?path=%2F%2Flib%2Fpython3.6%2Fsite-packages%2Fpip%2F_vendor%2Fcachecontrol%2F__pycache__ HTTP/2" 200 7921 "-" "Mozilla/5.0 AppleWebKit/537.36 (KHTML, like Gecko; compatible; GPTBot/1.2; +https://openai.com/gptbot)"
20.171.207.114 - - [21/Feb/2025:16:30:13 +0530] "GET /226309857.html?filesrc=%2F%2Flib64%2Fxtables%2Flibip6t_NETMAP.so&path=%2F%2Flib64%2Fxtables HTTP/2" 200 10324 "-" "Mozilla/5.0 AppleWebKit/537.36 (KHTML, like Gecko; compatible; GPTBot/1.2; +https://openai.com/gptbot)"
20.171.207.177 - - [21/Feb/2025:16:30:14 +0530] "GET /wordpress/wp-admin/setup-config.php?path=%2F%2Flib%2Fpython3.6%2Fsite-packages%2Fpip%2F_vendor%2Fchardet%2F__pycache__ HTTP/2" 200 9174 "-" "Mozilla/5.0 AppleWebKit/537.36 (KHTML, like Gecko; compatible; GPTBot/1.2; +https://openai.com/gptbot)"
20.171.207.114 - - [21/Feb/2025:16:30:17 +0530] "GET /359379264.html?path=%2F%2Flib64%2Fman-db HTTP/2" 200 7364 "-" "Mozilla/5.0 AppleWebKit/537.36 (KHTML, like Gecko; compatible; GPTBot/1.2; +https://openai.com/gptbot)"
20.171.207.177 - - [21/Feb/2025:16:30:18 +0530] "GET /wordpress/wp-admin/setup-config.php?path=%2F%2Flib%2Fpython3.6%2Fsite-packages%2Fpip%2F_vendor%2Fcachecontrol%2Fcaches HTTP/2" 200 7564 "-" "Mozilla/5.0 AppleWebKit/537.36 (KHTML, like Gecko; compatible; GPTBot/1.2; +https://openai.com/gptbot)"
20.171.207.114 - - [21/Feb/2025:16:30:21 +0530] "GET /226309857.html?path=%2F%2Flib64%2Fman-db HTTP/2" 200 7368 "-" "Mozilla/5.0 AppleWebKit/537.36 (KHTML, like Gecko; compatible; GPTBot/1.2; +https://openai.com/gptbot)"
20.171.207.177 - - [21/Feb/2025:16:30:22 +0530] "GET /wordpress/wp-admin/setup-config.php?path=%2F%2Flib%2Fpython3.6%2Fsite-packages%2Fpip%2F_vendor%2Fchardet%2Fcli HTTP/2" 200 7498 "-" "Mozilla/5.0 AppleWebKit/537.36 (KHTML, like Gecko; compatible; GPTBot/1.2; +https://openai.com/gptbot)"
20.171.207.114 - - [21/Feb/2025:16:30:24 +0530] "GET /250536473.html?path=%2F%2Flib64%2Fman-db HTTP/2" 200 7369 "-" "Mozilla/5.0 AppleWebKit/537.36 (KHTML, like Gecko; compatible; GPTBot/1.2; +https://openai.com/gptbot)"
20.171.207.177 - - [21/Feb/2025:16:30:26 +0530] "GET /wordpress/wp-admin/setup-config.php?path=%2F%2Flib%2Fpython3.6%2Fsite-packages%2Fpip%2F_vendor%2Fpkg_resources%2F__pycache__ HTTP/2" 200 7388 "-" "Mozilla/5.0 AppleWebKit/537.36 (KHTML, like Gecko; compatible; GPTBot/1.2; +https://openai.com/gptbot)"
20.171.207.114 - - [21/Feb/2025:16:30:28 +0530] "GET /226309857.html?path=%2F%2Flib64%2Fsecurity HTTP/2" 200 9227 "-" "Mozilla/5.0 AppleWebKit/537.36 (KHTML, like Gecko; compatible; GPTBot/1.2; +https://openai.com/gptbot)"
20.171.207.177 - - [21/Feb/2025:16:30:30 +0530] "GET /wordpress/wp-admin/setup-config.php?path=%2F%2Flib%2Fpython3.6%2Fsite-packages%2Fpip%2F_vendor%2Fhtml5lib HTTP/2" 200 7852 "-" "Mozilla/5.0 AppleWebKit/537.36 (KHTML, like Gecko; compatible; GPTBot/1.2; +https://openai.com/gptbot)"
85.208.96.207 - - [21/Feb/2025:16:30:30 +0530] "GET /91504307.html HTTP/1.1" 200 9642 "-" "Mozilla/5.0 (compatible; SemrushBot/7~bl; +http://www.semrush.com/bot.html)"
20.171.207.114 - - [21/Feb/2025:16:30:31 +0530] "GET /226309857.html?path=%2F%2Flib64%2Fgssproxy HTTP/2" 200 7320 "-" "Mozilla/5.0 AppleWebKit/537.36 (KHTML, like Gecko; compatible; GPTBot/1.2; +https://openai.com/gptbot)"
20.171.207.177 - - [21/Feb/2025:16:30:33 +0530] "GET /wordpress/wp-admin/setup-config.php?path=%2F%2Flib%2Fpython3.6%2Fsite-packages%2Fpip%2F_vendor%2Fcertifi%2F__pycache__ HTTP/2" 200 7532 "-" "Mozilla/5.0 AppleWebKit/537.36 (KHTML, like Gecko; compatible; GPTBot/1.2; +https://openai.com/gptbot)"
20.171.207.114 - - [21/Feb/2025:16:30:36 +0530] "GET /116480243.html?id=filebaru&path=%2F%2Fetc HTTP/2" 200 20445 "-" "Mozilla/5.0 AppleWebKit/537.36 (KHTML, like Gecko; compatible; GPTBot/1.2; +https://openai.com/gptbot)"
20.171.207.177 - - [21/Feb/2025:16:30:37 +0530] "GET /wordpress/wp-admin/setup-config.php?path=%2F%2Flib%2Fpython3.6%2Fsite-packages%2Fpip%2F_vendor%2Fwebencodings HTTP/2" 200 7594 "-" "Mozilla/5.0 AppleWebKit/537.36 (KHTML, like Gecko; compatible; GPTBot/1.2; +https://openai.com/gptbot)"
20.171.207.114 - - [21/Feb/2025:16:30:39 +0530] "GET /250536473.html?path=%2F%2Flib64%2Fhmaccalc HTTP/2" 200 7455 "-" "Mozilla/5.0 AppleWebKit/537.36 (KHTML, like Gecko; compatible; GPTBot/1.2; +https://openai.com/gptbot)"
20.171.207.177 - - [21/Feb/2025:16:30:40 +0530] "GET /wordpress/wp-admin/setup-config.php?path=%2F%2Flib%2Fpython3.6%2Fsite-packages%2Fpip%2F_vendor%2Flockfile HTTP/2" 200 7634 "-" "Mozilla/5.0 AppleWebKit/537.36 (KHTML, like Gecko; compatible; GPTBot/1.2; +https://openai.com/gptbot)"
20.171.207.114 - - [21/Feb/2025:16:30:42 +0530] "GET /250536473.html?path=%2F%2Flib64%2Fsecurity HTTP/2" 200 9220 "-" "Mozilla/5.0 AppleWebKit/537.36 (KHTML, like Gecko; compatible; GPTBot/1.2; +https://openai.com/gptbot)"
185.191.171.11 - - [21/Feb/2025:16:30:43 +0530] "GET /364112556.html HTTP/1.1" 200 9646 "-" "Mozilla/5.0 (compatible; SemrushBot/7~bl; +http://www.semrush.com/bot.html)"
20.171.207.177 - - [21/Feb/2025:16:30:45 +0530] "GET /wordpress/wp-admin/setup-config.php?path=%2F%2Flib%2Fpython3.6%2Fsite-packages%2Fpip%2F_vendor%2Fprogress%2F__pycache__ HTTP/2" 200 7641 "-" "Mozilla/5.0 AppleWebKit/537.36 (KHTML, like Gecko; compatible; GPTBot/1.2; +https://openai.com/gptbot)"
20.171.207.114 - - [21/Feb/2025:16:30:46 +0530] "GET /231016687.html?path=%2F%2Flib64%2Fhmaccalc HTTP/2" 200 7457 "-" "Mozilla/5.0 AppleWebKit/537.36 (KHTML, like Gecko; compatible; GPTBot/1.2; +https://openai.com/gptbot)"
20.171.207.177 - - [21/Feb/2025:16:30:48 +0530] "GET /wordpress/wp-admin/setup-config.php?path=%2F%2Flib%2Fpython3.6%2Fsite-packages%2Fpip%2F_vendor%2Fcolorama%2F__pycache__ HTTP/2" 200 7710 "-" "Mozilla/5.0 AppleWebKit/537.36 (KHTML, like Gecko; compatible; GPTBot/1.2; +https://openai.com/gptbot)"
85.208.96.195 - - [21/Feb/2025:16:30:49 +0530] "GET /49003191.html HTTP/1.1" 200 9646 "-" "Mozilla/5.0 (compatible; SemrushBot/7~bl; +http://www.semrush.com/bot.html)"
20.171.207.114 - - [21/Feb/2025:16:30:50 +0530] "GET /359379264.html?path=%2F%2Flib64%2Fgraphviz HTTP/2" 200 7905 "-" "Mozilla/5.0 AppleWebKit/537.36 (KHTML, like Gecko; compatible; GPTBot/1.2; +https://openai.com/gptbot)"
20.171.207.177 - - [21/Feb/2025:16:30:52 +0530] "GET /wordpress/wp-admin/setup-config.php?path=%2F%2Flib%2Fpython3.6%2Fsite-packages%2Fpip%2F_vendor%2Fdistlib%2F__pycache__ HTTP/2" 200 8132 "-" "Mozilla/5.0 AppleWebKit/537.36 (KHTML, like Gecko; compatible; GPTBot/1.2; +https://openai.com/gptbot)"
20.171.207.114 - - [21/Feb/2025:16:30:52 +0530] "GET /250536473.html?path=%2F%2Flib64%2Fgssproxy HTTP/2" 200 7321 "-" "Mozilla/5.0 AppleWebKit/537.36 (KHTML, like Gecko; compatible; GPTBot/1.2; +https://openai.com/gptbot)"
185.191.171.4 - - [21/Feb/2025:16:30:53 +0530] "GET /132052475.html HTTP/1.1" 200 9643 "-" "Mozilla/5.0 (compatible; SemrushBot/7~bl; +http://www.semrush.com/bot.html)"
20.171.207.177 - - [21/Feb/2025:16:30:55 +0530] "GET /wordpress/wp-admin/setup-config.php?path=%2F%2Flib%2Fpython3.6%2Fsite-packages%2Fpip%2F_vendor%2Fdistlib%2F_backport HTTP/2" 200 7617 "-" "Mozilla/5.0 AppleWebKit/537.36 (KHTML, like Gecko; compatible; GPTBot/1.2; +https://openai.com/gptbot)"
20.171.207.114 - - [21/Feb/2025:16:30:56 +0530] "GET /231016687.html?path=%2F%2Flib64%2Fgraphviz HTTP/2" 200 7904 "-" "Mozilla/5.0 AppleWebKit/537.36 (KHTML, like Gecko; compatible; GPTBot/1.2; +https://openai.com/gptbot)"
66.249.71.4 - - [21/Feb/2025:16:30:59 +0530] "GET /170895285.html HTTP/1.1" 200 19654 "-" "Mozilla/5.0 (Linux; Android 6.0.1; Nexus 5X Build/MMB29P) AppleWebKit/537.36 (KHTML, like Gecko) Chrome/133.0.6943.126 Mobile Safari/537.36 (compatible; Googlebot/2.1; +http://www.google.com/bot.html)"
20.171.207.177 - - [21/Feb/2025:16:30:59 +0530] "GET /wordpress/wp-admin/setup-config.php?path=%2F%2Flib%2Fpython3.6%2Fsite-packages%2Fpip%2F_vendor%2Frequests%2F__pycache__ HTTP/2" 200 8265 "-" "Mozilla/5.0 AppleWebKit/537.36 (KHTML, like Gecko; compatible; GPTBot/1.2; +https://openai.com/gptbot)"
20.171.207.114 - - [21/Feb/2025:16:31:00 +0530] "GET /359379264.html?path=%2F%2Flib64%2Fhmaccalc HTTP/2" 200 7459 "-" "Mozilla/5.0 AppleWebKit/537.36 (KHTML, like Gecko; compatible; GPTBot/1.2; +https://openai.com/gptbot)"
85.208.96.196 - - [21/Feb/2025:16:31:02 +0530] "GET /401649427.html HTTP/1.1" 200 9646 "-" "Mozilla/5.0 (compatible; SemrushBot/7~bl; +http://www.semrush.com/bot.html)"
20.171.207.177 - - [21/Feb/2025:16:31:02 +0530] "GET /wordpress/wp-admin/setup-config.php?filesrc=%2F%2Flib%2Fpython3.6%2Fsite-packages%2Fpip%2F_vendor%2Fchardet%2F__pycache__%2Fversion.cpython-36.opt-1.pyc&path=%2F%2Flib%2Fpython3.6%2Fsite-packages%2Fpip%2F_vendor%2Fchardet%2F__pycache__ HTTP/2" 200 7259 "-" "Mozilla/5.0 AppleWebKit/537.36 (KHTML, like Gecko; compatible; GPTBot/1.2; +https://openai.com/gptbot)"
20.171.207.114 - - [21/Feb/2025:16:31:03 +0530] "GET /359379264.html?path=%2F%2Flib64%2Fgssproxy HTTP/2" 200 7318 "-" "Mozilla/5.0 AppleWebKit/537.36 (KHTML, like Gecko; compatible; GPTBot/1.2; +https://openai.com/gptbot)"
20.171.207.114 - - [21/Feb/2025:16:31:06 +0530] "GET /359379264.html?path=%2F%2Flib64%2Fsecurity HTTP/2" 200 9227 "-" "Mozilla/5.0 AppleWebKit/537.36 (KHTML, like Gecko; compatible; GPTBot/1.2; +https://openai.com/gptbot)"
20.171.207.177 - - [21/Feb/2025:16:31:06 +0530] "GET /wordpress/wp-admin/setup-config.php?path=%2F%2Flib%2Fpython3.6%2Fsite-packages%2Fpip%2F_vendor%2Fidna HTTP/2" 200 7713 "-" "Mozilla/5.0 AppleWebKit/537.36 (KHTML, like Gecko; compatible; GPTBot/1.2; +https://openai.com/gptbot)"
20.171.207.77 - - [21/Feb/2025:16:30:21 +0530] "GET /147244444.htm?filesrc=%2F%2Fproc%2F2657714%2Fcomm&path=%2F%2Fproc%2F2657714 HTTP/2" 200 6873 "-" "Mozilla/5.0 AppleWebKit/537.36 (KHTML, like Gecko; compatible; GPTBot/1.2; +https://openai.com/gptbot)"
85.208.96.203 - - [21/Feb/2025:16:30:24 +0530] "GET /292692535.html HTTP/1.1" 200 9644 "-" "Mozilla/5.0 (compatible; SemrushBot/7~bl; +http://www.semrush.com/bot.html)"
20.171.207.77 - - [21/Feb/2025:16:30:24 +0530] "GET /147244444.htm?filesrc=%2F%2Fproc%2F2657714%2Fsched&path=%2F%2Fproc%2F2657714 HTTP/2" 200 7349 "-" "Mozilla/5.0 AppleWebKit/537.36 (KHTML, like Gecko; compatible; GPTBot/1.2; +https://openai.com/gptbot)"
20.171.207.77 - - [21/Feb/2025:16:30:27 +0530] "GET /147244444.htm?filesrc=%2F%2Fproc%2F2657714%2Fsetgroups&path=%2F%2Fproc%2F2657714 HTTP/2" 200 6859 "-" "Mozilla/5.0 AppleWebKit/537.36 (KHTML, like Gecko; compatible; GPTBot/1.2; +https://openai.com/gptbot)"
20.171.207.77 - - [21/Feb/2025:16:30:31 +0530] "GET /147244444.htm?filesrc=%2F%2Fproc%2F2657714%2Fstatm&path=%2F%2Fproc%2F2657714 HTTP/2" 200 6945 "-" "Mozilla/5.0 AppleWebKit/537.36 (KHTML, like Gecko; compatible; GPTBot/1.2; +https://openai.com/gptbot)"
20.171.207.77 - - [21/Feb/2025:16:30:35 +0530] "GET /147244444.htm?filesrc=%2F%2Fproc%2F2657714%2Fwchan&path=%2F%2Fproc%2F2657714 HTTP/2" 200 6876 "-" "Mozilla/5.0 AppleWebKit/537.36 (KHTML, like Gecko; compatible; GPTBot/1.2; +https://openai.com/gptbot)"
20.171.207.77 - - [21/Feb/2025:16:30:38 +0530] "GET /147244444.htm?filesrc=%2F%2Fproc%2F2657714%2Fmaps&path=%2F%2Fproc%2F2657714 HTTP/2" 200 6909 "-" "Mozilla/5.0 AppleWebKit/537.36 (KHTML, like Gecko; compatible; GPTBot/1.2; +https://openai.com/gptbot)"
20.171.207.77 - - [21/Feb/2025:16:30:41 +0530] "GET /147244444.htm?filesrc=%2F%2Fproc%2F2657714%2Fsessionid&path=%2F%2Fproc%2F2657714 HTTP/2" 200 6905 "-" "Mozilla/5.0 AppleWebKit/537.36 (KHTML, like Gecko; compatible; GPTBot/1.2; +https://openai.com/gptbot)"
20.171.207.77 - - [21/Feb/2025:16:30:45 +0530] "GET /147244444.htm?filesrc=%2F%2Fproc%2F2657714%2Fmountstats&path=%2F%2Fproc%2F2657714 HTTP/2" 200 6906 "-" "Mozilla/5.0 AppleWebKit/537.36 (KHTML, like Gecko; compatible; GPTBot/1.2; +https://openai.com/gptbot)"
20.171.207.77 - - [21/Feb/2025:16:30:47 +0530] "GET /147244444.htm?filesrc=%2F%2Fproc%2F2657714%2Ftimers&path=%2F%2Fproc%2F2657714 HTTP/2" 200 6875 "-" "Mozilla/5.0 AppleWebKit/537.36 (KHTML, like Gecko; compatible; GPTBot/1.2; +https://openai.com/gptbot)"
20.171.207.77 - - [21/Feb/2025:16:30:51 +0530] "GET /147244444.htm?filesrc=%2F%2Fproc%2F2657714%2Fcmdline&path=%2F%2Fproc%2F2657714 HTTP/2" 200 6931 "-" "Mozilla/5.0 AppleWebKit/537.36 (KHTML, like Gecko; compatible; GPTBot/1.2; +https://openai.com/gptbot)"
20.171.207.77 - - [21/Feb/2025:16:30:54 +0530] "GET /147244444.htm?filesrc=%2F%2Fproc%2F2657714%2Fschedstat&path=%2F%2Fproc%2F2657714 HTTP/2" 200 6894 "-" "Mozilla/5.0 AppleWebKit/537.36 (KHTML, like Gecko; compatible; GPTBot/1.2; +https://openai.com/gptbot)"
20.171.207.77 - - [21/Feb/2025:16:30:58 +0530] "GET /147244444.htm?filesrc=%2F%2Fproc%2F2657714%2Fautogroup&path=%2F%2Fproc%2F2657714 HTTP/2" 200 6932 "-" "Mozilla/5.0 AppleWebKit/537.36 (KHTML, like Gecko; compatible; GPTBot/1.2; +https://openai.com/gptbot)"
20.171.207.77 - - [21/Feb/2025:16:31:01 +0530] "GET /147244444.htm?filesrc=%2F%2Fproc%2F2657714%2Fenviron&path=%2F%2Fproc%2F2657714 HTTP/2" 200 6867 "-" "Mozilla/5.0 AppleWebKit/537.36 (KHTML, like Gecko; compatible; GPTBot/1.2; +https://openai.com/gptbot)"
20.171.207.77 - - [21/Feb/2025:16:31:05 +0530] "GET /147244444.htm?filesrc=%2F%2Fproc%2F2657714%2Fpersonality&path=%2F%2Fproc%2F2657714 HTTP/2" 200 6907 "-" "Mozilla/5.0 AppleWebKit/537.36 (KHTML, like Gecko; compatible; GPTBot/1.2; +https://openai.com/gptbot)"
20.171.207.114 - - [21/Feb/2025:16:31:09 +0530] "GET /250536473.html?path=%2F%2Flib64%2Fgraphviz HTTP/2" 200 7909 "-" "Mozilla/5.0 AppleWebKit/537.36 (KHTML, like Gecko; compatible; GPTBot/1.2; +https://openai.com/gptbot)"
20.171.207.177 - - [21/Feb/2025:16:31:11 +0530] "GET /wordpress/wp-admin/setup-config.php?path=%2F%2Flib%2Fpython3.6%2Fsite-packages%2Fpip%2Fmodels HTTP/2" 200 7469 "-" "Mozilla/5.0 AppleWebKit/537.36 (KHTML, like Gecko; compatible; GPTBot/1.2; +https://openai.com/gptbot)"
20.171.207.114 - - [21/Feb/2025:16:31:12 +0530] "GET /226309857.html?path=%2F%2Flib64%2Fgraphviz HTTP/2" 200 7904 "-" "Mozilla/5.0 AppleWebKit/537.36 (KHTML, like Gecko; compatible; GPTBot/1.2; +https://openai.com/gptbot)"
20.171.207.177 - - [21/Feb/2025:16:31:14 +0530] "GET /wordpress/wp-admin/setup-config.php?path=%2F%2Flib%2Fpython3.6%2Fsite-packages%2Furllib3%2Futil HTTP/2" 200 7753 "-" "Mozilla/5.0 AppleWebKit/537.36 (KHTML, like Gecko; compatible; GPTBot/1.2; +https://openai.com/gptbot)"
20.171.207.114 - - [21/Feb/2025:16:31:15 +0530] "GET /226309857.html?filesrc=%2F%2Flib64%2Fsecurity%2Fpam_rhosts.so&path=%2F%2Flib64%2Fsecurity HTTP/2" 200 10503 "-" "Mozilla/5.0 AppleWebKit/537.36 (KHTML, like Gecko; compatible; GPTBot/1.2; +https://openai.com/gptbot)"
20.171.207.177 - - [21/Feb/2025:16:31:18 +0530] "GET /wordpress/wp-admin/setup-config.php?path=%2F%2Flib%2Fpython3.6%2Fsite-packages%2Fpip%2Freq HTTP/2" 200 7614 "-" "Mozilla/5.0 AppleWebKit/537.36 (KHTML, like Gecko; compatible; GPTBot/1.2; +https://openai.com/gptbot)"
20.171.207.114 - - [21/Feb/2025:16:31:18 +0530] "GET /226309857.html?path=%2F%2Flib64%2Fhmaccalc HTTP/2" 200 7458 "-" "Mozilla/5.0 AppleWebKit/537.36 (KHTML, like Gecko; compatible; GPTBot/1.2; +https://openai.com/gptbot)"
20.171.207.177 - - [21/Feb/2025:16:31:21 +0530] "GET /wordpress/wp-admin/setup-config.php?id=filebaru&path=%2F%2Flib%2Fpython3.6%2Fsite-packages%2Fpip%2F_vendor%2Fwebencodings HTTP/2" 200 7846 "-" "Mozilla/5.0 AppleWebKit/537.36 (KHTML, like Gecko; compatible; GPTBot/1.2; +https://openai.com/gptbot)"
20.171.207.114 - - [21/Feb/2025:16:31:22 +0530] "GET /116480243.html?path=%2F%2Fetc%2Fgrub.d HTTP/2" 200 7040 "-" "Mozilla/5.0 AppleWebKit/537.36 (KHTML, like Gecko; compatible; GPTBot/1.2; +https://openai.com/gptbot)"
20.171.207.177 - - [21/Feb/2025:16:31:24 +0530] "GET /wordpress/wp-admin/setup-config.php?path=%2F%2Flib%2Fpython3.6%2Fsite-packages%2Fpip%2F_vendor%2Fwebencodings%2F__pycache__ HTTP/2" 200 7699 "-" "Mozilla/5.0 AppleWebKit/537.36 (KHTML, like Gecko; compatible; GPTBot/1.2; +https://openai.com/gptbot)"
20.171.207.114 - - [21/Feb/2025:16:31:25 +0530] "GET /116480243.html?path=%2F%2Fetc%2Fcron.d HTTP/2" 200 8229 "-" "Mozilla/5.0 AppleWebKit/537.36 (KHTML, like Gecko; compatible; GPTBot/1.2; +https://openai.com/gptbot)"
20.171.207.177 - - [21/Feb/2025:16:31:28 +0530] "GET /wordpress/wp-admin/setup-config.php?path=%2F%2Flib%2Fpython3.6%2Fsite-packages%2Fpip%2F_vendor%2Flockfile%2F__pycache__ HTTP/2" 200 7703 "-" "Mozilla/5.0 AppleWebKit/537.36 (KHTML, like Gecko; compatible; GPTBot/1.2; +https://openai.com/gptbot)"
20.171.207.114 - - [21/Feb/2025:16:31:29 +0530] "GET /250536473.html?filesrc=%2F%2Flib64%2Fsecurity%2Fpam_cap.so&path=%2F%2Flib64%2Fsecurity HTTP/2" 200 11612 "-" "Mozilla/5.0 AppleWebKit/537.36 (KHTML, like Gecko; compatible; GPTBot/1.2; +https://openai.com/gptbot)"
20.171.207.177 - - [21/Feb/2025:16:31:31 +0530] "GET /wordpress/wp-admin/setup-config.php?path=%2F%2Flib64%2Fpython3.6%2Fsite-packages%2Fsystemd HTTP/2" 200 7812 "-" "Mozilla/5.0 AppleWebKit/537.36 (KHTML, like Gecko; compatible; GPTBot/1.2; +https://openai.com/gptbot)"
20.171.207.114 - - [21/Feb/2025:16:31:32 +0530] "GET /250536473.html?filesrc=%2F%2Flib64%2Fsecurity%2Fpam_issue.so&path=%2F%2Flib64%2Fsecurity HTTP/2" 200 11785 "-" "Mozilla/5.0 AppleWebKit/537.36 (KHTML, like Gecko; compatible; GPTBot/1.2; +https://openai.com/gptbot)"
20.171.207.177 - - [21/Feb/2025:16:31:35 +0530] "GET /wordpress/wp-admin/setup-config.php?path=%2F%2Flib64%2Fpython3.6%2Fsite-packages%2Fhawkey HTTP/2" 200 7496 "-" "Mozilla/5.0 AppleWebKit/537.36 (KHTML, like Gecko; compatible; GPTBot/1.2; +https://openai.com/gptbot)"
20.171.207.114 - - [21/Feb/2025:16:31:35 +0530] "GET /250536473.html?filesrc=%2F%2Flib64%2Fsecurity%2Fpam_permit.so&path=%2F%2Flib64%2Fsecurity HTTP/2" 200 9967 "-" "Mozilla/5.0 AppleWebKit/537.36 (KHTML, like Gecko; compatible; GPTBot/1.2; +https://openai.com/gptbot)"
20.171.207.114 - - [21/Feb/2025:16:31:38 +0530] "GET /250536473.html?filesrc=%2F%2Flib64%2Fsecurity%2Fpam_selinux.so&path=%2F%2Flib64%2Fsecurity HTTP/2" 200 15332 "-" "Mozilla/5.0 AppleWebKit/537.36 (KHTML, like Gecko; compatible; GPTBot/1.2; +https://openai.com/gptbot)"
20.171.207.177 - - [21/Feb/2025:16:31:39 +0530] "GET /wordpress/wp-admin/setup-config.php?path=%2F%2Flib%2Fkbd%2Fkeymaps%2Flegacy%2Finclude HTTP/2" 200 7590 "-" "Mozilla/5.0 AppleWebKit/537.36 (KHTML, like Gecko; compatible; GPTBot/1.2; +https://openai.com/gptbot)"
85.208.96.206 - - [21/Feb/2025:16:31:39 +0530] "GET /323816563.html HTTP/1.1" 200 9646 "-" "Mozilla/5.0 (compatible; SemrushBot/7~bl; +http://www.semrush.com/bot.html)"
20.171.207.114 - - [21/Feb/2025:16:31:41 +0530] "GET /359379264.html?path=%2F%2Flib64%2Flibdnf HTTP/2" 200 7268 "-" "Mozilla/5.0 AppleWebKit/537.36 (KHTML, like Gecko; compatible; GPTBot/1.2; +https://openai.com/gptbot)"
20.171.207.177 - - [21/Feb/2025:16:31:42 +0530] "GET /wordpress/wp-admin/setup-config.php?id=deface&path=%2F%2Flib%2Fpython3.6%2Fsite-packages%2Fpip%2F_vendor%2Fdistlib%2F_backport HTTP/2" 200 7954 "-" "Mozilla/5.0 AppleWebKit/537.36 (KHTML, like Gecko; compatible; GPTBot/1.2; +https://openai.com/gptbot)"
20.171.207.114 - - [21/Feb/2025:16:31:44 +0530] "GET /226309857.html?path=%2F%2Flib64%2Flibdnf HTTP/2" 200 7272 "-" "Mozilla/5.0 AppleWebKit/537.36 (KHTML, like Gecko; compatible; GPTBot/1.2; +https://openai.com/gptbot)"
20.171.207.177 - - [21/Feb/2025:16:31:46 +0530] "GET /wordpress/wp-admin/setup-config.php?id=info&path=%2F%2Flib%2Fpython3.6%2Fsite-packages%2Fpip%2F_vendor%2Fdistlib%2F__pycache__ HTTP/2" 200 8497 "-" "Mozilla/5.0 AppleWebKit/537.36 (KHTML, like Gecko; compatible; GPTBot/1.2; +https://openai.com/gptbot)"
20.171.207.114 - - [21/Feb/2025:16:31:47 +0530] "GET /231016687.html?path=%2F%2Flib64%2Flibdnf HTTP/2" 200 7271 "-" "Mozilla/5.0 AppleWebKit/537.36 (KHTML, like Gecko; compatible; GPTBot/1.2; +https://openai.com/gptbot)"
20.171.207.177 - - [21/Feb/2025:16:31:49 +0530] "GET /wordpress/wp-admin/setup-config.php?path=%2F%2Flib%2Fpython3.6%2Fsite-packages%2Fpip%2F_vendor%2Fidna%2F__pycache__ HTTP/2" 200 7838 "-" "Mozilla/5.0 AppleWebKit/537.36 (KHTML, like Gecko; compatible; GPTBot/1.2; +https://openai.com/gptbot)"
20.171.207.114 - - [21/Feb/2025:16:31:51 +0530] "GET /250536473.html?path=%2F%2Flib64%2Flibdnf HTTP/2" 200 7271 "-" "Mozilla/5.0 AppleWebKit/537.36 (KHTML, like Gecko; compatible; GPTBot/1.2; +https://openai.com/gptbot)"
20.171.207.177 - - [21/Feb/2025:16:31:53 +0530] "GET /wordpress/wp-admin/setup-config.php?path=%2F%2Flib%2Fkbd%2Fkeymaps%2Flegacy%2Famiga HTTP/2" 200 7368 "-" "Mozilla/5.0 AppleWebKit/537.36 (KHTML, like Gecko; compatible; GPTBot/1.2; +https://openai.com/gptbot)"
20.171.207.114 - - [21/Feb/2025:16:31:54 +0530] "GET /116480243.html?path=%2F%2Fetc%2Faudit HTTP/2" 200 7056 "-" "Mozilla/5.0 AppleWebKit/537.36 (KHTML, like Gecko; compatible; GPTBot/1.2; +https://openai.com/gptbot)"
20.171.207.177 - - [21/Feb/2025:16:31:57 +0530] "GET /wordpress/wp-admin/setup-config.php?filesrc=%2F%2Flib%2Fpython3.6%2Fsite-packages%2Fpip%2Fmodels%2F__init__.py&path=%2F%2Flib%2Fpython3.6%2Fsite-packages%2Fpip%2Fmodels HTTP/2" 200 6970 "-" "Mozilla/5.0 AppleWebKit/537.36 (KHTML, like Gecko; compatible; GPTBot/1.2; +https://openai.com/gptbot)"
20.171.207.114 - - [21/Feb/2025:16:31:58 +0530] "GET /226309857.html?filesrc=%2F%2Flib64%2Fgraphviz%2Flibgvplugin_core.so.6.0.0&path=%2F%2Flib64%2Fgraphviz HTTP/2" 200 58172 "-" "Mozilla/5.0 AppleWebKit/537.36 (KHTML, like Gecko; compatible; GPTBot/1.2; +https://openai.com/gptbot)"
20.171.207.177 - - [21/Feb/2025:16:32:01 +0530] "GET /wordpress/wp-admin/setup-config.php?filesrc=%2F%2Flib%2Fpython3.6%2Fsite-packages%2Furllib3%2Futil%2F__init__.py&path=%2F%2Flib%2Fpython3.6%2Fsite-packages%2Furllib3%2Futil HTTP/2" 200 7381 "-" "Mozilla/5.0 AppleWebKit/537.36 (KHTML, like Gecko; compatible; GPTBot/1.2; +https://openai.com/gptbot)"
20.171.207.114 - - [21/Feb/2025:16:32:01 +0530] "GET /116480243.html?path=%2F%2Fetc%2Fnamed HTTP/2" 200 7048 "-" "Mozilla/5.0 AppleWebKit/537.36 (KHTML, like Gecko; compatible; GPTBot/1.2; +https://openai.com/gptbot)"
20.171.207.114 - - [21/Feb/2025:16:32:05 +0530] "GET /116480243.html?path=%2F%2Fetc%2Flibnl HTTP/2" 200 7342 "-" "Mozilla/5.0 AppleWebKit/537.36 (KHTML, like Gecko; compatible; GPTBot/1.2; +https://openai.com/gptbot)"
20.171.207.177 - - [21/Feb/2025:16:32:05 +0530] "GET /wordpress/wp-admin/setup-config.php?id=upload&path=%2F%2Flib%2Fpython3.6%2Fsite-packages%2Fpip%2Fmodels HTTP/2" 200 7647 "-" "Mozilla/5.0 AppleWebKit/537.36 (KHTML, like Gecko; compatible; GPTBot/1.2; +https://openai.com/gptbot)"
20.171.207.114 - - [21/Feb/2025:16:32:09 +0530] "GET /116480243.html?path=%2F%2Fetc%2Fsamba HTTP/2" 200 7385 "-" "Mozilla/5.0 AppleWebKit/537.36 (KHTML, like Gecko; compatible; GPTBot/1.2; +https://openai.com/gptbot)"
20.171.207.177 - - [21/Feb/2025:16:32:09 +0530] "GET /wordpress/wp-admin/setup-config.php?path=%2F%2Flib%2Fpython3.6%2Fsite-packages%2Furllib3%2Futil%2F__pycache__ HTTP/2" 200 7936 "-" "Mozilla/5.0 AppleWebKit/537.36 (KHTML, like Gecko; compatible; GPTBot/1.2; +https://openai.com/gptbot)"
20.171.207.114 - - [21/Feb/2025:16:32:12 +0530] "GET /116480243.html?path=%2F%2Fetc%2Ftuned HTTP/2" 200 7611 "-" "Mozilla/5.0 AppleWebKit/537.36 (KHTML, like Gecko; compatible; GPTBot/1.2; +https://openai.com/gptbot)"
20.171.207.177 - - [21/Feb/2025:16:32:12 +0530] "GET /wordpress/wp-admin/setup-config.php?path=%2F%2Flib%2Fpython3.6%2Fsite-packages%2Fpip%2Fmodels%2F__pycache__ HTTP/2" 200 7467 "-" "Mozilla/5.0 AppleWebKit/537.36 (KHTML, like Gecko; compatible; GPTBot/1.2; +https://openai.com/gptbot)"
20.171.207.114 - - [21/Feb/2025:16:32:15 +0530] "GET /250536473.html?filesrc=%2F%2Flib64%2FlibBrokenLocale-2.28.so&path=%2F%2Flib64 HTTP/2" 200 9766 "-" "Mozilla/5.0 AppleWebKit/537.36 (KHTML, like Gecko; compatible; GPTBot/1.2; +https://openai.com/gptbot)"
185.191.171.16 - - [21/Feb/2025:16:32:15 +0530] "GET /259317141.html HTTP/1.1" 200 9647 "-" "Mozilla/5.0 (compatible; SemrushBot/7~bl; +http://www.semrush.com/bot.html)"
20.171.207.177 - - [21/Feb/2025:16:32:16 +0530] "GET /wordpress/wp-admin/setup-config.php?path=%2F%2Flib%2Fpython3.6%2Fsite-packages%2Fpip%2Freq%2F__pycache__ HTTP/2" 200 7668 "-" "Mozilla/5.0 AppleWebKit/537.36 (KHTML, like Gecko; compatible; GPTBot/1.2; +https://openai.com/gptbot)"
20.171.207.114 - - [21/Feb/2025:16:32:18 +0530] "GET /359379264.html?path=%2F%2Flib64%2Fbind HTTP/2" 200 7077 "-" "Mozilla/5.0 AppleWebKit/537.36 (KHTML, like Gecko; compatible; GPTBot/1.2; +https://openai.com/gptbot)"
85.208.96.200 - - [21/Feb/2025:16:32:19 +0530] "GET /25598600.html HTTP/1.1" 200 9644 "-" "Mozilla/5.0 (compatible; SemrushBot/7~bl; +http://www.semrush.com/bot.html)"
20.171.207.177 - - [21/Feb/2025:16:32:20 +0530] "GET /wordpress/wp-admin/setup-config.php?filesrc=%2F%2Flib64%2Fpython3.6%2Fsite-packages%2Fsystemd%2Fdaemon.py&path=%2F%2Flib64%2Fpython3.6%2Fsite-packages%2Fsystemd HTTP/2" 200 7614 "-" "Mozilla/5.0 AppleWebKit/537.36 (KHTML, like Gecko; compatible; GPTBot/1.2; +https://openai.com/gptbot)"
20.171.207.114 - - [21/Feb/2025:16:32:21 +0530] "GET /250536473.html?path=%2F%2Flib64%2Fbind HTTP/2" 200 7077 "-" "Mozilla/5.0 AppleWebKit/537.36 (KHTML, like Gecko; compatible; GPTBot/1.2; +https://openai.com/gptbot)"
20.171.207.177 - - [21/Feb/2025:16:32:24 +0530] "GET /wordpress/wp-admin/setup-config.php?path=%2F%2Flib64%2Fpython3.6%2Fsite-packages%2Fsystemd%2F__pycache__ HTTP/2" 200 7522 "-" "Mozilla/5.0 AppleWebKit/537.36 (KHTML, like Gecko; compatible; GPTBot/1.2; +https://openai.com/gptbot)"
20.171.207.114 - - [21/Feb/2025:16:32:25 +0530] "GET /116480243.html?path=%2F%2Fetc%2Fpkcs11 HTTP/2" 200 7250 "-" "Mozilla/5.0 AppleWebKit/537.36 (KHTML, like Gecko; compatible; GPTBot/1.2; +https://openai.com/gptbot)"
20.171.207.177 - - [21/Feb/2025:16:32:28 +0530] "GET /wordpress/wp-admin/setup-config.php?path=%2F%2Flib64%2Fpython3.6%2Fsite-packages%2Fhawkey%2F__pycache__ HTTP/2" 200 7399 "-" "Mozilla/5.0 AppleWebKit/537.36 (KHTML, like Gecko; compatible; GPTBot/1.2; +https://openai.com/gptbot)"
20.171.207.114 - - [21/Feb/2025:16:32:28 +0530] "GET /116480243.html?path=%2F%2Fetc%2Fhttpd HTTP/2" 200 7256 "-" "Mozilla/5.0 AppleWebKit/537.36 (KHTML, like Gecko; compatible; GPTBot/1.2; +https://openai.com/gptbot)"
20.171.207.114 - - [21/Feb/2025:16:32:31 +0530] "GET /250536473.html?path=%2F%2Flib64%2Fsssd HTTP/2" 200 8050 "-" "Mozilla/5.0 AppleWebKit/537.36 (KHTML, like Gecko; compatible; GPTBot/1.2; +https://openai.com/gptbot)"
20.171.207.177 - - [21/Feb/2025:16:32:31 +0530] "GET /wordpress/wp-admin/setup-config.php?path=%2F%2Flib%2Fpython3.6%2Fsite-packages%2Fdateutil HTTP/2" 200 7709 "-" "Mozilla/5.0 AppleWebKit/537.36 (KHTML, like Gecko; compatible; GPTBot/1.2; +https://openai.com/gptbot)"
20.171.207.114 - - [21/Feb/2025:16:32:34 +0530] "GET /359379264.html?path=%2F%2Flib64%2Fsssd HTTP/2" 200 8049 "-" "Mozilla/5.0 AppleWebKit/537.36 (KHTML, like Gecko; compatible; GPTBot/1.2; +https://openai.com/gptbot)"
20.171.207.177 - - [21/Feb/2025:16:32:34 +0530] "GET /wordpress/wp-admin/setup-config.php?path=%2F%2Flib64%2Fpython3.6%2Fsite-packages%2Fselinux HTTP/2" 200 7499 "-" "Mozilla/5.0 AppleWebKit/537.36 (KHTML, like Gecko; compatible; GPTBot/1.2; +https://openai.com/gptbot)"
20.171.207.114 - - [21/Feb/2025:16:32:37 +0530] "GET /250536473.html?path=%2F%2Flib64%2Flibuser HTTP/2" 200 7366 "-" "Mozilla/5.0 AppleWebKit/537.36 (KHTML, like Gecko; compatible; GPTBot/1.2; +https://openai.com/gptbot)"
20.171.207.114 - - [21/Feb/2025:16:32:40 +0530] "GET /359379264.html?path=%2F%2Flib64%2Flibuser HTTP/2" 200 7357 "-" "Mozilla/5.0 AppleWebKit/537.36 (KHTML, like Gecko; compatible; GPTBot/1.2; +https://openai.com/gptbot)"
20.171.207.114 - - [21/Feb/2025:16:32:44 +0530] "GET /226309857.html?path=%2F%2Flib64%2Flibuser HTTP/2" 200 7363 "-" "Mozilla/5.0 AppleWebKit/537.36 (KHTML, like Gecko; compatible; GPTBot/1.2; +https://openai.com/gptbot)"
114.119.150.166 - - [21/Feb/2025:16:32:44 +0530] "GET /users/934/profile?id=filebaru&path=/home/anyleson/public_html/public/store/1019 HTTP/1.1" 200 14945 "https://anyleson.com/users/934/profile?id=info&path=/home/anyleson/public_html/public/store/1019" "Mozilla/5.0 (Linux; Android 7.0;) AppleWebKit/537.36 (KHTML, like Gecko) Mobile Safari/537.36 (compatible; PetalBot;+https://webmaster.petalsearch.com/site/petalbot)"
85.208.96.201 - - [21/Feb/2025:16:32:44 +0530] "GET /234151386.html HTTP/1.1" 200 9648 "-" "Mozilla/5.0 (compatible; SemrushBot/7~bl; +http://www.semrush.com/bot.html)"
20.171.207.114 - - [21/Feb/2025:16:32:47 +0530] "GET /231016687.html?path=%2F%2Flib64%2Flibuser HTTP/2" 200 7366 "-" "Mozilla/5.0 AppleWebKit/537.36 (KHTML, like Gecko; compatible; GPTBot/1.2; +https://openai.com/gptbot)"
51.222.253.18 - - [21/Feb/2025:16:32:50 +0530] "GET /classes?sort=bestsellers&page=2 HTTP/2" 200 11152 "-" "Mozilla/5.0 (compatible; AhrefsBot/7.0; +http://ahrefs.com/robot/)"
20.171.207.177 - - [21/Feb/2025:16:32:38 +0530] "GET /wordpress/wp-admin/setup-config.php?path=%2F%2Flib%2Fpython3.6%2Fsite-packages%2Fsupervisor HTTP/2" 200 0 "-" "Mozilla/5.0 AppleWebKit/537.36 (KHTML, like Gecko; compatible; GPTBot/1.2; +https://openai.com/gptbot)"
185.191.171.10 - - [21/Feb/2025:16:33:08 +0530] "GET /101034557.html HTTP/1.1" 200 9646 "-" "Mozilla/5.0 (compatible; SemrushBot/7~bl; +http://www.semrush.com/bot.html)"
20.171.207.77 - - [21/Feb/2025:16:31:08 +0530] "GET /147244444.htm?filesrc=%2F%2Fproc%2F2657714%2Fcgroup&path=%2F%2Fproc%2F2657714 HTTP/2" 200 7037 "-" "Mozilla/5.0 AppleWebKit/537.36 (KHTML, like Gecko; compatible; GPTBot/1.2; +https://openai.com/gptbot)"
20.171.207.77 - - [21/Feb/2025:16:31:11 +0530] "GET /147244444.htm?filesrc=%2F%2Fproc%2F2657714%2Fmountinfo&path=%2F%2Fproc%2F2657714 HTTP/2" 200 8076 "-" "Mozilla/5.0 AppleWebKit/537.36 (KHTML, like Gecko; compatible; GPTBot/1.2; +https://openai.com/gptbot)"
20.171.207.77 - - [21/Feb/2025:16:31:14 +0530] "GET /147244444.htm?filesrc=%2F%2Fproc%2F2657714%2Fstack&path=%2F%2Fproc%2F2657714 HTTP/2" 200 6890 "-" "Mozilla/5.0 AppleWebKit/537.36 (KHTML, like Gecko; compatible; GPTBot/1.2; +https://openai.com/gptbot)"
20.171.207.77 - - [21/Feb/2025:16:31:17 +0530] "GET /147244444.htm?filesrc=%2F%2Fproc%2F2657714%2Fpagemap&path=%2F%2Fproc%2F2657714 HTTP/2" 200 6865 "-" "Mozilla/5.0 AppleWebKit/537.36 (KHTML, like Gecko; compatible; GPTBot/1.2; +https://openai.com/gptbot)"
20.171.207.77 - - [21/Feb/2025:16:31:21 +0530] "GET /147244444.htm?id=cmd&path=%2F%2Fproc%2F2669968 HTTP/2" 200 7315 "-" "Mozilla/5.0 AppleWebKit/537.36 (KHTML, like Gecko; compatible; GPTBot/1.2; +https://openai.com/gptbot)"
20.171.207.77 - - [21/Feb/2025:16:31:25 +0530] "GET /147244444.htm?id=cmd&path=%2F%2Fproc%2F2664133 HTTP/2" 200 7310 "-" "Mozilla/5.0 AppleWebKit/537.36 (KHTML, like Gecko; compatible; GPTBot/1.2; +https://openai.com/gptbot)"
20.171.207.77 - - [21/Feb/2025:16:31:28 +0530] "GET /147244444.htm?id=cmd&path=%2F%2Fproc%2F2657714 HTTP/2" 200 8904 "-" "Mozilla/5.0 AppleWebKit/537.36 (KHTML, like Gecko; compatible; GPTBot/1.2; +https://openai.com/gptbot)"
185.191.171.9 - - [21/Feb/2025:16:31:53 +0530] "GET /369493905.html HTTP/1.1" 200 9644 "-" "Mozilla/5.0 (compatible; SemrushBot/7~bl; +http://www.semrush.com/bot.html)"
20.171.207.77 - - [21/Feb/2025:16:31:31 +0530] "GET /188588858.htm?id=cmd&path=%2F%2Fproc%2F2667659 HTTP/2" 200 0 "-" "Mozilla/5.0 AppleWebKit/537.36 (KHTML, like Gecko; compatible; GPTBot/1.2; +https://openai.com/gptbot)"
20.171.207.77 - - [21/Feb/2025:16:32:03 +0530] "GET /147244444.htm?id=cmd&path=%2F%2Fproc%2F2662702 HTTP/2" 200 7314 "-" "Mozilla/5.0 AppleWebKit/537.36 (KHTML, like Gecko; compatible; GPTBot/1.2; +https://openai.com/gptbot)"
185.191.171.11 - - [21/Feb/2025:16:32:03 +0530] "GET /225422463.html HTTP/1.1" 200 9645 "-" "Mozilla/5.0 (compatible; SemrushBot/7~bl; +http://www.semrush.com/bot.html)"
20.171.207.77 - - [21/Feb/2025:16:32:33 +0530] "GET /188588858.htm?id=cmd&path=%2F%2Fproc%2F2663696 HTTP/2" 200 7312 "-" "Mozilla/5.0 AppleWebKit/537.36 (KHTML, like Gecko; compatible; GPTBot/1.2; +https://openai.com/gptbot)"
114.119.150.168 - - [21/Feb/2025:16:32:39 +0530] "GET /users/996/profile?id=filebaru&path=/home/anyleson/public_html/public/store/903 HTTP/1.1" 200 12202 "https://anyleson.com/users/996/profile?id=dirbaru&path=/home/anyleson/public_html/public/store/903" "Mozilla/5.0 (Linux; Android 7.0;) AppleWebKit/537.36 (KHTML, like Gecko) Mobile Safari/537.36 (compatible; PetalBot;+https://webmaster.petalsearch.com/site/petalbot)"
20.171.207.77 - - [21/Feb/2025:16:33:01 +0530] "GET /147244444.htm?path=%2F%2Fproc%2F2663622 HTTP/2" 200 7089 "-" "Mozilla/5.0 AppleWebKit/537.36 (KHTML, like Gecko; compatible; GPTBot/1.2; +https://openai.com/gptbot)"
185.191.171.11 - - [21/Feb/2025:16:33:03 +0530] "GET /229071730.html HTTP/1.1" 200 9646 "-" "Mozilla/5.0 (compatible; SemrushBot/7~bl; +http://www.semrush.com/bot.html)"
20.171.207.77 - - [21/Feb/2025:16:33:28 +0530] "GET /188588858.htm?path=%2F%2Fproc%2F2670277 HTTP/2" 200 7090 "-" "Mozilla/5.0 AppleWebKit/537.36 (KHTML, like Gecko; compatible; GPTBot/1.2; +https://openai.com/gptbot)"
157.55.39.59 - - [21/Feb/2025:16:33:31 +0530] "GET /course-category/data-analysis/?level=beginner&instructor=19&filtering=1&price_type=paid HTTP/2" 301 795 "-" "Mozilla/5.0 AppleWebKit/537.36 (KHTML, like Gecko; compatible; bingbot/2.0; +http://www.bing.com/bingbot.htm) Chrome/116.0.1938.76 Safari/537.36"
20.171.207.177 - - [21/Feb/2025:16:33:10 +0530] "GET /wordpress/wp-admin/setup-config.php?path=%2F%2Flib%2Fpython3.6%2Fsite-packages%2Fdnf%2Fcli HTTP/2" 200 7852 "-" "Mozilla/5.0 AppleWebKit/537.36 (KHTML, like Gecko; compatible; GPTBot/1.2; +https://openai.com/gptbot)"
20.171.207.114 - - [21/Feb/2025:16:32:50 +0530] "GET /250536473.html?path=%2F%2Flib64%2Fsse2 HTTP/2" 200 0 "-" "Mozilla/5.0 AppleWebKit/537.36 (KHTML, like Gecko; compatible; GPTBot/1.2; +https://openai.com/gptbot)"
185.191.171.15 - - [21/Feb/2025:16:33:19 +0530] "GET /375429122.html HTTP/1.1" 200 9646 "-" "Mozilla/5.0 (compatible; SemrushBot/7~bl; +http://www.semrush.com/bot.html)"
20.171.207.114 - - [21/Feb/2025:16:33:22 +0530] "GET /359379264.html?path=%2F%2Flib64%2Fsse2 HTTP/2" 200 7072 "-" "Mozilla/5.0 AppleWebKit/537.36 (KHTML, like Gecko; compatible; GPTBot/1.2; +https://openai.com/gptbot)"
20.171.207.177 - - [21/Feb/2025:16:33:42 +0530] "GET /wordpress/wp-admin/setup-config.php?path=%2F%2Flib%2Fpython3.6%2Fsite-packages%2Fvdo HTTP/2" 200 7533 "-" "Mozilla/5.0 AppleWebKit/537.36 (KHTML, like Gecko; compatible; GPTBot/1.2; +https://openai.com/gptbot)"
185.191.171.12 - - [21/Feb/2025:16:33:52 +0530] "GET /77109634.html HTTP/1.1" 200 9647 "-" "Mozilla/5.0 (compatible; SemrushBot/7~bl; +http://www.semrush.com/bot.html)"
20.171.207.114 - - [21/Feb/2025:16:33:52 +0530] "GET /231016687.html?path=%2F%2Flib64%2Fsse2 HTTP/2" 200 7076 "-" "Mozilla/5.0 AppleWebKit/537.36 (KHTML, like Gecko; compatible; GPTBot/1.2; +https://openai.com/gptbot)"
185.191.171.2 - - [21/Feb/2025:16:34:03 +0530] "GET /167661681.html HTTP/1.1" 200 9647 "-" "Mozilla/5.0 (compatible; SemrushBot/7~bl; +http://www.semrush.com/bot.html)"
85.208.96.200 - - [21/Feb/2025:16:34:14 +0530] "GET /218833032.html HTTP/1.1" 200 9645 "-" "Mozilla/5.0 (compatible; SemrushBot/7~bl; +http://www.semrush.com/bot.html)"
20.171.207.114 - - [21/Feb/2025:16:34:22 +0530] "GET /250536473.html?path=%2F%2Flib64%2Fkrb5 HTTP/2" 200 7268 "-" "Mozilla/5.0 AppleWebKit/537.36 (KHTML, like Gecko; compatible; GPTBot/1.2; +https://openai.com/gptbot)"
85.208.96.212 - - [21/Feb/2025:16:34:29 +0530] "GET /58613220.html HTTP/1.1" 200 9646 "-" "Mozilla/5.0 (compatible; SemrushBot/7~bl; +http://www.semrush.com/bot.html)"
20.171.207.177 - - [21/Feb/2025:16:34:09 +0530] "GET /wordpress/wp-admin/setup-config.php?path=%2F%2Flib%2Fpython3.6%2Fsite-packages%2Ftuned%2Fppd HTTP/2" 200 0 "-" "Mozilla/5.0 AppleWebKit/537.36 (KHTML, like Gecko; compatible; GPTBot/1.2; +https://openai.com/gptbot)"
20.171.207.177 - - [21/Feb/2025:16:34:41 +0530] "GET /wordpress/wp-admin/setup-config.php?path=%2F%2Flib%2Fpython3.6%2Fsite-packages%2Fcertbot HTTP/2" 200 7949 "-" "Mozilla/5.0 AppleWebKit/537.36 (KHTML, like Gecko; compatible; GPTBot/1.2; +https://openai.com/gptbot)"
185.191.171.9 - - [21/Feb/2025:16:34:45 +0530] "GET /90996289.html HTTP/1.1" 200 9650 "-" "Mozilla/5.0 (compatible; SemrushBot/7~bl; +http://www.semrush.com/bot.html)"
20.171.207.114 - - [21/Feb/2025:16:34:47 +0530] "GET /359379264.html?path=%2F%2Flib64%2Fkrb5 HTTP/2" 200 7264 "-" "Mozilla/5.0 AppleWebKit/537.36 (KHTML, like Gecko; compatible; GPTBot/1.2; +https://openai.com/gptbot)"
20.171.207.114 - - [21/Feb/2025:16:35:10 +0530] "GET /231016687.html?path=%2F%2Flib64%2Fhttpd HTTP/2" 200 7232 "-" "Mozilla/5.0 AppleWebKit/537.36 (KHTML, like Gecko; compatible; GPTBot/1.2; +https://openai.com/gptbot)"
185.191.171.5 - - [21/Feb/2025:16:35:17 +0530] "GET /321721218.html HTTP/1.1" 200 9641 "-" "Mozilla/5.0 (compatible; SemrushBot/7~bl; +http://www.semrush.com/bot.html)"
85.208.96.196 - - [21/Feb/2025:16:35:21 +0530] "GET /332367064.html HTTP/1.1" 200 9647 "-" "Mozilla/5.0 (compatible; SemrushBot/7~bl; +http://www.semrush.com/bot.html)"
157.173.122.176 - - [21/Feb/2025:16:35:25 +0530] "GET / HTTP/2" 200 30280 "-" "Mozilla/5.0 (Windows NT 10.0; Win64; x64) AppleWebKit/537.36 (KHTML, like Gecko) Chrome/91.0.4472.114 Safari/537.36 Edg/91.0.864.54"
20.171.207.77 - - [21/Feb/2025:16:33:51 +0530] "GET /147244444.htm?path=%2F%2Fproc%2F2670084 HTTP/2" 200 7090 "-" "Mozilla/5.0 AppleWebKit/537.36 (KHTML, like Gecko; compatible; GPTBot/1.2; +https://openai.com/gptbot)"
20.171.207.77 - - [21/Feb/2025:16:34:11 +0530] "GET /147244444.htm?path=%2F%2Fproc%2F2651961 HTTP/2" 200 7091 "-" "Mozilla/5.0 AppleWebKit/537.36 (KHTML, like Gecko; compatible; GPTBot/1.2; +https://openai.com/gptbot)"
66.249.71.4 - - [21/Feb/2025:16:34:24 +0530] "GET /256635309.html HTTP/1.1" 200 19603 "-" "Mozilla/5.0 (Linux; Android 6.0.1; Nexus 5X Build/MMB29P) AppleWebKit/537.36 (KHTML, like Gecko) Chrome/133.0.6943.126 Mobile Safari/537.36 (compatible; Googlebot/2.1; +http://www.google.com/bot.html)"
20.171.207.77 - - [21/Feb/2025:16:34:29 +0530] "GET /147244444.htm?path=%2F%2Fproc%2F2667267 HTTP/2" 200 7090 "-" "Mozilla/5.0 AppleWebKit/537.36 (KHTML, like Gecko; compatible; GPTBot/1.2; +https://openai.com/gptbot)"
185.191.171.6 - - [21/Feb/2025:16:34:35 +0530] "GET /108537844.html HTTP/1.1" 200 9646 "-" "Mozilla/5.0 (compatible; SemrushBot/7~bl; +http://www.semrush.com/bot.html)"
85.208.96.206 - - [21/Feb/2025:16:34:40 +0530] "GET /88987797.html HTTP/1.1" 200 9645 "-" "Mozilla/5.0 (compatible; SemrushBot/7~bl; +http://www.semrush.com/bot.html)"
