20.171.207.177 - - [21/Feb/2025:15:56:14 +0530] "GET /wordpress/wp-admin/setup-config.php?path=%2Fhome%2Fanyleson%2Fpublic_html%2Fresources%2Fviews%2Fweb%2Fdefault%2Fpanel%2Fmarketing%2Fdiscounts%2Fcreate HTTP/2" 200 7433 "-" "Mozilla/5.0 AppleWebKit/537.36 (KHTML, like Gecko; compatible; GPTBot/1.2; +https://openai.com/gptbot)"
3.17.162.216 - - [21/Feb/2025:15:56:17 +0530] "GET /assets/default/vendors/lottie/lottie-player.js HTTP/2" 200 73111 "-" "Mozilla/5.0 AppleWebKit/537.36 (KHTML, like Gecko; compatible; ClaudeBot/1.0; +claudebot@anthropic.com)"
193.70.81.99 - - [21/Feb/2025:15:56:15 +0530] "GET /?filesrc=//proc/2545/task/2624/projid_map&path=//proc/2545/task/2624 HTTP/1.1" 200 20132 "-" "Mozilla/5.0 (compatible; MJ12bot/v1.4.8; http://mj12bot.com/)"
85.208.96.207 - - [21/Feb/2025:15:56:16 +0530] "GET /140628521.html HTTP/1.1" 200 9647 "-" "Mozilla/5.0 (compatible; SemrushBot/7~bl; +http://www.semrush.com/bot.html)"
20.171.207.177 - - [21/Feb/2025:15:56:17 +0530] "GET /wordpress/wp-admin/setup-config.php?path=%2Fhome%2Fanyleson%2Fpublic_html%2Fresources%2Fviews%2Fweb%2Fdefault%2Fpanel%2Fmarketing%2Fdiscounts%2Flists HTTP/2" 200 7433 "-" "Mozilla/5.0 AppleWebKit/537.36 (KHTML, like Gecko; compatible; GPTBot/1.2; +https://openai.com/gptbot)"
20.171.207.177 - - [21/Feb/2025:15:56:21 +0530] "GET /wordpress/wp-admin/$conversations->attach HTTP/2" 200 7891 "-" "Mozilla/5.0 AppleWebKit/537.36 (KHTML, like Gecko; compatible; GPTBot/1.2; +https://openai.com/gptbot)"
20.171.207.177 - - [21/Feb/2025:15:56:24 +0530] "GET /wordpress/wp-admin/setup-config.php?path=%2Fhome%2Fanyleson%2Fpublic_html%2Fresources%2Fviews%2Fweb%2Fdefault%2Fuser HTTP/2" 200 7600 "-" "Mozilla/5.0 AppleWebKit/537.36 (KHTML, like Gecko; compatible; GPTBot/1.2; +https://openai.com/gptbot)"
20.171.207.114 - - [21/Feb/2025:15:56:27 +0530] "GET /251485699.html?path=%2F%2Flib64%2Fgames HTTP/2" 200 7061 "-" "Mozilla/5.0 AppleWebKit/537.36 (KHTML, like Gecko; compatible; GPTBot/1.2; +https://openai.com/gptbot)"
20.171.207.177 - - [21/Feb/2025:15:56:28 +0530] "GET /wordpress/wp-admin/setup-config.php?path=%2Fhome%2Fanyleson%2Fpublic_html%2Fresources%2Fviews%2Fadmin%2Fcashback%2Frules%2Flists HTTP/2" 200 7514 "-" "Mozilla/5.0 AppleWebKit/537.36 (KHTML, like Gecko; compatible; GPTBot/1.2; +https://openai.com/gptbot)"
20.171.207.177 - - [21/Feb/2025:15:56:31 +0530] "GET /wordpress/wp-admin/setup-config.php?path=%2Fhome%2Fanyleson%2Fpublic_html%2Fresources%2Fviews%2Fweb%2Fdefault%2Fauth%2Fincludes HTTP/2" 200 7401 "-" "Mozilla/5.0 AppleWebKit/537.36 (KHTML, like Gecko; compatible; GPTBot/1.2; +https://openai.com/gptbot)"
20.171.207.77 - - [21/Feb/2025:15:56:16 +0530] "GET /147244444.htm?filesrc=%2F%2Fproc%2F2657757%2Fpersonality&path=%2F%2Fproc%2F2657757 HTTP/2" 200 6910 "-" "Mozilla/5.0 AppleWebKit/537.36 (KHTML, like Gecko; compatible; GPTBot/1.2; +https://openai.com/gptbot)"
20.171.207.77 - - [21/Feb/2025:15:56:19 +0530] "GET /147244444.htm?filesrc=%2F%2Fproc%2F2657757%2Fsetgroups&path=%2F%2Fproc%2F2657757 HTTP/2" 200 6859 "-" "Mozilla/5.0 AppleWebKit/537.36 (KHTML, like Gecko; compatible; GPTBot/1.2; +https://openai.com/gptbot)"
20.171.207.77 - - [21/Feb/2025:15:56:22 +0530] "GET /147244444.htm?filesrc=%2F%2Fproc%2F2338798%2Fwchan&path=%2F%2Fproc%2F2338798 HTTP/2" 200 6875 "-" "Mozilla/5.0 AppleWebKit/537.36 (KHTML, like Gecko; compatible; GPTBot/1.2; +https://openai.com/gptbot)"
3.16.67.169 - - [21/Feb/2025:15:56:26 +0530] "GET /tags/courses/microsoft+excel?path=%2Fhome%2Fusername HTTP/2" 200 8119 "-" "Mozilla/5.0 AppleWebKit/537.36 (KHTML, like Gecko; compatible; ClaudeBot/1.0; +claudebot@anthropic.com)"
20.171.207.77 - - [21/Feb/2025:15:56:27 +0530] "GET /188588858.htm?filesrc=%2F%2Fproc%2F2656581%2Fstatm&path=%2F%2Fproc%2F2656581 HTTP/2" 200 6906 "-" "Mozilla/5.0 AppleWebKit/537.36 (KHTML, like Gecko; compatible; GPTBot/1.2; +https://openai.com/gptbot)"
18.118.9.147 - - [21/Feb/2025:15:56:28 +0530] "GET /tags/courses/microsoft+excel?path=%2F%2Flib HTTP/2" 200 9452 "-" "Mozilla/5.0 AppleWebKit/537.36 (KHTML, like Gecko; compatible; ClaudeBot/1.0; +claudebot@anthropic.com)"
20.171.207.77 - - [21/Feb/2025:15:56:30 +0530] "GET /188588858.htm?filesrc=%2F%2Fproc%2F2656581%2Fpagemap&path=%2F%2Fproc%2F2656581 HTTP/2" 200 6863 "-" "Mozilla/5.0 AppleWebKit/537.36 (KHTML, like Gecko; compatible; GPTBot/1.2; +https://openai.com/gptbot)"
185.191.171.15 - - [21/Feb/2025:15:56:30 +0530] "GET /109457726.html HTTP/1.1" 200 9647 "-" "Mozilla/5.0 (compatible; SemrushBot/7~bl; +http://www.semrush.com/bot.html)"
20.171.207.77 - - [21/Feb/2025:15:56:33 +0530] "GET /147244444.htm?filesrc=%2F%2Fproc%2F2338798%2Fmaps&path=%2F%2Fproc%2F2338798 HTTP/2" 200 6911 "-" "Mozilla/5.0 AppleWebKit/537.36 (KHTML, like Gecko; compatible; GPTBot/1.2; +https://openai.com/gptbot)"
3.128.197.182 - - [21/Feb/2025:15:56:34 +0530] "GET /tags/courses/Installment+payment?path=%2Fhome%2Fanyleson%2F.koality HTTP/2" 200 7708 "-" "Mozilla/5.0 AppleWebKit/537.36 (KHTML, like Gecko; compatible; ClaudeBot/1.0; +claudebot@anthropic.com)"
3.128.197.182 - - [21/Feb/2025:15:56:34 +0530] "GET /public/index.php?id=deface&path=%2Fhome%2Fanyleson%2Fpublic_html%2Fpublic HTTP/2" 200 21352 "-" "Mozilla/5.0 AppleWebKit/537.36 (KHTML, like Gecko; compatible; ClaudeBot/1.0; +claudebot@anthropic.com)"
20.171.207.77 - - [21/Feb/2025:15:56:36 +0530] "GET /188588858.htm?filesrc=%2F%2Fproc%2F2656581%2Fcpuset&path=%2F%2Fproc%2F2656581 HTTP/2" 200 6920 "-" "Mozilla/5.0 AppleWebKit/537.36 (KHTML, like Gecko; compatible; GPTBot/1.2; +https://openai.com/gptbot)"
18.220.133.1 - - [21/Feb/2025:15:56:41 +0530] "GET /pages/refundpolicy?filesrc=%2Fhome%2Fanyleson%2Fpublic_html%2Fpublic%2Fmix-manifest.json&path=%2Fhome%2Fanyleson%2Fpublic_html%2Fpublic HTTP/2" 200 7939 "-" "Mozilla/5.0 AppleWebKit/537.36 (KHTML, like Gecko; compatible; ClaudeBot/1.0; +claudebot@anthropic.com)"
20.171.207.77 - - [21/Feb/2025:15:56:41 +0530] "GET /188588858.htm?filesrc=%2F%2Fproc%2F2656581%2Fcmdline&path=%2F%2Fproc%2F2656581 HTTP/2" 200 6907 "-" "Mozilla/5.0 AppleWebKit/537.36 (KHTML, like Gecko; compatible; GPTBot/1.2; +https://openai.com/gptbot)"
20.171.207.77 - - [21/Feb/2025:15:56:46 +0530] "GET /147244444.htm?filesrc=%2F%2Fproc%2F2657757%2Fmounts&path=%2F%2Fproc%2F2657757 HTTP/2" 200 7625 "-" "Mozilla/5.0 AppleWebKit/537.36 (KHTML, like Gecko; compatible; GPTBot/1.2; +https://openai.com/gptbot)"
3.142.35.211 - - [21/Feb/2025:15:56:49 +0530] "GET /tags/courses/microsoft+excel?path=%2F%2Fproc HTTP/2" 200 14946 "-" "Mozilla/5.0 AppleWebKit/537.36 (KHTML, like Gecko; compatible; ClaudeBot/1.0; +claudebot@anthropic.com)"
20.171.207.177 - - [21/Feb/2025:15:56:35 +0530] "GET /wordpress/wp-admin/setup-config.php?filesrc=%2Fhome%2Fanyleson%2Fpublic_html%2Fresources%2Fviews%2Fweb%2Fdefault%2Fpanel%2Fbundle%2Fcreate_includes%2Fstep_5.blade.php&path=%2Fhome%2Fanyleson%2Fpublic_html%2Fresources%2Fviews%2Fweb%2Fdefault%2Fpanel%2Fbundle%2Fcreate_includes HTTP/2" 200 7617 "-" "Mozilla/5.0 AppleWebKit/537.36 (KHTML, like Gecko; compatible; GPTBot/1.2; +https://openai.com/gptbot)"
20.171.207.177 - - [21/Feb/2025:15:56:38 +0530] "GET /wordpress/wp-admin/setup-config.php?path=%2Fhome%2Fanyleson%2Fpublic_html%2Fresources%2Fviews%2Fadmin%2Fcashback%2Frules%2Fcreate HTTP/2" 200 7488 "-" "Mozilla/5.0 AppleWebKit/537.36 (KHTML, like Gecko; compatible; GPTBot/1.2; +https://openai.com/gptbot)"
20.171.207.177 - - [21/Feb/2025:15:56:41 +0530] "GET /wordpress/wp-admin/setup-config.php?path=%2Fhome%2Fanyleson%2Fpublic_html%2Fresources%2Fviews%2Fweb%2Fdefault%2Fpanel%2Fstore%2Fproducts HTTP/2" 200 7570 "-" "Mozilla/5.0 AppleWebKit/537.36 (KHTML, like Gecko; compatible; GPTBot/1.2; +https://openai.com/gptbot)"
20.171.207.177 - - [21/Feb/2025:15:56:44 +0530] "GET /wordpress/wp-admin/setup-config.php?path=%2Fhome%2Fanyleson%2Fpublic_html%2Fresources%2Fviews%2Fweb%2Fdefault%2Fpanel%2Fblog%2Fposts HTTP/2" 200 7443 "-" "Mozilla/5.0 AppleWebKit/537.36 (KHTML, like Gecko; compatible; GPTBot/1.2; +https://openai.com/gptbot)"
20.171.207.177 - - [21/Feb/2025:15:56:48 +0530] "GET /wordpress/wp-admin/setup-config.php?filesrc=%2Fhome%2Fanyleson%2Fpublic_html%2Fresources%2Fviews%2Fweb%2Fdefault%2Fpanel%2Fwebinar%2Fcourse_statistics%2Fincludes%2Fpie_charts.blade.php&path=%2Fhome%2Fanyleson%2Fpublic_html%2Fresources%2Fviews%2Fweb%2Fdefault%2Fpanel%2Fwebinar%2Fcourse_statistics%2Fincludes HTTP/2" 200 7275 "-" "Mozilla/5.0 AppleWebKit/537.36 (KHTML, like Gecko; compatible; GPTBot/1.2; +https://openai.com/gptbot)"
20.171.207.177 - - [21/Feb/2025:15:56:51 +0530] "GET /wordpress/wp-admin/setup-config.php?path=%2Fhome%2Fanyleson%2Fpublic_html%2Fresources%2Fviews%2Fweb%2Fdefault%2Fpanel%2Fblog%2Fcomments HTTP/2" 200 7414 "-" "Mozilla/5.0 AppleWebKit/537.36 (KHTML, like Gecko; compatible; GPTBot/1.2; +https://openai.com/gptbot)"
20.171.207.114 - - [21/Feb/2025:15:56:53 +0530] "GET /251485699.html?path=%2F%2Flib64%2Fgconv HTTP/2" 200 11921 "-" "Mozilla/5.0 AppleWebKit/537.36 (KHTML, like Gecko; compatible; GPTBot/1.2; +https://openai.com/gptbot)"
20.171.207.177 - - [21/Feb/2025:15:56:55 +0530] "GET /wordpress/wp-admin/setup-config.php?filesrc=%2Fhome%2Fanyleson%2Fpublic_html%2Fresources%2Fviews%2Fweb%2Fdefault%2Fpanel%2Fwebinar%2Fcreate_includes%2Faccordions%2Ffile.blade.php&path=%2Fhome%2Fanyleson%2Fpublic_html%2Fresources%2Fviews%2Fweb%2Fdefault%2Fpanel%2Fwebinar%2Fcreate_includes%2Faccordions HTTP/2" 200 10842 "-" "Mozilla/5.0 AppleWebKit/537.36 (KHTML, like Gecko; compatible; GPTBot/1.2; +https://openai.com/gptbot)"
20.171.207.177 - - [21/Feb/2025:15:56:58 +0530] "GET /wordpress/wp-admin/setup-config.php?path=%2Fhome%2Fanyleson%2Fpublic_html%2Fresources%2Fjs%2Fpanel%2Fmeeting HTTP/2" 200 7582 "-" "Mozilla/5.0 AppleWebKit/537.36 (KHTML, like Gecko; compatible; GPTBot/1.2; +https://openai.com/gptbot)"
20.171.207.177 - - [21/Feb/2025:15:57:02 +0530] "GET /wordpress/wp-admin/setup-config.php?path=%2Fhome%2Fanyleson%2Fpublic_html%2Fresources%2Fviews%2Fadmin%2Fforms%2Fcreate HTTP/2" 200 7487 "-" "Mozilla/5.0 AppleWebKit/537.36 (KHTML, like Gecko; compatible; GPTBot/1.2; +https://openai.com/gptbot)"
20.171.207.177 - - [21/Feb/2025:15:57:05 +0530] "GET /wordpress/wp-admin/setup-config.php?path=%2Fhome%2Fanyleson%2Fpublic_html%2Fresources%2Fviews%2Fadmin%2Fstore HTTP/2" 200 7670 "-" "Mozilla/5.0 AppleWebKit/537.36 (KHTML, like Gecko; compatible; GPTBot/1.2; +https://openai.com/gptbot)"
18.189.186.95 - - [21/Feb/2025:15:57:05 +0530] "GET /tags/courses/Installment+payment?path=%2Fhome%2Fhouzzworks HTTP/2" 200 7707 "-" "Mozilla/5.0 AppleWebKit/537.36 (KHTML, like Gecko; compatible; ClaudeBot/1.0; +claudebot@anthropic.com)"
20.171.207.77 - - [21/Feb/2025:15:56:50 +0530] "GET /188588858.htm?filesrc=%2F%2Fproc%2F2656581%2Fauxv&path=%2F%2Fproc%2F2656581 HTTP/2" 200 6913 "-" "Mozilla/5.0 AppleWebKit/537.36 (KHTML, like Gecko; compatible; GPTBot/1.2; +https://openai.com/gptbot)"
20.171.207.77 - - [21/Feb/2025:15:56:53 +0530] "GET /188588858.htm?filesrc=%2F%2Fproc%2F2656581%2Fmaps&path=%2F%2Fproc%2F2656581 HTTP/2" 200 6912 "-" "Mozilla/5.0 AppleWebKit/537.36 (KHTML, like Gecko; compatible; GPTBot/1.2; +https://openai.com/gptbot)"
20.171.207.77 - - [21/Feb/2025:15:56:56 +0530] "GET /188588858.htm?filesrc=%2F%2Fproc%2F2656581%2Fcgroup&path=%2F%2Fproc%2F2656581 HTTP/2" 200 7036 "-" "Mozilla/5.0 AppleWebKit/537.36 (KHTML, like Gecko; compatible; GPTBot/1.2; +https://openai.com/gptbot)"
20.171.207.77 - - [21/Feb/2025:15:56:59 +0530] "GET /188588858.htm?filesrc=%2F%2Fproc%2F2656581%2Fsmaps&path=%2F%2Fproc%2F2656581 HTTP/2" 200 6887 "-" "Mozilla/5.0 AppleWebKit/537.36 (KHTML, like Gecko; compatible; GPTBot/1.2; +https://openai.com/gptbot)"
20.171.207.77 - - [21/Feb/2025:15:57:03 +0530] "GET /147244444.htm?filesrc=%2F%2Fproc%2F2657757%2Fcmdline&path=%2F%2Fproc%2F2657757 HTTP/2" 200 6983 "-" "Mozilla/5.0 AppleWebKit/537.36 (KHTML, like Gecko; compatible; GPTBot/1.2; +https://openai.com/gptbot)"
18.118.30.58 - - [21/Feb/2025:15:57:03 +0530] "GET /pages/refundpolicy?id=deface&path=%2Fhome%2Fanyleson%2Fpublic_html%2Fpublic HTTP/2" 200 9251 "-" "Mozilla/5.0 AppleWebKit/537.36 (KHTML, like Gecko; compatible; ClaudeBot/1.0; +claudebot@anthropic.com)"
20.171.207.77 - - [21/Feb/2025:15:57:06 +0530] "GET /147244444.htm?filesrc=%2F%2Fproc%2F2338798%2Fsyscall&path=%2F%2Fproc%2F2338798 HTTP/2" 200 6866 "-" "Mozilla/5.0 AppleWebKit/537.36 (KHTML, like Gecko; compatible; GPTBot/1.2; +https://openai.com/gptbot)"
20.171.207.77 - - [21/Feb/2025:15:57:09 +0530] "GET /188588858.htm?filesrc=%2F%2Fproc%2F2656581%2Fsched&path=%2F%2Fproc%2F2656581 HTTP/2" 200 7286 "-" "Mozilla/5.0 AppleWebKit/537.36 (KHTML, like Gecko; compatible; GPTBot/1.2; +https://openai.com/gptbot)"
20.171.207.77 - - [21/Feb/2025:15:57:13 +0530] "GET /188588858.htm?filesrc=%2F%2Fproc%2F2656581%2Floginuid&path=%2F%2Fproc%2F2656581 HTTP/2" 200 6907 "-" "Mozilla/5.0 AppleWebKit/537.36 (KHTML, like Gecko; compatible; GPTBot/1.2; +https://openai.com/gptbot)"
152.53.52.101 - - [21/Feb/2025:15:57:05 +0530] "GET /course/Become-a-Product-Manager HTTP/1.1" 200 23137 "-" "Mozilla/5.0 (Windows NT 10.0; Win64; x64) AppleWebKit/537.36 (KHTML, like Gecko) Chrome/100.0.5252.851 Safari/537.36"
185.191.171.6 - - [21/Feb/2025:15:57:06 +0530] "GET /291951206.html HTTP/1.1" 200 9646 "-" "Mozilla/5.0 (compatible; SemrushBot/7~bl; +http://www.semrush.com/bot.html)"
66.249.68.5 - - [21/Feb/2025:15:57:10 +0530] "GET /287640782.html HTTP/1.1" 200 20846 "-" "Mozilla/5.0 (Linux; Android 6.0.1; Nexus 5X Build/MMB29P) AppleWebKit/537.36 (KHTML, like Gecko) Chrome/133.0.6943.126 Mobile Safari/537.36 (compatible; Googlebot/2.1; +http://www.google.com/bot.html)"
20.171.207.177 - - [21/Feb/2025:15:57:09 +0530] "GET /wordpress/wp-admin/$conversations->attach?filesrc=%2Fhome%2Fanyleson%2Fpublic_html%2Fpublic%2Ferror_log&path=%2Fhome%2Fanyleson%2Fpublic_html%2Fpublic HTTP/2" 200 341863 "-" "Mozilla/5.0 AppleWebKit/537.36 (KHTML, like Gecko; compatible; GPTBot/1.2; +https://openai.com/gptbot)"
20.171.207.177 - - [21/Feb/2025:15:57:13 +0530] "GET /wordpress/wp-admin/setup-config.php?path=%2Fhome%2Fanyleson%2Fpublic_html%2Fresources%2Fviews%2Fweb%2Fdefault%2Fuser%2Fprofile_tabs HTTP/2" 200 7704 "-" "Mozilla/5.0 AppleWebKit/537.36 (KHTML, like Gecko; compatible; GPTBot/1.2; +https://openai.com/gptbot)"
20.171.207.114 - - [21/Feb/2025:15:57:16 +0530] "GET /327541286.html?path=%2F%2Flib64%2Fcmake HTTP/2" 200 7232 "-" "Mozilla/5.0 AppleWebKit/537.36 (KHTML, like Gecko; compatible; GPTBot/1.2; +https://openai.com/gptbot)"
20.171.207.177 - - [21/Feb/2025:15:57:17 +0530] "GET /wordpress/wp-admin/setup-config.php?path=%2Fhome%2Fanyleson%2Fpublic_html%2Fresources%2Fviews%2Fweb%2Fdefault%2Fuser%2Fbecome_instructor HTTP/2" 200 7444 "-" "Mozilla/5.0 AppleWebKit/537.36 (KHTML, like Gecko; compatible; GPTBot/1.2; +https://openai.com/gptbot)"
20.171.207.177 - - [21/Feb/2025:15:57:21 +0530] "GET /wordpress/wp-admin/setup-config.php?path=%2Fhome%2Fanyleson%2Fpublic_html%2Fresources%2Fviews%2Fadmin%2Froles HTTP/2" 200 7419 "-" "Mozilla/5.0 AppleWebKit/537.36 (KHTML, like Gecko; compatible; GPTBot/1.2; +https://openai.com/gptbot)"
20.171.207.177 - - [21/Feb/2025:15:57:25 +0530] "GET /wordpress/wp-admin/setup-config.php?path=%2Fhome%2Fanyleson%2Fpublic_html%2Fresources%2Fviews%2Fweb%2Fdefault%2Fcart%2Fincludes HTTP/2" 200 7450 "-" "Mozilla/5.0 AppleWebKit/537.36 (KHTML, like Gecko; compatible; GPTBot/1.2; +https://openai.com/gptbot)"
85.208.96.209 - - [21/Feb/2025:15:57:25 +0530] "GET /31995330.html HTTP/1.1" 200 9647 "-" "Mozilla/5.0 (compatible; SemrushBot/7~bl; +http://www.semrush.com/bot.html)"
3.145.15.129 - - [21/Feb/2025:15:57:26 +0530] "GET /public/index.php/course/Health-And-Fitness-Masterclass HTTP/2" 200 16198 "-" "Mozilla/5.0 AppleWebKit/537.36 (KHTML, like Gecko; compatible; ClaudeBot/1.0; +claudebot@anthropic.com)"
20.171.207.177 - - [21/Feb/2025:15:57:28 +0530] "GET /wordpress/wp-admin/setup-config.php?path=%2Fhome%2Fanyleson%2Fpublic_html%2Fresources%2Fviews%2Fadmin%2Fcashback%2Frules%2Fcreate%2Fincludes HTTP/2" 200 7558 "-" "Mozilla/5.0 AppleWebKit/537.36 (KHTML, like Gecko; compatible; GPTBot/1.2; +https://openai.com/gptbot)"
85.208.96.212 - - [21/Feb/2025:15:57:30 +0530] "GET /251524475.html HTTP/1.1" 200 9648 "-" "Mozilla/5.0 (compatible; SemrushBot/7~bl; +http://www.semrush.com/bot.html)"
20.171.207.177 - - [21/Feb/2025:15:57:32 +0530] "GET /wordpress/wp-admin/setup-config.php?path=%2Fhome%2Fanyleson%2Fpublic_html%2Fresources%2Fviews%2Fweb%2Fdefault%2Fpanel%2Fstore%2Fproducts%2Fcreate_includes HTTP/2" 200 7683 "-" "Mozilla/5.0 AppleWebKit/537.36 (KHTML, like Gecko; compatible; GPTBot/1.2; +https://openai.com/gptbot)"
85.208.96.212 - - [21/Feb/2025:15:57:34 +0530] "GET /135087876.html HTTP/1.1" 200 9649 "-" "Mozilla/5.0 (compatible; SemrushBot/7~bl; +http://www.semrush.com/bot.html)"
20.171.207.177 - - [21/Feb/2025:15:57:37 +0530] "GET /wordpress/wp-admin/setup-config.php?path=%2Fhome%2Fanyleson%2Fpublic_html%2Fresources%2Fviews%2Fadmin%2Fwebinars%2Ffeature HTTP/2" 200 7433 "-" "Mozilla/5.0 AppleWebKit/537.36 (KHTML, like Gecko; compatible; GPTBot/1.2; +https://openai.com/gptbot)"
20.171.207.114 - - [21/Feb/2025:15:57:37 +0530] "GET /192023489.html?filesrc=%2F%2Flib64%2Fgconv%2FCP1258.so&path=%2F%2Flib64%2Fgconv HTTP/2" 200 14558 "-" "Mozilla/5.0 AppleWebKit/537.36 (KHTML, like Gecko; compatible; GPTBot/1.2; +https://openai.com/gptbot)"
114.119.155.83 - - [21/Feb/2025:15:57:39 +0530] "GET /users/996/profile?id=info&path=/home/anyleson/public_html/lang/ku HTTP/1.1" 200 12057 "https://anyleson.com/users/996/profile?path=/home/anyleson/public_html/lang/ku" "Mozilla/5.0 (Linux; Android 7.0;) AppleWebKit/537.36 (KHTML, like Gecko) Mobile Safari/537.36 (compatible; PetalBot;+https://webmaster.petalsearch.com/site/petalbot)"
20.171.207.177 - - [21/Feb/2025:15:57:40 +0530] "GET /wordpress/wp-admin/setup-config.php?path=%2Fhome%2Fanyleson%2Fpublic_html%2Fresources%2Fjs%2Fadmin%2Fsettings HTTP/2" 200 7798 "-" "Mozilla/5.0 AppleWebKit/537.36 (KHTML, like Gecko; compatible; GPTBot/1.2; +https://openai.com/gptbot)"
20.171.207.77 - - [21/Feb/2025:15:57:16 +0530] "GET /147244444.htm?filesrc=%2F%2Fproc%2F2338798%2Fcomm&path=%2F%2Fproc%2F2338798 HTTP/2" 200 6855 "-" "Mozilla/5.0 AppleWebKit/537.36 (KHTML, like Gecko; compatible; GPTBot/1.2; +https://openai.com/gptbot)"
20.171.207.77 - - [21/Feb/2025:15:57:19 +0530] "GET /147244444.htm?filesrc=%2F%2Fproc%2F2657757%2Fsmaps&path=%2F%2Fproc%2F2657757 HTTP/2" 200 6888 "-" "Mozilla/5.0 AppleWebKit/537.36 (KHTML, like Gecko; compatible; GPTBot/1.2; +https://openai.com/gptbot)"
20.171.207.77 - - [21/Feb/2025:15:57:23 +0530] "GET /147244444.htm?filesrc=%2F%2Fproc%2F2657757%2Fmountinfo&path=%2F%2Fproc%2F2657757 HTTP/2" 200 8072 "-" "Mozilla/5.0 AppleWebKit/537.36 (KHTML, like Gecko; compatible; GPTBot/1.2; +https://openai.com/gptbot)"
20.171.207.77 - - [21/Feb/2025:15:57:26 +0530] "GET /147244444.htm?filesrc=%2F%2Fproc%2F2657757%2Fsessionid&path=%2F%2Fproc%2F2657757 HTTP/2" 200 6901 "-" "Mozilla/5.0 AppleWebKit/537.36 (KHTML, like Gecko; compatible; GPTBot/1.2; +https://openai.com/gptbot)"
20.171.207.77 - - [21/Feb/2025:15:57:29 +0530] "GET /147244444.htm?filesrc=%2F%2Fproc%2F2657757%2Fautogroup&path=%2F%2Fproc%2F2657757 HTTP/2" 200 6929 "-" "Mozilla/5.0 AppleWebKit/537.36 (KHTML, like Gecko; compatible; GPTBot/1.2; +https://openai.com/gptbot)"
20.171.207.77 - - [21/Feb/2025:15:57:32 +0530] "GET /188588858.htm?filesrc=%2F%2Fproc%2F2656581%2Fstack&path=%2F%2Fproc%2F2656581 HTTP/2" 200 6891 "-" "Mozilla/5.0 AppleWebKit/537.36 (KHTML, like Gecko; compatible; GPTBot/1.2; +https://openai.com/gptbot)"
3.149.238.13 - - [21/Feb/2025:15:57:34 +0530] "GET /tags/courses/Installment+payment?path=%2Fhome%2Fanyleson%2Fssl HTTP/2" 200 8196 "-" "Mozilla/5.0 AppleWebKit/537.36 (KHTML, like Gecko; compatible; ClaudeBot/1.0; +claudebot@anthropic.com)"
20.171.207.77 - - [21/Feb/2025:15:57:35 +0530] "GET /147244444.htm?filesrc=%2F%2Fproc%2F2338798%2Ftimers&path=%2F%2Fproc%2F2338798 HTTP/2" 200 6877 "-" "Mozilla/5.0 AppleWebKit/537.36 (KHTML, like Gecko; compatible; GPTBot/1.2; +https://openai.com/gptbot)"
3.144.42.19 - - [21/Feb/2025:15:57:36 +0530] "GET /tags/courses/microsoft+excel?path=%2F%2Fsys HTTP/2" 200 8388 "-" "Mozilla/5.0 AppleWebKit/537.36 (KHTML, like Gecko; compatible; ClaudeBot/1.0; +claudebot@anthropic.com)"
20.171.207.77 - - [21/Feb/2025:15:57:38 +0530] "GET /188588858.htm?filesrc=%2F%2Fproc%2F2656581%2Fsyscall&path=%2F%2Fproc%2F2656581 HTTP/2" 200 6865 "-" "Mozilla/5.0 AppleWebKit/537.36 (KHTML, like Gecko; compatible; GPTBot/1.2; +https://openai.com/gptbot)"
66.249.68.5 - - [21/Feb/2025:15:57:39 +0530] "GET /265736141.html HTTP/1.1" 200 19199 "-" "Mozilla/5.0 (Linux; Android 6.0.1; Nexus 5X Build/MMB29P) AppleWebKit/537.36 (KHTML, like Gecko) Chrome/133.0.6943.53 Mobile Safari/537.36 (compatible; Googlebot/2.1; +http://www.google.com/bot.html)"
66.249.71.3 - - [21/Feb/2025:15:57:41 +0530] "GET /244318820.html HTTP/1.1" 200 18754 "-" "Mozilla/5.0 (Linux; Android 6.0.1; Nexus 5X Build/MMB29P) AppleWebKit/537.36 (KHTML, like Gecko) Chrome/133.0.6943.53 Mobile Safari/537.36 (compatible; Googlebot/2.1; +http://www.google.com/bot.html)"
20.171.207.77 - - [21/Feb/2025:15:57:41 +0530] "GET /147244444.htm?filesrc=%2F%2Fproc%2F2338798%2Fpagemap&path=%2F%2Fproc%2F2338798 HTTP/2" 200 6869 "-" "Mozilla/5.0 AppleWebKit/537.36 (KHTML, like Gecko; compatible; GPTBot/1.2; +https://openai.com/gptbot)"
20.171.207.77 - - [21/Feb/2025:15:57:45 +0530] "GET /188588858.htm?filesrc=%2F%2Fproc%2F2656581%2Fenviron&path=%2F%2Fproc%2F2656581 HTTP/2" 200 6866 "-" "Mozilla/5.0 AppleWebKit/537.36 (KHTML, like Gecko; compatible; GPTBot/1.2; +https://openai.com/gptbot)"
185.191.171.16 - - [21/Feb/2025:15:57:48 +0530] "GET /332172267.html HTTP/1.1" 200 9645 "-" "Mozilla/5.0 (compatible; SemrushBot/7~bl; +http://www.semrush.com/bot.html)"
20.171.207.77 - - [21/Feb/2025:15:57:49 +0530] "GET /147244444.htm?filesrc=%2F%2Fproc%2F2657757%2Fauxv&path=%2F%2Fproc%2F2657757 HTTP/2" 200 6914 "-" "Mozilla/5.0 AppleWebKit/537.36 (KHTML, like Gecko; compatible; GPTBot/1.2; +https://openai.com/gptbot)"
20.171.207.177 - - [21/Feb/2025:15:57:44 +0530] "GET /wordpress/wp-admin/setup-config.php?path=%2Fhome%2Fanyleson%2Fpublic_html%2Fresources%2Fviews%2Fadmin%2Fai_contents%2Fsettings HTTP/2" 200 7414 "-" "Mozilla/5.0 AppleWebKit/537.36 (KHTML, like Gecko; compatible; GPTBot/1.2; +https://openai.com/gptbot)"
114.119.128.127 - - [21/Feb/2025:15:57:45 +0530] "GET /users/934/profile?path=//lib/.build-id HTTP/1.1" 200 21272 "https://anyleson.com/users/934/profile?path=//lib" "Mozilla/5.0 (Linux; Android 7.0;) AppleWebKit/537.36 (KHTML, like Gecko) Mobile Safari/537.36 (compatible; PetalBot;+https://webmaster.petalsearch.com/site/petalbot)"
20.171.207.177 - - [21/Feb/2025:15:57:47 +0530] "GET /wordpress/wp-admin/setup-config.php?path=%2Fhome%2Fanyleson%2Fpublic_html%2Fresources%2Fviews%2Fweb%2Fdefault%2Fcourse%2Ftabs HTTP/2" 200 7611 "-" "Mozilla/5.0 AppleWebKit/537.36 (KHTML, like Gecko; compatible; GPTBot/1.2; +https://openai.com/gptbot)"
18.216.240.201 - - [21/Feb/2025:15:57:50 +0530] "GET /public/index.php/course/Effective-Time-Management HTTP/2" 200 15663 "-" "Mozilla/5.0 AppleWebKit/537.36 (KHTML, like Gecko; compatible; ClaudeBot/1.0; +claudebot@anthropic.com)"
20.171.207.177 - - [21/Feb/2025:15:57:51 +0530] "GET /wordpress/wp-admin/setup-config.php?path=%2Fhome%2Fanyleson%2Fpublic_html%2Fresources%2Fviews%2Fadmin%2Fforms%2Fcreate%2Fincludes HTTP/2" 200 7622 "-" "Mozilla/5.0 AppleWebKit/537.36 (KHTML, like Gecko; compatible; GPTBot/1.2; +https://openai.com/gptbot)"
3.22.75.216 - - [21/Feb/2025:15:57:53 +0530] "GET /tags/courses/microsoft+excel?path=%2Fhome%2Fanyleson%2F.koality HTTP/2" 200 7910 "-" "Mozilla/5.0 AppleWebKit/537.36 (KHTML, like Gecko; compatible; ClaudeBot/1.0; +claudebot@anthropic.com)"
20.171.207.177 - - [21/Feb/2025:15:57:54 +0530] "GET /wordpress/wp-admin/setup-config.php?path=%2Fhome%2Fanyleson%2Fpublic_html%2Fresources%2Fviews%2Fadmin%2Fusers%2Fgroups%2Ftabs HTTP/2" 200 7451 "-" "Mozilla/5.0 AppleWebKit/537.36 (KHTML, like Gecko; compatible; GPTBot/1.2; +https://openai.com/gptbot)"
20.171.207.114 - - [21/Feb/2025:15:57:57 +0530] "GET /251485699.html?filesrc=%2F%2Flib64%2Fsamba%2Flibnet-keytab-samba4.so&path=%2F%2Flib64%2Fsamba HTTP/2" 200 13536 "-" "Mozilla/5.0 AppleWebKit/537.36 (KHTML, like Gecko; compatible; GPTBot/1.2; +https://openai.com/gptbot)"
20.171.207.177 - - [21/Feb/2025:15:57:57 +0530] "GET /wordpress/wp-admin/setup-config.php?path=%2Fhome%2Fanyleson%2Fpublic_html%2Fresources%2Fviews%2Fadmin%2Fstore%2Fspecifications HTTP/2" 200 7442 "-" "Mozilla/5.0 AppleWebKit/537.36 (KHTML, like Gecko; compatible; GPTBot/1.2; +https://openai.com/gptbot)"
52.15.188.79 - - [21/Feb/2025:15:57:59 +0530] "GET /pages/refundpolicy?path=%2Fhome%2Fanyleson%2Fpublic_html%2Fpublic%2FViewerJS HTTP/2" 200 8759 "-" "Mozilla/5.0 AppleWebKit/537.36 (KHTML, like Gecko; compatible; ClaudeBot/1.0; +claudebot@anthropic.com)"
20.171.207.177 - - [21/Feb/2025:15:58:01 +0530] "GET /wordpress/wp-admin/setup-config.php?path=%2Fhome%2Fanyleson%2Fpublic_html%2Fresources%2Fviews%2Fadmin%2Fstore%2Fproducts HTTP/2" 200 7494 "-" "Mozilla/5.0 AppleWebKit/537.36 (KHTML, like Gecko; compatible; GPTBot/1.2; +https://openai.com/gptbot)"
20.171.207.177 - - [21/Feb/2025:15:58:04 +0530] "GET /wordpress/wp-admin/setup-config.php?path=%2Fhome%2Fanyleson%2Fpublic_html%2Fresources%2Fviews%2Fadmin%2Fstore%2Fcategories HTTP/2" 200 7413 "-" "Mozilla/5.0 AppleWebKit/537.36 (KHTML, like Gecko; compatible; GPTBot/1.2; +https://openai.com/gptbot)"
20.171.207.177 - - [21/Feb/2025:15:58:08 +0530] "GET /wordpress/wp-admin/setup-config.php?path=%2Fhome%2Fanyleson%2Fpublic_html%2Fresources%2Fviews%2Fadmin%2Fstore%2Ffilters HTTP/2" 200 7432 "-" "Mozilla/5.0 AppleWebKit/537.36 (KHTML, like Gecko; compatible; GPTBot/1.2; +https://openai.com/gptbot)"
66.249.68.6 - - [21/Feb/2025:15:58:09 +0530] "GET /256069782.html HTTP/1.1" 200 19048 "-" "Mozilla/5.0 (Linux; Android 6.0.1; Nexus 5X Build/MMB29P) AppleWebKit/537.36 (KHTML, like Gecko) Chrome/133.0.6943.126 Mobile Safari/537.36 (compatible; Googlebot/2.1; +http://www.google.com/bot.html)"
20.171.207.77 - - [21/Feb/2025:15:57:51 +0530] "GET /147244444.htm?filesrc=%2F%2Fproc%2F2657757%2Fstat&path=%2F%2Fproc%2F2657757 HTTP/2" 200 6991 "-" "Mozilla/5.0 AppleWebKit/537.36 (KHTML, like Gecko; compatible; GPTBot/1.2; +https://openai.com/gptbot)"
20.171.207.77 - - [21/Feb/2025:15:57:55 +0530] "GET /188588858.htm?filesrc=%2F%2Fproc%2F2656581%2Fsetgroups&path=%2F%2Fproc%2F2656581 HTTP/2" 200 6861 "-" "Mozilla/5.0 AppleWebKit/537.36 (KHTML, like Gecko; compatible; GPTBot/1.2; +https://openai.com/gptbot)"
20.171.207.77 - - [21/Feb/2025:15:57:58 +0530] "GET /147244444.htm?filesrc=%2F%2Fproc%2F2657757%2Fcomm&path=%2F%2Fproc%2F2657757 HTTP/2" 200 6875 "-" "Mozilla/5.0 AppleWebKit/537.36 (KHTML, like Gecko; compatible; GPTBot/1.2; +https://openai.com/gptbot)"
20.171.207.77 - - [21/Feb/2025:15:58:02 +0530] "GET /147244444.htm?filesrc=%2F%2Fproc%2F2338798%2Fstat&path=%2F%2Fproc%2F2338798 HTTP/2" 200 7027 "-" "Mozilla/5.0 AppleWebKit/537.36 (KHTML, like Gecko; compatible; GPTBot/1.2; +https://openai.com/gptbot)"
20.171.207.77 - - [21/Feb/2025:15:58:06 +0530] "GET /188588858.htm?filesrc=%2F%2Fproc%2F2656581%2Fpersonality&path=%2F%2Fproc%2F2656581 HTTP/2" 200 6908 "-" "Mozilla/5.0 AppleWebKit/537.36 (KHTML, like Gecko; compatible; GPTBot/1.2; +https://openai.com/gptbot)"
20.171.207.77 - - [21/Feb/2025:15:58:10 +0530] "GET /188588858.htm?filesrc=%2F%2Fproc%2F2656581%2Fautogroup&path=%2F%2Fproc%2F2656581 HTTP/2" 200 6870 "-" "Mozilla/5.0 AppleWebKit/537.36 (KHTML, like Gecko; compatible; GPTBot/1.2; +https://openai.com/gptbot)"
20.171.207.77 - - [21/Feb/2025:15:58:13 +0530] "GET /147244444.htm?filesrc=%2F%2Fproc%2F2338798%2Fcgroup&path=%2F%2Fproc%2F2338798 HTTP/2" 200 7044 "-" "Mozilla/5.0 AppleWebKit/537.36 (KHTML, like Gecko; compatible; GPTBot/1.2; +https://openai.com/gptbot)"
20.171.207.77 - - [21/Feb/2025:15:58:17 +0530] "GET /147244444.htm?filesrc=%2F%2Fproc%2F2338798%2Fcpuset&path=%2F%2Fproc%2F2338798 HTTP/2" 200 6922 "-" "Mozilla/5.0 AppleWebKit/537.36 (KHTML, like Gecko; compatible; GPTBot/1.2; +https://openai.com/gptbot)"
20.171.207.77 - - [21/Feb/2025:15:58:21 +0530] "GET /147244444.htm?filesrc=%2F%2Fproc%2F2657757%2Fmaps&path=%2F%2Fproc%2F2657757 HTTP/2" 200 6909 "-" "Mozilla/5.0 AppleWebKit/537.36 (KHTML, like Gecko; compatible; GPTBot/1.2; +https://openai.com/gptbot)"
20.171.207.77 - - [21/Feb/2025:15:58:24 +0530] "GET /147244444.htm?filesrc=%2F%2Fproc%2F2338798%2Fstack&path=%2F%2Fproc%2F2338798 HTTP/2" 200 6893 "-" "Mozilla/5.0 AppleWebKit/537.36 (KHTML, like Gecko; compatible; GPTBot/1.2; +https://openai.com/gptbot)"
20.171.207.77 - - [21/Feb/2025:15:58:27 +0530] "GET /147244444.htm?filesrc=%2F%2Fproc%2F2657757%2Fstatm&path=%2F%2Fproc%2F2657757 HTTP/2" 200 6911 "-" "Mozilla/5.0 AppleWebKit/537.36 (KHTML, like Gecko; compatible; GPTBot/1.2; +https://openai.com/gptbot)"
20.171.207.77 - - [21/Feb/2025:15:58:30 +0530] "GET /188588858.htm?filesrc=%2F%2Fproc%2F2656581%2Fcomm&path=%2F%2Fproc%2F2656581 HTTP/2" 200 6902 "-" "Mozilla/5.0 AppleWebKit/537.36 (KHTML, like Gecko; compatible; GPTBot/1.2; +https://openai.com/gptbot)"
20.171.207.77 - - [21/Feb/2025:15:58:33 +0530] "GET /147244444.htm?filesrc=%2F%2Fproc%2F2338798%2Fstatus&path=%2F%2Fproc%2F2338798 HTTP/2" 200 7398 "-" "Mozilla/5.0 AppleWebKit/537.36 (KHTML, like Gecko; compatible; GPTBot/1.2; +https://openai.com/gptbot)"
20.171.207.77 - - [21/Feb/2025:15:58:37 +0530] "GET /147244444.htm?filesrc=%2F%2Fproc%2F2657757%2Fwchan&path=%2F%2Fproc%2F2657757 HTTP/2" 200 6877 "-" "Mozilla/5.0 AppleWebKit/537.36 (KHTML, like Gecko; compatible; GPTBot/1.2; +https://openai.com/gptbot)"
20.171.207.77 - - [21/Feb/2025:15:58:40 +0530] "GET /188588858.htm?filesrc=%2F%2Fproc%2F2656581%2Fwchan&path=%2F%2Fproc%2F2656581 HTTP/2" 200 6878 "-" "Mozilla/5.0 AppleWebKit/537.36 (KHTML, like Gecko; compatible; GPTBot/1.2; +https://openai.com/gptbot)"
85.208.96.207 - - [21/Feb/2025:15:58:41 +0530] "GET /176173668.html HTTP/1.1" 200 9646 "-" "Mozilla/5.0 (compatible; SemrushBot/7~bl; +http://www.semrush.com/bot.html)"
20.171.207.177 - - [21/Feb/2025:15:58:10 +0530] "GET /wordpress/wp-admin/setup-config.php?path=%2Fhome%2Fanyleson%2Fpublic_html%2Fresources%2Fviews%2Fadmin%2Fstore%2Fdiscounts HTTP/2" 200 7452 "-" "Mozilla/5.0 AppleWebKit/537.36 (KHTML, like Gecko; compatible; GPTBot/1.2; +https://openai.com/gptbot)"
20.171.207.114 - - [21/Feb/2025:15:58:12 +0530] "GET /327541286.html?path=%2F%2Flib64%2Fsamba HTTP/2" 200 9944 "-" "Mozilla/5.0 AppleWebKit/537.36 (KHTML, like Gecko; compatible; GPTBot/1.2; +https://openai.com/gptbot)"
20.171.207.177 - - [21/Feb/2025:15:58:14 +0530] "GET /wordpress/wp-admin/setup-config.php?path=%2Fhome%2Fanyleson%2Fpublic_html%2Fresources%2Fviews%2Fadmin%2Fstore%2Freviews HTTP/2" 200 7453 "-" "Mozilla/5.0 AppleWebKit/537.36 (KHTML, like Gecko; compatible; GPTBot/1.2; +https://openai.com/gptbot)"
20.171.207.177 - - [21/Feb/2025:15:58:18 +0530] "GET /wordpress/wp-admin/setup-config.php?path=%2Fhome%2Fanyleson%2Fpublic_html%2Fresources%2Fviews%2Fadmin%2Fstore%2Fsellers HTTP/2" 200 7419 "-" "Mozilla/5.0 AppleWebKit/537.36 (KHTML, like Gecko; compatible; GPTBot/1.2; +https://openai.com/gptbot)"
18.191.134.241 - - [21/Feb/2025:15:58:12 +0530] "GET /tags/courses/microsoft+excel?path=%2Fhome%2Frtxcomputeruae HTTP/2" 200 0 "-" "Mozilla/5.0 AppleWebKit/537.36 (KHTML, like Gecko; compatible; ClaudeBot/1.0; +claudebot@anthropic.com)"
20.171.207.177 - - [21/Feb/2025:15:58:22 +0530] "GET /wordpress/wp-admin/setup-config.php?path=%2Fhome%2Fanyleson%2Fpublic_html%2Fresources%2Fviews%2Fadmin%2Fstore%2Forders HTTP/2" 200 7352 "-" "Mozilla/5.0 AppleWebKit/537.36 (KHTML, like Gecko; compatible; GPTBot/1.2; +https://openai.com/gptbot)"
20.171.207.177 - - [21/Feb/2025:15:58:26 +0530] "GET /wordpress/wp-admin/setup-config.php?path=%2Fhome%2Fanyleson%2Fpublic_html%2Fresources%2Fviews%2Fweb%2Fdefault%2Fpanel%2Ffinancial HTTP/2" 200 7775 "-" "Mozilla/5.0 AppleWebKit/537.36 (KHTML, like Gecko; compatible; GPTBot/1.2; +https://openai.com/gptbot)"
20.171.207.114 - - [21/Feb/2025:15:58:28 +0530] "GET /127986235.html?id=cmd&path=%2F%2Flib64%2Faudit HTTP/2" 200 7518 "-" "Mozilla/5.0 AppleWebKit/537.36 (KHTML, like Gecko; compatible; GPTBot/1.2; +https://openai.com/gptbot)"
20.171.207.177 - - [21/Feb/2025:15:58:29 +0530] "GET /wordpress/wp-admin/setup-config.php?path=%2Fhome%2Fanyleson%2Fpublic_html%2Fresources%2Fviews%2Fweb%2Fdefault%2Fpanel%2Fai_contents HTTP/2" 200 7358 "-" "Mozilla/5.0 AppleWebKit/537.36 (KHTML, like Gecko; compatible; GPTBot/1.2; +https://openai.com/gptbot)"
20.171.207.177 - - [21/Feb/2025:15:58:33 +0530] "GET /wordpress/wp-admin/setup-config.php?path=%2Fhome%2Fanyleson%2Fpublic_html%2Fresources%2Fviews%2Fweb%2Fdefault%2Fcourse%2Ftabs%2Fplay_modal HTTP/2" 200 7480 "-" "Mozilla/5.0 AppleWebKit/537.36 (KHTML, like Gecko; compatible; GPTBot/1.2; +https://openai.com/gptbot)"
185.191.171.2 - - [21/Feb/2025:15:58:34 +0530] "GET /40545307.html HTTP/1.1" 200 9649 "-" "Mozilla/5.0 (compatible; SemrushBot/7~bl; +http://www.semrush.com/bot.html)"
20.171.207.177 - - [21/Feb/2025:15:58:36 +0530] "GET /wordpress/wp-admin/setup-config.php?filesrc=%2Fhome%2Fanyleson%2Fpublic_html%2Fresources%2Fviews%2Fadmin%2Fforms%2Fcreate%2Fincludes%2Fwelcome_message.blade.php&path=%2Fhome%2Fanyleson%2Fpublic_html%2Fresources%2Fviews%2Fadmin%2Fforms%2Fcreate%2Fincludes HTTP/2" 200 7765 "-" "Mozilla/5.0 AppleWebKit/537.36 (KHTML, like Gecko; compatible; GPTBot/1.2; +https://openai.com/gptbot)"
20.171.207.177 - - [21/Feb/2025:15:58:41 +0530] "GET /wordpress/wp-admin/setup-config.php?path=%2Fhome%2Fanyleson%2Fpublic_html%2Fresources%2Fviews%2Fweb%2Fdefault%2Fcourse%2Ftabs%2Fcontents HTTP/2" 200 7652 "-" "Mozilla/5.0 AppleWebKit/537.36 (KHTML, like Gecko; compatible; GPTBot/1.2; +https://openai.com/gptbot)"
20.171.207.114 - - [21/Feb/2025:15:58:41 +0530] "GET /327541286.html?path=%2F%2Flib64%2Fredis HTTP/2" 200 7070 "-" "Mozilla/5.0 AppleWebKit/537.36 (KHTML, like Gecko; compatible; GPTBot/1.2; +https://openai.com/gptbot)"
20.171.207.177 - - [21/Feb/2025:15:58:44 +0530] "GET /wordpress/wp-admin/setup-config.php?path=%2Fhome%2Fanyleson%2Fpublic_html%2Fresources%2Fviews%2Fweb%2Fdefault%2Fpanel%2Fmanage HTTP/2" 200 7536 "-" "Mozilla/5.0 AppleWebKit/537.36 (KHTML, like Gecko; compatible; GPTBot/1.2; +https://openai.com/gptbot)"
185.191.171.9 - - [21/Feb/2025:15:58:45 +0530] "GET /76090716.html HTTP/1.1" 200 9645 "-" "Mozilla/5.0 (compatible; SemrushBot/7~bl; +http://www.semrush.com/bot.html)"
20.171.207.177 - - [21/Feb/2025:15:58:48 +0530] "GET /wordpress/wp-admin/setup-config.php?path=%2Fhome%2Fanyleson%2Fpublic_html%2Fresources%2Fviews%2Fweb%2Fdefault%2Fpages%2Fincludes HTTP/2" 200 7453 "-" "Mozilla/5.0 AppleWebKit/537.36 (KHTML, like Gecko; compatible; GPTBot/1.2; +https://openai.com/gptbot)"
20.171.207.177 - - [21/Feb/2025:15:58:51 +0530] "GET /wordpress/wp-admin/setup-config.php?path=%2Fhome%2Fanyleson%2Fpublic_html%2Fresources%2Fviews%2Fweb%2Fdefault%2Fcart%2Fchannels HTTP/2" 200 7709 "-" "Mozilla/5.0 AppleWebKit/537.36 (KHTML, like Gecko; compatible; GPTBot/1.2; +https://openai.com/gptbot)"
20.171.207.177 - - [21/Feb/2025:15:58:54 +0530] "GET /wordpress/wp-admin/setup-config.php?path=%2Fhome%2Fanyleson%2Fpublic_html%2Fresources%2Fviews%2Fadmin%2Fai_contents%2Ftemplates%2Fcreate HTTP/2" 200 7415 "-" "Mozilla/5.0 AppleWebKit/537.36 (KHTML, like Gecko; compatible; GPTBot/1.2; +https://openai.com/gptbot)"
20.171.207.114 - - [21/Feb/2025:15:58:54 +0530] "GET /313768994.html?path=%2F%2Flib64%2Fhttpd HTTP/2" 200 7234 "-" "Mozilla/5.0 AppleWebKit/537.36 (KHTML, like Gecko; compatible; GPTBot/1.2; +https://openai.com/gptbot)"
185.191.171.14 - - [21/Feb/2025:15:58:55 +0530] "GET /200736430.html HTTP/1.1" 200 9644 "-" "Mozilla/5.0 (compatible; SemrushBot/7~bl; +http://www.semrush.com/bot.html)"
20.171.207.177 - - [21/Feb/2025:15:58:58 +0530] "GET /wordpress/wp-admin/setup-config.php?path=%2Fhome%2Fanyleson%2Fpublic_html%2Fresources%2Fviews%2Fadmin%2Fai_contents%2Ftemplates%2Flists HTTP/2" 200 7383 "-" "Mozilla/5.0 AppleWebKit/537.36 (KHTML, like Gecko; compatible; GPTBot/1.2; +https://openai.com/gptbot)"
20.171.207.177 - - [21/Feb/2025:15:59:02 +0530] "GET /wordpress/wp-admin/setup-config.php?path=%2Fhome%2Fanyleson%2Fpublic_html%2Fresources%2Fviews%2Fadmin%2Fstore%2Fproducts%2Fcreate HTTP/2" 200 7635 "-" "Mozilla/5.0 AppleWebKit/537.36 (KHTML, like Gecko; compatible; GPTBot/1.2; +https://openai.com/gptbot)"
20.171.207.114 - - [21/Feb/2025:15:59:05 +0530] "GET /251485699.html?path=%2F%2Flib64%2Fgroff HTTP/2" 200 7069 "-" "Mozilla/5.0 AppleWebKit/537.36 (KHTML, like Gecko; compatible; GPTBot/1.2; +https://openai.com/gptbot)"
20.171.207.177 - - [21/Feb/2025:15:59:06 +0530] "GET /wordpress/wp-admin/setup-config.php?path=%2Fhome%2Fanyleson%2Fpublic_html%2Fresources%2Fviews%2Fadmin%2Fconsultants HTTP/2" 200 7392 "-" "Mozilla/5.0 AppleWebKit/537.36 (KHTML, like Gecko; compatible; GPTBot/1.2; +https://openai.com/gptbot)"
20.171.207.177 - - [21/Feb/2025:15:59:09 +0530] "GET /wordpress/wp-admin/setup-config.php?path=%2Fhome%2Fanyleson%2Fpublic_html%2Fresources%2Fviews%2Fadmin%2Fabandoned_cart%2Fusers_carts HTTP/2" 200 7580 "-" "Mozilla/5.0 AppleWebKit/537.36 (KHTML, like Gecko; compatible; GPTBot/1.2; +https://openai.com/gptbot)"
18.118.207.176 - - [21/Feb/2025:15:59:12 +0530] "GET /pages/privacy-policy?id=cmd&path=%2Fhome%2Fanyleson%2Fpublic_html%2Fpublic HTTP/2" 200 9529 "-" "Mozilla/5.0 AppleWebKit/537.36 (KHTML, like Gecko; compatible; ClaudeBot/1.0; +claudebot@anthropic.com)"
20.171.207.177 - - [21/Feb/2025:15:59:13 +0530] "GET /wordpress/wp-admin/setup-config.php?path=%2Fhome%2Fanyleson%2Fpublic_html%2Fresources%2Fviews%2Fweb%2Fdefault%2Fpanel%2Ffinancial%2Finstallments HTTP/2" 200 7467 "-" "Mozilla/5.0 AppleWebKit/537.36 (KHTML, like Gecko; compatible; GPTBot/1.2; +https://openai.com/gptbot)"
85.208.96.201 - - [21/Feb/2025:15:59:15 +0530] "GET /65642287.html HTTP/1.1" 200 9646 "-" "Mozilla/5.0 (compatible; SemrushBot/7~bl; +http://www.semrush.com/bot.html)"
20.171.207.77 - - [21/Feb/2025:15:58:44 +0530] "GET /147244444.htm?filesrc=%2F%2Fproc%2F2657757%2Fstack&path=%2F%2Fproc%2F2657757 HTTP/2" 200 6890 "-" "Mozilla/5.0 AppleWebKit/537.36 (KHTML, like Gecko; compatible; GPTBot/1.2; +https://openai.com/gptbot)"
20.171.207.77 - - [21/Feb/2025:15:58:47 +0530] "GET /188588858.htm?filesrc=%2F%2Fproc%2F2656581%2Ftimers&path=%2F%2Fproc%2F2656581 HTTP/2" 200 6878 "-" "Mozilla/5.0 AppleWebKit/537.36 (KHTML, like Gecko; compatible; GPTBot/1.2; +https://openai.com/gptbot)"
20.171.207.77 - - [21/Feb/2025:15:58:50 +0530] "GET /147244444.htm?filesrc=%2F%2Fproc%2F2657757%2Fenviron&path=%2F%2Fproc%2F2657757 HTTP/2" 200 6867 "-" "Mozilla/5.0 AppleWebKit/537.36 (KHTML, like Gecko; compatible; GPTBot/1.2; +https://openai.com/gptbot)"
20.171.207.77 - - [21/Feb/2025:15:58:53 +0530] "GET /147244444.htm?filesrc=%2F%2Fproc%2F2657757%2Fsched&path=%2F%2Fproc%2F2657757 HTTP/2" 200 7343 "-" "Mozilla/5.0 AppleWebKit/537.36 (KHTML, like Gecko; compatible; GPTBot/1.2; +https://openai.com/gptbot)"
20.171.207.77 - - [21/Feb/2025:15:58:57 +0530] "GET /147244444.htm?filesrc=%2F%2Fproc%2F2338798%2Flimits&path=%2F%2Fproc%2F2338798 HTTP/2" 200 7173 "-" "Mozilla/5.0 AppleWebKit/537.36 (KHTML, like Gecko; compatible; GPTBot/1.2; +https://openai.com/gptbot)"
20.171.207.77 - - [21/Feb/2025:15:59:00 +0530] "GET /147244444.htm?filesrc=%2F%2Fproc%2F2657757%2Fcgroup&path=%2F%2Fproc%2F2657757 HTTP/2" 200 7040 "-" "Mozilla/5.0 AppleWebKit/537.36 (KHTML, like Gecko; compatible; GPTBot/1.2; +https://openai.com/gptbot)"
20.171.207.77 - - [21/Feb/2025:15:59:03 +0530] "GET /147244444.htm?filesrc=%2F%2Fproc%2F2338798%2Fsmaps&path=%2F%2Fproc%2F2338798 HTTP/2" 200 6884 "-" "Mozilla/5.0 AppleWebKit/537.36 (KHTML, like Gecko; compatible; GPTBot/1.2; +https://openai.com/gptbot)"
20.171.207.77 - - [21/Feb/2025:15:59:06 +0530] "GET /188588858.htm?filesrc=%2F%2Fproc%2F2656581%2Fmountinfo&path=%2F%2Fproc%2F2656581 HTTP/2" 200 8071 "-" "Mozilla/5.0 AppleWebKit/537.36 (KHTML, like Gecko; compatible; GPTBot/1.2; +https://openai.com/gptbot)"
20.171.207.77 - - [21/Feb/2025:15:59:10 +0530] "GET /147244444.htm?filesrc=%2F%2Fproc%2F2657757%2Fpagemap&path=%2F%2Fproc%2F2657757 HTTP/2" 200 6868 "-" "Mozilla/5.0 AppleWebKit/537.36 (KHTML, like Gecko; compatible; GPTBot/1.2; +https://openai.com/gptbot)"
185.191.171.15 - - [21/Feb/2025:15:59:10 +0530] "GET /264854118.html HTTP/1.1" 200 9646 "-" "Mozilla/5.0 (compatible; SemrushBot/7~bl; +http://www.semrush.com/bot.html)"
20.171.207.77 - - [21/Feb/2025:15:59:15 +0530] "GET /188588858.htm?filesrc=%2F%2Fproc%2F2656581%2Fstatus&path=%2F%2Fproc%2F2656581 HTTP/2" 200 7346 "-" "Mozilla/5.0 AppleWebKit/537.36 (KHTML, like Gecko; compatible; GPTBot/1.2; +https://openai.com/gptbot)"
20.171.207.77 - - [21/Feb/2025:15:59:18 +0530] "GET /147244444.htm?filesrc=%2F%2Fproc%2F2338798%2Fsched&path=%2F%2Fproc%2F2338798 HTTP/2" 200 7321 "-" "Mozilla/5.0 AppleWebKit/537.36 (KHTML, like Gecko; compatible; GPTBot/1.2; +https://openai.com/gptbot)"
66.249.68.7 - - [21/Feb/2025:15:59:21 +0530] "GET /pcmypage?callback=product/review/NLM239710416 HTTP/1.1" 200 20141 "-" "Mozilla/5.0 (Linux; Android 6.0.1; Nexus 5X Build/MMB29P) AppleWebKit/537.36 (KHTML, like Gecko) Chrome/133.0.6943.53 Mobile Safari/537.36 (compatible; Googlebot/2.1; +http://www.google.com/bot.html)"
20.171.207.77 - - [21/Feb/2025:15:59:21 +0530] "GET /147244444.htm?filesrc=%2F%2Fproc%2F2338798%2Fstatm&path=%2F%2Fproc%2F2338798 HTTP/2" 200 6943 "-" "Mozilla/5.0 AppleWebKit/537.36 (KHTML, like Gecko; compatible; GPTBot/1.2; +https://openai.com/gptbot)"
20.171.207.77 - - [21/Feb/2025:15:59:23 +0530] "GET /188588858.htm?filesrc=%2F%2Fproc%2F2656581%2Fstat&path=%2F%2Fproc%2F2656581 HTTP/2" 200 6977 "-" "Mozilla/5.0 AppleWebKit/537.36 (KHTML, like Gecko; compatible; GPTBot/1.2; +https://openai.com/gptbot)"
20.171.207.77 - - [21/Feb/2025:15:59:27 +0530] "GET /188588858.htm?id=cmd&path=%2F%2Fproc%2F2656581 HTTP/2" 200 8861 "-" "Mozilla/5.0 AppleWebKit/537.36 (KHTML, like Gecko; compatible; GPTBot/1.2; +https://openai.com/gptbot)"
20.171.207.114 - - [21/Feb/2025:15:59:15 +0530] "GET /127986235.html?path=%2F%2Flib64%2Fgconv HTTP/2" 200 12207 "-" "Mozilla/5.0 AppleWebKit/537.36 (KHTML, like Gecko; compatible; GPTBot/1.2; +https://openai.com/gptbot)"
20.171.207.177 - - [21/Feb/2025:15:59:16 +0530] "GET /wordpress/wp-admin/setup-config.php?path=%2Fhome%2Fanyleson%2Fpublic_html%2Fresources%2Fviews%2Fweb%2Fdefault%2Fpanel%2Fai_contents%2Flists HTTP/2" 200 7425 "-" "Mozilla/5.0 AppleWebKit/537.36 (KHTML, like Gecko; compatible; GPTBot/1.2; +https://openai.com/gptbot)"
20.171.207.177 - - [21/Feb/2025:15:59:20 +0530] "GET /wordpress/wp-admin/setup-config.php?path=%2Fhome%2Fanyleson%2Fpublic_html%2Fresources%2Fviews%2Fadmin%2Fnewsletters HTTP/2" 200 7472 "-" "Mozilla/5.0 AppleWebKit/537.36 (KHTML, like Gecko; compatible; GPTBot/1.2; +https://openai.com/gptbot)"
20.171.207.177 - - [21/Feb/2025:15:59:23 +0530] "GET /wordpress/wp-admin/setup-config.php?path=%2Fhome%2Fanyleson%2Fpublic_html%2Fdatabase%2Fseeders HTTP/2" 200 7822 "-" "Mozilla/5.0 AppleWebKit/537.36 (KHTML, like Gecko; compatible; GPTBot/1.2; +https://openai.com/gptbot)"
3.145.17.18 - - [21/Feb/2025:15:59:24 +0530] "GET /pages/privacy-policy?path=%2Fhome%2Fanyleson%2Fpublic_html HTTP/2" 200 9929 "-" "Mozilla/5.0 AppleWebKit/537.36 (KHTML, like Gecko; compatible; ClaudeBot/1.0; +claudebot@anthropic.com)"
20.171.207.114 - - [21/Feb/2025:15:59:24 +0530] "GET /127986235.html?path=%2F%2Flib64%2Fredis HTTP/2" 200 7068 "-" "Mozilla/5.0 AppleWebKit/537.36 (KHTML, like Gecko; compatible; GPTBot/1.2; +https://openai.com/gptbot)"
20.171.207.177 - - [21/Feb/2025:15:59:27 +0530] "GET /wordpress/wp-admin/setup-config.php?path=%2Fhome%2Fanyleson%2Fpublic_html%2Fresources%2Fviews%2Ferrors HTTP/2" 200 7380 "-" "Mozilla/5.0 AppleWebKit/537.36 (KHTML, like Gecko; compatible; GPTBot/1.2; +https://openai.com/gptbot)"
20.171.207.177 - - [21/Feb/2025:15:59:30 +0530] "GET /wordpress/wp-admin/setup-config.php?filesrc=%2F%2Flib64%2Flibdevmapper-event-lvm2raid.so&path=%2F%2Flib64 HTTP/2" 200 11500 "-" "Mozilla/5.0 AppleWebKit/537.36 (KHTML, like Gecko; compatible; GPTBot/1.2; +https://openai.com/gptbot)"
20.171.207.114 - - [21/Feb/2025:15:59:33 +0530] "GET /251485699.html?filesrc=%2F%2Flib64%2Fgconv%2FISO8859-6.so&path=%2F%2Flib64%2Fgconv HTTP/2" 200 12158 "-" "Mozilla/5.0 AppleWebKit/537.36 (KHTML, like Gecko; compatible; GPTBot/1.2; +https://openai.com/gptbot)"
20.171.207.177 - - [21/Feb/2025:15:59:34 +0530] "GET /wordpress/wp-admin/setup-config.php?path=%2Fhome%2Fanyleson%2Fpublic_html%2Fresources%2Fviews%2Fweb%2Fdefault%2Fcourse%2FlearningPage%2Fcomponents%2Fquiz_tab HTTP/2" 200 7468 "-" "Mozilla/5.0 AppleWebKit/537.36 (KHTML, like Gecko; compatible; GPTBot/1.2; +https://openai.com/gptbot)"
20.171.207.177 - - [21/Feb/2025:15:59:38 +0530] "GET /wordpress/wp-admin/setup-config.php?path=%2F%2Flib%2Ffirmware%2Fmediatek%2Fsof-tplg HTTP/2" 200 7442 "-" "Mozilla/5.0 AppleWebKit/537.36 (KHTML, like Gecko; compatible; GPTBot/1.2; +https://openai.com/gptbot)"
20.171.207.114 - - [21/Feb/2025:15:59:40 +0530] "GET /251485699.html?path=%2F%2Flib64%2Faudit HTTP/2" 200 7290 "-" "Mozilla/5.0 AppleWebKit/537.36 (KHTML, like Gecko; compatible; GPTBot/1.2; +https://openai.com/gptbot)"
20.171.207.177 - - [21/Feb/2025:15:59:41 +0530] "GET /wp-admin/setup-config.php?path=%2Fhome%2Fanyleson%2Fpublic_html%2Fconfig HTTP/2" 200 9038 "-" "Mozilla/5.0 AppleWebKit/537.36 (KHTML, like Gecko; compatible; GPTBot/1.2; +https://openai.com/gptbot)"
20.171.207.177 - - [21/Feb/2025:15:59:45 +0530] "GET /wordpress/wp-admin/setup-config.php?path=%2F%2Flib%2Ffirmware%2Far3k%2F30101coex HTTP/2" 200 7528 "-" "Mozilla/5.0 AppleWebKit/537.36 (KHTML, like Gecko; compatible; GPTBot/1.2; +https://openai.com/gptbot)"
20.171.207.114 - - [21/Feb/2025:15:59:47 +0530] "GET /127986235.html?path=%2F%2Flib64%2Fsamba HTTP/2" 200 9949 "-" "Mozilla/5.0 AppleWebKit/537.36 (KHTML, like Gecko; compatible; GPTBot/1.2; +https://openai.com/gptbot)"
20.171.207.177 - - [21/Feb/2025:15:59:48 +0530] "GET /wordpress/wp-admin/setup-config.php?path=%2Fhome%2Fanyleson%2Fpublic_html%2Fresources%2Fviews%2Fadmin%2Fstore%2Fproducts%2Fcreate%2Fmodals HTTP/2" 200 7471 "-" "Mozilla/5.0 AppleWebKit/537.36 (KHTML, like Gecko; compatible; GPTBot/1.2; +https://openai.com/gptbot)"
20.171.207.177 - - [21/Feb/2025:15:59:52 +0530] "GET /wordpress/wp-admin/setup-config.php?path=%2Fhome%2Fanyleson%2Fpublic_html%2Fresources%2Fviews%2Fadmin%2Fstore%2Fproducts%2Fcreate%2Faccordions HTTP/2" 200 7476 "-" "Mozilla/5.0 AppleWebKit/537.36 (KHTML, like Gecko; compatible; GPTBot/1.2; +https://openai.com/gptbot)"
20.171.207.114 - - [21/Feb/2025:15:59:52 +0530] "GET /313768994.html?path=%2F%2Flib64%2Fgames HTTP/2" 200 7059 "-" "Mozilla/5.0 AppleWebKit/537.36 (KHTML, like Gecko; compatible; GPTBot/1.2; +https://openai.com/gptbot)"
20.171.207.177 - - [21/Feb/2025:15:59:55 +0530] "GET /wordpress/wp-admin/setup-config.php?path=%2Fhome%2Fanyleson%2Fpublic_html%2Fresources%2Fviews%2Fadmin%2Fabandoned_cart%2Fusers_carts%2FviewItems HTTP/2" 200 7410 "-" "Mozilla/5.0 AppleWebKit/537.36 (KHTML, like Gecko; compatible; GPTBot/1.2; +https://openai.com/gptbot)"
20.171.207.114 - - [21/Feb/2025:15:59:58 +0530] "GET /251485699.html?path=%2F%2Flib64%2Fmysql HTTP/2" 200 7263 "-" "Mozilla/5.0 AppleWebKit/537.36 (KHTML, like Gecko; compatible; GPTBot/1.2; +https://openai.com/gptbot)"
20.171.207.177 - - [21/Feb/2025:15:59:59 +0530] "GET /wordpress/wp-admin/setup-config.php?path=%2F%2Flib%2Flocale%2Fen_ZW.utf8 HTTP/2" 200 7815 "-" "Mozilla/5.0 AppleWebKit/537.36 (KHTML, like Gecko; compatible; GPTBot/1.2; +https://openai.com/gptbot)"
20.171.207.114 - - [21/Feb/2025:16:00:03 +0530] "GET /127986235.html?path=%2F%2Flib64%2Fgames HTTP/2" 200 7056 "-" "Mozilla/5.0 AppleWebKit/537.36 (KHTML, like Gecko; compatible; GPTBot/1.2; +https://openai.com/gptbot)"
20.171.207.177 - - [21/Feb/2025:16:00:04 +0530] "GET /wordpress/wp-admin/setup-config.php?path=%2F%2Flib%2Flocale%2Fen_NZ.utf8 HTTP/2" 200 7814 "-" "Mozilla/5.0 AppleWebKit/537.36 (KHTML, like Gecko; compatible; GPTBot/1.2; +https://openai.com/gptbot)"
20.171.207.114 - - [21/Feb/2025:16:00:06 +0530] "GET /327541286.html?path=%2F%2Flib64%2Fgames HTTP/2" 200 7061 "-" "Mozilla/5.0 AppleWebKit/537.36 (KHTML, like Gecko; compatible; GPTBot/1.2; +https://openai.com/gptbot)"
20.171.207.177 - - [21/Feb/2025:16:00:07 +0530] "GET /wordpress/wp-admin/setup-config.php?path=%2F%2Flib%2Flocale%2Fen_DK.utf8 HTTP/2" 200 7812 "-" "Mozilla/5.0 AppleWebKit/537.36 (KHTML, like Gecko; compatible; GPTBot/1.2; +https://openai.com/gptbot)"
20.171.207.177 - - [21/Feb/2025:16:00:11 +0530] "GET /wordpress/wp-admin/setup-config.php?path=%2F%2Flib%2Flocale%2Fen_SC.utf8 HTTP/2" 200 7821 "-" "Mozilla/5.0 AppleWebKit/537.36 (KHTML, like Gecko; compatible; GPTBot/1.2; +https://openai.com/gptbot)"
20.171.207.114 - - [21/Feb/2025:16:00:11 +0530] "GET /313768994.html?path=%2F%2Flib64%2Fredis HTTP/2" 200 7073 "-" "Mozilla/5.0 AppleWebKit/537.36 (KHTML, like Gecko; compatible; GPTBot/1.2; +https://openai.com/gptbot)"
85.208.96.198 - - [21/Feb/2025:16:00:13 +0530] "GET /30235083.html HTTP/1.1" 200 9630 "-" "Mozilla/5.0 (compatible; SemrushBot/7~bl; +http://www.semrush.com/bot.html)"
20.171.207.114 - - [21/Feb/2025:16:00:14 +0530] "GET /127986235.html?path=%2F%2Flib64%2Fcmake HTTP/2" 200 7234 "-" "Mozilla/5.0 AppleWebKit/537.36 (KHTML, like Gecko; compatible; GPTBot/1.2; +https://openai.com/gptbot)"
20.171.207.177 - - [21/Feb/2025:16:00:15 +0530] "GET /wordpress/wp-admin/setup-config.php?path=%2F%2Flib%2Flocale%2Fen_GB.utf8 HTTP/2" 200 7819 "-" "Mozilla/5.0 AppleWebKit/537.36 (KHTML, like Gecko; compatible; GPTBot/1.2; +https://openai.com/gptbot)"
