20.171.207.77 - - [21/Feb/2025:17:08:28 +0530] "GET /188588858.htm?path=%2F%2Fproc%2F2373292 HTTP/2" 200 7089 "-" "Mozilla/5.0 AppleWebKit/537.36 (KHTML, like Gecko; compatible; GPTBot/1.2; +https://openai.com/gptbot)"
20.171.207.77 - - [21/Feb/2025:17:08:31 +0530] "GET /147244444.htm?path=%2F%2Fproc%2F2664056 HTTP/2" 200 7089 "-" "Mozilla/5.0 AppleWebKit/537.36 (KHTML, like Gecko; compatible; GPTBot/1.2; +https://openai.com/gptbot)"
185.191.171.14 - - [21/Feb/2025:17:08:32 +0530] "GET /110084954.html HTTP/1.1" 200 9648 "-" "Mozilla/5.0 (compatible; SemrushBot/7~bl; +http://www.semrush.com/bot.html)"
20.171.207.77 - - [21/Feb/2025:17:08:34 +0530] "GET /188588858.htm?path=%2F%2Fproc%2F2670022 HTTP/2" 200 7092 "-" "Mozilla/5.0 AppleWebKit/537.36 (KHTML, like Gecko; compatible; GPTBot/1.2; +https://openai.com/gptbot)"
85.208.96.210 - - [21/Feb/2025:17:08:37 +0530] "GET /179627090.html HTTP/1.1" 200 9644 "-" "Mozilla/5.0 (compatible; SemrushBot/7~bl; +http://www.semrush.com/bot.html)"
20.171.207.77 - - [21/Feb/2025:17:08:37 +0530] "GET /188588858.htm?path=%2F%2Fproc%2F2670288 HTTP/2" 200 7093 "-" "Mozilla/5.0 AppleWebKit/537.36 (KHTML, like Gecko; compatible; GPTBot/1.2; +https://openai.com/gptbot)"
20.171.207.114 - - [21/Feb/2025:17:08:39 +0530] "GET /291567376.html?id=info&path=%2F%2Flib64%2Fgraphviz HTTP/2" 200 8269 "-" "Mozilla/5.0 AppleWebKit/537.36 (KHTML, like Gecko; compatible; GPTBot/1.2; +https://openai.com/gptbot)"
20.171.207.77 - - [21/Feb/2025:17:08:41 +0530] "GET /188588858.htm?id=cmd&path=%2F%2Fproc%2F2663622 HTTP/2" 200 7311 "-" "Mozilla/5.0 AppleWebKit/537.36 (KHTML, like Gecko; compatible; GPTBot/1.2; +https://openai.com/gptbot)"
20.171.207.77 - - [21/Feb/2025:17:08:44 +0530] "GET /188588858.htm?id=cmd&path=%2F%2Fproc%2F2667678 HTTP/2" 200 7314 "-" "Mozilla/5.0 AppleWebKit/537.36 (KHTML, like Gecko; compatible; GPTBot/1.2; +https://openai.com/gptbot)"
20.171.207.77 - - [21/Feb/2025:17:08:48 +0530] "GET /147244444.htm?path=%2F%2Fproc%2F2664099 HTTP/2" 200 7094 "-" "Mozilla/5.0 AppleWebKit/537.36 (KHTML, like Gecko; compatible; GPTBot/1.2; +https://openai.com/gptbot)"
20.171.207.77 - - [21/Feb/2025:17:08:51 +0530] "GET /147244444.htm?id=cmd&path=%2F%2Fproc%2F2670048 HTTP/2" 200 7315 "-" "Mozilla/5.0 AppleWebKit/537.36 (KHTML, like Gecko; compatible; GPTBot/1.2; +https://openai.com/gptbot)"
85.208.96.210 - - [21/Feb/2025:17:08:51 +0530] "GET /375574270.html HTTP/1.1" 200 9644 "-" "Mozilla/5.0 (compatible; SemrushBot/7~bl; +http://www.semrush.com/bot.html)"
20.171.207.114 - - [21/Feb/2025:17:08:53 +0530] "GET /267438879.html?filesrc=%2F%2Flib64%2Fsecurity%2Fpam_ftp.so&path=%2F%2Flib64%2Fsecurity HTTP/2" 200 10600 "-" "Mozilla/5.0 AppleWebKit/537.36 (KHTML, like Gecko; compatible; GPTBot/1.2; +https://openai.com/gptbot)"
20.171.207.77 - - [21/Feb/2025:17:08:54 +0530] "GET /188588858.htm?id=cmd&path=%2F%2Fproc%2F2338857 HTTP/2" 200 7315 "-" "Mozilla/5.0 AppleWebKit/537.36 (KHTML, like Gecko; compatible; GPTBot/1.2; +https://openai.com/gptbot)"
20.171.207.77 - - [21/Feb/2025:17:08:57 +0530] "GET /147244444.htm?id=cmd&path=%2F%2Fproc%2F2664332 HTTP/2" 200 7317 "-" "Mozilla/5.0 AppleWebKit/537.36 (KHTML, like Gecko; compatible; GPTBot/1.2; +https://openai.com/gptbot)"
85.208.96.204 - - [21/Feb/2025:17:08:59 +0530] "GET /323572117.html HTTP/1.1" 200 9642 "-" "Mozilla/5.0 (compatible; SemrushBot/7~bl; +http://www.semrush.com/bot.html)"
20.171.207.77 - - [21/Feb/2025:17:09:00 +0530] "GET /147244444.htm?id=cmd&path=%2F%2Fproc%2F2664186 HTTP/2" 200 7314 "-" "Mozilla/5.0 AppleWebKit/537.36 (KHTML, like Gecko; compatible; GPTBot/1.2; +https://openai.com/gptbot)"
20.171.207.77 - - [21/Feb/2025:17:09:04 +0530] "GET /147244444.htm?id=cmd&path=%2F%2Fproc%2F2668138 HTTP/2" 200 7312 "-" "Mozilla/5.0 AppleWebKit/537.36 (KHTML, like Gecko; compatible; GPTBot/1.2; +https://openai.com/gptbot)"
20.171.207.177 - - [21/Feb/2025:17:08:31 +0530] "GET /wordpress/wp-admin/setup-config.php?path=%2F%2Flib64%2Fgtk-2.0%2Fimmodules HTTP/2" 200 7078 "-" "Mozilla/5.0 AppleWebKit/537.36 (KHTML, like Gecko; compatible; GPTBot/1.2; +https://openai.com/gptbot)"
20.171.207.177 - - [21/Feb/2025:17:08:34 +0530] "GET /wordpress/wp-admin/setup-config.php?path=%2F%2Flib64%2Fgtk-2.0%2Fmodules HTTP/2" 200 7372 "-" "Mozilla/5.0 AppleWebKit/537.36 (KHTML, like Gecko; compatible; GPTBot/1.2; +https://openai.com/gptbot)"
40.77.167.116 - - [21/Feb/2025:17:08:36 +0530] "GET /course-category/artificial-intelligence/?filter_course-category=121%2C76%2C148%2C207&level=all_levels&filtering=1&instructor=19 HTTP/2" 301 795 "-" "Mozilla/5.0 AppleWebKit/537.36 (KHTML, like Gecko; compatible; bingbot/2.0; +http://www.bing.com/bingbot.htm) Chrome/116.0.1938.76 Safari/537.36"
20.171.207.177 - - [21/Feb/2025:17:08:38 +0530] "GET /wordpress/wp-admin/setup-config.php?path=%2F%2Flib64%2Fopen-vm-tools%2Fplugins HTTP/2" 200 7256 "-" "Mozilla/5.0 AppleWebKit/537.36 (KHTML, like Gecko; compatible; GPTBot/1.2; +https://openai.com/gptbot)"
185.191.171.19 - - [21/Feb/2025:17:08:41 +0530] "GET /192052964.html HTTP/1.1" 200 9647 "-" "Mozilla/5.0 (compatible; SemrushBot/7~bl; +http://www.semrush.com/bot.html)"
20.171.207.177 - - [21/Feb/2025:17:08:41 +0530] "GET /wordpress/wp-admin/setup-config.php?path=%2F%2Flib%2Ftuned%2Faccelerator-performance HTTP/2" 200 7304 "-" "Mozilla/5.0 AppleWebKit/537.36 (KHTML, like Gecko; compatible; GPTBot/1.2; +https://openai.com/gptbot)"
20.171.207.177 - - [21/Feb/2025:17:08:45 +0530] "GET /wordpress/wp-admin/setup-config.php?path=%2F%2Flib%2Ffirmware%2Fath11k%2FWCN6855 HTTP/2" 200 7309 "-" "Mozilla/5.0 AppleWebKit/537.36 (KHTML, like Gecko; compatible; GPTBot/1.2; +https://openai.com/gptbot)"
185.191.171.17 - - [21/Feb/2025:17:08:45 +0530] "GET /96095857.html HTTP/1.1" 200 9645 "-" "Mozilla/5.0 (compatible; SemrushBot/7~bl; +http://www.semrush.com/bot.html)"
20.171.207.177 - - [21/Feb/2025:17:08:47 +0530] "GET /wordpress/wp-admin/setup-config.php?path=%2F%2Flib%2Ffirmware%2Fath12k%2FWCN7850 HTTP/2" 200 7264 "-" "Mozilla/5.0 AppleWebKit/537.36 (KHTML, like Gecko; compatible; GPTBot/1.2; +https://openai.com/gptbot)"
20.171.207.177 - - [21/Feb/2025:17:08:51 +0530] "GET /wordpress/wp-admin/setup-config.php?path=%2F%2Flib%2Ffirmware%2Fath10k%2FQCA6174 HTTP/2" 200 7332 "-" "Mozilla/5.0 AppleWebKit/537.36 (KHTML, like Gecko; compatible; GPTBot/1.2; +https://openai.com/gptbot)"
20.171.207.177 - - [21/Feb/2025:17:08:55 +0530] "GET /wordpress/wp-admin/setup-config.php?path=%2F%2Flib%2Ffirmware%2Fath10k%2FWCN3990 HTTP/2" 200 7260 "-" "Mozilla/5.0 AppleWebKit/537.36 (KHTML, like Gecko; compatible; GPTBot/1.2; +https://openai.com/gptbot)"
20.171.207.177 - - [21/Feb/2025:17:08:58 +0530] "GET /wordpress/wp-admin/setup-config.php?path=%2F%2Flib%2Ffirmware%2Fath10k%2FQCA9377 HTTP/2" 200 7262 "-" "Mozilla/5.0 AppleWebKit/537.36 (KHTML, like Gecko; compatible; GPTBot/1.2; +https://openai.com/gptbot)"
66.249.68.5 - - [21/Feb/2025:17:09:01 +0530] "GET /pcmypage?callback=product%2Fdetail%2FFDV129711556 HTTP/1.1" 200 19866 "-" "Mozilla/5.0 (Linux; Android 6.0.1; Nexus 5X Build/MMB29P) AppleWebKit/537.36 (KHTML, like Gecko) Chrome/133.0.6943.126 Mobile Safari/537.36 (compatible; Googlebot/2.1; +http://www.google.com/bot.html)"
20.171.207.177 - - [21/Feb/2025:17:09:02 +0530] "GET /wordpress/wp-admin/setup-config.php?path=%2F%2Flib%2Ffirmware%2Fath11k%2FQCA6390 HTTP/2" 200 7260 "-" "Mozilla/5.0 AppleWebKit/537.36 (KHTML, like Gecko; compatible; GPTBot/1.2; +https://openai.com/gptbot)"
20.171.207.177 - - [21/Feb/2025:17:09:05 +0530] "GET /wordpress/wp-admin/setup-config.php?path=%2F%2Flib%2Ffirmware%2Fath10k%2FQCA9984 HTTP/2" 200 7264 "-" "Mozilla/5.0 AppleWebKit/537.36 (KHTML, like Gecko; compatible; GPTBot/1.2; +https://openai.com/gptbot)"
20.171.207.114 - - [21/Feb/2025:17:09:05 +0530] "GET /267438879.html?filesrc=%2F%2Flib64%2Fsecurity%2Fpam_lastlog.so&path=%2F%2Flib64%2Fsecurity HTTP/2" 200 14229 "-" "Mozilla/5.0 AppleWebKit/537.36 (KHTML, like Gecko; compatible; GPTBot/1.2; +https://openai.com/gptbot)"
20.171.207.77 - - [21/Feb/2025:17:09:08 +0530] "GET /147244444.htm?id=cmd&path=%2F%2Fproc%2F2664033 HTTP/2" 200 7312 "-" "Mozilla/5.0 AppleWebKit/537.36 (KHTML, like Gecko; compatible; GPTBot/1.2; +https://openai.com/gptbot)"
20.171.207.77 - - [21/Feb/2025:17:09:11 +0530] "GET /188588858.htm?id=cmd&path=%2F%2Fproc%2F2373292 HTTP/2" 200 7311 "-" "Mozilla/5.0 AppleWebKit/537.36 (KHTML, like Gecko; compatible; GPTBot/1.2; +https://openai.com/gptbot)"
20.171.207.77 - - [21/Feb/2025:17:09:15 +0530] "GET /147244444.htm?id=cmd&path=%2F%2Fproc%2F2664056 HTTP/2" 200 7312 "-" "Mozilla/5.0 AppleWebKit/537.36 (KHTML, like Gecko; compatible; GPTBot/1.2; +https://openai.com/gptbot)"
20.171.207.114 - - [21/Feb/2025:17:09:16 +0530] "GET /291567376.html?path=%2F%2Flib64%2Fsse2 HTTP/2" 200 7071 "-" "Mozilla/5.0 AppleWebKit/537.36 (KHTML, like Gecko; compatible; GPTBot/1.2; +https://openai.com/gptbot)"
185.191.171.18 - - [21/Feb/2025:17:09:17 +0530] "GET /384682176.html HTTP/1.1" 200 9646 "-" "Mozilla/5.0 (compatible; SemrushBot/7~bl; +http://www.semrush.com/bot.html)"
20.171.207.77 - - [21/Feb/2025:17:09:18 +0530] "GET /188588858.htm?id=cmd&path=%2F%2Fproc%2F2670022 HTTP/2" 200 7312 "-" "Mozilla/5.0 AppleWebKit/537.36 (KHTML, like Gecko; compatible; GPTBot/1.2; +https://openai.com/gptbot)"
20.171.207.77 - - [21/Feb/2025:17:09:22 +0530] "GET /188588858.htm?id=cmd&path=%2F%2Fproc%2F2670288 HTTP/2" 200 7307 "-" "Mozilla/5.0 AppleWebKit/537.36 (KHTML, like Gecko; compatible; GPTBot/1.2; +https://openai.com/gptbot)"
20.171.207.77 - - [21/Feb/2025:17:09:25 +0530] "GET /188588858.htm?path=%2F%2Fproc%2F2664186 HTTP/2" 200 7092 "-" "Mozilla/5.0 AppleWebKit/537.36 (KHTML, like Gecko; compatible; GPTBot/1.2; +https://openai.com/gptbot)"
20.171.207.114 - - [21/Feb/2025:17:09:26 +0530] "GET /267438879.html?path=%2F%2Flib64%2Fsse2 HTTP/2" 200 7072 "-" "Mozilla/5.0 AppleWebKit/537.36 (KHTML, like Gecko; compatible; GPTBot/1.2; +https://openai.com/gptbot)"
20.171.207.77 - - [21/Feb/2025:17:09:29 +0530] "GET /147244444.htm?path=%2F%2Fproc%2F1826575 HTTP/2" 200 8704 "-" "Mozilla/5.0 AppleWebKit/537.36 (KHTML, like Gecko; compatible; GPTBot/1.2; +https://openai.com/gptbot)"
20.171.207.77 - - [21/Feb/2025:17:09:32 +0530] "GET /147244444.htm?id=cmd&path=%2F%2Fproc%2F2664099 HTTP/2" 200 7314 "-" "Mozilla/5.0 AppleWebKit/537.36 (KHTML, like Gecko; compatible; GPTBot/1.2; +https://openai.com/gptbot)"
20.171.207.114 - - [21/Feb/2025:17:09:35 +0530] "GET /267438879.html?path=%2F%2Flib64%2Fgroff HTTP/2" 200 7070 "-" "Mozilla/5.0 AppleWebKit/537.36 (KHTML, like Gecko; compatible; GPTBot/1.2; +https://openai.com/gptbot)"
20.171.207.77 - - [21/Feb/2025:17:09:35 +0530] "GET /147244444.htm?path=%2F%2Fproc%2F2664461 HTTP/2" 200 7095 "-" "Mozilla/5.0 AppleWebKit/537.36 (KHTML, like Gecko; compatible; GPTBot/1.2; +https://openai.com/gptbot)"
85.208.96.196 - - [21/Feb/2025:17:09:38 +0530] "GET /188704211.html HTTP/1.1" 200 9648 "-" "Mozilla/5.0 (compatible; SemrushBot/7~bl; +http://www.semrush.com/bot.html)"
20.171.207.77 - - [21/Feb/2025:17:09:39 +0530] "GET /147244444.htm?path=%2F%2Fproc%2F2664404 HTTP/2" 200 7092 "-" "Mozilla/5.0 AppleWebKit/537.36 (KHTML, like Gecko; compatible; GPTBot/1.2; +https://openai.com/gptbot)"
20.171.207.77 - - [21/Feb/2025:17:09:42 +0530] "GET /188588858.htm?path=%2F%2Fproc%2F2668351 HTTP/2" 200 7092 "-" "Mozilla/5.0 AppleWebKit/537.36 (KHTML, like Gecko; compatible; GPTBot/1.2; +https://openai.com/gptbot)"
20.171.207.114 - - [21/Feb/2025:17:09:42 +0530] "GET /291567376.html?path=%2F%2Flib64%2Fcmake HTTP/2" 200 7233 "-" "Mozilla/5.0 AppleWebKit/537.36 (KHTML, like Gecko; compatible; GPTBot/1.2; +https://openai.com/gptbot)"
20.171.207.77 - - [21/Feb/2025:17:09:45 +0530] "GET /188588858.htm?path=%2F%2Fproc%2F2670085 HTTP/2" 200 7091 "-" "Mozilla/5.0 AppleWebKit/537.36 (KHTML, like Gecko; compatible; GPTBot/1.2; +https://openai.com/gptbot)"
20.171.207.77 - - [21/Feb/2025:17:09:48 +0530] "GET /188588858.htm?path=%2F%2Fproc%2F2667569 HTTP/2" 200 7091 "-" "Mozilla/5.0 AppleWebKit/537.36 (KHTML, like Gecko; compatible; GPTBot/1.2; +https://openai.com/gptbot)"
20.171.207.114 - - [21/Feb/2025:17:09:50 +0530] "GET /267438879.html?path=%2F%2Flib64%2Fcmake HTTP/2" 200 7230 "-" "Mozilla/5.0 AppleWebKit/537.36 (KHTML, like Gecko; compatible; GPTBot/1.2; +https://openai.com/gptbot)"
20.171.207.77 - - [21/Feb/2025:17:09:51 +0530] "GET /188588858.htm?path=%2F%2Fproc%2F2656832 HTTP/2" 200 7094 "-" "Mozilla/5.0 AppleWebKit/537.36 (KHTML, like Gecko; compatible; GPTBot/1.2; +https://openai.com/gptbot)"
20.171.207.77 - - [21/Feb/2025:17:09:54 +0530] "GET /188588858.htm?path=%2F%2Fproc%2F2667487 HTTP/2" 200 7091 "-" "Mozilla/5.0 AppleWebKit/537.36 (KHTML, like Gecko; compatible; GPTBot/1.2; +https://openai.com/gptbot)"
20.171.207.114 - - [21/Feb/2025:17:09:56 +0530] "GET /291567376.html?path=%2F%2Flib64%2Fsamba HTTP/2" 200 9926 "-" "Mozilla/5.0 AppleWebKit/537.36 (KHTML, like Gecko; compatible; GPTBot/1.2; +https://openai.com/gptbot)"
20.171.207.77 - - [21/Feb/2025:17:09:57 +0530] "GET /147244444.htm?path=%2F%2Fproc%2F2664060 HTTP/2" 200 7090 "-" "Mozilla/5.0 AppleWebKit/537.36 (KHTML, like Gecko; compatible; GPTBot/1.2; +https://openai.com/gptbot)"
20.171.207.77 - - [21/Feb/2025:17:10:00 +0530] "GET /188588858.htm?path=%2F%2Fproc%2F2670028 HTTP/2" 200 7092 "-" "Mozilla/5.0 AppleWebKit/537.36 (KHTML, like Gecko; compatible; GPTBot/1.2; +https://openai.com/gptbot)"
20.171.207.114 - - [21/Feb/2025:17:10:02 +0530] "GET /291567376.html?path=%2F%2Flib64%2Fgames HTTP/2" 200 7055 "-" "Mozilla/5.0 AppleWebKit/537.36 (KHTML, like Gecko; compatible; GPTBot/1.2; +https://openai.com/gptbot)"
20.171.207.77 - - [21/Feb/2025:17:10:04 +0530] "GET /147244444.htm?path=%2F%2Fproc%2F2338857 HTTP/2" 200 7094 "-" "Mozilla/5.0 AppleWebKit/537.36 (KHTML, like Gecko; compatible; GPTBot/1.2; +https://openai.com/gptbot)"
20.171.207.77 - - [21/Feb/2025:17:10:07 +0530] "GET /188588858.htm?id=cmd&path=%2F%2Fproc%2F2664186 HTTP/2" 200 7315 "-" "Mozilla/5.0 AppleWebKit/537.36 (KHTML, like Gecko; compatible; GPTBot/1.2; +https://openai.com/gptbot)"
20.171.207.114 - - [21/Feb/2025:17:10:07 +0530] "GET /291567376.html?path=%2F%2Flib64%2Fredis HTTP/2" 200 7072 "-" "Mozilla/5.0 AppleWebKit/537.36 (KHTML, like Gecko; compatible; GPTBot/1.2; +https://openai.com/gptbot)"
20.171.207.77 - - [21/Feb/2025:17:10:10 +0530] "GET /147244444.htm?path=%2F%2Fproc%2F2669975 HTTP/2" 200 7096 "-" "Mozilla/5.0 AppleWebKit/537.36 (KHTML, like Gecko; compatible; GPTBot/1.2; +https://openai.com/gptbot)"
185.191.171.15 - - [21/Feb/2025:17:10:11 +0530] "GET /340922412.html HTTP/1.1" 200 9648 "-" "Mozilla/5.0 (compatible; SemrushBot/7~bl; +http://www.semrush.com/bot.html)"
20.171.207.114 - - [21/Feb/2025:17:10:12 +0530] "GET /291567376.html?path=%2F%2Flib64%2Fhttpd HTTP/2" 200 7234 "-" "Mozilla/5.0 AppleWebKit/537.36 (KHTML, like Gecko; compatible; GPTBot/1.2; +https://openai.com/gptbot)"
20.171.207.77 - - [21/Feb/2025:17:10:14 +0530] "GET /147244444.htm?path=%2F%2Fproc%2F1826575%2Fnet HTTP/2" 200 8484 "-" "Mozilla/5.0 AppleWebKit/537.36 (KHTML, like Gecko; compatible; GPTBot/1.2; +https://openai.com/gptbot)"
20.171.207.114 - - [21/Feb/2025:17:10:17 +0530] "GET /260710981.html?path=%2F%2Flib64%2Fgames HTTP/2" 200 7058 "-" "Mozilla/5.0 AppleWebKit/537.36 (KHTML, like Gecko; compatible; GPTBot/1.2; +https://openai.com/gptbot)"
20.171.207.77 - - [21/Feb/2025:17:10:17 +0530] "GET /147244444.htm?filesrc=%2F%2Fproc%2F1826575%2Fauxv&path=%2F%2Fproc%2F1826575 HTTP/2" 200 6910 "-" "Mozilla/5.0 AppleWebKit/537.36 (KHTML, like Gecko; compatible; GPTBot/1.2; +https://openai.com/gptbot)"
20.171.207.77 - - [21/Feb/2025:17:10:21 +0530] "GET /147244444.htm?filesrc=%2F%2Fproc%2F1826575%2Fsyscall&path=%2F%2Fproc%2F1826575 HTTP/2" 200 6869 "-" "Mozilla/5.0 AppleWebKit/537.36 (KHTML, like Gecko; compatible; GPTBot/1.2; +https://openai.com/gptbot)"
20.171.207.114 - - [21/Feb/2025:17:10:21 +0530] "GET /260710981.html?path=%2F%2Flib64%2Faudit HTTP/2" 200 7291 "-" "Mozilla/5.0 AppleWebKit/537.36 (KHTML, like Gecko; compatible; GPTBot/1.2; +https://openai.com/gptbot)"
20.171.207.77 - - [21/Feb/2025:17:10:24 +0530] "GET /147244444.htm?filesrc=%2F%2Fproc%2F1826575%2Fcmdline&path=%2F%2Fproc%2F1826575 HTTP/2" 200 6890 "-" "Mozilla/5.0 AppleWebKit/537.36 (KHTML, like Gecko; compatible; GPTBot/1.2; +https://openai.com/gptbot)"
20.171.207.114 - - [21/Feb/2025:17:10:25 +0530] "GET /291567376.html?path=%2F%2Flib64%2Fgconv HTTP/2" 200 11883 "-" "Mozilla/5.0 AppleWebKit/537.36 (KHTML, like Gecko; compatible; GPTBot/1.2; +https://openai.com/gptbot)"
20.171.207.114 - - [21/Feb/2025:17:10:28 +0530] "GET /267438879.html?path=%2F%2Flib64%2Faudit HTTP/2" 200 7287 "-" "Mozilla/5.0 AppleWebKit/537.36 (KHTML, like Gecko; compatible; GPTBot/1.2; +https://openai.com/gptbot)"
20.171.207.77 - - [21/Feb/2025:17:10:29 +0530] "GET /147244444.htm?filesrc=%2F%2Fproc%2F1826575%2Fmountstats&path=%2F%2Fproc%2F1826575 HTTP/2" 200 6901 "-" "Mozilla/5.0 AppleWebKit/537.36 (KHTML, like Gecko; compatible; GPTBot/1.2; +https://openai.com/gptbot)"
185.191.171.8 - - [21/Feb/2025:17:10:30 +0530] "GET /146230736.html HTTP/1.1" 200 9647 "-" "Mozilla/5.0 (compatible; SemrushBot/7~bl; +http://www.semrush.com/bot.html)"
20.171.207.114 - - [21/Feb/2025:17:10:31 +0530] "GET /291567376.html?path=%2F%2Flib64%2Faudit HTTP/2" 200 7290 "-" "Mozilla/5.0 AppleWebKit/537.36 (KHTML, like Gecko; compatible; GPTBot/1.2; +https://openai.com/gptbot)"
20.171.207.77 - - [21/Feb/2025:17:10:32 +0530] "GET /147244444.htm?filesrc=%2F%2Fproc%2F1826575%2Fsessionid&path=%2F%2Fproc%2F1826575 HTTP/2" 200 6873 "-" "Mozilla/5.0 AppleWebKit/537.36 (KHTML, like Gecko; compatible; GPTBot/1.2; +https://openai.com/gptbot)"
20.171.207.77 - - [21/Feb/2025:17:10:35 +0530] "GET /147244444.htm?filesrc=%2F%2Fproc%2F1826575%2Fmounts&path=%2F%2Fproc%2F1826575 HTTP/2" 200 7626 "-" "Mozilla/5.0 AppleWebKit/537.36 (KHTML, like Gecko; compatible; GPTBot/1.2; +https://openai.com/gptbot)"
20.171.207.114 - - [21/Feb/2025:17:10:35 +0530] "GET /267438879.html?path=%2F%2Flib64%2Fmysql HTTP/2" 200 7261 "-" "Mozilla/5.0 AppleWebKit/537.36 (KHTML, like Gecko; compatible; GPTBot/1.2; +https://openai.com/gptbot)"
20.171.207.77 - - [21/Feb/2025:17:10:38 +0530] "GET /147244444.htm?filesrc=%2F%2Fproc%2F1826575%2Fautogroup&path=%2F%2Fproc%2F1826575 HTTP/2" 200 6929 "-" "Mozilla/5.0 AppleWebKit/537.36 (KHTML, like Gecko; compatible; GPTBot/1.2; +https://openai.com/gptbot)"
20.171.207.114 - - [21/Feb/2025:17:10:39 +0530] "GET /291567376.html?id=cmd&path=%2F%2Flib64%2Fcmake HTTP/2" 200 7473 "-" "Mozilla/5.0 AppleWebKit/537.36 (KHTML, like Gecko; compatible; GPTBot/1.2; +https://openai.com/gptbot)"
20.171.207.77 - - [21/Feb/2025:17:10:41 +0530] "GET /147244444.htm?filesrc=%2F%2Fproc%2F1826575%2Fschedstat&path=%2F%2Fproc%2F1826575 HTTP/2" 200 6899 "-" "Mozilla/5.0 AppleWebKit/537.36 (KHTML, like Gecko; compatible; GPTBot/1.2; +https://openai.com/gptbot)"
20.171.207.114 - - [21/Feb/2025:17:10:42 +0530] "GET /291567376.html?path=%2F%2Flib64%2Fmysql HTTP/2" 200 7259 "-" "Mozilla/5.0 AppleWebKit/537.36 (KHTML, like Gecko; compatible; GPTBot/1.2; +https://openai.com/gptbot)"
20.171.207.77 - - [21/Feb/2025:17:10:44 +0530] "GET /147244444.htm?filesrc=%2F%2Fproc%2F1826575%2Fwchan&path=%2F%2Fproc%2F1826575 HTTP/2" 200 6877 "-" "Mozilla/5.0 AppleWebKit/537.36 (KHTML, like Gecko; compatible; GPTBot/1.2; +https://openai.com/gptbot)"
20.171.207.114 - - [21/Feb/2025:17:10:45 +0530] "GET /291567376.html?filesrc=%2F%2Flib64%2Fsamba%2Flibsys-rw-samba4.so&path=%2F%2Flib64%2Fsamba HTTP/2" 200 11596 "-" "Mozilla/5.0 AppleWebKit/537.36 (KHTML, like Gecko; compatible; GPTBot/1.2; +https://openai.com/gptbot)"
20.171.207.77 - - [21/Feb/2025:17:10:47 +0530] "GET /147244444.htm?filesrc=%2F%2Fproc%2F1826575%2Fsetgroups&path=%2F%2Fproc%2F1826575 HTTP/2" 200 6859 "-" "Mozilla/5.0 AppleWebKit/537.36 (KHTML, like Gecko; compatible; GPTBot/1.2; +https://openai.com/gptbot)"
20.171.207.114 - - [21/Feb/2025:17:10:49 +0530] "GET /260710981.html?path=%2F%2Flib64%2Fcmake HTTP/2" 200 7234 "-" "Mozilla/5.0 AppleWebKit/537.36 (KHTML, like Gecko; compatible; GPTBot/1.2; +https://openai.com/gptbot)"
20.171.207.77 - - [21/Feb/2025:17:10:50 +0530] "GET /147244444.htm?filesrc=%2F%2Fproc%2F1826575%2Fenviron&path=%2F%2Fproc%2F1826575 HTTP/2" 200 6868 "-" "Mozilla/5.0 AppleWebKit/537.36 (KHTML, like Gecko; compatible; GPTBot/1.2; +https://openai.com/gptbot)"
20.171.207.114 - - [21/Feb/2025:17:10:52 +0530] "GET /260710981.html?path=%2F%2Flib64%2Fgroff HTTP/2" 200 7070 "-" "Mozilla/5.0 AppleWebKit/537.36 (KHTML, like Gecko; compatible; GPTBot/1.2; +https://openai.com/gptbot)"
20.171.207.114 - - [21/Feb/2025:17:10:55 +0530] "GET /260710981.html?path=%2F%2Flib64%2Fsamba HTTP/2" 200 9926 "-" "Mozilla/5.0 AppleWebKit/537.36 (KHTML, like Gecko; compatible; GPTBot/1.2; +https://openai.com/gptbot)"
20.171.207.77 - - [21/Feb/2025:17:10:55 +0530] "GET /147244444.htm?filesrc=%2F%2Fproc%2F1826575%2Fmountinfo&path=%2F%2Fproc%2F1826575 HTTP/2" 200 8014 "-" "Mozilla/5.0 AppleWebKit/537.36 (KHTML, like Gecko; compatible; GPTBot/1.2; +https://openai.com/gptbot)"
20.171.207.114 - - [21/Feb/2025:17:10:58 +0530] "GET /260710981.html?path=%2F%2Flib64%2Fgconv HTTP/2" 200 11884 "-" "Mozilla/5.0 AppleWebKit/537.36 (KHTML, like Gecko; compatible; GPTBot/1.2; +https://openai.com/gptbot)"
20.171.207.77 - - [21/Feb/2025:17:10:59 +0530] "GET /147244444.htm?filesrc=%2F%2Fproc%2F1826575%2Fnuma_maps&path=%2F%2Fproc%2F1826575 HTTP/2" 200 6905 "-" "Mozilla/5.0 AppleWebKit/537.36 (KHTML, like Gecko; compatible; GPTBot/1.2; +https://openai.com/gptbot)"
20.171.207.114 - - [21/Feb/2025:17:11:01 +0530] "GET /267438879.html?path=%2F%2Flib64%2Fredis HTTP/2" 200 7070 "-" "Mozilla/5.0 AppleWebKit/537.36 (KHTML, like Gecko; compatible; GPTBot/1.2; +https://openai.com/gptbot)"
20.171.207.77 - - [21/Feb/2025:17:11:01 +0530] "GET /147244444.htm?path=%2F%2Fproc%2F1826575%2Fnet%2Fdev_snmp6 HTTP/2" 200 7316 "-" "Mozilla/5.0 AppleWebKit/537.36 (KHTML, like Gecko; compatible; GPTBot/1.2; +https://openai.com/gptbot)"
20.171.207.77 - - [21/Feb/2025:17:11:05 +0530] "GET /147244444.htm?filesrc=%2F%2Fproc%2F1826575%2Fuid_map&path=%2F%2Fproc%2F1826575 HTTP/2" 200 6939 "-" "Mozilla/5.0 AppleWebKit/537.36 (KHTML, like Gecko; compatible; GPTBot/1.2; +https://openai.com/gptbot)"
20.171.207.114 - - [21/Feb/2025:17:11:05 +0530] "GET /267438879.html?path=%2F%2Flib64%2Fgconv HTTP/2" 200 12013 "-" "Mozilla/5.0 AppleWebKit/537.36 (KHTML, like Gecko; compatible; GPTBot/1.2; +https://openai.com/gptbot)"
20.171.207.77 - - [21/Feb/2025:17:11:09 +0530] "GET /147244444.htm?filesrc=%2F%2Fproc%2F1826575%2Fgid_map&path=%2F%2Fproc%2F1826575 HTTP/2" 200 6936 "-" "Mozilla/5.0 AppleWebKit/537.36 (KHTML, like Gecko; compatible; GPTBot/1.2; +https://openai.com/gptbot)"
20.171.207.114 - - [21/Feb/2025:17:11:09 +0530] "GET /267438879.html?path=%2F%2Flib64%2Fgames HTTP/2" 200 7058 "-" "Mozilla/5.0 AppleWebKit/537.36 (KHTML, like Gecko; compatible; GPTBot/1.2; +https://openai.com/gptbot)"
20.171.207.77 - - [21/Feb/2025:17:11:12 +0530] "GET /147244444.htm?id=info&path=%2F%2Fproc%2F1826575%2Fnet HTTP/2" 200 8852 "-" "Mozilla/5.0 AppleWebKit/537.36 (KHTML, like Gecko; compatible; GPTBot/1.2; +https://openai.com/gptbot)"
20.171.207.114 - - [21/Feb/2025:17:11:13 +0530] "GET /291567376.html?filesrc=%2F%2Flib64%2Fgconv%2FGREEK7.so&path=%2F%2Flib64%2Fgconv HTTP/2" 200 12030 "-" "Mozilla/5.0 AppleWebKit/537.36 (KHTML, like Gecko; compatible; GPTBot/1.2; +https://openai.com/gptbot)"
20.171.207.77 - - [21/Feb/2025:17:11:15 +0530] "GET /147244444.htm?filesrc=%2F%2Fproc%2F1826575%2Fcgroup&path=%2F%2Fproc%2F1826575 HTTP/2" 200 7035 "-" "Mozilla/5.0 AppleWebKit/537.36 (KHTML, like Gecko; compatible; GPTBot/1.2; +https://openai.com/gptbot)"
66.249.68.6 - - [21/Feb/2025:17:09:10 +0530] "GET /34150280.html HTTP/1.1" 200 19858 "-" "Mozilla/5.0 (Linux; Android 6.0.1; Nexus 5X Build/MMB29P) AppleWebKit/537.36 (KHTML, like Gecko) Chrome/133.0.6943.126 Mobile Safari/537.36 (compatible; Googlebot/2.1; +http://www.google.com/bot.html)"
20.171.207.177 - - [21/Feb/2025:17:09:09 +0530] "GET /wordpress/wp-admin/setup-config.php?path=%2F%2Flib%2Ffirmware%2Fath10k%2FQCA4019 HTTP/2" 200 7260 "-" "Mozilla/5.0 AppleWebKit/537.36 (KHTML, like Gecko; compatible; GPTBot/1.2; +https://openai.com/gptbot)"
20.171.207.177 - - [21/Feb/2025:17:09:12 +0530] "GET /wordpress/wp-admin/setup-config.php?path=%2F%2Flib%2Ffirmware%2Fath11k%2FIPQ5018 HTTP/2" 200 7258 "-" "Mozilla/5.0 AppleWebKit/537.36 (KHTML, like Gecko; compatible; GPTBot/1.2; +https://openai.com/gptbot)"
20.171.207.177 - - [21/Feb/2025:17:09:16 +0530] "GET /wordpress/wp-admin/setup-config.php?path=%2F%2Flib%2Ffirmware%2Fath11k%2FWCN6750 HTTP/2" 200 7258 "-" "Mozilla/5.0 AppleWebKit/537.36 (KHTML, like Gecko; compatible; GPTBot/1.2; +https://openai.com/gptbot)"
20.171.207.177 - - [21/Feb/2025:17:09:20 +0530] "GET /wordpress/wp-admin/setup-config.php?path=%2F%2Flib%2Ffirmware%2Fath11k%2FIPQ8074 HTTP/2" 200 7258 "-" "Mozilla/5.0 AppleWebKit/537.36 (KHTML, like Gecko; compatible; GPTBot/1.2; +https://openai.com/gptbot)"
20.171.207.177 - - [21/Feb/2025:17:09:23 +0530] "GET /wordpress/wp-admin/setup-config.php?path=%2F%2Flib64%2Fopen-vm-tools%2Fplugins%2Fvmsvc HTTP/2" 200 7674 "-" "Mozilla/5.0 AppleWebKit/537.36 (KHTML, like Gecko; compatible; GPTBot/1.2; +https://openai.com/gptbot)"
20.171.207.177 - - [21/Feb/2025:17:09:27 +0530] "GET /wordpress/wp-admin/setup-config.php?path=%2F%2Flib64%2Fopen-vm-tools%2Fplugins%2Fcommon HTTP/2" 200 7378 "-" "Mozilla/5.0 AppleWebKit/537.36 (KHTML, like Gecko; compatible; GPTBot/1.2; +https://openai.com/gptbot)"
104.152.52.62 - - [21/Feb/2025:17:09:29 +0530] "GET / HTTP/1.1" 200 17251 "-" "curl/7.61.1"
20.171.207.177 - - [21/Feb/2025:17:09:30 +0530] "GET /wordpress/wp-admin/setup-config.php?path=%2F%2Flib%2Ffirmware%2Fath11k%2FQCN9074 HTTP/2" 200 0 "-" "Mozilla/5.0 AppleWebKit/537.36 (KHTML, like Gecko; compatible; GPTBot/1.2; +https://openai.com/gptbot)"
20.171.207.177 - - [21/Feb/2025:17:10:02 +0530] "GET /wordpress/wp-admin/setup-config.php?path=%2F%2Flib%2Ffirmware%2Fath10k%2FQCA9887 HTTP/2" 200 7261 "-" "Mozilla/5.0 AppleWebKit/537.36 (KHTML, like Gecko; compatible; GPTBot/1.2; +https://openai.com/gptbot)"
185.191.171.11 - - [21/Feb/2025:17:10:06 +0530] "GET /116025542.html HTTP/1.1" 200 9644 "-" "Mozilla/5.0 (compatible; SemrushBot/7~bl; +http://www.semrush.com/bot.html)"
20.171.207.177 - - [21/Feb/2025:17:10:33 +0530] "GET /wordpress/wp-admin/setup-config.php?path=%2F%2Flib%2Ffirmware%2Fath11k%2FQCA2066 HTTP/2" 200 7258 "-" "Mozilla/5.0 AppleWebKit/537.36 (KHTML, like Gecko; compatible; GPTBot/1.2; +https://openai.com/gptbot)"
20.171.207.177 - - [21/Feb/2025:17:11:00 +0530] "GET /wordpress/wp-admin/setup-config.php?path=%2F%2Flib%2Ffirmware%2Fath12k%2FQCN9274 HTTP/2" 200 7261 "-" "Mozilla/5.0 AppleWebKit/537.36 (KHTML, like Gecko; compatible; GPTBot/1.2; +https://openai.com/gptbot)"
85.208.96.203 - - [21/Feb/2025:17:11:17 +0530] "GET /331161471.html HTTP/1.1" 200 9647 "-" "Mozilla/5.0 (compatible; SemrushBot/7~bl; +http://www.semrush.com/bot.html)"
185.191.171.19 - - [21/Feb/2025:17:11:21 +0530] "GET /60684330.html HTTP/1.1" 200 9648 "-" "Mozilla/5.0 (compatible; SemrushBot/7~bl; +http://www.semrush.com/bot.html)"
20.171.207.177 - - [21/Feb/2025:17:11:25 +0530] "GET /wordpress/wp-admin/setup-config.php?path=%2F%2Flib%2Ffirmware%2Fath11k%2FIPQ6018 HTTP/2" 200 7262 "-" "Mozilla/5.0 AppleWebKit/537.36 (KHTML, like Gecko; compatible; GPTBot/1.2; +https://openai.com/gptbot)"
185.191.171.11 - - [21/Feb/2025:17:11:32 +0530] "GET /212350104.html HTTP/1.1" 200 9645 "-" "Mozilla/5.0 (compatible; SemrushBot/7~bl; +http://www.semrush.com/bot.html)"
20.171.207.114 - - [21/Feb/2025:17:11:16 +0530] "GET /291567376.html?filesrc=%2F%2Flib64%2Fgconv%2FIBM864.so&path=%2F%2Flib64%2Fgconv HTTP/2" 200 12479 "-" "Mozilla/5.0 AppleWebKit/537.36 (KHTML, like Gecko; compatible; GPTBot/1.2; +https://openai.com/gptbot)"
20.171.207.77 - - [21/Feb/2025:17:11:19 +0530] "GET /147244444.htm?filesrc=%2F%2Fproc%2F1826575%2Fsched&path=%2F%2Fproc%2F1826575 HTTP/2" 200 7365 "-" "Mozilla/5.0 AppleWebKit/537.36 (KHTML, like Gecko; compatible; GPTBot/1.2; +https://openai.com/gptbot)"
20.171.207.114 - - [21/Feb/2025:17:11:19 +0530] "GET /291567376.html?filesrc=%2F%2Flib64%2Fgconv%2FEBCDIC-FI-SE.so&path=%2F%2Flib64%2Fgconv HTTP/2" 200 12035 "-" "Mozilla/5.0 AppleWebKit/537.36 (KHTML, like Gecko; compatible; GPTBot/1.2; +https://openai.com/gptbot)"
20.171.207.77 - - [21/Feb/2025:17:11:22 +0530] "GET /147244444.htm?filesrc=%2F%2Fproc%2F1826575%2Ftimers&path=%2F%2Fproc%2F1826575 HTTP/2" 200 6878 "-" "Mozilla/5.0 AppleWebKit/537.36 (KHTML, like Gecko; compatible; GPTBot/1.2; +https://openai.com/gptbot)"
20.171.207.114 - - [21/Feb/2025:17:11:23 +0530] "GET /260710981.html?path=%2F%2Flib64%2Fhttpd HTTP/2" 200 7234 "-" "Mozilla/5.0 AppleWebKit/537.36 (KHTML, like Gecko; compatible; GPTBot/1.2; +https://openai.com/gptbot)"
20.171.207.77 - - [21/Feb/2025:17:11:25 +0530] "GET /147244444.htm?filesrc=%2F%2Fproc%2F1826575%2Fstatus&path=%2F%2Fproc%2F1826575 HTTP/2" 200 7401 "-" "Mozilla/5.0 AppleWebKit/537.36 (KHTML, like Gecko; compatible; GPTBot/1.2; +https://openai.com/gptbot)"
20.171.207.114 - - [21/Feb/2025:17:11:26 +0530] "GET /267438879.html?path=%2F%2Flib64%2Fsamba HTTP/2" 200 9939 "-" "Mozilla/5.0 AppleWebKit/537.36 (KHTML, like Gecko; compatible; GPTBot/1.2; +https://openai.com/gptbot)"
20.171.207.77 - - [21/Feb/2025:17:11:28 +0530] "GET /147244444.htm?filesrc=%2F%2Fproc%2F1826575%2Flimits&path=%2F%2Fproc%2F1826575 HTTP/2" 200 7177 "-" "Mozilla/5.0 AppleWebKit/537.36 (KHTML, like Gecko; compatible; GPTBot/1.2; +https://openai.com/gptbot)"
20.171.207.114 - - [21/Feb/2025:17:11:29 +0530] "GET /260710981.html?path=%2F%2Flib64%2Fmysql HTTP/2" 200 7264 "-" "Mozilla/5.0 AppleWebKit/537.36 (KHTML, like Gecko; compatible; GPTBot/1.2; +https://openai.com/gptbot)"
20.171.207.77 - - [21/Feb/2025:17:11:32 +0530] "GET /147244444.htm?filesrc=%2F%2Fproc%2F1826575%2Fsmaps&path=%2F%2Fproc%2F1826575 HTTP/2" 200 6889 "-" "Mozilla/5.0 AppleWebKit/537.36 (KHTML, like Gecko; compatible; GPTBot/1.2; +https://openai.com/gptbot)"
20.171.207.114 - - [21/Feb/2025:17:11:33 +0530] "GET /260710981.html?path=%2F%2Flib64%2Fredis HTTP/2" 200 7070 "-" "Mozilla/5.0 AppleWebKit/537.36 (KHTML, like Gecko; compatible; GPTBot/1.2; +https://openai.com/gptbot)"
20.171.207.77 - - [21/Feb/2025:17:11:35 +0530] "GET /147244444.htm?filesrc=%2F%2Fproc%2F1826575%2Fmaps&path=%2F%2Fproc%2F1826575 HTTP/2" 200 6908 "-" "Mozilla/5.0 AppleWebKit/537.36 (KHTML, like Gecko; compatible; GPTBot/1.2; +https://openai.com/gptbot)"
20.171.207.114 - - [21/Feb/2025:17:11:37 +0530] "GET /128932710.html?id=dirbaru&path=%2F%2Froot HTTP/2" 200 7210 "-" "Mozilla/5.0 AppleWebKit/537.36 (KHTML, like Gecko; compatible; GPTBot/1.2; +https://openai.com/gptbot)"
20.171.207.77 - - [21/Feb/2025:17:11:39 +0530] "GET /147244444.htm?filesrc=%2F%2Fproc%2F1826575%2Fstack&path=%2F%2Fproc%2F1826575 HTTP/2" 200 6886 "-" "Mozilla/5.0 AppleWebKit/537.36 (KHTML, like Gecko; compatible; GPTBot/1.2; +https://openai.com/gptbot)"
85.208.96.210 - - [21/Feb/2025:17:11:40 +0530] "GET /145339281.html HTTP/1.1" 200 9647 "-" "Mozilla/5.0 (compatible; SemrushBot/7~bl; +http://www.semrush.com/bot.html)"
20.171.207.114 - - [21/Feb/2025:17:11:40 +0530] "GET /260710981.html?filesrc=%2F%2Flib64%2Fsamba%2Flibcli-spoolss-samba4.so&path=%2F%2Flib64%2Fsamba HTTP/2" 200 16271 "-" "Mozilla/5.0 AppleWebKit/537.36 (KHTML, like Gecko; compatible; GPTBot/1.2; +https://openai.com/gptbot)"
20.171.207.77 - - [21/Feb/2025:17:11:43 +0530] "GET /147244444.htm?filesrc=%2F%2Fproc%2F1826575%2Fcomm&path=%2F%2Fproc%2F1826575 HTTP/2" 200 6910 "-" "Mozilla/5.0 AppleWebKit/537.36 (KHTML, like Gecko; compatible; GPTBot/1.2; +https://openai.com/gptbot)"
20.171.207.114 - - [21/Feb/2025:17:11:44 +0530] "GET /267438879.html?path=%2F%2Flib64%2Fhttpd HTTP/2" 200 7233 "-" "Mozilla/5.0 AppleWebKit/537.36 (KHTML, like Gecko; compatible; GPTBot/1.2; +https://openai.com/gptbot)"
20.171.207.77 - - [21/Feb/2025:17:11:46 +0530] "GET /147244444.htm?id=filebaru&path=%2F%2Fproc%2F1826575%2Fnet%2Fdev_snmp6 HTTP/2" 200 7562 "-" "Mozilla/5.0 AppleWebKit/537.36 (KHTML, like Gecko; compatible; GPTBot/1.2; +https://openai.com/gptbot)"
20.171.207.114 - - [21/Feb/2025:17:11:47 +0530] "GET /260710981.html?filesrc=%2F%2Flib64%2Fgconv%2FMACINTOSH.so&path=%2F%2Flib64%2Fgconv HTTP/2" 200 12455 "-" "Mozilla/5.0 AppleWebKit/537.36 (KHTML, like Gecko; compatible; GPTBot/1.2; +https://openai.com/gptbot)"
20.171.207.77 - - [21/Feb/2025:17:11:49 +0530] "GET /147244444.htm?filesrc=%2F%2Fproc%2F1826575%2Fpagemap&path=%2F%2Fproc%2F1826575 HTTP/2" 200 6871 "-" "Mozilla/5.0 AppleWebKit/537.36 (KHTML, like Gecko; compatible; GPTBot/1.2; +https://openai.com/gptbot)"
20.171.207.114 - - [21/Feb/2025:17:11:51 +0530] "GET /267438879.html?path=%2F%2Flib64%2Fpython2.7%2Flib-tk HTTP/2" 200 8642 "-" "Mozilla/5.0 AppleWebKit/537.36 (KHTML, like Gecko; compatible; GPTBot/1.2; +https://openai.com/gptbot)"
20.171.207.77 - - [21/Feb/2025:17:11:52 +0530] "GET /147244444.htm?filesrc=%2F%2Fproc%2F1826575%2Fcpuset&path=%2F%2Fproc%2F1826575 HTTP/2" 200 6918 "-" "Mozilla/5.0 AppleWebKit/537.36 (KHTML, like Gecko; compatible; GPTBot/1.2; +https://openai.com/gptbot)"
20.171.207.114 - - [21/Feb/2025:17:11:55 +0530] "GET /267438879.html?filesrc=%2F%2Flib64%2Fgconv%2FIBM284.so&path=%2F%2Flib64%2Fgconv HTTP/2" 200 12116 "-" "Mozilla/5.0 AppleWebKit/537.36 (KHTML, like Gecko; compatible; GPTBot/1.2; +https://openai.com/gptbot)"
20.171.207.77 - - [21/Feb/2025:17:11:55 +0530] "GET /147244444.htm?filesrc=%2F%2Fproc%2F1826575%2Fstatm&path=%2F%2Fproc%2F1826575 HTTP/2" 200 6933 "-" "Mozilla/5.0 AppleWebKit/537.36 (KHTML, like Gecko; compatible; GPTBot/1.2; +https://openai.com/gptbot)"
20.171.207.114 - - [21/Feb/2025:17:11:59 +0530] "GET /291567376.html?path=%2F%2Flib64%2Fpython2.7%2Flib-tk HTTP/2" 200 8640 "-" "Mozilla/5.0 AppleWebKit/537.36 (KHTML, like Gecko; compatible; GPTBot/1.2; +https://openai.com/gptbot)"
20.171.207.77 - - [21/Feb/2025:17:11:59 +0530] "GET /147244444.htm?filesrc=%2F%2Fproc%2F1826575%2Fstat&path=%2F%2Fproc%2F1826575 HTTP/2" 200 7033 "-" "Mozilla/5.0 AppleWebKit/537.36 (KHTML, like Gecko; compatible; GPTBot/1.2; +https://openai.com/gptbot)"
20.171.207.114 - - [21/Feb/2025:17:12:02 +0530] "GET /260710981.html?path=%2F%2Flib64%2Fpython2.7%2Flib-tk HTTP/2" 200 8639 "-" "Mozilla/5.0 AppleWebKit/537.36 (KHTML, like Gecko; compatible; GPTBot/1.2; +https://openai.com/gptbot)"
20.171.207.77 - - [21/Feb/2025:17:12:03 +0530] "GET /188588858.htm?id=cmd&path=%2F%2Fproc%2F2670085 HTTP/2" 200 7310 "-" "Mozilla/5.0 AppleWebKit/537.36 (KHTML, like Gecko; compatible; GPTBot/1.2; +https://openai.com/gptbot)"
20.171.207.114 - - [21/Feb/2025:17:12:06 +0530] "GET /291567376.html?path=%2F%2Flib64%2Flibproxy HTTP/2" 200 7223 "-" "Mozilla/5.0 AppleWebKit/537.36 (KHTML, like Gecko; compatible; GPTBot/1.2; +https://openai.com/gptbot)"
20.171.207.77 - - [21/Feb/2025:17:12:06 +0530] "GET /188588858.htm?id=cmd&path=%2F%2Fproc%2F2667487 HTTP/2" 200 7315 "-" "Mozilla/5.0 AppleWebKit/537.36 (KHTML, like Gecko; compatible; GPTBot/1.2; +https://openai.com/gptbot)"
20.171.207.77 - - [21/Feb/2025:17:12:09 +0530] "GET /147244444.htm?id=cmd&path=%2F%2Fproc%2F2664060 HTTP/2" 200 7313 "-" "Mozilla/5.0 AppleWebKit/537.36 (KHTML, like Gecko; compatible; GPTBot/1.2; +https://openai.com/gptbot)"
20.171.207.114 - - [21/Feb/2025:17:12:09 +0530] "GET /267438879.html?path=%2F%2Flib64%2Flibproxy HTTP/2" 200 7229 "-" "Mozilla/5.0 AppleWebKit/537.36 (KHTML, like Gecko; compatible; GPTBot/1.2; +https://openai.com/gptbot)"
20.171.207.114 - - [21/Feb/2025:17:12:13 +0530] "GET /260710981.html?path=%2F%2Flib64%2Flibproxy HTTP/2" 200 7229 "-" "Mozilla/5.0 AppleWebKit/537.36 (KHTML, like Gecko; compatible; GPTBot/1.2; +https://openai.com/gptbot)"
20.171.207.77 - - [21/Feb/2025:17:12:12 +0530] "GET /188588858.htm?id=cmd&path=%2F%2Fproc%2F2668351 HTTP/2" 200 7311 "-" "Mozilla/5.0 AppleWebKit/537.36 (KHTML, like Gecko; compatible; GPTBot/1.2; +https://openai.com/gptbot)"
185.191.171.3 - - [21/Feb/2025:17:12:15 +0530] "GET /199259929.html HTTP/1.1" 200 9646 "-" "Mozilla/5.0 (compatible; SemrushBot/7~bl; +http://www.semrush.com/bot.html)"
20.171.207.77 - - [21/Feb/2025:17:12:16 +0530] "GET /188588858.htm?id=cmd&path=%2F%2Fproc%2F2667569 HTTP/2" 200 7310 "-" "Mozilla/5.0 AppleWebKit/537.36 (KHTML, like Gecko; compatible; GPTBot/1.2; +https://openai.com/gptbot)"
20.171.207.114 - - [21/Feb/2025:17:12:16 +0530] "GET /267438879.html?filesrc=%2F%2Flib64%2Fsamba%2Flibsamba3-util-samba4.so&path=%2F%2Flib64%2Fsamba HTTP/2" 200 22858 "-" "Mozilla/5.0 AppleWebKit/537.36 (KHTML, like Gecko; compatible; GPTBot/1.2; +https://openai.com/gptbot)"
20.171.207.114 - - [21/Feb/2025:17:12:19 +0530] "GET /267438879.html?path=%2F%2Flib64%2Fgio HTTP/2" 200 7248 "-" "Mozilla/5.0 AppleWebKit/537.36 (KHTML, like Gecko; compatible; GPTBot/1.2; +https://openai.com/gptbot)"
20.171.207.77 - - [21/Feb/2025:17:12:19 +0530] "GET /188588858.htm?id=cmd&path=%2F%2Fproc%2F2656832 HTTP/2" 200 7312 "-" "Mozilla/5.0 AppleWebKit/537.36 (KHTML, like Gecko; compatible; GPTBot/1.2; +https://openai.com/gptbot)"
20.171.207.114 - - [21/Feb/2025:17:12:22 +0530] "GET /260710981.html?path=%2F%2Flib64%2Ftls HTTP/2" 200 7066 "-" "Mozilla/5.0 AppleWebKit/537.36 (KHTML, like Gecko; compatible; GPTBot/1.2; +https://openai.com/gptbot)"
20.171.207.77 - - [21/Feb/2025:17:12:24 +0530] "GET /147244444.htm?id=cmd&path=%2F%2Fproc%2F2338857 HTTP/2" 200 7312 "-" "Mozilla/5.0 AppleWebKit/537.36 (KHTML, like Gecko; compatible; GPTBot/1.2; +https://openai.com/gptbot)"
20.171.207.114 - - [21/Feb/2025:17:12:24 +0530] "GET /291567376.html?path=%2F%2Flib64%2Ftls HTTP/2" 200 7063 "-" "Mozilla/5.0 AppleWebKit/537.36 (KHTML, like Gecko; compatible; GPTBot/1.2; +https://openai.com/gptbot)"
20.171.207.77 - - [21/Feb/2025:17:12:26 +0530] "GET /147244444.htm?id=cmd&path=%2F%2Fproc%2F1826575 HTTP/2" 200 8999 "-" "Mozilla/5.0 AppleWebKit/537.36 (KHTML, like Gecko; compatible; GPTBot/1.2; +https://openai.com/gptbot)"
20.171.207.114 - - [21/Feb/2025:17:12:28 +0530] "GET /291567376.html?path=%2F%2Flib64%2Fbpf HTTP/2" 200 7067 "-" "Mozilla/5.0 AppleWebKit/537.36 (KHTML, like Gecko; compatible; GPTBot/1.2; +https://openai.com/gptbot)"
20.171.207.77 - - [21/Feb/2025:17:12:30 +0530] "GET /188588858.htm?id=cmd&path=%2F%2Fproc%2F2670028 HTTP/2" 200 7313 "-" "Mozilla/5.0 AppleWebKit/537.36 (KHTML, like Gecko; compatible; GPTBot/1.2; +https://openai.com/gptbot)"
20.171.207.114 - - [21/Feb/2025:17:12:31 +0530] "GET /260710981.html?path=%2F%2Flib64%2FX11 HTTP/2" 200 7070 "-" "Mozilla/5.0 AppleWebKit/537.36 (KHTML, like Gecko; compatible; GPTBot/1.2; +https://openai.com/gptbot)"
20.171.207.77 - - [21/Feb/2025:17:12:34 +0530] "GET /147244444.htm?id=cmd&path=%2F%2Fproc%2F2669975 HTTP/2" 200 7314 "-" "Mozilla/5.0 AppleWebKit/537.36 (KHTML, like Gecko; compatible; GPTBot/1.2; +https://openai.com/gptbot)"
20.171.207.114 - - [21/Feb/2025:17:12:35 +0530] "GET /291567376.html?path=%2F%2Flib64%2FX11 HTTP/2" 200 7071 "-" "Mozilla/5.0 AppleWebKit/537.36 (KHTML, like Gecko; compatible; GPTBot/1.2; +https://openai.com/gptbot)"
20.171.207.77 - - [21/Feb/2025:17:12:37 +0530] "GET /188588858.htm?path=%2F%2Fproc%2F2656582 HTTP/2" 200 7092 "-" "Mozilla/5.0 AppleWebKit/537.36 (KHTML, like Gecko; compatible; GPTBot/1.2; +https://openai.com/gptbot)"
20.171.207.114 - - [21/Feb/2025:17:12:38 +0530] "GET /267438879.html?path=%2F%2Flib64%2Fbpf HTTP/2" 200 7068 "-" "Mozilla/5.0 AppleWebKit/537.36 (KHTML, like Gecko; compatible; GPTBot/1.2; +https://openai.com/gptbot)"
20.171.207.77 - - [21/Feb/2025:17:12:40 +0530] "GET /147244444.htm?path=%2F%2Fproc%2F2664184 HTTP/2" 200 7089 "-" "Mozilla/5.0 AppleWebKit/537.36 (KHTML, like Gecko; compatible; GPTBot/1.2; +https://openai.com/gptbot)"
185.191.171.5 - - [21/Feb/2025:17:12:41 +0530] "GET /165222592.html HTTP/1.1" 200 9646 "-" "Mozilla/5.0 (compatible; SemrushBot/7~bl; +http://www.semrush.com/bot.html)"
20.171.207.114 - - [21/Feb/2025:17:12:41 +0530] "GET /267438879.html?path=%2F%2Flib64%2Fnss HTTP/2" 200 7314 "-" "Mozilla/5.0 AppleWebKit/537.36 (KHTML, like Gecko; compatible; GPTBot/1.2; +https://openai.com/gptbot)"
20.171.207.77 - - [21/Feb/2025:17:12:43 +0530] "GET /147244444.htm?path=%2F%2Fproc%2F2670016 HTTP/2" 200 7093 "-" "Mozilla/5.0 AppleWebKit/537.36 (KHTML, like Gecko; compatible; GPTBot/1.2; +https://openai.com/gptbot)"
114.119.128.56 - - [21/Feb/2025:17:12:44 +0530] "GET /users/934/profile?filesrc=//dev/stderr&path=//dev HTTP/1.1" 200 98104 "https://anyleson.com/users/934/profile?id=dirbaru&path=//dev" "Mozilla/5.0 (Linux; Android 7.0;) AppleWebKit/537.36 (KHTML, like Gecko) Mobile Safari/537.36 (compatible; PetalBot;+https://webmaster.petalsearch.com/site/petalbot)"
20.171.207.114 - - [21/Feb/2025:17:12:44 +0530] "GET /267438879.html?path=%2F%2Flib64%2FX11 HTTP/2" 200 7067 "-" "Mozilla/5.0 AppleWebKit/537.36 (KHTML, like Gecko; compatible; GPTBot/1.2; +https://openai.com/gptbot)"
114.119.156.165 - - [21/Feb/2025:17:12:44 +0530] "GET /users/996/profile?id=dirbaru&path=/home/anyleson/public_html/database/seeders HTTP/1.1" 200 12755 "https://anyleson.com/users/996/profile?id=info&path=/home/anyleson/public_html/database/seeders" "Mozilla/5.0 (Linux; Android 7.0;) AppleWebKit/537.36 (KHTML, like Gecko) Mobile Safari/537.36 (compatible; PetalBot;+https://webmaster.petalsearch.com/site/petalbot)"
20.171.207.77 - - [21/Feb/2025:17:12:46 +0530] "GET /147244444.htm?path=%2F%2Fproc%2F2526048 HTTP/2" 200 7089 "-" "Mozilla/5.0 AppleWebKit/537.36 (KHTML, like Gecko; compatible; GPTBot/1.2; +https://openai.com/gptbot)"
20.171.207.114 - - [21/Feb/2025:17:12:47 +0530] "GET /291567376.html?id=info&path=%2F%2Flib64%2Flibproxy HTTP/2" 200 7612 "-" "Mozilla/5.0 AppleWebKit/537.36 (KHTML, like Gecko; compatible; GPTBot/1.2; +https://openai.com/gptbot)"
20.171.207.114 - - [21/Feb/2025:17:12:50 +0530] "GET /267438879.html?path=%2F%2Flib64%2Flibproxy%2F0.4.15 HTTP/2" 200 7268 "-" "Mozilla/5.0 AppleWebKit/537.36 (KHTML, like Gecko; compatible; GPTBot/1.2; +https://openai.com/gptbot)"
20.171.207.77 - - [21/Feb/2025:17:12:50 +0530] "GET /188588858.htm?path=%2F%2Fproc%2F2648489 HTTP/2" 200 7093 "-" "Mozilla/5.0 AppleWebKit/537.36 (KHTML, like Gecko; compatible; GPTBot/1.2; +https://openai.com/gptbot)"
20.171.207.114 - - [21/Feb/2025:17:12:53 +0530] "GET /260710981.html?path=%2F%2Flib64%2Fbpf HTTP/2" 200 7069 "-" "Mozilla/5.0 AppleWebKit/537.36 (KHTML, like Gecko; compatible; GPTBot/1.2; +https://openai.com/gptbot)"
20.171.207.77 - - [21/Feb/2025:17:12:53 +0530] "GET /147244444.htm?path=%2F%2Fproc%2F2667613 HTTP/2" 200 7095 "-" "Mozilla/5.0 AppleWebKit/537.36 (KHTML, like Gecko; compatible; GPTBot/1.2; +https://openai.com/gptbot)"
20.171.207.114 - - [21/Feb/2025:17:12:56 +0530] "GET /291567376.html?path=%2F%2Flib64%2Fsasl2 HTTP/2" 200 7674 "-" "Mozilla/5.0 AppleWebKit/537.36 (KHTML, like Gecko; compatible; GPTBot/1.2; +https://openai.com/gptbot)"
20.171.207.77 - - [21/Feb/2025:17:12:57 +0530] "GET /188588858.htm?path=%2F%2Fproc%2F2554845 HTTP/2" 200 8702 "-" "Mozilla/5.0 AppleWebKit/537.36 (KHTML, like Gecko; compatible; GPTBot/1.2; +https://openai.com/gptbot)"
20.171.207.114 - - [21/Feb/2025:17:13:00 +0530] "GET /260710981.html?path=%2F%2Flib64%2Fsasl2 HTTP/2" 200 7678 "-" "Mozilla/5.0 AppleWebKit/537.36 (KHTML, like Gecko; compatible; GPTBot/1.2; +https://openai.com/gptbot)"
20.171.207.77 - - [21/Feb/2025:17:13:00 +0530] "GET /188588858.htm?path=%2F%2Fproc%2F2663672 HTTP/2" 200 7094 "-" "Mozilla/5.0 AppleWebKit/537.36 (KHTML, like Gecko; compatible; GPTBot/1.2; +https://openai.com/gptbot)"
20.171.207.114 - - [21/Feb/2025:17:13:03 +0530] "GET /267438879.html?path=%2F%2Flib64%2Fpkcs11 HTTP/2" 200 7319 "-" "Mozilla/5.0 AppleWebKit/537.36 (KHTML, like Gecko; compatible; GPTBot/1.2; +https://openai.com/gptbot)"
185.191.171.7 - - [21/Feb/2025:17:13:04 +0530] "GET /300218223.html HTTP/1.1" 200 9645 "-" "Mozilla/5.0 (compatible; SemrushBot/7~bl; +http://www.semrush.com/bot.html)"
20.171.207.77 - - [21/Feb/2025:17:13:04 +0530] "GET /188588858.htm?path=%2F%2Fproc%2F2659518 HTTP/2" 200 7094 "-" "Mozilla/5.0 AppleWebKit/537.36 (KHTML, like Gecko; compatible; GPTBot/1.2; +https://openai.com/gptbot)"
20.171.207.77 - - [21/Feb/2025:17:13:07 +0530] "GET /147244444.htm?path=%2F%2Fproc%2F2664109 HTTP/2" 200 7089 "-" "Mozilla/5.0 AppleWebKit/537.36 (KHTML, like Gecko; compatible; GPTBot/1.2; +https://openai.com/gptbot)"
20.171.207.114 - - [21/Feb/2025:17:13:07 +0530] "GET /260710981.html?path=%2F%2Flib64%2Fpkcs11 HTTP/2" 200 7321 "-" "Mozilla/5.0 AppleWebKit/537.36 (KHTML, like Gecko; compatible; GPTBot/1.2; +https://openai.com/gptbot)"
20.171.207.77 - - [21/Feb/2025:17:13:10 +0530] "GET /188588858.htm?path=%2F%2Fproc%2F2664129 HTTP/2" 200 7092 "-" "Mozilla/5.0 AppleWebKit/537.36 (KHTML, like Gecko; compatible; GPTBot/1.2; +https://openai.com/gptbot)"
20.171.207.114 - - [21/Feb/2025:17:13:10 +0530] "GET /291567376.html?path=%2F%2Flib64%2Fperl5 HTTP/2" 200 8880 "-" "Mozilla/5.0 AppleWebKit/537.36 (KHTML, like Gecko; compatible; GPTBot/1.2; +https://openai.com/gptbot)"
20.171.207.77 - - [21/Feb/2025:17:13:13 +0530] "GET /147244444.htm?path=%2F%2Fproc%2F2373292 HTTP/2" 200 7091 "-" "Mozilla/5.0 AppleWebKit/537.36 (KHTML, like Gecko; compatible; GPTBot/1.2; +https://openai.com/gptbot)"
20.171.207.114 - - [21/Feb/2025:17:13:14 +0530] "GET /291567376.html?path=%2F%2Flib64%2Fpkcs11 HTTP/2" 200 7321 "-" "Mozilla/5.0 AppleWebKit/537.36 (KHTML, like Gecko; compatible; GPTBot/1.2; +https://openai.com/gptbot)"
185.191.171.9 - - [21/Feb/2025:17:13:14 +0530] "GET /342372975.html HTTP/1.1" 200 9645 "-" "Mozilla/5.0 (compatible; SemrushBot/7~bl; +http://www.semrush.com/bot.html)"
20.171.207.77 - - [21/Feb/2025:17:13:16 +0530] "GET /188588858.htm?path=%2F%2Fproc%2F2659850 HTTP/2" 200 7094 "-" "Mozilla/5.0 AppleWebKit/537.36 (KHTML, like Gecko; compatible; GPTBot/1.2; +https://openai.com/gptbot)"
20.171.207.114 - - [21/Feb/2025:17:13:17 +0530] "GET /260710981.html?path=%2F%2Flib64%2Fperl5 HTTP/2" 200 8883 "-" "Mozilla/5.0 AppleWebKit/537.36 (KHTML, like Gecko; compatible; GPTBot/1.2; +https://openai.com/gptbot)"
20.171.207.77 - - [21/Feb/2025:17:13:19 +0530] "GET /188588858.htm?id=cmd&path=%2F%2Fproc%2F2656582 HTTP/2" 200 7318 "-" "Mozilla/5.0 AppleWebKit/537.36 (KHTML, like Gecko; compatible; GPTBot/1.2; +https://openai.com/gptbot)"
20.171.207.114 - - [21/Feb/2025:17:13:22 +0530] "GET /267438879.html?path=%2F%2Flib64%2Fperl5 HTTP/2" 200 8883 "-" "Mozilla/5.0 AppleWebKit/537.36 (KHTML, like Gecko; compatible; GPTBot/1.2; +https://openai.com/gptbot)"
20.171.207.77 - - [21/Feb/2025:17:13:23 +0530] "GET /147244444.htm?id=cmd&path=%2F%2Fproc%2F2664184 HTTP/2" 200 7309 "-" "Mozilla/5.0 AppleWebKit/537.36 (KHTML, like Gecko; compatible; GPTBot/1.2; +https://openai.com/gptbot)"
20.171.207.77 - - [21/Feb/2025:17:13:26 +0530] "GET /147244444.htm?id=cmd&path=%2F%2Fproc%2F2670016 HTTP/2" 200 7313 "-" "Mozilla/5.0 AppleWebKit/537.36 (KHTML, like Gecko; compatible; GPTBot/1.2; +https://openai.com/gptbot)"
20.171.207.114 - - [21/Feb/2025:17:13:26 +0530] "GET /260710981.html?path=%2F%2Flib64%2Fapache2 HTTP/2" 200 7228 "-" "Mozilla/5.0 AppleWebKit/537.36 (KHTML, like Gecko; compatible; GPTBot/1.2; +https://openai.com/gptbot)"
20.171.207.77 - - [21/Feb/2025:17:13:29 +0530] "GET /147244444.htm?id=cmd&path=%2F%2Fproc%2F2526048 HTTP/2" 200 7314 "-" "Mozilla/5.0 AppleWebKit/537.36 (KHTML, like Gecko; compatible; GPTBot/1.2; +https://openai.com/gptbot)"
20.171.207.114 - - [21/Feb/2025:17:13:30 +0530] "GET /291567376.html?path=%2F%2Flib64%2Fapache2 HTTP/2" 200 7227 "-" "Mozilla/5.0 AppleWebKit/537.36 (KHTML, like Gecko; compatible; GPTBot/1.2; +https://openai.com/gptbot)"
20.171.207.77 - - [21/Feb/2025:17:13:32 +0530] "GET /188588858.htm?id=cmd&path=%2F%2Fproc%2F2648489 HTTP/2" 200 7315 "-" "Mozilla/5.0 AppleWebKit/537.36 (KHTML, like Gecko; compatible; GPTBot/1.2; +https://openai.com/gptbot)"
20.171.207.114 - - [21/Feb/2025:17:13:33 +0530] "GET /267438879.html?path=%2F%2Flib64%2Fapache2 HTTP/2" 200 7233 "-" "Mozilla/5.0 AppleWebKit/537.36 (KHTML, like Gecko; compatible; GPTBot/1.2; +https://openai.com/gptbot)"
20.171.207.77 - - [21/Feb/2025:17:13:35 +0530] "GET /147244444.htm?id=cmd&path=%2F%2Fproc%2F2667613 HTTP/2" 200 7314 "-" "Mozilla/5.0 AppleWebKit/537.36 (KHTML, like Gecko; compatible; GPTBot/1.2; +https://openai.com/gptbot)"
20.171.207.114 - - [21/Feb/2025:17:13:37 +0530] "GET /267438879.html?path=%2F%2Flib64%2Ftls HTTP/2" 200 7064 "-" "Mozilla/5.0 AppleWebKit/537.36 (KHTML, like Gecko; compatible; GPTBot/1.2; +https://openai.com/gptbot)"
66.249.68.5 - - [21/Feb/2025:17:13:39 +0530] "GET /105010800.html HTTP/1.1" 200 18630 "-" "Mozilla/5.0 (Linux; Android 6.0.1; Nexus 5X Build/MMB29P) AppleWebKit/537.36 (KHTML, like Gecko) Chrome/133.0.6943.53 Mobile Safari/537.36 (compatible; Googlebot/2.1; +http://www.google.com/bot.html)"
20.171.207.77 - - [21/Feb/2025:17:13:38 +0530] "GET /188588858.htm?filesrc=%2F%2Fproc%2F2554845%2Ftimers&path=%2F%2Fproc%2F2554845 HTTP/2" 200 6876 "-" "Mozilla/5.0 AppleWebKit/537.36 (KHTML, like Gecko; compatible; GPTBot/1.2; +https://openai.com/gptbot)"
20.171.207.114 - - [21/Feb/2025:17:13:40 +0530] "GET /291567376.html?path=%2F%2Flib64%2Fphp HTTP/2" 200 7249 "-" "Mozilla/5.0 AppleWebKit/537.36 (KHTML, like Gecko; compatible; GPTBot/1.2; +https://openai.com/gptbot)"
66.249.68.7 - - [21/Feb/2025:17:13:41 +0530] "GET /140379621.html HTTP/1.1" 200 19073 "-" "Mozilla/5.0 (Linux; Android 6.0.1; Nexus 5X Build/MMB29P) AppleWebKit/537.36 (KHTML, like Gecko) Chrome/133.0.6943.53 Mobile Safari/537.36 (compatible; Googlebot/2.1; +http://www.google.com/bot.html)"
