20.171.207.77 - - [21/Feb/2025:16:19:21 +0530] "GET /188588858.htm?filesrc=%2F%2Fproc%2F2656578%2Fmountinfo&path=%2F%2Fproc%2F2656578 HTTP/2" 200 6908 "-" "Mozilla/5.0 AppleWebKit/537.36 (KHTML, like Gecko; compatible; GPTBot/1.2; +https://openai.com/gptbot)"
66.249.68.6 - - [21/Feb/2025:16:19:23 +0530] "GET /pcmypage?callback=/product%2Fdetail%2FLYKN121704512 HTTP/1.1" 200 20419 "-" "Mozilla/5.0 (Linux; Android 6.0.1; Nexus 5X Build/MMB29P) AppleWebKit/537.36 (KHTML, like Gecko) Chrome/133.0.6943.126 Mobile Safari/537.36 (compatible; Googlebot/2.1; +http://www.google.com/bot.html)"
20.171.207.77 - - [21/Feb/2025:16:19:24 +0530] "GET /147244444.htm?filesrc=%2F%2Fproc%2F2657765%2Fwchan&path=%2F%2Fproc%2F2657765 HTTP/2" 200 6874 "-" "Mozilla/5.0 AppleWebKit/537.36 (KHTML, like Gecko; compatible; GPTBot/1.2; +https://openai.com/gptbot)"
20.171.207.77 - - [21/Feb/2025:16:19:27 +0530] "GET /147244444.htm?filesrc=%2F%2Fproc%2F2657633%2Fmaps&path=%2F%2Fproc%2F2657633 HTTP/2" 200 6913 "-" "Mozilla/5.0 AppleWebKit/537.36 (KHTML, like Gecko; compatible; GPTBot/1.2; +https://openai.com/gptbot)"
20.171.207.77 - - [21/Feb/2025:16:19:31 +0530] "GET /188588858.htm?filesrc=%2F%2Fproc%2F1826580%2Fmaps&path=%2F%2Fproc%2F1826580 HTTP/2" 200 6909 "-" "Mozilla/5.0 AppleWebKit/537.36 (KHTML, like Gecko; compatible; GPTBot/1.2; +https://openai.com/gptbot)"
20.171.207.77 - - [21/Feb/2025:16:19:34 +0530] "GET /188588858.htm?filesrc=%2F%2Fproc%2F2656578%2Fcmdline&path=%2F%2Fproc%2F2656578 HTTP/2" 200 6924 "-" "Mozilla/5.0 AppleWebKit/537.36 (KHTML, like Gecko; compatible; GPTBot/1.2; +https://openai.com/gptbot)"
20.171.207.77 - - [21/Feb/2025:16:19:38 +0530] "GET /188588858.htm?filesrc=%2F%2Fproc%2F1826580%2Fmountinfo&path=%2F%2Fproc%2F1826580 HTTP/2" 200 8014 "-" "Mozilla/5.0 AppleWebKit/537.36 (KHTML, like Gecko; compatible; GPTBot/1.2; +https://openai.com/gptbot)"
20.171.207.77 - - [21/Feb/2025:16:19:42 +0530] "GET /147244444.htm?filesrc=%2F%2Fproc%2F2657765%2Fschedstat&path=%2F%2Fproc%2F2657765 HTTP/2" 200 6935 "-" "Mozilla/5.0 AppleWebKit/537.36 (KHTML, like Gecko; compatible; GPTBot/1.2; +https://openai.com/gptbot)"
20.171.207.114 - - [21/Feb/2025:16:19:29 +0530] "GET /226309857.html?filesrc=%2F%2Flib64%2Flibnl-route-3.so.200&path=%2F%2Flib64 HTTP/2" 200 209282 "-" "Mozilla/5.0 AppleWebKit/537.36 (KHTML, like Gecko; compatible; GPTBot/1.2; +https://openai.com/gptbot)"
20.171.207.177 - - [21/Feb/2025:16:19:30 +0530] "GET /wordpress/wp-admin/setup-config.php?path=%2F%2Flib%2Fpython3.6%2Fsite-packages%2Ftuned%2Fstorage HTTP/2" 200 7577 "-" "Mozilla/5.0 AppleWebKit/537.36 (KHTML, like Gecko; compatible; GPTBot/1.2; +https://openai.com/gptbot)"
20.171.207.114 - - [21/Feb/2025:16:19:32 +0530] "GET /226309857.html?filesrc=%2F%2Flib64%2Flibjasper.so&path=%2F%2Flib64 HTTP/2" 200 157285 "-" "Mozilla/5.0 AppleWebKit/537.36 (KHTML, like Gecko; compatible; GPTBot/1.2; +https://openai.com/gptbot)"
20.171.207.177 - - [21/Feb/2025:16:19:34 +0530] "GET /wordpress/wp-admin/setup-config.php?path=%2F%2Flib%2Fpython3.6%2Fsite-packages%2Fdnf%2F__pycache__ HTTP/2" 200 8771 "-" "Mozilla/5.0 AppleWebKit/537.36 (KHTML, like Gecko; compatible; GPTBot/1.2; +https://openai.com/gptbot)"
20.171.207.114 - - [21/Feb/2025:16:19:35 +0530] "GET /231016687.html?filesrc=%2F%2Flib64%2Fxml2Conf.sh&path=%2F%2Flib64 HTTP/2" 200 7046 "-" "Mozilla/5.0 AppleWebKit/537.36 (KHTML, like Gecko; compatible; GPTBot/1.2; +https://openai.com/gptbot)"
185.191.171.12 - - [21/Feb/2025:16:19:37 +0530] "GET /26282551.html HTTP/1.1" 200 9646 "-" "Mozilla/5.0 (compatible; SemrushBot/7~bl; +http://www.semrush.com/bot.html)"
20.171.207.177 - - [21/Feb/2025:16:19:38 +0530] "GET /wordpress/wp-admin/setup-config.php?path=%2F%2Flib%2Fpython3.6%2Fsite-packages%2Fisc%2F__pycache__ HTTP/2" 200 8065 "-" "Mozilla/5.0 AppleWebKit/537.36 (KHTML, like Gecko; compatible; GPTBot/1.2; +https://openai.com/gptbot)"
20.171.207.114 - - [21/Feb/2025:16:19:38 +0530] "GET /231016687.html?filesrc=%2F%2Flib64%2Flibicutu.so.60&path=%2F%2Flib64 HTTP/2" 200 89614 "-" "Mozilla/5.0 AppleWebKit/537.36 (KHTML, like Gecko; compatible; GPTBot/1.2; +https://openai.com/gptbot)"
20.171.207.114 - - [21/Feb/2025:16:19:41 +0530] "GET /226309857.html?filesrc=%2F%2Flib64%2Flibkmod.so.2&path=%2F%2Flib64 HTTP/2" 200 49649 "-" "Mozilla/5.0 AppleWebKit/537.36 (KHTML, like Gecko; compatible; GPTBot/1.2; +https://openai.com/gptbot)"
20.171.207.177 - - [21/Feb/2025:16:19:41 +0530] "GET /wordpress/wp-admin/setup-config.php?path=%2F%2Flib%2Fpython3.6%2Fsite-packages%2Fdnf%2Fdb HTTP/2" 200 7537 "-" "Mozilla/5.0 AppleWebKit/537.36 (KHTML, like Gecko; compatible; GPTBot/1.2; +https://openai.com/gptbot)"
20.171.207.114 - - [21/Feb/2025:16:19:44 +0530] "GET /359379264.html?filesrc=%2F%2Flib64%2Flibverto.so.1&path=%2F%2Flib64 HTTP/2" 200 16420 "-" "Mozilla/5.0 AppleWebKit/537.36 (KHTML, like Gecko; compatible; GPTBot/1.2; +https://openai.com/gptbot)"
85.208.96.207 - - [21/Feb/2025:16:19:44 +0530] "GET /371450521.html HTTP/1.1" 200 9641 "-" "Mozilla/5.0 (compatible; SemrushBot/7~bl; +http://www.semrush.com/bot.html)"
20.171.207.177 - - [21/Feb/2025:16:19:45 +0530] "GET /wordpress/wp-admin/setup-config.php?path=%2F%2Flib%2Fpython3.6%2Fsite-packages%2Ffirewall%2Fcore%2F__pycache__ HTTP/2" 200 8716 "-" "Mozilla/5.0 AppleWebKit/537.36 (KHTML, like Gecko; compatible; GPTBot/1.2; +https://openai.com/gptbot)"
20.171.207.114 - - [21/Feb/2025:16:19:46 +0530] "GET /250536473.html?filesrc=%2F%2Flib64%2Flibdav1d.so.3&path=%2F%2Flib64 HTTP/2" 200 354790 "-" "Mozilla/5.0 AppleWebKit/537.36 (KHTML, like Gecko; compatible; GPTBot/1.2; +https://openai.com/gptbot)"
185.191.171.13 - - [21/Feb/2025:16:19:49 +0530] "GET /230235796.html HTTP/1.1" 200 9645 "-" "Mozilla/5.0 (compatible; SemrushBot/7~bl; +http://www.semrush.com/bot.html)"
20.171.207.177 - - [21/Feb/2025:16:19:49 +0530] "GET /wordpress/wp-admin/setup-config.php?path=%2F%2Flib%2Fpython3.6%2Fsite-packages%2Ffirewall%2Fcore%2Fio HTTP/2" 200 7894 "-" "Mozilla/5.0 AppleWebKit/537.36 (KHTML, like Gecko; compatible; GPTBot/1.2; +https://openai.com/gptbot)"
20.171.207.114 - - [21/Feb/2025:16:19:50 +0530] "GET /116480243.html?filesrc=%2F%2Fetc%2Fkdump.conf&path=%2F%2Fetc HTTP/2" 200 9813 "-" "Mozilla/5.0 AppleWebKit/537.36 (KHTML, like Gecko; compatible; GPTBot/1.2; +https://openai.com/gptbot)"
20.171.207.177 - - [21/Feb/2025:16:19:53 +0530] "GET /wordpress/wp-admin/setup-config.php?path=%2F%2Flib%2Fpython3.6%2Fsite-packages%2Ftuned%2Funits HTTP/2" 200 7471 "-" "Mozilla/5.0 AppleWebKit/537.36 (KHTML, like Gecko; compatible; GPTBot/1.2; +https://openai.com/gptbot)"
157.55.39.6 - - [21/Feb/2025:16:19:55 +0530] "GET /course-category/accounting/?price_type=paid&filtering=1&filter_course-category=207,114,229,148 HTTP/2" 301 795 "-" "Mozilla/5.0 AppleWebKit/537.36 (KHTML, like Gecko; compatible; bingbot/2.0; +http://www.bing.com/bingbot.htm) Chrome/116.0.1938.76 Safari/537.36"
20.171.207.114 - - [21/Feb/2025:16:19:53 +0530] "GET /250536473.html?filesrc=%2F%2Flib64%2Flibpng.so&path=%2F%2Flib64 HTTP/2" 200 104889 "-" "Mozilla/5.0 AppleWebKit/537.36 (KHTML, like Gecko; compatible; GPTBot/1.2; +https://openai.com/gptbot)"
85.208.96.210 - - [21/Feb/2025:16:19:54 +0530] "GET /308521003.html HTTP/1.1" 200 9644 "-" "Mozilla/5.0 (compatible; SemrushBot/7~bl; +http://www.semrush.com/bot.html)"
20.171.207.114 - - [21/Feb/2025:16:19:56 +0530] "GET /226309857.html?filesrc=%2F%2Flib64%2Flibcollection.so.4&path=%2F%2Flib64 HTTP/2" 200 27764 "-" "Mozilla/5.0 AppleWebKit/537.36 (KHTML, like Gecko; compatible; GPTBot/1.2; +https://openai.com/gptbot)"
20.171.207.177 - - [21/Feb/2025:16:19:57 +0530] "GET /wordpress/wp-admin/setup-config.php?path=%2F%2Flib%2Fpython3.6%2Fsite-packages%2Fdnf%2Fyum HTTP/2" 200 7523 "-" "Mozilla/5.0 AppleWebKit/537.36 (KHTML, like Gecko; compatible; GPTBot/1.2; +https://openai.com/gptbot)"
185.191.171.13 - - [21/Feb/2025:16:19:58 +0530] "GET /291242627.html HTTP/1.1" 200 9645 "-" "Mozilla/5.0 (compatible; SemrushBot/7~bl; +http://www.semrush.com/bot.html)"
20.171.207.114 - - [21/Feb/2025:16:20:00 +0530] "GET /359379264.html?filesrc=%2F%2Flib64%2Flibexslt.so&path=%2F%2Flib64 HTTP/2" 200 42523 "-" "Mozilla/5.0 AppleWebKit/537.36 (KHTML, like Gecko; compatible; GPTBot/1.2; +https://openai.com/gptbot)"
87.250.224.252 - - [21/Feb/2025:16:20:01 +0530] "GET /public/courses/javascript-programming-mastery/lesson/2-2-adding-elements HTTP/1.1" 200 9657 "-" "Mozilla/5.0 (compatible; YandexBot/3.0; +http://yandex.com/bots)"
20.171.207.177 - - [21/Feb/2025:16:20:01 +0530] "GET /wordpress/wp-admin/setup-config.php?path=%2F%2Flib%2Fpython3.6%2Fsite-packages%2Ftuned%2Futils HTTP/2" 200 7725 "-" "Mozilla/5.0 AppleWebKit/537.36 (KHTML, like Gecko; compatible; GPTBot/1.2; +https://openai.com/gptbot)"
185.191.171.7 - - [21/Feb/2025:16:20:03 +0530] "GET /291867104.html HTTP/1.1" 200 9645 "-" "Mozilla/5.0 (compatible; SemrushBot/7~bl; +http://www.semrush.com/bot.html)"
20.171.207.114 - - [21/Feb/2025:16:20:04 +0530] "GET /231016687.html?filesrc=%2F%2Flib64%2Flibtinfo.so&path=%2F%2Flib64 HTTP/2" 200 66554 "-" "Mozilla/5.0 AppleWebKit/537.36 (KHTML, like Gecko; compatible; GPTBot/1.2; +https://openai.com/gptbot)"
20.171.207.177 - - [21/Feb/2025:16:20:05 +0530] "GET /wordpress/wp-admin/setup-config.php?path=%2F%2Flib%2Fpython3.6%2Fsite-packages%2Fsepolgen HTTP/2" 200 7982 "-" "Mozilla/5.0 AppleWebKit/537.36 (KHTML, like Gecko; compatible; GPTBot/1.2; +https://openai.com/gptbot)"
20.171.207.114 - - [21/Feb/2025:16:20:07 +0530] "GET /250536473.html?filesrc=%2F%2Flib64%2Flibprotobuf-c.so&path=%2F%2Flib64 HTTP/2" 200 23015 "-" "Mozilla/5.0 AppleWebKit/537.36 (KHTML, like Gecko; compatible; GPTBot/1.2; +https://openai.com/gptbot)"
170.106.193.108 - - [21/Feb/2025:16:20:07 +0530] "GET / HTTP/1.1" 200 30432 "http://www.anyleson.com" "Mozilla/5.0 (iPhone; CPU iPhone OS 13_2_3 like Mac OS X) AppleWebKit/605.1.15 (KHTML, like Gecko) Version/13.0.3 Mobile/15E148 Safari/604.1"
20.171.207.177 - - [21/Feb/2025:16:20:08 +0530] "GET /wordpress/wp-admin/setup-config.php?path=%2F%2Flib%2Fpython3.6%2Fsite-packages%2Ftuned%2Fmonitors%2F__pycache__ HTTP/2" 200 7718 "-" "Mozilla/5.0 AppleWebKit/537.36 (KHTML, like Gecko; compatible; GPTBot/1.2; +https://openai.com/gptbot)"
20.171.207.114 - - [21/Feb/2025:16:20:10 +0530] "GET /226309857.html?filesrc=%2F%2Flib64%2Flibxcb-composite.so.0&path=%2F%2Flib64 HTTP/2" 200 10782 "-" "Mozilla/5.0 AppleWebKit/537.36 (KHTML, like Gecko; compatible; GPTBot/1.2; +https://openai.com/gptbot)"
20.171.207.177 - - [21/Feb/2025:16:20:12 +0530] "GET /wordpress/wp-admin/setup-config.php?path=%2F%2Flib%2Fpython3.6%2Fsite-packages%2Ftuned%2Fexports%2F__pycache__ HTTP/2" 200 7750 "-" "Mozilla/5.0 AppleWebKit/537.36 (KHTML, like Gecko; compatible; GPTBot/1.2; +https://openai.com/gptbot)"
20.171.207.114 - - [21/Feb/2025:16:20:13 +0530] "GET /231016687.html?id=deface&path=%2F%2Flib64 HTTP/2" 200 45160 "-" "Mozilla/5.0 AppleWebKit/537.36 (KHTML, like Gecko; compatible; GPTBot/1.2; +https://openai.com/gptbot)"
85.208.96.205 - - [21/Feb/2025:16:20:14 +0530] "GET /393787462.html HTTP/1.1" 200 9643 "-" "Mozilla/5.0 (compatible; SemrushBot/7~bl; +http://www.semrush.com/bot.html)"
20.171.207.177 - - [21/Feb/2025:16:20:15 +0530] "GET /wordpress/wp-admin/setup-config.php?path=%2F%2Flib%2Fpython3.6%2Fsite-packages%2Ftuned%2Fprofiles%2F__pycache__ HTTP/2" 200 7823 "-" "Mozilla/5.0 AppleWebKit/537.36 (KHTML, like Gecko; compatible; GPTBot/1.2; +https://openai.com/gptbot)"
20.171.207.114 - - [21/Feb/2025:16:20:16 +0530] "GET /359379264.html?id=deface&path=%2F%2Flib64 HTTP/2" 200 46199 "-" "Mozilla/5.0 AppleWebKit/537.36 (KHTML, like Gecko; compatible; GPTBot/1.2; +https://openai.com/gptbot)"
20.171.207.177 - - [21/Feb/2025:16:20:19 +0530] "GET /wordpress/wp-admin/setup-config.php?path=%2F%2Flib%2Fpython3.6%2Fsite-packages%2Ftuned%2Fprofiles%2Ffunctions HTTP/2" 200 8215 "-" "Mozilla/5.0 AppleWebKit/537.36 (KHTML, like Gecko; compatible; GPTBot/1.2; +https://openai.com/gptbot)"
20.171.207.114 - - [21/Feb/2025:16:20:19 +0530] "GET /226309857.html?id=upload&path=%2F%2Flib64 HTTP/2" 200 46089 "-" "Mozilla/5.0 AppleWebKit/537.36 (KHTML, like Gecko; compatible; GPTBot/1.2; +https://openai.com/gptbot)"
20.171.207.177 - - [21/Feb/2025:16:20:22 +0530] "GET /wordpress/wp-admin/setup-config.php?path=%2F%2Flib%2Fpython3.6%2Fsite-packages%2Ffirewall%2Fcore%2F__pycache__ HTTP/2" 200 8726 "-" "Mozilla/5.0 AppleWebKit/537.36 (KHTML, like Gecko; compatible; GPTBot/1.2; +https://openai.com/gptbot)"
20.171.207.114 - - [21/Feb/2025:16:20:22 +0530] "GET /250536473.html?id=deface&path=%2F%2Flib64 HTTP/2" 200 46737 "-" "Mozilla/5.0 AppleWebKit/537.36 (KHTML, like Gecko; compatible; GPTBot/1.2; +https://openai.com/gptbot)"
20.171.207.177 - - [21/Feb/2025:16:20:25 +0530] "GET /wordpress/wp-admin/setup-config.php?filesrc=%2F%2Flib%2Fpython3.6%2Fsite-packages%2Fdnf%2F__pycache__%2Fcomps.cpython-36.opt-1.pyc&path=%2F%2Flib%2Fpython3.6%2Fsite-packages%2Fdnf%2F__pycache__ HTTP/2" 200 16269 "-" "Mozilla/5.0 AppleWebKit/537.36 (KHTML, like Gecko; compatible; GPTBot/1.2; +https://openai.com/gptbot)"
20.171.207.114 - - [21/Feb/2025:16:20:26 +0530] "GET /226309857.html?id=deface&path=%2F%2Flib64 HTTP/2" 200 45330 "-" "Mozilla/5.0 AppleWebKit/537.36 (KHTML, like Gecko; compatible; GPTBot/1.2; +https://openai.com/gptbot)"
20.171.207.114 - - [21/Feb/2025:16:20:29 +0530] "GET /359379264.html?path=%2F%2Flib64%2Fpm-utils HTTP/2" 200 7295 "-" "Mozilla/5.0 AppleWebKit/537.36 (KHTML, like Gecko; compatible; GPTBot/1.2; +https://openai.com/gptbot)"
20.171.207.177 - - [21/Feb/2025:16:20:29 +0530] "GET /wordpress/wp-admin/setup-config.php?path=%2F%2Flib%2Fpython3.6%2Fsite-packages%2Ftuned%2Fstorage%2F__pycache__ HTTP/2" 200 7675 "-" "Mozilla/5.0 AppleWebKit/537.36 (KHTML, like Gecko; compatible; GPTBot/1.2; +https://openai.com/gptbot)"
20.171.207.77 - - [21/Feb/2025:16:19:47 +0530] "GET /188588858.htm?filesrc=%2F%2Fproc%2F1826580%2Fcgroup&path=%2F%2Fproc%2F1826580 HTTP/2" 200 7035 "-" "Mozilla/5.0 AppleWebKit/537.36 (KHTML, like Gecko; compatible; GPTBot/1.2; +https://openai.com/gptbot)"
52.167.144.213 - - [21/Feb/2025:16:19:49 +0530] "GET /course-category/art-design/?filter_course-category=76&level=all_levels&filtering=1&instructor=31,1 HTTP/2" 301 795 "-" "Mozilla/5.0 AppleWebKit/537.36 (KHTML, like Gecko; compatible; bingbot/2.0; +http://www.bing.com/bingbot.htm) Chrome/116.0.1938.76 Safari/537.36"
20.171.207.77 - - [21/Feb/2025:16:19:50 +0530] "GET /147244444.htm?filesrc=%2F%2Fproc%2F2657765%2Fautogroup&path=%2F%2Fproc%2F2657765 HTTP/2" 200 6930 "-" "Mozilla/5.0 AppleWebKit/537.36 (KHTML, like Gecko; compatible; GPTBot/1.2; +https://openai.com/gptbot)"
20.171.207.77 - - [21/Feb/2025:16:19:53 +0530] "GET /147244444.htm?filesrc=%2F%2Fproc%2F2657765%2Fsyscall&path=%2F%2Fproc%2F2657765 HTTP/2" 200 6870 "-" "Mozilla/5.0 AppleWebKit/537.36 (KHTML, like Gecko; compatible; GPTBot/1.2; +https://openai.com/gptbot)"
20.171.207.77 - - [21/Feb/2025:16:19:56 +0530] "GET /147244444.htm?filesrc=%2F%2Fproc%2F2657633%2Fsyscall&path=%2F%2Fproc%2F2657633 HTTP/2" 200 6869 "-" "Mozilla/5.0 AppleWebKit/537.36 (KHTML, like Gecko; compatible; GPTBot/1.2; +https://openai.com/gptbot)"
20.171.207.77 - - [21/Feb/2025:16:19:59 +0530] "GET /188588858.htm?filesrc=%2F%2Fproc%2F1826580%2Fwchan&path=%2F%2Fproc%2F1826580 HTTP/2" 200 6874 "-" "Mozilla/5.0 AppleWebKit/537.36 (KHTML, like Gecko; compatible; GPTBot/1.2; +https://openai.com/gptbot)"
20.171.207.77 - - [21/Feb/2025:16:20:04 +0530] "GET /147244444.htm?filesrc=%2F%2Fproc%2F2657765%2Fsched&path=%2F%2Fproc%2F2657765 HTTP/2" 200 7328 "-" "Mozilla/5.0 AppleWebKit/537.36 (KHTML, like Gecko; compatible; GPTBot/1.2; +https://openai.com/gptbot)"
20.171.207.77 - - [21/Feb/2025:16:20:08 +0530] "GET /147244444.htm?filesrc=%2F%2Fproc%2F2657633%2Fsched&path=%2F%2Fproc%2F2657633 HTTP/2" 200 7351 "-" "Mozilla/5.0 AppleWebKit/537.36 (KHTML, like Gecko; compatible; GPTBot/1.2; +https://openai.com/gptbot)"
20.171.207.77 - - [21/Feb/2025:16:20:12 +0530] "GET /188588858.htm?filesrc=%2F%2Fproc%2F2656578%2Fstack&path=%2F%2Fproc%2F2656578 HTTP/2" 200 6889 "-" "Mozilla/5.0 AppleWebKit/537.36 (KHTML, like Gecko; compatible; GPTBot/1.2; +https://openai.com/gptbot)"
20.171.207.77 - - [21/Feb/2025:16:20:15 +0530] "GET /147244444.htm?filesrc=%2F%2Fproc%2F2657765%2Fcmdline&path=%2F%2Fproc%2F2657765 HTTP/2" 200 6986 "-" "Mozilla/5.0 AppleWebKit/537.36 (KHTML, like Gecko; compatible; GPTBot/1.2; +https://openai.com/gptbot)"
20.171.207.77 - - [21/Feb/2025:16:20:18 +0530] "GET /147244444.htm?filesrc=%2F%2Fproc%2F2657633%2Fstat&path=%2F%2Fproc%2F2657633 HTTP/2" 200 7014 "-" "Mozilla/5.0 AppleWebKit/537.36 (KHTML, like Gecko; compatible; GPTBot/1.2; +https://openai.com/gptbot)"
20.171.207.77 - - [21/Feb/2025:16:20:21 +0530] "GET /188588858.htm?filesrc=%2F%2Fproc%2F2656578%2Fauxv&path=%2F%2Fproc%2F2656578 HTTP/2" 200 6912 "-" "Mozilla/5.0 AppleWebKit/537.36 (KHTML, like Gecko; compatible; GPTBot/1.2; +https://openai.com/gptbot)"
20.171.207.77 - - [21/Feb/2025:16:20:25 +0530] "GET /188588858.htm?filesrc=%2F%2Fproc%2F2656578%2Fsched&path=%2F%2Fproc%2F2656578 HTTP/2" 200 7327 "-" "Mozilla/5.0 AppleWebKit/537.36 (KHTML, like Gecko; compatible; GPTBot/1.2; +https://openai.com/gptbot)"
20.171.207.77 - - [21/Feb/2025:16:20:28 +0530] "GET /147244444.htm?filesrc=%2F%2Fproc%2F2657765%2Fmaps&path=%2F%2Fproc%2F2657765 HTTP/2" 200 6913 "-" "Mozilla/5.0 AppleWebKit/537.36 (KHTML, like Gecko; compatible; GPTBot/1.2; +https://openai.com/gptbot)"
20.171.207.77 - - [21/Feb/2025:16:20:31 +0530] "GET /147244444.htm?filesrc=%2F%2Fproc%2F2657633%2Ftimers&path=%2F%2Fproc%2F2657633 HTTP/2" 200 6870 "-" "Mozilla/5.0 AppleWebKit/537.36 (KHTML, like Gecko; compatible; GPTBot/1.2; +https://openai.com/gptbot)"
20.171.207.114 - - [21/Feb/2025:16:20:32 +0530] "GET /250536473.html?path=%2F%2Flib64%2Fpm-utils HTTP/2" 200 7294 "-" "Mozilla/5.0 AppleWebKit/537.36 (KHTML, like Gecko; compatible; GPTBot/1.2; +https://openai.com/gptbot)"
20.171.207.177 - - [21/Feb/2025:16:20:33 +0530] "GET /wordpress/wp-admin/setup-config.php?path=%2F%2Flib%2Fpython3.6%2Fsite-packages%2Fdnf%2Fdb%2F__pycache__ HTTP/2" 200 7569 "-" "Mozilla/5.0 AppleWebKit/537.36 (KHTML, like Gecko; compatible; GPTBot/1.2; +https://openai.com/gptbot)"
20.171.207.114 - - [21/Feb/2025:16:20:35 +0530] "GET /226309857.html?path=%2F%2Flib64%2Fpm-utils HTTP/2" 200 7291 "-" "Mozilla/5.0 AppleWebKit/537.36 (KHTML, like Gecko; compatible; GPTBot/1.2; +https://openai.com/gptbot)"
185.191.171.8 - - [21/Feb/2025:16:20:36 +0530] "GET /391812113.html HTTP/1.1" 200 9648 "-" "Mozilla/5.0 (compatible; SemrushBot/7~bl; +http://www.semrush.com/bot.html)"
20.171.207.177 - - [21/Feb/2025:16:20:37 +0530] "GET /wordpress/wp-admin/setup-config.php?path=%2F%2Flib%2Fpython3.6%2Fsite-packages%2Ftuned%2Fplugins%2Finstance%2F__pycache__ HTTP/2" 200 7575 "-" "Mozilla/5.0 AppleWebKit/537.36 (KHTML, like Gecko; compatible; GPTBot/1.2; +https://openai.com/gptbot)"
20.171.207.114 - - [21/Feb/2025:16:20:38 +0530] "GET /231016687.html?path=%2F%2Flib64%2Fpm-utils HTTP/2" 200 7291 "-" "Mozilla/5.0 AppleWebKit/537.36 (KHTML, like Gecko; compatible; GPTBot/1.2; +https://openai.com/gptbot)"
20.171.207.177 - - [21/Feb/2025:16:20:40 +0530] "GET /wordpress/wp-admin/setup-config.php?id=deface&path=%2F%2Flib%2Fpython3.6%2Fsite-packages%2Ffirewall%2Fcore%2F__pycache__ HTTP/2" 200 9013 "-" "Mozilla/5.0 AppleWebKit/537.36 (KHTML, like Gecko; compatible; GPTBot/1.2; +https://openai.com/gptbot)"
20.171.207.114 - - [21/Feb/2025:16:20:41 +0530] "GET /231016687.html?path=%2F%2Flib64%2Fphp-zts HTTP/2" 200 7228 "-" "Mozilla/5.0 AppleWebKit/537.36 (KHTML, like Gecko; compatible; GPTBot/1.2; +https://openai.com/gptbot)"
85.208.96.212 - - [21/Feb/2025:16:20:44 +0530] "GET /58013371.html HTTP/1.1" 200 9645 "-" "Mozilla/5.0 (compatible; SemrushBot/7~bl; +http://www.semrush.com/bot.html)"
20.171.207.114 - - [21/Feb/2025:16:20:44 +0530] "GET /250536473.html?path=%2F%2Flib64%2Fphp-zts HTTP/2" 200 7227 "-" "Mozilla/5.0 AppleWebKit/537.36 (KHTML, like Gecko; compatible; GPTBot/1.2; +https://openai.com/gptbot)"
20.171.207.177 - - [21/Feb/2025:16:20:44 +0530] "GET /wordpress/wp-admin/setup-config.php?filesrc=%2F%2Flib%2Fpython3.6%2Fsite-packages%2Ffirewall%2Fcore%2F__pycache__%2Ffw_icmptype.cpython-36.opt-1.pyc&path=%2F%2Flib%2Fpython3.6%2Fsite-packages%2Ffirewall%2Fcore%2F__pycache__ HTTP/2" 200 8173 "-" "Mozilla/5.0 AppleWebKit/537.36 (KHTML, like Gecko; compatible; GPTBot/1.2; +https://openai.com/gptbot)"
20.171.207.114 - - [21/Feb/2025:16:20:47 +0530] "GET /359379264.html?path=%2F%2Flib64%2Fphp-zts HTTP/2" 200 7229 "-" "Mozilla/5.0 AppleWebKit/537.36 (KHTML, like Gecko; compatible; GPTBot/1.2; +https://openai.com/gptbot)"
20.171.207.177 - - [21/Feb/2025:16:20:48 +0530] "GET /wordpress/wp-admin/setup-config.php?path=%2F%2Flib%2Fpython3.6%2Fsite-packages%2Ffirewall%2Fcore%2Fio%2F__pycache__ HTTP/2" 200 8074 "-" "Mozilla/5.0 AppleWebKit/537.36 (KHTML, like Gecko; compatible; GPTBot/1.2; +https://openai.com/gptbot)"
20.171.207.114 - - [21/Feb/2025:16:20:51 +0530] "GET /226309857.html?path=%2F%2Flib64%2Fphp-zts HTTP/2" 200 7229 "-" "Mozilla/5.0 AppleWebKit/537.36 (KHTML, like Gecko; compatible; GPTBot/1.2; +https://openai.com/gptbot)"
20.171.207.177 - - [21/Feb/2025:16:20:51 +0530] "GET /wordpress/wp-admin/setup-config.php?path=%2F%2Flib%2Fpython3.6%2Fsite-packages%2Ftuned%2Funits%2F__pycache__ HTTP/2" 200 7531 "-" "Mozilla/5.0 AppleWebKit/537.36 (KHTML, like Gecko; compatible; GPTBot/1.2; +https://openai.com/gptbot)"
20.171.207.114 - - [21/Feb/2025:16:20:54 +0530] "GET /250536473.html?id=upload&path=%2F%2Flib64 HTTP/2" 200 46893 "-" "Mozilla/5.0 AppleWebKit/537.36 (KHTML, like Gecko; compatible; GPTBot/1.2; +https://openai.com/gptbot)"
20.171.207.77 - - [21/Feb/2025:16:20:35 +0530] "GET /147244444.htm?filesrc=%2F%2Fproc%2F2657633%2Fcpuset&path=%2F%2Fproc%2F2657633 HTTP/2" 200 6918 "-" "Mozilla/5.0 AppleWebKit/537.36 (KHTML, like Gecko; compatible; GPTBot/1.2; +https://openai.com/gptbot)"
20.171.207.77 - - [21/Feb/2025:16:20:38 +0530] "GET /188588858.htm?filesrc=%2F%2Fproc%2F2656578%2Fcpuset&path=%2F%2Fproc%2F2656578 HTTP/2" 200 6920 "-" "Mozilla/5.0 AppleWebKit/537.36 (KHTML, like Gecko; compatible; GPTBot/1.2; +https://openai.com/gptbot)"
20.171.207.77 - - [21/Feb/2025:16:20:41 +0530] "GET /188588858.htm?filesrc=%2F%2Fproc%2F1826580%2Fenviron&path=%2F%2Fproc%2F1826580 HTTP/2" 200 6866 "-" "Mozilla/5.0 AppleWebKit/537.36 (KHTML, like Gecko; compatible; GPTBot/1.2; +https://openai.com/gptbot)"
18.222.121.50 - - [21/Feb/2025:16:20:43 +0530] "GET /pages/privacy-policy?path=%2Fhome%2Fanyleson%2Fpublic_html%2Fpublic%2FViewerJS HTTP/2" 200 9193 "-" "Mozilla/5.0 AppleWebKit/537.36 (KHTML, like Gecko; compatible; ClaudeBot/1.0; +claudebot@anthropic.com)"
20.171.207.77 - - [21/Feb/2025:16:20:45 +0530] "GET /147244444.htm?filesrc=%2F%2Fproc%2F2657633%2Flimits&path=%2F%2Fproc%2F2657633 HTTP/2" 200 7171 "-" "Mozilla/5.0 AppleWebKit/537.36 (KHTML, like Gecko; compatible; GPTBot/1.2; +https://openai.com/gptbot)"
185.191.171.2 - - [21/Feb/2025:16:20:47 +0530] "GET /147456765.html HTTP/1.1" 200 9647 "-" "Mozilla/5.0 (compatible; SemrushBot/7~bl; +http://www.semrush.com/bot.html)"
20.171.207.77 - - [21/Feb/2025:16:20:48 +0530] "GET /188588858.htm?filesrc=%2F%2Fproc%2F1826580%2Fsmaps&path=%2F%2Fproc%2F1826580 HTTP/2" 200 6886 "-" "Mozilla/5.0 AppleWebKit/537.36 (KHTML, like Gecko; compatible; GPTBot/1.2; +https://openai.com/gptbot)"
20.171.207.77 - - [21/Feb/2025:16:20:51 +0530] "GET /147244444.htm?filesrc=%2F%2Fproc%2F2657633%2Fpagemap&path=%2F%2Fproc%2F2657633 HTTP/2" 200 6867 "-" "Mozilla/5.0 AppleWebKit/537.36 (KHTML, like Gecko; compatible; GPTBot/1.2; +https://openai.com/gptbot)"
20.171.207.77 - - [21/Feb/2025:16:20:54 +0530] "GET /188588858.htm?filesrc=%2F%2Fproc%2F2656578%2Flimits&path=%2F%2Fproc%2F2656578 HTTP/2" 200 7185 "-" "Mozilla/5.0 AppleWebKit/537.36 (KHTML, like Gecko; compatible; GPTBot/1.2; +https://openai.com/gptbot)"
20.171.207.77 - - [21/Feb/2025:16:20:58 +0530] "GET /188588858.htm?filesrc=%2F%2Fproc%2F1826580%2Fmountstats&path=%2F%2Fproc%2F1826580 HTTP/2" 200 6904 "-" "Mozilla/5.0 AppleWebKit/537.36 (KHTML, like Gecko; compatible; GPTBot/1.2; +https://openai.com/gptbot)"
85.208.96.196 - - [21/Feb/2025:16:21:01 +0530] "GET /94410149.html HTTP/1.1" 200 9645 "-" "Mozilla/5.0 (compatible; SemrushBot/7~bl; +http://www.semrush.com/bot.html)"
20.171.207.77 - - [21/Feb/2025:16:21:01 +0530] "GET /147244444.htm?filesrc=%2F%2Fproc%2F2657765%2Fstatm&path=%2F%2Fproc%2F2657765 HTTP/2" 200 6913 "-" "Mozilla/5.0 AppleWebKit/537.36 (KHTML, like Gecko; compatible; GPTBot/1.2; +https://openai.com/gptbot)"
20.171.207.77 - - [21/Feb/2025:16:21:05 +0530] "GET /147244444.htm?filesrc=%2F%2Fproc%2F2657765%2Fpagemap&path=%2F%2Fproc%2F2657765 HTTP/2" 200 6869 "-" "Mozilla/5.0 AppleWebKit/537.36 (KHTML, like Gecko; compatible; GPTBot/1.2; +https://openai.com/gptbot)"
20.171.207.77 - - [21/Feb/2025:16:21:09 +0530] "GET /147244444.htm?filesrc=%2F%2Fproc%2F2657765%2Fauxv&path=%2F%2Fproc%2F2657765 HTTP/2" 200 6916 "-" "Mozilla/5.0 AppleWebKit/537.36 (KHTML, like Gecko; compatible; GPTBot/1.2; +https://openai.com/gptbot)"
20.171.207.77 - - [21/Feb/2025:16:21:12 +0530] "GET /147244444.htm?filesrc=%2F%2Fproc%2F2657765%2Fsmaps&path=%2F%2Fproc%2F2657765 HTTP/2" 200 6890 "-" "Mozilla/5.0 AppleWebKit/537.36 (KHTML, like Gecko; compatible; GPTBot/1.2; +https://openai.com/gptbot)"
20.171.207.77 - - [21/Feb/2025:16:21:15 +0530] "GET /188588858.htm?filesrc=%2F%2Fproc%2F2656578%2Fsetgroups&path=%2F%2Fproc%2F2656578 HTTP/2" 200 6857 "-" "Mozilla/5.0 AppleWebKit/537.36 (KHTML, like Gecko; compatible; GPTBot/1.2; +https://openai.com/gptbot)"
20.171.207.177 - - [21/Feb/2025:16:20:55 +0530] "GET /wordpress/wp-admin/setup-config.php?id=deface&path=%2F%2Flib%2Fpython3.6%2Fsite-packages%2Ftuned%2Futils HTTP/2" 200 8043 "-" "Mozilla/5.0 AppleWebKit/537.36 (KHTML, like Gecko; compatible; GPTBot/1.2; +https://openai.com/gptbot)"
20.171.207.114 - - [21/Feb/2025:16:20:57 +0530] "GET /250536473.html?id=delete&path=%2F%2Flib64 HTTP/2" 200 46527 "-" "Mozilla/5.0 AppleWebKit/537.36 (KHTML, like Gecko; compatible; GPTBot/1.2; +https://openai.com/gptbot)"
20.171.207.177 - - [21/Feb/2025:16:20:58 +0530] "GET /wordpress/wp-admin/setup-config.php?path=%2F%2Flib%2Fpython3.6%2Fsite-packages%2Fsepolgen%2F__pycache__ HTTP/2" 200 8297 "-" "Mozilla/5.0 AppleWebKit/537.36 (KHTML, like Gecko; compatible; GPTBot/1.2; +https://openai.com/gptbot)"
20.171.207.114 - - [21/Feb/2025:16:21:01 +0530] "GET /359379264.html?id=delete&path=%2F%2Flib64 HTTP/2" 200 43343 "-" "Mozilla/5.0 AppleWebKit/537.36 (KHTML, like Gecko; compatible; GPTBot/1.2; +https://openai.com/gptbot)"
20.171.207.177 - - [21/Feb/2025:16:21:01 +0530] "GET /wordpress/wp-admin/setup-config.php?filesrc=%2F%2Flib%2Fpython3.6%2Fsite-packages%2Ftuned%2Fprofiles%2F__pycache__%2Funit.cpython-36.opt-1.pyc&path=%2F%2Flib%2Fpython3.6%2Fsite-packages%2Ftuned%2Fprofiles%2F__pycache__ HTTP/2" 200 8392 "-" "Mozilla/5.0 AppleWebKit/537.36 (KHTML, like Gecko; compatible; GPTBot/1.2; +https://openai.com/gptbot)"
20.171.207.114 - - [21/Feb/2025:16:21:04 +0530] "GET /226309857.html?filesrc=%2F%2Flib64%2FlibXfixes.so.3.1.0&path=%2F%2Flib64 HTTP/2" 200 15394 "-" "Mozilla/5.0 AppleWebKit/537.36 (KHTML, like Gecko; compatible; GPTBot/1.2; +https://openai.com/gptbot)"
20.171.207.177 - - [21/Feb/2025:16:21:05 +0530] "GET /wordpress/wp-admin/setup-config.php?path=%2F%2Flib%2Fpython3.6%2Fsite-packages%2Ftuned%2Futils%2F__pycache__ HTTP/2" 200 7830 "-" "Mozilla/5.0 AppleWebKit/537.36 (KHTML, like Gecko; compatible; GPTBot/1.2; +https://openai.com/gptbot)"
20.171.207.114 - - [21/Feb/2025:16:21:08 +0530] "GET /231016687.html?id=upload&path=%2F%2Flib64 HTTP/2" 200 46405 "-" "Mozilla/5.0 AppleWebKit/537.36 (KHTML, like Gecko; compatible; GPTBot/1.2; +https://openai.com/gptbot)"
20.171.207.177 - - [21/Feb/2025:16:21:09 +0530] "GET /wordpress/wp-admin/setup-config.php?path=%2F%2Flib%2Fpython3.6%2Fsite-packages%2Fdnf%2Fyum%2F__pycache__ HTTP/2" 200 7539 "-" "Mozilla/5.0 AppleWebKit/537.36 (KHTML, like Gecko; compatible; GPTBot/1.2; +https://openai.com/gptbot)"
20.171.207.114 - - [21/Feb/2025:16:21:11 +0530] "GET /359379264.html?id=upload&path=%2F%2Flib64 HTTP/2" 200 46122 "-" "Mozilla/5.0 AppleWebKit/537.36 (KHTML, like Gecko; compatible; GPTBot/1.2; +https://openai.com/gptbot)"
20.171.207.177 - - [21/Feb/2025:16:21:13 +0530] "GET /wordpress/wp-admin/setup-config.php?path=%2F%2Flib%2Fpython3.6%2Fsite-packages%2Ftuned%2Fprofiles%2Ffunctions%2F__pycache__ HTTP/2" 200 8633 "-" "Mozilla/5.0 AppleWebKit/537.36 (KHTML, like Gecko; compatible; GPTBot/1.2; +https://openai.com/gptbot)"
20.171.207.114 - - [21/Feb/2025:16:21:14 +0530] "GET /226309857.html?id=delete&path=%2F%2Flib64 HTTP/2" 200 47034 "-" "Mozilla/5.0 AppleWebKit/537.36 (KHTML, like Gecko; compatible; GPTBot/1.2; +https://openai.com/gptbot)"
185.191.171.12 - - [21/Feb/2025:16:21:15 +0530] "GET /197009742.html HTTP/1.1" 200 9645 "-" "Mozilla/5.0 (compatible; SemrushBot/7~bl; +http://www.semrush.com/bot.html)"
20.171.207.177 - - [21/Feb/2025:16:21:17 +0530] "GET /wordpress/wp-admin/setup-config.php?path=%2F%2Flib%2Fpython3.6%2Fsite-packages%2Fzope HTTP/2" 200 7320 "-" "Mozilla/5.0 AppleWebKit/537.36 (KHTML, like Gecko; compatible; GPTBot/1.2; +https://openai.com/gptbot)"
20.171.207.114 - - [21/Feb/2025:16:21:18 +0530] "GET /226309857.html?id=dirbaru&path=%2F%2Flib64%2Fpm-utils HTTP/2" 200 7507 "-" "Mozilla/5.0 AppleWebKit/537.36 (KHTML, like Gecko; compatible; GPTBot/1.2; +https://openai.com/gptbot)"
20.171.207.177 - - [21/Feb/2025:16:21:20 +0530] "GET /wordpress/wp-admin/setup-config.php?path=%2F%2Flib%2Fpython3.6%2Fsite-packages%2Fdnf%2Fconf HTTP/2" 200 7590 "-" "Mozilla/5.0 AppleWebKit/537.36 (KHTML, like Gecko; compatible; GPTBot/1.2; +https://openai.com/gptbot)"
20.171.207.114 - - [21/Feb/2025:16:21:21 +0530] "GET /231016687.html?id=delete&path=%2F%2Flib64 HTTP/2" 200 46564 "-" "Mozilla/5.0 AppleWebKit/537.36 (KHTML, like Gecko; compatible; GPTBot/1.2; +https://openai.com/gptbot)"
20.171.207.177 - - [21/Feb/2025:16:21:23 +0530] "GET /wordpress/wp-admin/setup-config.php?path=%2F%2Flib%2Fpython3.6%2Fsite-packages%2Fprocfs HTTP/2" 200 7479 "-" "Mozilla/5.0 AppleWebKit/537.36 (KHTML, like Gecko; compatible; GPTBot/1.2; +https://openai.com/gptbot)"
20.171.207.114 - - [21/Feb/2025:16:21:25 +0530] "GET /226309857.html?path=%2F%2Flib64%2Fgalera-4 HTTP/2" 200 7300 "-" "Mozilla/5.0 AppleWebKit/537.36 (KHTML, like Gecko; compatible; GPTBot/1.2; +https://openai.com/gptbot)"
20.171.207.177 - - [21/Feb/2025:16:21:27 +0530] "GET /wordpress/wp-admin/setup-config.php?path=%2F%2Flib64%2Fpython3.6%2Fmultiprocessing%2Fdummy HTTP/2" 200 7457 "-" "Mozilla/5.0 AppleWebKit/537.36 (KHTML, like Gecko; compatible; GPTBot/1.2; +https://openai.com/gptbot)"
20.171.207.114 - - [21/Feb/2025:16:21:28 +0530] "GET /231016687.html?path=%2F%2Flib64%2Fgalera-4 HTTP/2" 200 7302 "-" "Mozilla/5.0 AppleWebKit/537.36 (KHTML, like Gecko; compatible; GPTBot/1.2; +https://openai.com/gptbot)"
20.171.207.177 - - [21/Feb/2025:16:21:31 +0530] "GET /wordpress/wp-admin/setup-config.php?path=%2F%2Flib%2Fpython3.6%2Fsite-packages%2Fdnf%2Frpm HTTP/2" 200 7641 "-" "Mozilla/5.0 AppleWebKit/537.36 (KHTML, like Gecko; compatible; GPTBot/1.2; +https://openai.com/gptbot)"
20.171.207.114 - - [21/Feb/2025:16:21:31 +0530] "GET /250536473.html?path=%2F%2Flib64%2Fgalera-4 HTTP/2" 200 7303 "-" "Mozilla/5.0 AppleWebKit/537.36 (KHTML, like Gecko; compatible; GPTBot/1.2; +https://openai.com/gptbot)"
20.171.207.177 - - [21/Feb/2025:16:21:34 +0530] "GET /wordpress/wp-admin/setup-config.php?path=%2F%2Flib%2Fpython3.6%2Fsite-packages%2Fchardet%2Fcli HTTP/2" 200 7493 "-" "Mozilla/5.0 AppleWebKit/537.36 (KHTML, like Gecko; compatible; GPTBot/1.2; +https://openai.com/gptbot)"
20.171.207.114 - - [21/Feb/2025:16:21:35 +0530] "GET /359379264.html?path=%2F%2Flib64%2Fgalera-4 HTTP/2" 200 7307 "-" "Mozilla/5.0 AppleWebKit/537.36 (KHTML, like Gecko; compatible; GPTBot/1.2; +https://openai.com/gptbot)"
20.171.207.177 - - [21/Feb/2025:16:21:37 +0530] "GET /wordpress/wp-admin/setup-config.php?path=%2F%2Flib%2Fpython3.6%2Fsite-packages%2Fslip HTTP/2" 200 7523 "-" "Mozilla/5.0 AppleWebKit/537.36 (KHTML, like Gecko; compatible; GPTBot/1.2; +https://openai.com/gptbot)"
20.171.207.114 - - [21/Feb/2025:16:21:38 +0530] "GET /226309857.html?filesrc=%2F%2Flib64%2Fcracklib_dict.hwm&path=%2F%2Flib64 HTTP/2" 200 7186 "-" "Mozilla/5.0 AppleWebKit/537.36 (KHTML, like Gecko; compatible; GPTBot/1.2; +https://openai.com/gptbot)"
20.171.207.177 - - [21/Feb/2025:16:21:41 +0530] "GET /wordpress/wp-admin/setup-config.php?path=%2F%2Flib64%2Fpython3.6%2Fsite-packages%2Fsim_plugin HTTP/2" 200 7541 "-" "Mozilla/5.0 AppleWebKit/537.36 (KHTML, like Gecko; compatible; GPTBot/1.2; +https://openai.com/gptbot)"
20.171.207.114 - - [21/Feb/2025:16:21:41 +0530] "GET /116480243.html?path=%2F%2Fetc%2Fiproute2 HTTP/2" 200 7600 "-" "Mozilla/5.0 AppleWebKit/537.36 (KHTML, like Gecko; compatible; GPTBot/1.2; +https://openai.com/gptbot)"
20.171.207.177 - - [21/Feb/2025:16:21:44 +0530] "GET /wordpress/wp-admin/setup-config.php?path=%2F%2Flib%2Fpython3.6%2Fsite-packages%2Fpycparser HTTP/2" 200 7868 "-" "Mozilla/5.0 AppleWebKit/537.36 (KHTML, like Gecko; compatible; GPTBot/1.2; +https://openai.com/gptbot)"
20.171.207.114 - - [21/Feb/2025:16:21:44 +0530] "GET /226309857.html?filesrc=%2F%2Flib64%2Flibxcb-record.so.0.0.0&path=%2F%2Flib64 HTTP/2" 200 12697 "-" "Mozilla/5.0 AppleWebKit/537.36 (KHTML, like Gecko; compatible; GPTBot/1.2; +https://openai.com/gptbot)"
185.191.171.3 - - [21/Feb/2025:16:21:46 +0530] "GET /299916268.html HTTP/1.1" 200 9648 "-" "Mozilla/5.0 (compatible; SemrushBot/7~bl; +http://www.semrush.com/bot.html)"
20.171.207.177 - - [21/Feb/2025:16:21:47 +0530] "GET /wordpress/wp-admin/setup-config.php?path=%2F%2Flib%2Fpython3.6%2Fsite-packages%2Fjosepy HTTP/2" 200 7984 "-" "Mozilla/5.0 AppleWebKit/537.36 (KHTML, like Gecko; compatible; GPTBot/1.2; +https://openai.com/gptbot)"
20.171.207.114 - - [21/Feb/2025:16:21:47 +0530] "GET /231016687.html?filesrc=%2F%2Flib64%2Flibini_config.so.5.2.1&path=%2F%2Flib64 HTTP/2" 200 50427 "-" "Mozilla/5.0 AppleWebKit/537.36 (KHTML, like Gecko; compatible; GPTBot/1.2; +https://openai.com/gptbot)"
20.171.207.177 - - [21/Feb/2025:16:21:51 +0530] "GET /wordpress/wp-admin/setup-config.php?id=filebaru&path=%2F%2Flib%2Fpython3.6%2Fsite-packages%2Ftuned%2Futils%2F__pycache__ HTTP/2" 200 8026 "-" "Mozilla/5.0 AppleWebKit/537.36 (KHTML, like Gecko; compatible; GPTBot/1.2; +https://openai.com/gptbot)"
20.171.207.114 - - [21/Feb/2025:16:21:51 +0530] "GET /116480243.html?path=%2F%2Fetc%2Fpopt.d HTTP/2" 200 7044 "-" "Mozilla/5.0 AppleWebKit/537.36 (KHTML, like Gecko; compatible; GPTBot/1.2; +https://openai.com/gptbot)"
20.171.207.114 - - [21/Feb/2025:16:21:54 +0530] "GET /116480243.html?path=%2F%2Fetc%2Finit.d HTTP/2" 200 7406 "-" "Mozilla/5.0 AppleWebKit/537.36 (KHTML, like Gecko; compatible; GPTBot/1.2; +https://openai.com/gptbot)"
20.171.207.177 - - [21/Feb/2025:16:21:54 +0530] "GET /wordpress/wp-admin/setup-config.php?filesrc=%2F%2Flib%2Fpython3.6%2Fsite-packages%2Fdnf%2Fyum%2F__pycache__%2Fmisc.cpython-36.pyc&path=%2F%2Flib%2Fpython3.6%2Fsite-packages%2Fdnf%2Fyum%2F__pycache__ HTTP/2" 200 12571 "-" "Mozilla/5.0 AppleWebKit/537.36 (KHTML, like Gecko; compatible; GPTBot/1.2; +https://openai.com/gptbot)"
20.171.207.114 - - [21/Feb/2025:16:21:57 +0530] "GET /116480243.html?path=%2F%2Fetc%2Fmotd.d HTTP/2" 200 7338 "-" "Mozilla/5.0 AppleWebKit/537.36 (KHTML, like Gecko; compatible; GPTBot/1.2; +https://openai.com/gptbot)"
20.171.207.177 - - [21/Feb/2025:16:21:59 +0530] "GET /wordpress/wp-admin/setup-config.php?path=%2F%2Flib%2Fpython3.6%2Fsite-packages%2Fsyspurpose HTTP/2" 200 7634 "-" "Mozilla/5.0 AppleWebKit/537.36 (KHTML, like Gecko; compatible; GPTBot/1.2; +https://openai.com/gptbot)"
20.171.207.114 - - [21/Feb/2025:16:22:00 +0530] "GET /231016687.html?path=%2F%2Flib64%2Fpython2.7 HTTP/2" 200 22221 "-" "Mozilla/5.0 AppleWebKit/537.36 (KHTML, like Gecko; compatible; GPTBot/1.2; +https://openai.com/gptbot)"
20.171.207.177 - - [21/Feb/2025:16:22:02 +0530] "GET /wordpress/wp-admin/setup-config.php?path=%2F%2Flib%2Fpython3.6%2Fsite-packages%2Fzope%2Fcomponent HTTP/2" 200 8152 "-" "Mozilla/5.0 AppleWebKit/537.36 (KHTML, like Gecko; compatible; GPTBot/1.2; +https://openai.com/gptbot)"
20.171.207.114 - - [21/Feb/2025:16:22:04 +0530] "GET /116480243.html?path=%2F%2Fetc%2Fpolkit-1 HTTP/2" 200 7393 "-" "Mozilla/5.0 AppleWebKit/537.36 (KHTML, like Gecko; compatible; GPTBot/1.2; +https://openai.com/gptbot)"
85.208.96.207 - - [21/Feb/2025:16:22:04 +0530] "GET /61725256.html HTTP/1.1" 200 9644 "-" "Mozilla/5.0 (compatible; SemrushBot/7~bl; +http://www.semrush.com/bot.html)"
20.171.207.177 - - [21/Feb/2025:16:22:06 +0530] "GET /wordpress/wp-admin/setup-config.php?path=%2F%2Flib%2Fpython3.6%2Fsite-packages%2Fdnf%2Fconf%2F__pycache__ HTTP/2" 200 7577 "-" "Mozilla/5.0 AppleWebKit/537.36 (KHTML, like Gecko; compatible; GPTBot/1.2; +https://openai.com/gptbot)"
20.171.207.114 - - [21/Feb/2025:16:22:08 +0530] "GET /359379264.html?path=%2F%2Flib64%2Ftcl8.6 HTTP/2" 200 7397 "-" "Mozilla/5.0 AppleWebKit/537.36 (KHTML, like Gecko; compatible; GPTBot/1.2; +https://openai.com/gptbot)"
20.171.207.177 - - [21/Feb/2025:16:22:09 +0530] "GET /wordpress/wp-admin/setup-config.php?path=%2F%2Flib%2Fpython3.6%2Fsite-packages%2Fprocfs%2F__pycache__ HTTP/2" 200 7561 "-" "Mozilla/5.0 AppleWebKit/537.36 (KHTML, like Gecko; compatible; GPTBot/1.2; +https://openai.com/gptbot)"
85.208.96.195 - - [21/Feb/2025:16:22:10 +0530] "GET /117734699.html HTTP/1.1" 200 9648 "-" "Mozilla/5.0 (compatible; SemrushBot/7~bl; +http://www.semrush.com/bot.html)"
20.171.207.114 - - [21/Feb/2025:16:22:11 +0530] "GET /250536473.html?path=%2F%2Flib64%2Ftcl8.6 HTTP/2" 200 7398 "-" "Mozilla/5.0 AppleWebKit/537.36 (KHTML, like Gecko; compatible; GPTBot/1.2; +https://openai.com/gptbot)"
20.171.207.177 - - [21/Feb/2025:16:22:13 +0530] "GET /wordpress/wp-admin/setup-config.php?path=%2F%2Flib64%2Fpython3.6%2Fmultiprocessing%2Fdummy%2F__pycache__ HTTP/2" 200 7555 "-" "Mozilla/5.0 AppleWebKit/537.36 (KHTML, like Gecko; compatible; GPTBot/1.2; +https://openai.com/gptbot)"
20.171.207.114 - - [21/Feb/2025:16:22:14 +0530] "GET /231016687.html?path=%2F%2Flib64%2Ftcl8.6 HTTP/2" 200 7397 "-" "Mozilla/5.0 AppleWebKit/537.36 (KHTML, like Gecko; compatible; GPTBot/1.2; +https://openai.com/gptbot)"
20.171.207.114 - - [21/Feb/2025:16:22:17 +0530] "GET /226309857.html?path=%2F%2Flib64%2Ftcl8.6 HTTP/2" 200 7398 "-" "Mozilla/5.0 AppleWebKit/537.36 (KHTML, like Gecko; compatible; GPTBot/1.2; +https://openai.com/gptbot)"
20.171.207.177 - - [21/Feb/2025:16:22:17 +0530] "GET /wordpress/wp-admin/setup-config.php?id=info&path=%2F%2Flib%2Fpython3.6%2Fsite-packages%2Fdnf%2Frpm HTTP/2" 200 7964 "-" "Mozilla/5.0 AppleWebKit/537.36 (KHTML, like Gecko; compatible; GPTBot/1.2; +https://openai.com/gptbot)"
20.171.207.177 - - [21/Feb/2025:16:22:20 +0530] "GET /wordpress/wp-admin/setup-config.php?path=%2F%2Flib%2Fpython3.6%2Fsite-packages%2Fchardet%2Fcli%2F__pycache__ HTTP/2" 200 7532 "-" "Mozilla/5.0 AppleWebKit/537.36 (KHTML, like Gecko; compatible; GPTBot/1.2; +https://openai.com/gptbot)"
20.171.207.114 - - [21/Feb/2025:16:22:21 +0530] "GET /164942383.html?filesrc=%2F%2Fquota.user&path=%2F HTTP/2" 200 7570 "-" "Mozilla/5.0 AppleWebKit/537.36 (KHTML, like Gecko; compatible; GPTBot/1.2; +https://openai.com/gptbot)"
3.15.29.255 - - [21/Feb/2025:16:22:22 +0530] "GET /pages/privacy-policy?id=deface&path=%2Fhome%2Fanyleson%2Fpublic_html%2Fpublic HTTP/2" 200 9629 "-" "Mozilla/5.0 AppleWebKit/537.36 (KHTML, like Gecko; compatible; ClaudeBot/1.0; +claudebot@anthropic.com)"
20.171.207.177 - - [21/Feb/2025:16:22:24 +0530] "GET /wordpress/wp-admin/setup-config.php?path=%2F%2Flib%2Fpython3.6%2Fsite-packages%2Fdnf%2Frpm%2F__pycache__ HTTP/2" 200 7682 "-" "Mozilla/5.0 AppleWebKit/537.36 (KHTML, like Gecko; compatible; GPTBot/1.2; +https://openai.com/gptbot)"
20.171.207.114 - - [21/Feb/2025:16:22:24 +0530] "GET /260710981.html?filesrc=%2F%2Fquota.user&path=%2F HTTP/2" 200 7571 "-" "Mozilla/5.0 AppleWebKit/537.36 (KHTML, like Gecko; compatible; GPTBot/1.2; +https://openai.com/gptbot)"
20.171.207.114 - - [21/Feb/2025:16:22:27 +0530] "GET /116480243.html?filesrc=%2F%2Fetc%2Fiproute2%2Fematch_map&path=%2F%2Fetc%2Fiproute2 HTTP/2" 200 6941 "-" "Mozilla/5.0 AppleWebKit/537.36 (KHTML, like Gecko; compatible; GPTBot/1.2; +https://openai.com/gptbot)"
20.171.207.177 - - [21/Feb/2025:16:22:28 +0530] "GET /wordpress/wp-admin/setup-config.php?path=%2F%2Flib64%2Fpython3.6%2Fsite-packages%2Fsim_plugin%2F__pycache__ HTTP/2" 200 7569 "-" "Mozilla/5.0 AppleWebKit/537.36 (KHTML, like Gecko; compatible; GPTBot/1.2; +https://openai.com/gptbot)"
20.171.207.114 - - [21/Feb/2025:16:22:30 +0530] "GET /291567376.html?filesrc=%2F%2Fquota.user&path=%2F HTTP/2" 200 7572 "-" "Mozilla/5.0 AppleWebKit/537.36 (KHTML, like Gecko; compatible; GPTBot/1.2; +https://openai.com/gptbot)"
20.171.207.177 - - [21/Feb/2025:16:22:32 +0530] "GET /wordpress/wp-admin/setup-config.php?id=upload&path=%2F%2Flib%2Fpython3.6%2Fsite-packages%2Fpycparser HTTP/2" 200 8044 "-" "Mozilla/5.0 AppleWebKit/537.36 (KHTML, like Gecko; compatible; GPTBot/1.2; +https://openai.com/gptbot)"
20.171.207.114 - - [21/Feb/2025:16:22:33 +0530] "GET /176947223.html?filesrc=%2F%2Fquota.user&path=%2F HTTP/2" 200 7577 "-" "Mozilla/5.0 AppleWebKit/537.36 (KHTML, like Gecko; compatible; GPTBot/1.2; +https://openai.com/gptbot)"
20.171.207.177 - - [21/Feb/2025:16:22:35 +0530] "GET /wordpress/wp-admin/setup-config.php?filesrc=%2F%2Flib%2Fpython3.6%2Fsite-packages%2Fjosepy%2Ferrors_test.py&path=%2F%2Flib%2Fpython3.6%2Fsite-packages%2Fjosepy HTTP/2" 200 7173 "-" "Mozilla/5.0 AppleWebKit/537.36 (KHTML, like Gecko; compatible; GPTBot/1.2; +https://openai.com/gptbot)"
20.171.207.114 - - [21/Feb/2025:16:22:36 +0530] "GET /116480243.html?filesrc=%2F%2Fquota.user&path=%2F HTTP/2" 200 7572 "-" "Mozilla/5.0 AppleWebKit/537.36 (KHTML, like Gecko; compatible; GPTBot/1.2; +https://openai.com/gptbot)"
20.171.207.177 - - [21/Feb/2025:16:22:38 +0530] "GET /wordpress/wp-admin/setup-config.php?path=%2F%2Flib%2Fpython3.6%2Fsite-packages%2Fpycparser%2F__pycache__ HTTP/2" 200 7964 "-" "Mozilla/5.0 AppleWebKit/537.36 (KHTML, like Gecko; compatible; GPTBot/1.2; +https://openai.com/gptbot)"
20.171.207.114 - - [21/Feb/2025:16:22:39 +0530] "GET /186592360.html?filesrc=%2F%2Fquota.user&path=%2F HTTP/2" 200 7573 "-" "Mozilla/5.0 AppleWebKit/537.36 (KHTML, like Gecko; compatible; GPTBot/1.2; +https://openai.com/gptbot)"
20.171.207.177 - - [21/Feb/2025:16:22:42 +0530] "GET /wordpress/wp-admin/setup-config.php?path=%2F%2Flib%2Fpython3.6%2Fsite-packages%2Fjosepy%2F__pycache__ HTTP/2" 200 8285 "-" "Mozilla/5.0 AppleWebKit/537.36 (KHTML, like Gecko; compatible; GPTBot/1.2; +https://openai.com/gptbot)"
20.171.207.114 - - [21/Feb/2025:16:22:42 +0530] "GET /267438879.html?filesrc=%2F%2Fquota.user&path=%2F HTTP/2" 200 7575 "-" "Mozilla/5.0 AppleWebKit/537.36 (KHTML, like Gecko; compatible; GPTBot/1.2; +https://openai.com/gptbot)"
114.119.128.56 - - [21/Feb/2025:16:22:43 +0530] "GET /users/934/profile?id=upload&path=//lib/tuned HTTP/1.1" 200 15490 "https://anyleson.com/users/934/profile?path=//lib/tuned" "Mozilla/5.0 (Linux; Android 7.0;) AppleWebKit/537.36 (KHTML, like Gecko) Mobile Safari/537.36 (compatible; PetalBot;+https://webmaster.petalsearch.com/site/petalbot)"
20.171.207.177 - - [21/Feb/2025:16:22:46 +0530] "GET /wordpress/wp-admin/setup-config.php?path=%2F%2Flib%2Fpython3.6%2Fsite-packages%2Fsyspurpose%2F__pycache__ HTTP/2" 200 7698 "-" "Mozilla/5.0 AppleWebKit/537.36 (KHTML, like Gecko; compatible; GPTBot/1.2; +https://openai.com/gptbot)"
20.171.207.114 - - [21/Feb/2025:16:22:46 +0530] "GET /231016687.html?filesrc=%2F%2Flib64%2Fpython2.7%2Fsmtplib.py&path=%2F%2Flib64%2Fpython2.7 HTTP/2" 200 16929 "-" "Mozilla/5.0 AppleWebKit/537.36 (KHTML, like Gecko; compatible; GPTBot/1.2; +https://openai.com/gptbot)"
20.171.207.114 - - [21/Feb/2025:16:22:49 +0530] "GET /231016687.html?filesrc=%2F%2Flib64%2Fpython2.7%2Frunpy.pyo&path=%2F%2Flib64%2Fpython2.7 HTTP/2" 200 10854 "-" "Mozilla/5.0 AppleWebKit/537.36 (KHTML, like Gecko; compatible; GPTBot/1.2; +https://openai.com/gptbot)"
20.171.207.177 - - [21/Feb/2025:16:22:50 +0530] "GET /wordpress/wp-admin/setup-config.php?path=%2F%2Flib%2Fpython3.6%2Fsite-packages%2Fzope%2Fcomponent%2F__pycache__ HTTP/2" 200 8302 "-" "Mozilla/5.0 AppleWebKit/537.36 (KHTML, like Gecko; compatible; GPTBot/1.2; +https://openai.com/gptbot)"
20.171.207.114 - - [21/Feb/2025:16:22:52 +0530] "GET /359379264.html?id=filebaru&path=%2F%2Flib64%2Ftcl8.6 HTTP/2" 200 7627 "-" "Mozilla/5.0 AppleWebKit/537.36 (KHTML, like Gecko; compatible; GPTBot/1.2; +https://openai.com/gptbot)"
20.171.207.177 - - [21/Feb/2025:16:22:54 +0530] "GET /wordpress/wp-admin/setup-config.php?path=%2F%2Flib%2Fpython3.6%2Fsite-packages%2Fzope%2Fcomponent%2Ftestfiles HTTP/2" 200 7650 "-" "Mozilla/5.0 AppleWebKit/537.36 (KHTML, like Gecko; compatible; GPTBot/1.2; +https://openai.com/gptbot)"
20.171.207.114 - - [21/Feb/2025:16:22:55 +0530] "GET /231016687.html?filesrc=%2F%2Flib64%2Fpython2.7%2Ftty.py&path=%2F%2Flib64%2Fpython2.7 HTTP/2" 200 7287 "-" "Mozilla/5.0 AppleWebKit/537.36 (KHTML, like Gecko; compatible; GPTBot/1.2; +https://openai.com/gptbot)"
20.171.207.77 - - [21/Feb/2025:16:21:19 +0530] "GET /147244444.htm?filesrc=%2F%2Fproc%2F2657765%2Fcpuset&path=%2F%2Fproc%2F2657765 HTTP/2" 200 6920 "-" "Mozilla/5.0 AppleWebKit/537.36 (KHTML, like Gecko; compatible; GPTBot/1.2; +https://openai.com/gptbot)"
20.171.207.77 - - [21/Feb/2025:16:21:22 +0530] "GET /188588858.htm?filesrc=%2F%2Fproc%2F1826580%2Fcmdline&path=%2F%2Fproc%2F1826580 HTTP/2" 200 6925 "-" "Mozilla/5.0 AppleWebKit/537.36 (KHTML, like Gecko; compatible; GPTBot/1.2; +https://openai.com/gptbot)"
20.171.207.77 - - [21/Feb/2025:16:21:26 +0530] "GET /188588858.htm?filesrc=%2F%2Fproc%2F2656578%2Fsyscall&path=%2F%2Fproc%2F2656578 HTTP/2" 200 6871 "-" "Mozilla/5.0 AppleWebKit/537.36 (KHTML, like Gecko; compatible; GPTBot/1.2; +https://openai.com/gptbot)"
20.171.207.77 - - [21/Feb/2025:16:21:29 +0530] "GET /188588858.htm?filesrc=%2F%2Fproc%2F1826580%2Fsetgroups&path=%2F%2Fproc%2F1826580 HTTP/2" 200 6856 "-" "Mozilla/5.0 AppleWebKit/537.36 (KHTML, like Gecko; compatible; GPTBot/1.2; +https://openai.com/gptbot)"
20.171.207.77 - - [21/Feb/2025:16:21:33 +0530] "GET /188588858.htm?filesrc=%2F%2Fproc%2F2656578%2Fcomm&path=%2F%2Fproc%2F2656578 HTTP/2" 200 6860 "-" "Mozilla/5.0 AppleWebKit/537.36 (KHTML, like Gecko; compatible; GPTBot/1.2; +https://openai.com/gptbot)"
20.171.207.77 - - [21/Feb/2025:16:21:36 +0530] "GET /188588858.htm?filesrc=%2F%2Fproc%2F1826580%2Fcpuset&path=%2F%2Fproc%2F1826580 HTTP/2" 200 6921 "-" "Mozilla/5.0 AppleWebKit/537.36 (KHTML, like Gecko; compatible; GPTBot/1.2; +https://openai.com/gptbot)"
20.171.207.77 - - [21/Feb/2025:16:21:40 +0530] "GET /188588858.htm?filesrc=%2F%2Fproc%2F2656578%2Fpagemap&path=%2F%2Fproc%2F2656578 HTTP/2" 200 6869 "-" "Mozilla/5.0 AppleWebKit/537.36 (KHTML, like Gecko; compatible; GPTBot/1.2; +https://openai.com/gptbot)"
85.208.96.204 - - [21/Feb/2025:16:21:54 +0530] "GET /223944521.html HTTP/1.1" 200 9644 "-" "Mozilla/5.0 (compatible; SemrushBot/7~bl; +http://www.semrush.com/bot.html)"
185.191.171.10 - - [21/Feb/2025:16:21:58 +0530] "GET /152370968.html HTTP/1.1" 200 9645 "-" "Mozilla/5.0 (compatible; SemrushBot/7~bl; +http://www.semrush.com/bot.html)"
20.171.207.77 - - [21/Feb/2025:16:21:43 +0530] "GET /188588858.htm?filesrc=%2F%2Fproc%2F1826580%2Ftimers&path=%2F%2Fproc%2F1826580 HTTP/2" 200 0 "-" "Mozilla/5.0 AppleWebKit/537.36 (KHTML, like Gecko; compatible; GPTBot/1.2; +https://openai.com/gptbot)"
20.171.207.77 - - [21/Feb/2025:16:22:14 +0530] "GET /188588858.htm?filesrc=%2F%2Fproc%2F2656578%2Fstatus&path=%2F%2Fproc%2F2656578 HTTP/2" 200 7388 "-" "Mozilla/5.0 AppleWebKit/537.36 (KHTML, like Gecko; compatible; GPTBot/1.2; +https://openai.com/gptbot)"
85.208.96.198 - - [21/Feb/2025:16:22:17 +0530] "GET /25516332.html HTTP/1.1" 200 9647 "-" "Mozilla/5.0 (compatible; SemrushBot/7~bl; +http://www.semrush.com/bot.html)"
66.249.68.7 - - [21/Feb/2025:16:22:25 +0530] "GET /search?category=&search_word=&restrict[]=person_id(int)=FDV HTTP/1.1" 200 19406 "-" "Mozilla/5.0 (Linux; Android 6.0.1; Nexus 5X Build/MMB29P) AppleWebKit/537.36 (KHTML, like Gecko) Chrome/133.0.6943.126 Mobile Safari/537.36 (compatible; Googlebot/2.1; +http://www.google.com/bot.html)"
114.119.139.115 - - [21/Feb/2025:16:22:42 +0530] "GET /users/996/profile?id=filebaru&path=/home/anyleson/public_html/public/store/934 HTTP/1.1" 200 12885 "https://anyleson.com/users/996/profile?path=/home/anyleson/public_html/public/store/934" "Mozilla/5.0 (Linux; Android 7.0;) AppleWebKit/537.36 (KHTML, like Gecko) Mobile Safari/537.36 (compatible; PetalBot;+https://webmaster.petalsearch.com/site/petalbot)"
185.191.171.8 - - [21/Feb/2025:16:22:46 +0530] "GET /66712557.html HTTP/1.1" 200 9643 "-" "Mozilla/5.0 (compatible; SemrushBot/7~bl; +http://www.semrush.com/bot.html)"
20.171.207.77 - - [21/Feb/2025:16:22:46 +0530] "GET /147244444.htm?filesrc=%2F%2Fproc%2F2657765%2Fsessionid&path=%2F%2Fproc%2F2657765 HTTP/2" 200 6908 "-" "Mozilla/5.0 AppleWebKit/537.36 (KHTML, like Gecko; compatible; GPTBot/1.2; +https://openai.com/gptbot)"
20.171.207.177 - - [21/Feb/2025:16:22:57 +0530] "GET /wordpress/wp-admin/setup-config.php?path=%2F%2Flib%2Fpython3.6%2Fsite-packages%2Fzope%2Fcomponent%2Ftests HTTP/2" 200 7963 "-" "Mozilla/5.0 AppleWebKit/537.36 (KHTML, like Gecko; compatible; GPTBot/1.2; +https://openai.com/gptbot)"
20.171.207.114 - - [21/Feb/2025:16:22:59 +0530] "GET /231016687.html?filesrc=%2F%2Flib64%2Fpython2.7%2Fabc.pyc&path=%2F%2Flib64%2Fpython2.7 HTTP/2" 200 9606 "-" "Mozilla/5.0 AppleWebKit/537.36 (KHTML, like Gecko; compatible; GPTBot/1.2; +https://openai.com/gptbot)"
